11-28 10:06:32.364  1995  3863 I RenderThread: RenderThread resumed
11-28 10:06:32.365  1995  3863 D ScreenElementRoot: resume
11-28 10:06:32.363  1995  1995 I Timeline: Timeline: Activity_launch_request time:5947987
11-28 10:06:32.368  1995  3863 I NotifierManager: onRegister: miui.maml.NotifierManager$MultiBroadcastNotifier@c60dace
11-28 10:06:32.368  1995  3863 I art     : Note: end time exceeds epoch: 
11-28 10:06:32.370  2481  4546 I AD-PLUGIN-SystemAdController: requestSplashScreen
11-28 10:06:32.370  2481  4546 I AD-PLUGIN-SystemAdController: offline package com.baiyou.dkd false
11-28 10:06:32.370  2481  4546 I AD-PLUGIN-SystemAdController: requestSplash, package:com.baiyou.dkd, intent:Intent { act=android.intent.action.MAIN cat=[android.intent.category.LAUNCHER] flg=0x10200000 cmp=com.baiyou.dkd/org.cocos2dx.javascript.AppActivity bnds=[317,1272][509,1464] (has extras) }, showing:false
11-28 10:06:32.370  2481  4546 I AD-PLUGIN-SplashConfigCache: packageName:com.baiyou.dkd, showInterval:600000
11-28 10:06:32.371  2481  4546 I AD-PLUGIN-SystemAdController: isAppSplash intent:Intent { act=android.intent.action.MAIN cat=[android.intent.category.LAUNCHER] flg=0x10200000 cmp=com.baiyou.dkd/org.cocos2dx.javascript.AppActivity bnds=[317,1272][509,1464] (has extras) } aInfo:ActivityInfo{8451d5f org.cocos2dx.javascript.AppActivity} showType
11-28 10:06:32.373  2481  4546 I AD-PLUGIN-SystemAdController: slogan is not ready, package:com.baiyou.dkd, url:null
11-28 10:06:32.373  2481  4546 I AD-PLUGIN-SystemAdController: requestSplashScreen duration:3, package:com.baiyou.dkd
11-28 10:06:32.374  1397  2331 I ActivityManager: START u0 {act=android.intent.action.MAIN cat=[android.intent.category.LAUNCHER] flg=0x10200000 cmp=com.baiyou.dkd/org.cocos2dx.javascript.AppActivity bnds=[317,1272][509,1464] (has extras)} from uid 10017 on display 0
11-28 10:06:32.381  2358  2660 D WtProcessController: onAMPauseActivity callback
11-28 10:06:32.382  2358  2660 D WtProcessController: onAMTaskToFront callback
11-28 10:06:32.384  2358  2660 D WtProcessController: onAMCreateActivity callback
11-28 10:06:32.390  1995  1995 D ScreenElementRoot: pause
11-28 10:06:32.390  1995  1995 I NotifierManager: onUnregister: miui.maml.NotifierManager$MultiBroadcastNotifier@c60dace
11-28 10:06:32.391  1995  3863 I RenderThread: RenderThread paused, waiting for signal
11-28 10:06:32.396  2358  2660 D WtProcessController: onAMRestartActivity callback
11-28 10:06:32.396  2358  2660 D WtProcessController: set foreground process size 1 pid:24315pacakgeName:com.baiyou.dkd
11-28 10:06:32.396  2358  2660 W WtProcessController: get fore ground process uid = 10267
11-28 10:06:32.397  1397  1876 I Timeline: Timeline: App_transition_ready time:5948021
11-28 10:06:32.397  3270  3331 I octvm_power: power mode [normal] start 1480298792
11-28 10:06:32.398  3270  3331 I octvm_power: Action: set_cpu_powermode(middle) for [foreground_change]
11-28 10:06:32.398  3270  3331 I octvm_drv: common drv: platform_set_power_profile -> platform not support
11-28 10:06:32.398  3270  3331 I octvm_power: Action: set_lcd_mode(ui) for [foreground_change]
11-28 10:06:32.398  3270  3331 I octvm_drv: common drv: platform_set_lcd_mode -> platform not support
11-28 10:06:32.398  3270  3331 I octvm_power: onPowerModeChanged[normal] called
11-28 10:06:32.406 24315 24315 D Cocos2dxActivity: model=MI 5
11-28 10:06:32.406 24315 24315 D Cocos2dxActivity: product=gemini
11-28 10:06:32.406 24315 24315 D Cocos2dxActivity: isEmulator=false
11-28 10:06:32.407 24315 24315 D FLQG_LOG: AgentManager: loadALLPlugin(), Get the supported plugins: NULL
11-28 10:06:32.407 24315 24315 D FLQG_LOG: IAPDebug: getPluginId() invoked!
11-28 10:06:32.407 24315 24315 D FLQG_LOG: Statistics: initInfo
11-28 10:06:32.409 24315 24315 D Cocos2dxActivity: onResume()
11-28 10:06:32.399  1424  1424 W Binder_2: type=1400 audit(0.0:1069373): avc: denied { ioctl } for path="socket:[614038]" dev="sockfs" ino=614038 ioctlcmd=7704 scontext=u:r:system_server:s0 tcontext=u:r:system_server:s0 tclass=unix_stream_socket permissive=0
11-28 10:06:32.399  1424  1424 W Binder_2: type=1400 audit(0.0:1069374): avc: denied { ioctl } for path="socket:[614038]" dev="sockfs" ino=614038 ioctlcmd=7704 scontext=u:r:system_server:s0 tcontext=u:r:system_server:s0 tclass=unix_stream_socket permissive=0
11-28 10:06:32.414 24315 24315 D ActivityThreadInjector: clearCachedDrawables.
11-28 10:06:32.417  1397  1461 I Timeline: Timeline: App_transition_ready time:5948040
11-28 10:06:32.431  1397  2350 I Timeline: Timeline: App_transition_ready time:5948054
11-28 10:06:32.432  1774  1774 V PhoneStatusBar: setLightsOn(true)
11-28 10:06:32.433  1397  2350 I Timeline: Timeline: App_transition_ready time:5948056
11-28 10:06:32.439  1397  2017 I Timeline: Timeline: App_transition_ready time:5948063
11-28 10:06:32.441  1397  1461 I Timeline: Timeline: App_transition_ready time:5948065
11-28 10:06:32.443  1397  2157 I Timeline: Timeline: App_transition_ready time:5948067
11-28 10:06:32.445  1397  1596 I Timeline: Timeline: App_transition_ready time:5948069
11-28 10:06:32.461 24315 24315 D Cocos2dxActivity: onWindowFocusChanged() hasFocus=true
11-28 10:06:32.463  1397  1461 I Timeline: Timeline: App_transition_ready time:5948086
11-28 10:06:32.465  1774  1774 D PhoneStatusBar: disable: 0x00000000 -> 0x00000200 (diff: 0x00000200)
11-28 10:06:32.465  1774  1774 D PhoneStatusBar: disable: < expand icons alerts ticker system_info back home recent clock full hide keyguard none float >
11-28 10:06:32.466  1774  1774 V PhoneStatusBar: setLightsOn(true)
11-28 10:06:32.459  1876  1876 W Binder_6: type=1400 audit(0.0:1069375): avc: denied { ioctl } for path="socket:[613942]" dev="sockfs" ino=613942 ioctlcmd=7704 scontext=u:r:system_server:s0 tcontext=u:r:system_server:s0 tclass=unix_stream_socket permissive=0
11-28 10:06:32.459  1876  1876 W Binder_6: type=1400 audit(0.0:1069376): avc: denied { ioctl } for path="socket:[613942]" dev="sockfs" ino=613942 ioctlcmd=7704 scontext=u:r:system_server:s0 tcontext=u:r:system_server:s0 tclass=unix_stream_socket permissive=0
11-28 10:06:32.470  1397  1461 I ActivityManager: Displayed com.baiyou.dkd/org.cocos2dx.javascript.AppActivity: +78ms
11-28 10:06:32.482  1774  1774 V PhoneStatusBarPolicy: updateManagedProfile mManagedProfileFocused: false mKeyguardVisible: false mCurrentUserId:0 mCurrentProfileId:0 mSecondSpaceStatusIconVisible: true showIcon:false
11-28 10:06:32.484  2481 16985 I AD-PLUGIN-SystemAdController: activityIdle:ActivityInfo{adaa3ac org.cocos2dx.javascript.AppActivity} mPendingSwitchingActivityInfo:null
11-28 10:06:32.693  3301  3311 E ANDR-PERF-OPTSHANDLER: perf_lock_rel: updated /sys/class/scsi_host/host0/../../../clkscale_enable with 1
11-28 10:06:32.693  3301  3311 E ANDR-PERF-OPTSHANDLER:  return value 2
11-28 10:06:32.745  1397  1461 I Timeline: Timeline: Activity_windows_visible id: ActivityRecord{5fa0a96 u0 com.baiyou.dkd/org.cocos2dx.javascript.AppActivity t2952} time:5948369
11-28 10:06:32.748  1397  1461 I Timeline: Timeline: App_transition_stopped time:5948372
11-28 10:06:32.769  1915  2107 I XiaomiFirewall: firewall pkgName:com.miui.analytics, result:0x0
11-28 10:06:32.830 24315 24389 E cocos js error:: <no filename="filename"> line:0 msg:too much recursion
11-28 10:06:32.830 24315 24389 E cocos js error:: <no filename="filename"> line:0 msg:too much recursion
11-28 10:06:32.830 24315 24389 E cocos js error:: <no filename="filename"> line:0 msg:too much recursion
11-28 10:06:32.831 24315 24389 E cocos js error:: <no filename="filename"> line:0 msg:too much recursion
11-28 10:06:32.831 24315 24389 E cocos js error:: <no filename="filename"> line:0 msg:too much recursion
11-28 10:06:32.831 24315 24389 E cocos js error:: <no filename="filename"> line:0 msg:too much recursion
11-28 10:06:32.831 24315 24389 E cocos js error:: <no filename="filename"> line:0 msg:too much recursion
11-28 10:06:32.831 24315 24389 E cocos js error:: <no filename="filename"> line:0 msg:too much recursion
11-28 10:06:32.831 24315 24389 E cocos js error:: <no filename="filename"> line:0 msg:too much recursion
11-28 10:06:32.831 24315 24389 E cocos js error:: <no filename="filename"> line:0 msg:too much recursion
11-28 10:06:32.831 24315 24389 E cocos js error:: <no filename="filename"> line:0 msg:too much recursion
11-28 10:06:32.831 24315 24389 E cocos js error:: <no filename="filename"> line:0 msg:too much recursion
11-28 10:06:32.831 24315 24389 E cocos js error:: <no filename="filename"> line:0 msg:too much recursion
11-28 10:06:32.831 24315 24389 E cocos js error:: <no filename="filename"> line:0 msg:too much recursion
11-28 10:06:32.831 24315 24389 E cocos js error:: <no filename="filename"> line:0 msg:too much recursion
11-28 10:06:32.831 24315 24389 E cocos js error:: <no filename="filename"> line:0 msg:too much recursion
11-28 10:06:32.831 24315 24389 E cocos js error:: <no filename="filename"> line:0 msg:too much recursion
11-28 10:06:32.831 24315 24389 E cocos js error:: <no filename="filename"> line:0 msg:too much recursion
11-28 10:06:32.831 24315 24389 E cocos js error:: <no filename="filename"> line:0 msg:too much recursion
11-28 10:06:32.831 24315 24389 E cocos js error:: <no filename="filename"> line:0 msg:too much recursion
11-28 10:06:32.831 24315 24389 E cocos js error:: <no filename="filename"> line:0 msg:too much recursion
11-28 10:06:32.831 24315 24389 E cocos js error:: <no filename="filename"> line:0 msg:too much recursion
11-28 10:06:32.831 24315 24389 E cocos js error:: <no filename="filename"> line:0 msg:too much recursion
11-28 10:06:32.831 24315 24389 E cocos js error:: <no filename="filename"> line:0 msg:too much recursion
11-28 10:06:32.831 24315 24389 E cocos js error:: <no filename="filename"> line:0 msg:too much recursion
11-28 10:06:32.831 24315 24389 E cocos js error:: <no filename="filename"> line:0 msg:too much recursion
11-28 10:06:32.831 24315 24389 E cocos js error:: <no filename="filename"> line:0 msg:too much recursion
11-28 10:06:32.831 24315 24389 E cocos js error:: <no filename="filename"> line:0 msg:too much recursion
11-28 10:06:32.831 24315 24389 E cocos js error:: <no filename="filename"> line:0 msg:too much recursion
11-28 10:06:32.831 24315 24389 E cocos js error:: <no filename="filename"> line:0 msg:too much recursion
11-28 10:06:32.831 24315 24389 E cocos js error:: <no filename="filename"> line:0 msg:too much recursion
11-28 10:06:32.832 24315 24389 E cocos js error:: <no filename="filename"> line:0 msg:too much recursion
11-28 10:06:32.832 24315 24389 E cocos js error:: <no filename="filename"> line:0 msg:too much recursion
11-28 10:06:32.832 24315 24389 E cocos js error:: <no filename="filename"> line:0 msg:too much recursion
11-28 10:06:32.832 24315 24389 E cocos js error:: <no filename="filename"> line:0 msg:too much recursion
11-28 10:06:32.832 24315 24389 E cocos js error:: <no filename="filename"> line:0 msg:too much recursion
11-28 10:06:32.832 24315 24389 E cocos js error:: <no filename="filename"> line:0 msg:too much recursion
11-28 10:06:32.832 24315 24389 E cocos js error:: <no filename="filename"> line:0 msg:too much recursion
11-28 10:06:32.832 24315 24389 E cocos js error:: <no filename="filename"> line:0 msg:too much recursion
11-28 10:06:32.832 24315 24389 E cocos js error:: <no filename="filename"> line:0 msg:too much recursion
11-28 10:06:32.832 24315 24389 E cocos js error:: <no filename="filename"> line:0 msg:too much recursion
11-28 10:06:32.832 24315 24389 E cocos js error:: <no filename="filename"> line:0 msg:too much recursion
11-28 10:06:32.832 24315 24389 E cocos js error:: <no filename="filename"> line:0 msg:too much recursion
11-28 10:06:32.832 24315 24389 E cocos js error:: <no filename="filename"> line:0 msg:too much recursion
11-28 10:06:32.832 24315 24389 E cocos js error:: <no filename="filename"> line:0 msg:too much recursion
11-28 10:06:32.832 24315 24389 E cocos js error:: <no filename="filename"> line:0 msg:too much recursion
11-28 10:06:32.832 24315 24389 E cocos js error:: <no filename="filename"> line:0 msg:too much recursion
11-28 10:06:32.832 24315 24389 E cocos js error:: <no filename="filename"> line:0 msg:too much recursion
11-28 10:06:32.832 24315 24389 E cocos js error:: <no filename="filename"> line:0 msg:too much recursion
11-28 10:06:32.832 24315 24389 E cocos js error:: <no filename="filename"> line:0 msg:too much recursion
11-28 10:06:32.832 24315 24389 E cocos js error:: <no filename="filename"> line:0 msg:too much recursion
11-28 10:06:32.832 24315 24389 E cocos js error:: <no filename="filename"> line:0 msg:too much recursion
11-28 10:06:32.832 24315 24389 E cocos js error:: <no filename="filename"> line:0 msg:too much recursion
11-28 10:06:32.832 24315 24389 E cocos js error:: <no filename="filename"> line:0 msg:too much recursion
11-28 10:06:32.832 24315 24389 E cocos js error:: <no filename="filename"> line:0 msg:too much recursion
11-28 10:06:32.832 24315 24389 E cocos js error:: <no filename="filename"> line:0 msg:too much recursion
11-28 10:06:32.832 24315 24389 E cocos js error:: <no filename="filename"> line:0 msg:too much recursion
11-28 10:06:32.832 24315 24389 E cocos js error:: <no filename="filename"> line:0 msg:too much recursion
11-28 10:06:32.832 24315 24389 E cocos js error:: <no filename="filename"> line:0 msg:too much recursion
11-28 10:06:32.833 24315 24389 E cocos js error:: <no filename="filename"> line:0 msg:too much recursion
11-28 10:06:32.833 24315 24389 E cocos js error:: <no filename="filename"> line:0 msg:too much recursion
11-28 10:06:32.833 24315 24389 E cocos js error:: <no filename="filename"> line:0 msg:too much recursion
11-28 10:06:32.833 24315 24389 E cocos js error:: <no filename="filename"> line:0 msg:too much recursion
11-28 10:06:32.833 24315 24389 E cocos js error:: <no filename="filename"> line:0 msg:too much recursion
11-28 10:06:32.833 24315 24389 E cocos js error:: <no filename="filename"> line:0 msg:too much recursion
11-28 10:06:32.833 24315 24389 E cocos js error:: <no filename="filename"> line:0 msg:too much recursion
11-28 10:06:32.833 24315 24389 E cocos js error:: <no filename="filename"> line:0 msg:too much recursion
11-28 10:06:32.833 24315 24389 E cocos js error:: <no filename="filename"> line:0 msg:too much recursion
11-28 10:06:32.833 24315 24389 E cocos js error:: <no filename="filename"> line:0 msg:too much recursion
11-28 10:06:32.833 24315 24389 E cocos js error:: <no filename="filename"> line:0 msg:too much recursion
11-28 10:06:32.833 24315 24389 E cocos js error:: <no filename="filename"> line:0 msg:too much recursion
11-28 10:06:32.833 24315 24389 E cocos js error:: <no filename="filename"> line:0 msg:too much recursion
11-28 10:06:32.833 24315 24389 E cocos js error:: <no filename="filename"> line:0 msg:too much recursion
11-28 10:06:32.833 24315 24389 E cocos js error:: <no filename="filename"> line:0 msg:too much recursion
11-28 10:06:32.833 24315 24389 E cocos js error:: <no filename="filename"> line:0 msg:too much recursion
11-28 10:06:32.833 24315 24389 E cocos js error:: <no filename="filename"> line:0 msg:too much recursion
11-28 10:06:32.833 24315 24389 E cocos js error:: <no filename="filename"> line:0 msg:too much recursion
11-28 10:06:32.833 24315 24389 E cocos js error:: <no filename="filename"> line:0 msg:too much recursion
11-28 10:06:32.833 24315 24389 E cocos js error:: <no filename="filename"> line:0 msg:too much recursion
11-28 10:06:32.833 24315 24389 E cocos js error:: <no filename="filename"> line:0 msg:too much recursion
11-28 10:06:32.833 24315 24389 E cocos js error:: <no filename="filename"> line:0 msg:too much recursion
11-28 10:06:32.833 24315 24389 E cocos js error:: <no filename="filename"> line:0 msg:too much recursion
11-28 10:06:32.833 24315 24389 E cocos js error:: <no filename="filename"> line:0 msg:too much recursion
11-28 10:06:32.833 24315 24389 E cocos js error:: <no filename="filename"> line:0 msg:too much recursion
11-28 10:06:32.833 24315 24389 E cocos js error:: <no filename="filename"> line:0 msg:too much recursion
11-28 10:06:32.833 24315 24389 E cocos js error:: <no filename="filename"> line:0 msg:too much recursion
11-28 10:06:32.833 24315 24389 E cocos js error:: <no filename="filename"> line:0 msg:too much recursion
11-28 10:06:32.834 24315 24389 E cocos js error:: <no filename="filename"> line:0 msg:too much recursion
11-28 10:06:32.834 24315 24389 E cocos js error:: <no filename="filename"> line:0 msg:too much recursion
11-28 10:06:32.834 24315 24389 E cocos js error:: <no filename="filename"> line:0 msg:too much recursion
11-28 10:06:32.834 24315 24389 E cocos js error:: <no filename="filename"> line:0 msg:too much recursion
11-28 10:06:32.834 24315 24389 E cocos js error:: <no filename="filename"> line:0 msg:too much recursion
11-28 10:06:32.834 24315 24389 E cocos js error:: <no filename="filename"> line:0 msg:too much recursion
11-28 10:06:32.834 24315 24389 E cocos js error:: <no filename="filename"> line:0 msg:too much recursion
11-28 10:06:32.834 24315 24389 E cocos js error:: <no filename="filename"> line:0 msg:too much recursion
11-28 10:06:32.834 24315 24389 E cocos js error:: <no filename="filename"> line:0 msg:too much recursion
11-28 10:06:32.834 24315 24389 E cocos js error:: <no filename="filename"> line:0 msg:too much recursion
11-28 10:06:32.834 24315 24389 E cocos js error:: <no filename="filename"> line:0 msg:too much recursion
11-28 10:06:32.834 24315 24389 E cocos js error:: <no filename="filename"> line:0 msg:too much recursion
11-28 10:06:32.834 24315 24389 E cocos js error:: <no filename="filename"> line:0 msg:too much recursion
11-28 10:06:32.834 24315 24389 E cocos js error:: <no filename="filename"> line:0 msg:too much recursion
11-28 10:06:32.834 24315 24389 E cocos js error:: <no filename="filename"> line:0 msg:too much recursion
11-28 10:06:32.834 24315 24389 E cocos js error:: <no filename="filename"> line:0 msg:too much recursion
11-28 10:06:32.834 24315 24389 E cocos js error:: <no filename="filename"> line:0 msg:too much recursion
11-28 10:06:32.834 24315 24389 E cocos js error:: <no filename="filename"> line:0 msg:too much recursion
11-28 10:06:32.834 24315 24389 E cocos js error:: <no filename="filename"> line:0 msg:too much recursion
11-28 10:06:32.834 24315 24389 E cocos js error:: <no filename="filename"> line:0 msg:too much recursion
11-28 10:06:32.834 24315 24389 E cocos js error:: <no filename="filename"> line:0 msg:too much recursion
11-28 10:06:32.834 24315 24389 E cocos js error:: <no filename="filename"> line:0 msg:too much recursion
11-28 10:06:32.834 24315 24389 E cocos js error:: <no filename="filename"> line:0 msg:too much recursion
11-28 10:06:32.834 24315 24389 E cocos js error:: <no filename="filename"> line:0 msg:too much recursion
11-28 10:06:32.834 24315 24389 E cocos js error:: <no filename="filename"> line:0 msg:too much recursion
11-28 10:06:32.834 24315 24389 E cocos js error:: <no filename="filename"> line:0 msg:too much recursion
11-28 10:06:32.834 24315 24389 E cocos js error:: <no filename="filename"> line:0 msg:too much recursion
11-28 10:06:32.834 24315 24389 E cocos js error:: <no filename="filename"> line:0 msg:too much recursion
11-28 10:06:32.834 24315 24389 E cocos js error:: <no filename="filename"> line:0 msg:too much recursion
11-28 10:06:32.835 24315 24389 E cocos js error:: <no filename="filename"> line:0 msg:too much recursion
11-28 10:06:32.835 24315 24389 E cocos js error:: <no filename="filename"> line:0 msg:too much recursion
11-28 10:06:32.835 24315 24389 E cocos js error:: <no filename="filename"> line:0 msg:too much recursion
11-28 10:06:32.835 24315 24389 E cocos js error:: <no filename="filename"> line:0 msg:too much recursion
11-28 10:06:32.835 24315 24389 E cocos js error:: <no filename="filename"> line:0 msg:too much recursion
11-28 10:06:32.835 24315 24389 E cocos js error:: <no filename="filename"> line:0 msg:too much recursion
11-28 10:06:32.835 24315 24389 E cocos js error:: <no filename="filename"> line:0 msg:too much recursion
11-28 10:06:32.835 24315 24389 E cocos js error:: <no filename="filename"> line:0 msg:too much recursion
11-28 10:06:32.835 24315 24389 E cocos js error:: <no filename="filename"> line:0 msg:too much recursion
11-28 10:06:32.835 24315 24389 E cocos js error:: <no filename="filename"> line:0 msg:too much recursion
11-28 10:06:32.835 24315 24389 E cocos js error:: <no filename="filename"> line:0 msg:too much recursion
11-28 10:06:32.835 24315 24389 E cocos js error:: <no filename="filename"> line:0 msg:too much recursion
11-28 10:06:32.835 24315 24389 E cocos js error:: <no filename="filename"> line:0 msg:too much recursion
11-28 10:06:32.835 24315 24389 E cocos js error:: <no filename="filename"> line:0 msg:too much recursion
11-28 10:06:32.835 24315 24389 E cocos js error:: <no filename="filename"> line:0 msg:too much recursion
11-28 10:06:32.835 24315 24389 E cocos js error:: <no filename="filename"> line:0 msg:too much recursion
11-28 10:06:32.835 24315 24389 E cocos js error:: <no filename="filename"> line:0 msg:too much recursion
11-28 10:06:32.835 24315 24389 E cocos js error:: <no filename="filename"> line:0 msg:too much recursion
11-28 10:06:32.835 24315 24389 E cocos js error:: <no filename="filename"> line:0 msg:too much recursion
11-28 10:06:32.835 24315 24389 E cocos js error:: <no filename="filename"> line:0 msg:too much recursion
11-28 10:06:32.835 24315 24389 E cocos js error:: <no filename="filename"> line:0 msg:too much recursion
11-28 10:06:32.835 24315 24389 E cocos js error:: <no filename="filename"> line:0 msg:too much recursion
11-28 10:06:32.835 24315 24389 E cocos js error:: <no filename="filename"> line:0 msg:too much recursion
11-28 10:06:32.835 24315 24389 E cocos js error:: <no filename="filename"> line:0 msg:too much recursion
11-28 10:06:32.835 24315 24389 E cocos js error:: <no filename="filename"> line:0 msg:too much recursion
11-28 10:06:32.835 24315 24389 E cocos js error:: <no filename="filename"> line:0 msg:too much recursion
11-28 10:06:32.835 24315 24389 E cocos js error:: <no filename="filename"> line:0 msg:too much recursion
11-28 10:06:32.835 24315 24389 E cocos js error:: <no filename="filename"> line:0 msg:too much recursion
11-28 10:06:32.835 24315 24389 E cocos js error:: <no filename="filename"> line:0 msg:too much recursion
11-28 10:06:32.836 24315 24389 E cocos js error:: <no filename="filename"> line:0 msg:too much recursion
11-28 10:06:32.836 24315 24389 E cocos js error:: <no filename="filename"> line:0 msg:too much recursion
11-28 10:06:32.836 24315 24389 E cocos js error:: <no filename="filename"> line:0 msg:too much recursion
11-28 10:06:32.836 24315 24389 E cocos js error:: <no filename="filename"> line:0 msg:too much recursion
11-28 10:06:32.836 24315 24389 E cocos js error:: <no filename="filename"> line:0 msg:too much recursion
11-28 10:06:32.836 24315 24389 E cocos js error:: <no filename="filename"> line:0 msg:too much recursion
11-28 10:06:32.836 24315 24389 E cocos js error:: <no filename="filename"> line:0 msg:too much recursion
11-28 10:06:32.836 24315 24389 E cocos js error:: <no filename="filename"> line:0 msg:too much recursion
11-28 10:06:32.836 24315 24389 E cocos js error:: <no filename="filename"> line:0 msg:too much recursion
11-28 10:06:32.836 24315 24389 E cocos js error:: <no filename="filename"> line:0 msg:too much recursion
11-28 10:06:32.836 24315 24389 E cocos js error:: <no filename="filename"> line:0 msg:too much recursion
11-28 10:06:32.836 24315 24389 E cocos js error:: <no filename="filename"> line:0 msg:too much recursion
11-28 10:06:32.836 24315 24389 E cocos js error:: <no filename="filename"> line:0 msg:too much recursion
11-28 10:06:32.836 24315 24389 E cocos js error:: <no filename="filename"> line:0 msg:too much recursion
11-28 10:06:32.836 24315 24389 E cocos js error:: <no filename="filename"> line:0 msg:too much recursion
11-28 10:06:32.836 24315 24389 E cocos js error:: <no filename="filename"> line:0 msg:too much recursion
11-28 10:06:32.836 24315 24389 E cocos js error:: <no filename="filename"> line:0 msg:too much recursion
11-28 10:06:32.836 24315 24389 E cocos js error:: <no filename="filename"> line:0 msg:too much recursion
11-28 10:06:32.836 24315 24389 E cocos js error:: <no filename="filename"> line:0 msg:too much recursion
11-28 10:06:32.837 24315 24389 E cocos js error:: <no filename="filename"> line:0 msg:too much recursion
11-28 10:06:32.837 24315 24389 E cocos js error:: <no filename="filename"> line:0 msg:too much recursion
11-28 10:06:32.837 24315 24389 E cocos js error:: <no filename="filename"> line:0 msg:too much recursion
11-28 10:06:32.837 24315 24389 E cocos js error:: <no filename="filename"> line:0 msg:too much recursion
11-28 10:06:32.837 24315 24389 E cocos js error:: <no filename="filename"> line:0 msg:too much recursion
11-28 10:06:32.837 24315 24389 E cocos js error:: <no filename="filename"> line:0 msg:too much recursion
11-28 10:06:32.837 24315 24389 E cocos js error:: <no filename="filename"> line:0 msg:too much recursion
11-28 10:06:32.837 24315 24389 E cocos js error:: <no filename="filename"> line:0 msg:too much recursion
11-28 10:06:32.837 24315 24389 E cocos js error:: <no filename="filename"> line:0 msg:too much recursion
11-28 10:06:32.837 24315 24389 E cocos js error:: <no filename="filename"> line:0 msg:too much recursion
11-28 10:06:32.837 24315 24389 E cocos js error:: <no filename="filename"> line:0 msg:too much recursion
11-28 10:06:32.837 24315 24389 E cocos js error:: <no filename="filename"> line:0 msg:too much recursion
11-28 10:06:32.837 24315 24389 E cocos js error:: <no filename="filename"> line:0 msg:too much recursion
11-28 10:06:32.837 24315 24389 E cocos js error:: <no filename="filename"> line:0 msg:too much recursion
11-28 10:06:32.837 24315 24389 E cocos js error:: <no filename="filename"> line:0 msg:too much recursion
11-28 10:06:32.837 24315 24389 E cocos js error:: <no filename="filename"> line:0 msg:too much recursion
11-28 10:06:32.837 24315 24389 E cocos js error:: <no filename="filename"> line:0 msg:too much recursion
11-28 10:06:32.837 24315 24389 E cocos js error:: <no filename="filename"> line:0 msg:too much recursion
11-28 10:06:32.837 24315 24389 E cocos js error:: <no filename="filename"> line:0 msg:too much recursion
11-28 10:06:32.837 24315 24389 E cocos js error:: <no filename="filename"> line:0 msg:too much recursion
11-28 10:06:32.837 24315 24389 E cocos js error:: <no filename="filename"> line:0 msg:too much recursion
11-28 10:06:32.837 24315 24389 E cocos js error:: <no filename="filename"> line:0 msg:too much recursion
11-28 10:06:32.837 24315 24389 E cocos js error:: <no filename="filename"> line:0 msg:too much recursion
11-28 10:06:32.837 24315 24389 E cocos js error:: <no filename="filename"> line:0 msg:too much recursion
11-28 10:06:32.837 24315 24389 E cocos js error:: <no filename="filename"> line:0 msg:too much recursion
11-28 10:06:32.838 24315 24389 E cocos js error:: <no filename="filename"> line:0 msg:too much recursion
11-28 10:06:32.838 24315 24389 E cocos js error:: <no filename="filename"> line:0 msg:too much recursion
11-28 10:06:32.838 24315 24389 E cocos js error:: <no filename="filename"> line:0 msg:too much recursion
11-28 10:06:32.838 24315 24389 E cocos js error:: <no filename="filename"> line:0 msg:too much recursion
11-28 10:06:32.838 24315 24389 E cocos js error:: <no filename="filename"> line:0 msg:too much recursion
11-28 10:06:32.838 24315 24389 E cocos js error:: <no filename="filename"> line:0 msg:too much recursion
11-28 10:06:32.838 24315 24389 E cocos js error:: <no filename="filename"> line:0 msg:too much recursion
11-28 10:06:32.838 24315 24389 E cocos js error:: <no filename="filename"> line:0 msg:too much recursion
11-28 10:06:32.838 24315 24389 E cocos js error:: <no filename="filename"> line:0 msg:too much recursion
11-28 10:06:32.838 24315 24389 E cocos js error:: <no filename="filename"> line:0 msg:too much recursion
11-28 10:06:32.838 24315 24389 E cocos js error:: <no filename="filename"> line:0 msg:too much recursion
11-28 10:06:32.838 24315 24389 E cocos js error:: <no filename="filename"> line:0 msg:too much recursion
11-28 10:06:32.838 24315 24389 E cocos js error:: <no filename="filename"> line:0 msg:too much recursion
11-28 10:06:32.838 24315 24389 E cocos js error:: <no filename="filename"> line:0 msg:too much recursion
11-28 10:06:32.838 24315 24389 E cocos js error:: <no filename="filename"> line:0 msg:too much recursion
11-28 10:06:32.838 24315 24389 E cocos js error:: <no filename="filename"> line:0 msg:too much recursion
11-28 10:06:32.838 24315 24389 E cocos js error:: <no filename="filename"> line:0 msg:too much recursion
11-28 10:06:32.838 24315 24389 E cocos js error:: <no filename="filename"> line:0 msg:too much recursion
11-28 10:06:32.838 24315 24389 E cocos js error:: <no filename="filename"> line:0 msg:too much recursion
11-28 10:06:32.838 24315 24389 E cocos js error:: <no filename="filename"> line:0 msg:too much recursion
11-28 10:06:32.838 24315 24389 E cocos js error:: <no filename="filename"> line:0 msg:too much recursion
11-28 10:06:32.838 24315 24389 E cocos js error:: <no filename="filename"> line:0 msg:too much recursion
11-28 10:06:32.838 24315 24389 E cocos js error:: <no filename="filename"> line:0 msg:too much recursion
11-28 10:06:32.838 24315 24389 E cocos js error:: <no filename="filename"> line:0 msg:too much recursion
11-28 10:06:32.839 24315 24389 E cocos js error:: <no filename="filename"> line:0 msg:too much recursion
11-28 10:06:32.839 24315 24389 E cocos js error:: <no filename="filename"> line:0 msg:too much recursion
11-28 10:06:32.839 24315 24389 E cocos js error:: <no filename="filename"> line:0 msg:too much recursion
11-28 10:06:32.839 24315 24389 E cocos js error:: <no filename="filename"> line:0 msg:too much recursion
11-28 10:06:32.839 24315 24389 E cocos js error:: <no filename="filename"> line:0 msg:too much recursion
11-28 10:06:32.839 24315 24389 E cocos js error:: <no filename="filename"> line:0 msg:too much recursion
11-28 10:06:32.839 24315 24389 E cocos js error:: <no filename="filename"> line:0 msg:too much recursion
11-28 10:06:32.839 24315 24389 E cocos js error:: <no filename="filename"> line:0 msg:too much recursion
11-28 10:06:32.839 24315 24389 E cocos js error:: <no filename="filename"> line:0 msg:too much recursion
11-28 10:06:32.839 24315 24389 E cocos js error:: <no filename="filename"> line:0 msg:too much recursion
11-28 10:06:32.839 24315 24389 E cocos js error:: <no filename="filename"> line:0 msg:too much recursion
11-28 10:06:32.839 24315 24389 E cocos js error:: <no filename="filename"> line:0 msg:too much recursion
11-28 10:06:32.839 24315 24389 E cocos js error:: <no filename="filename"> line:0 msg:too much recursion
11-28 10:06:32.839 24315 24389 E cocos js error:: <no filename="filename"> line:0 msg:too much recursion
11-28 10:06:32.839 24315 24389 E cocos js error:: <no filename="filename"> line:0 msg:too much recursion
11-28 10:06:32.839 24315 24389 E cocos js error:: <no filename="filename"> line:0 msg:too much recursion
11-28 10:06:32.839 24315 24389 E cocos js error:: <no filename="filename"> line:0 msg:too much recursion
11-28 10:06:32.839 24315 24389 E cocos js error:: <no filename="filename"> line:0 msg:too much recursion
11-28 10:06:32.839 24315 24389 E cocos js error:: <no filename="filename"> line:0 msg:too much recursion
11-28 10:06:32.839 24315 24389 E cocos js error:: <no filename="filename"> line:0 msg:too much recursion
11-28 10:06:32.839 24315 24389 E cocos js error:: <no filename="filename"> line:0 msg:too much recursion
11-28 10:06:32.839 24315 24389 E cocos js error:: <no filename="filename"> line:0 msg:too much recursion
11-28 10:06:32.839 24315 24389 E cocos js error:: <no filename="filename"> line:0 msg:too much recursion
11-28 10:06:32.839 24315 24389 E cocos js error:: <no filename="filename"> line:0 msg:too much recursion
11-28 10:06:32.839 24315 24389 E cocos js error:: <no filename="filename"> line:0 msg:too much recursion
11-28 10:06:32.840 24315 24389 E cocos js error:: <no filename="filename"> line:0 msg:too much recursion
11-28 10:06:32.840 24315 24389 E cocos js error:: <no filename="filename"> line:0 msg:too much recursion
11-28 10:06:32.840 24315 24389 E cocos js error:: <no filename="filename"> line:0 msg:too much recursion
11-28 10:06:32.840 24315 24389 E cocos js error:: <no filename="filename"> line:0 msg:too much recursion
11-28 10:06:32.840 24315 24389 E cocos js error:: <no filename="filename"> line:0 msg:too much recursion
11-28 10:06:32.840 24315 24389 E cocos js error:: <no filename="filename"> line:0 msg:too much recursion
11-28 10:06:32.840 24315 24389 E cocos js error:: <no filename="filename"> line:0 msg:too much recursion
11-28 10:06:32.840 24315 24389 E cocos js error:: <no filename="filename"> line:0 msg:too much recursion
11-28 10:06:32.840 24315 24389 E cocos js error:: <no filename="filename"> line:0 msg:too much recursion
11-28 10:06:32.840 24315 24389 E cocos js error:: <no filename="filename"> line:0 msg:too much recursion
11-28 10:06:32.840 24315 24389 E cocos js error:: <no filename="filename"> line:0 msg:too much recursion
11-28 10:06:32.840 24315 24389 E cocos js error:: <no filename="filename"> line:0 msg:too much recursion
11-28 10:06:32.840 24315 24389 E cocos js error:: <no filename="filename"> line:0 msg:too much recursion
11-28 10:06:32.840 24315 24389 E cocos js error:: <no filename="filename"> line:0 msg:too much recursion
11-28 10:06:32.840 24315 24389 E cocos js error:: <no filename="filename"> line:0 msg:too much recursion
11-28 10:06:32.840 24315 24389 E cocos js error:: <no filename="filename"> line:0 msg:too much recursion
11-28 10:06:32.840 24315 24389 E cocos js error:: <no filename="filename"> line:0 msg:too much recursion
11-28 10:06:32.840 24315 24389 E cocos js error:: <no filename="filename"> line:0 msg:too much recursion
11-28 10:06:32.840 24315 24389 E cocos js error:: <no filename="filename"> line:0 msg:too much recursion
11-28 10:06:32.840 24315 24389 E cocos js error:: <no filename="filename"> line:0 msg:too much recursion
11-28 10:06:32.840 24315 24389 E cocos js error:: <no filename="filename"> line:0 msg:too much recursion
11-28 10:06:32.840 24315 24389 E cocos js error:: <no filename="filename"> line:0 msg:too much recursion
11-28 10:06:32.840 24315 24389 E cocos js error:: <no filename="filename"> line:0 msg:too much recursion
11-28 10:06:32.840 24315 24389 E cocos js error:: <no filename="filename"> line:0 msg:too much recursion
11-28 10:06:32.840 24315 24389 E cocos js error:: <no filename="filename"> line:0 msg:too much recursion
11-28 10:06:32.840 24315 24389 E cocos js error:: <no filename="filename"> line:0 msg:too much recursion
11-28 10:06:32.841 24315 24389 E cocos js error:: <no filename="filename"> line:0 msg:too much recursion
11-28 10:06:32.841 24315 24389 E cocos js error:: <no filename="filename"> line:0 msg:too much recursion
11-28 10:06:32.841 24315 24389 E cocos js error:: <no filename="filename"> line:0 msg:too much recursion
11-28 10:06:32.841 24315 24389 E cocos js error:: <no filename="filename"> line:0 msg:too much recursion
11-28 10:06:32.841 24315 24389 E cocos js error:: <no filename="filename"> line:0 msg:too much recursion
11-28 10:06:32.841 24315 24389 E cocos js error:: <no filename="filename"> line:0 msg:too much recursion
11-28 10:06:32.841 24315 24389 E cocos js error:: <no filename="filename"> line:0 msg:too much recursion
11-28 10:06:32.841 24315 24389 E cocos js error:: <no filename="filename"> line:0 msg:too much recursion
11-28 10:06:32.841 24315 24389 E cocos js error:: <no filename="filename"> line:0 msg:too much recursion
11-28 10:06:32.841 24315 24389 E cocos js error:: <no filename="filename"> line:0 msg:too much recursion
11-28 10:06:32.841 24315 24389 E cocos js error:: <no filename="filename"> line:0 msg:too much recursion
11-28 10:06:32.841 24315 24389 E cocos js error:: <no filename="filename"> line:0 msg:too much recursion
11-28 10:06:32.841 24315 24389 E cocos js error:: <no filename="filename"> line:0 msg:too much recursion
11-28 10:06:32.841 24315 24389 E cocos js error:: <no filename="filename"> line:0 msg:too much recursion
11-28 10:06:32.841 24315 24389 E cocos js error:: <no filename="filename"> line:0 msg:too much recursion
11-28 10:06:32.841 24315 24389 E cocos js error:: <no filename="filename"> line:0 msg:too much recursion
11-28 10:06:32.841 24315 24389 E cocos js error:: <no filename="filename"> line:0 msg:too much recursion
11-28 10:06:32.841 24315 24389 E cocos js error:: <no filename="filename"> line:0 msg:too much recursion
11-28 10:06:32.841 24315 24389 E cocos js error:: <no filename="filename"> line:0 msg:too much recursion
11-28 10:06:32.841 24315 24389 E cocos js error:: <no filename="filename"> line:0 msg:too much recursion
11-28 10:06:32.841 24315 24389 E cocos js error:: <no filename="filename"> line:0 msg:too much recursion
11-28 10:06:32.841 24315 24389 E cocos js error:: <no filename="filename"> line:0 msg:too much recursion
11-28 10:06:32.841 24315 24389 E cocos js error:: <no filename="filename"> line:0 msg:too much recursion
11-28 10:06:32.841 24315 24389 E cocos js error:: <no filename="filename"> line:0 msg:too much recursion
11-28 10:06:32.841 24315 24389 E cocos js error:: <no filename="filename"> line:0 msg:too much recursion
11-28 10:06:32.842 24315 24389 E cocos js error:: <no filename="filename"> line:0 msg:too much recursion
11-28 10:06:32.842 24315 24389 E cocos js error:: <no filename="filename"> line:0 msg:too much recursion
11-28 10:06:32.842 24315 24389 E cocos js error:: <no filename="filename"> line:0 msg:too much recursion
11-28 10:06:32.842 24315 24389 E cocos js error:: <no filename="filename"> line:0 msg:too much recursion
11-28 10:06:32.842 24315 24389 E cocos js error:: <no filename="filename"> line:0 msg:too much recursion
11-28 10:06:32.842 24315 24389 E cocos js error:: <no filename="filename"> line:0 msg:too much recursion
11-28 10:06:32.842 24315 24389 E cocos js error:: <no filename="filename"> line:0 msg:too much recursion
11-28 10:06:32.842 24315 24389 E cocos js error:: <no filename="filename"> line:0 msg:too much recursion
11-28 10:06:32.842 24315 24389 E cocos js error:: <no filename="filename"> line:0 msg:too much recursion
11-28 10:06:32.842 24315 24389 E cocos js error:: <no filename="filename"> line:0 msg:too much recursion
11-28 10:06:32.842 24315 24389 E cocos js error:: <no filename="filename"> line:0 msg:too much recursion
11-28 10:06:32.842 24315 24389 E cocos js error:: <no filename="filename"> line:0 msg:too much recursion
11-28 10:06:32.842 24315 24389 E cocos js error:: <no filename="filename"> line:0 msg:too much recursion
11-28 10:06:32.842 24315 24389 E cocos js error:: <no filename="filename"> line:0 msg:too much recursion
11-28 10:06:32.842 24315 24389 E cocos js error:: <no filename="filename"> line:0 msg:too much recursion
11-28 10:06:32.842 24315 24389 E cocos js error:: <no filename="filename"> line:0 msg:too much recursion
11-28 10:06:32.842 24315 24389 E cocos js error:: <no filename="filename"> line:0 msg:too much recursion
11-28 10:06:32.842 24315 24389 E cocos js error:: <no filename="filename"> line:0 msg:too much recursion
11-28 10:06:32.842 24315 24389 E cocos js error:: <no filename="filename"> line:0 msg:too much recursion
11-28 10:06:32.842 24315 24389 E cocos js error:: <no filename="filename"> line:0 msg:too much recursion
11-28 10:06:32.842 24315 24389 E cocos js error:: <no filename="filename"> line:0 msg:too much recursion
11-28 10:06:32.842 24315 24389 E cocos js error:: <no filename="filename"> line:0 msg:too much recursion
11-28 10:06:32.842 24315 24389 E cocos js error:: <no filename="filename"> line:0 msg:too much recursion
11-28 10:06:32.842 24315 24389 E cocos js error:: <no filename="filename"> line:0 msg:too much recursion
11-28 10:06:32.843 24315 24389 E cocos js error:: <no filename="filename"> line:0 msg:too much recursion
11-28 10:06:32.843 24315 24389 E cocos js error:: <no filename="filename"> line:0 msg:too much recursion
11-28 10:06:32.843 24315 24389 E cocos js error:: <no filename="filename"> line:0 msg:too much recursion
11-28 10:06:32.843 24315 24389 E cocos js error:: <no filename="filename"> line:0 msg:too much recursion
11-28 10:06:32.843 24315 24389 E cocos js error:: <no filename="filename"> line:0 msg:too much recursion
11-28 10:06:32.843 24315 24389 E cocos js error:: <no filename="filename"> line:0 msg:too much recursion
11-28 10:06:32.843 24315 24389 E cocos js error:: <no filename="filename"> line:0 msg:too much recursion
11-28 10:06:32.843 24315 24389 E cocos js error:: <no filename="filename"> line:0 msg:too much recursion
11-28 10:06:32.843 24315 24389 E cocos js error:: <no filename="filename"> line:0 msg:too much recursion
11-28 10:06:32.843 24315 24389 E cocos js error:: <no filename="filename"> line:0 msg:too much recursion
11-28 10:06:32.843 24315 24389 E cocos js error:: <no filename="filename"> line:0 msg:too much recursion
11-28 10:06:32.843 24315 24389 E cocos js error:: <no filename="filename"> line:0 msg:too much recursion
11-28 10:06:32.843 24315 24389 E cocos js error:: <no filename="filename"> line:0 msg:too much recursion
11-28 10:06:32.843 24315 24389 E cocos js error:: <no filename="filename"> line:0 msg:too much recursion
11-28 10:06:32.843 24315 24389 E cocos js error:: <no filename="filename"> line:0 msg:too much recursion
11-28 10:06:32.843 24315 24389 E cocos js error:: <no filename="filename"> line:0 msg:too much recursion
11-28 10:06:32.843 24315 24389 E cocos js error:: <no filename="filename"> line:0 msg:too much recursion
11-28 10:06:32.843 24315 24389 E cocos js error:: <no filename="filename"> line:0 msg:too much recursion
11-28 10:06:32.843 24315 24389 E cocos js error:: <no filename="filename"> line:0 msg:too much recursion
11-28 10:06:32.843 24315 24389 E cocos js error:: <no filename="filename"> line:0 msg:too much recursion
11-28 10:06:32.843 24315 24389 E cocos js error:: <no filename="filename"> line:0 msg:too much recursion
11-28 10:06:32.843 24315 24389 E cocos js error:: <no filename="filename"> line:0 msg:too much recursion
11-28 10:06:32.843 24315 24389 E cocos js error:: <no filename="filename"> line:0 msg:too much recursion
11-28 10:06:32.844 24315 24389 E cocos js error:: <no filename="filename"> line:0 msg:too much recursion
11-28 10:06:32.844 24315 24389 E cocos js error:: <no filename="filename"> line:0 msg:too much recursion
11-28 10:06:32.844 24315 24389 E cocos js error:: <no filename="filename"> line:0 msg:too much recursion
11-28 10:06:32.844 24315 24389 E cocos js error:: <no filename="filename"> line:0 msg:too much recursion
11-28 10:06:32.844 24315 24389 E cocos js error:: <no filename="filename"> line:0 msg:too much recursion
11-28 10:06:32.844 24315 24389 E cocos js error:: <no filename="filename"> line:0 msg:too much recursion
11-28 10:06:32.844 24315 24389 E cocos js error:: <no filename="filename"> line:0 msg:too much recursion
11-28 10:06:32.844 24315 24389 E cocos js error:: <no filename="filename"> line:0 msg:too much recursion
11-28 10:06:32.844 24315 24389 E cocos js error:: <no filename="filename"> line:0 msg:too much recursion
11-28 10:06:32.844 24315 24389 E cocos js error:: <no filename="filename"> line:0 msg:too much recursion
11-28 10:06:32.844 24315 24389 E cocos js error:: <no filename="filename"> line:0 msg:too much recursion
11-28 10:06:32.844 24315 24389 E cocos js error:: <no filename="filename"> line:0 msg:too much recursion
11-28 10:06:32.844 24315 24389 E cocos js error:: <no filename="filename"> line:0 msg:too much recursion
11-28 10:06:32.844 24315 24389 E cocos js error:: <no filename="filename"> line:0 msg:too much recursion
11-28 10:06:32.844 24315 24389 E cocos js error:: <no filename="filename"> line:0 msg:too much recursion
11-28 10:06:32.844 24315 24389 E cocos js error:: <no filename="filename"> line:0 msg:too much recursion
11-28 10:06:32.844 24315 24389 E cocos js error:: <no filename="filename"> line:0 msg:too much recursion
11-28 10:06:32.844 24315 24389 E cocos js error:: <no filename="filename"> line:0 msg:too much recursion
11-28 10:06:32.844 24315 24389 E cocos js error:: <no filename="filename"> line:0 msg:too much recursion
11-28 10:06:32.844 24315 24389 E cocos js error:: <no filename="filename"> line:0 msg:too much recursion
11-28 10:06:32.844 24315 24389 E cocos js error:: <no filename="filename"> line:0 msg:too much recursion
11-28 10:06:32.844 24315 24389 E cocos js error:: <no filename="filename"> line:0 msg:too much recursion
11-28 10:06:32.844 24315 24389 E cocos js error:: <no filename="filename"> line:0 msg:too much recursion
11-28 10:06:32.844 24315 24389 E cocos js error:: <no filename="filename"> line:0 msg:too much recursion
11-28 10:06:32.845 24315 24389 E cocos js error:: <no filename="filename"> line:0 msg:too much recursion
11-28 10:06:32.845 24315 24389 E cocos js error:: <no filename="filename"> line:0 msg:too much recursion
11-28 10:06:32.845 24315 24389 E cocos js error:: <no filename="filename"> line:0 msg:too much recursion
11-28 10:06:32.845 24315 24389 E cocos js error:: <no filename="filename"> line:0 msg:too much recursion
11-28 10:06:32.845 24315 24389 E cocos js error:: <no filename="filename"> line:0 msg:too much recursion
11-28 10:06:32.845 24315 24389 E cocos js error:: <no filename="filename"> line:0 msg:too much recursion
11-28 10:06:32.845 24315 24389 E cocos js error:: <no filename="filename"> line:0 msg:too much recursion
11-28 10:06:32.845 24315 24389 E cocos js error:: <no filename="filename"> line:0 msg:too much recursion
11-28 10:06:32.845  1774  1774 D PhoneStatusBar: disable: 0x00000200 -> 0x00000300 (diff: 0x00000100)
11-28 10:06:32.845  1774  1774 D PhoneStatusBar: disable: < expand icons alerts ticker system_info back home recent clock full HIDE* keyguard none float >
11-28 10:06:32.845  1774  1774 D PhoneStatusBar: showStatusBar isshow=false;delay=false
11-28 10:06:32.845 24315 24389 E cocos js error:: <no filename="filename"> line:0 msg:too much recursion
11-28 10:06:32.845 24315 24389 E cocos js error:: <no filename="filename"> line:0 msg:too much recursion
11-28 10:06:32.845  1397  1448 D AutoDisableScreenButtonsManager: status bar visible change: false
11-28 10:06:32.845 24315 24389 E cocos js error:: <no filename="filename"> line:0 msg:too much recursion
11-28 10:06:32.845 24315 24389 E cocos js error:: <no filename="filename"> line:0 msg:too much recursion
11-28 10:06:32.846 24315 24389 E cocos js error:: <no filename="filename"> line:0 msg:too much recursion
11-28 10:06:32.846 24315 24389 E cocos js error:: <no filename="filename"> line:0 msg:too much recursion
11-28 10:06:32.846 24315 24389 E cocos js error:: <no filename="filename"> line:0 msg:too much recursion
11-28 10:06:32.846 24315 24389 E cocos js error:: <no filename="filename"> line:0 msg:too much recursion
11-28 10:06:32.846 24315 24389 E cocos js error:: <no filename="filename"> line:0 msg:too much recursion
11-28 10:06:32.846 24315 24389 E cocos js error:: <no filename="filename"> line:0 msg:too much recursion
11-28 10:06:32.846 24315 24389 E cocos js error:: <no filename="filename"> line:0 msg:too much recursion
11-28 10:06:32.846 24315 24389 E cocos js error:: <no filename="filename"> line:0 msg:too much recursion
11-28 10:06:32.846 24315 24389 E cocos js error:: <no filename="filename"> line:0 msg:too much recursion
11-28 10:06:32.846 24315 24389 E cocos js error:: <no filename="filename"> line:0 msg:too much recursion
11-28 10:06:32.846 24315 24389 E cocos js error:: <no filename="filename"> line:0 msg:too much recursion
11-28 10:06:32.846 24315 24389 E cocos js error:: <no filename="filename"> line:0 msg:too much recursion
11-28 10:06:32.846 24315 24389 E cocos js error:: <no filename="filename"> line:0 msg:too much recursion
11-28 10:06:32.846 24315 24389 E cocos js error:: <no filename="filename"> line:0 msg:too much recursion
11-28 10:06:32.846  1397  1448 W System.err: org.json.JSONException: No value for com.baiyou.dkd
11-28 10:06:32.846 24315 24389 E cocos js error:: <no filename="filename"> line:0 msg:too much recursion
11-28 10:06:32.846 24315 24389 E cocos js error:: <no filename="filename"> line:0 msg:too much recursion
11-28 10:06:32.846 24315 24389 E cocos js error:: <no filename="filename"> line:0 msg:too much recursion
11-28 10:06:32.846 24315 24389 E cocos js error:: <no filename="filename"> line:0 msg:too much recursion
11-28 10:06:32.846 24315 24389 E cocos js error:: <no filename="filename"> line:0 msg:too much recursion
11-28 10:06:32.846 24315 24389 E cocos js error:: <no filename="filename"> line:0 msg:too much recursion
11-28 10:06:32.846  1397  1448 W System.err: 	at org.json.JSONObject.get(JSONObject.java:389)
11-28 10:06:32.847 24315 24389 E cocos js error:: <no filename="filename"> line:0 msg:too much recursion
11-28 10:06:32.847 24315 24389 E cocos js error:: <no filename="filename"> line:0 msg:too much recursion
11-28 10:06:32.847  1397  1448 W System.err: 	at miui.util.AutoDisableScreenButtonsHelper.getValue(AutoDisableScreenButtonsHelper.java:55)
11-28 10:06:32.847 24315 24389 E cocos js error:: <no filename="filename"> line:0 msg:too much recursion
11-28 10:06:32.847 24315 24389 E cocos js error:: <no filename="filename"> line:0 msg:too much recursion
11-28 10:06:32.847  1397  1448 W System.err: 	at miui.util.AutoDisableScreenButtonsHelper.getAppFlag(AutoDisableScreenButtonsHelper.java:42)
11-28 10:06:32.847 24315 24389 E cocos js error:: <no filename="filename"> line:0 msg:too much recursion
11-28 10:06:32.847  1397  1448 W System.err: 	at miui.util.AutoDisableScreenButtonsManager$1.run(AutoDisableScreenButtonsManager.java:79)
