11-28 10:06:32.847 24315 24389 E cocos js error:: <no filename="filename"> line:0 msg:too much recursion
11-28 10:06:32.847  1397  1448 W System.err: 	at android.os.Handler.handleCallback(Handler.java:739)
11-28 10:06:32.847 24315 24389 E cocos js error:: <no filename="filename"> line:0 msg:too much recursion
11-28 10:06:32.847  1397  1448 W System.err: 	at android.os.Handler.dispatchMessage(Handler.java:95)
11-28 10:06:32.847 24315 24389 E cocos js error:: <no filename="filename"> line:0 msg:too much recursion
11-28 10:06:32.847  1397  1448 W System.err: 	at android.os.Looper.loop(Looper.java:148)
11-28 10:06:32.847 24315 24389 E cocos js error:: <no filename="filename"> line:0 msg:too much recursion
11-28 10:06:32.847 24315 24389 E cocos js error:: <no filename="filename"> line:0 msg:too much recursion
11-28 10:06:32.847  1397  1448 W System.err: 	at android.os.HandlerThread.run(HandlerThread.java:61)
11-28 10:06:32.847 24315 24389 E cocos js error:: <no filename="filename"> line:0 msg:too much recursion
11-28 10:06:32.847  1397  1448 W System.err: 	at com.android.server.ServiceThread.run(ServiceThread.java:46)
11-28 10:06:32.847 24315 24389 E cocos js error:: <no filename="filename"> line:0 msg:too much recursion
11-28 10:06:32.847 24315 24389 E cocos js error:: <no filename="filename"> line:0 msg:too much recursion
11-28 10:06:32.847 24315 24389 E cocos js error:: <no filename="filename"> line:0 msg:too much recursion
11-28 10:06:32.847 24315 24389 E cocos js error:: <no filename="filename"> line:0 msg:too much recursion
11-28 10:06:32.847 24315 24389 E cocos js error:: <no filename="filename"> line:0 msg:too much recursion
11-28 10:06:32.847 24315 24389 E cocos js error:: <no filename="filename"> line:0 msg:too much recursion
11-28 10:06:32.847 24315 24389 E cocos js error:: <no filename="filename"> line:0 msg:too much recursion
11-28 10:06:32.847 24315 24389 E cocos js error:: <no filename="filename"> line:0 msg:too much recursion
11-28 10:06:32.847 24315 24389 E cocos js error:: <no filename="filename"> line:0 msg:too much recursion
11-28 10:06:32.847 24315 24389 E cocos js error:: <no filename="filename"> line:0 msg:too much recursion
11-28 10:06:32.847 24315 24389 E cocos js error:: <no filename="filename"> line:0 msg:too much recursion
11-28 10:06:32.847 24315 24389 E cocos js error:: <no filename="filename"> line:0 msg:too much recursion
11-28 10:06:32.847 24315 24389 E cocos js error:: <no filename="filename"> line:0 msg:too much recursion
11-28 10:06:32.848 24315 24389 E cocos js error:: <no filename="filename"> line:0 msg:too much recursion
11-28 10:06:32.848 24315 24389 E cocos js error:: <no filename="filename"> line:0 msg:too much recursion
11-28 10:06:32.848 24315 24389 E cocos js error:: <no filename="filename"> line:0 msg:too much recursion
11-28 10:06:32.848 24315 24389 E cocos js error:: <no filename="filename"> line:0 msg:too much recursion
11-28 10:06:32.848 24315 24389 E cocos js error:: <no filename="filename"> line:0 msg:too much recursion
11-28 10:06:32.849 24315 24389 E cocos js error:: <no filename="filename"> line:0 msg:too much recursion
11-28 10:06:32.849 24315 24389 E cocos js error:: <no filename="filename"> line:0 msg:too much recursion
11-28 10:06:32.849  1816  4325 I CloudSettingsProvider: uriMatch : 2
11-28 10:06:32.849 24315 24389 E cocos js error:: <no filename="filename"> line:0 msg:too much recursion
11-28 10:06:32.849 24315 24389 E cocos js error:: <no filename="filename"> line:0 msg:too much recursion
11-28 10:06:32.849 24315 24389 E cocos js error:: <no filename="filename"> line:0 msg:too much recursion
11-28 10:06:32.849 24315 24389 E cocos js error:: <no filename="filename"> line:0 msg:too much recursion
11-28 10:06:32.849 24315 24389 E cocos js error:: <no filename="filename"> line:0 msg:too much recursion
11-28 10:06:32.849 24315 24389 E cocos js error:: <no filename="filename"> line:0 msg:too much recursion
11-28 10:06:32.850 24315 24389 E cocos js error:: <no filename="filename"> line:0 msg:too much recursion
11-28 10:06:32.850 24315 24389 E cocos js error:: <no filename="filename"> line:0 msg:too much recursion
11-28 10:06:32.850 24315 24389 E cocos js error:: <no filename="filename"> line:0 msg:too much recursion
11-28 10:06:32.850 24315 24389 E cocos js error:: <no filename="filename"> line:0 msg:too much recursion
11-28 10:06:32.850 24315 24389 E cocos js error:: <no filename="filename"> line:0 msg:too much recursion
11-28 10:06:32.850 24315 24389 E cocos js error:: <no filename="filename"> line:0 msg:too much recursion
11-28 10:06:32.850 24315 24389 E cocos js error:: <no filename="filename"> line:0 msg:too much recursion
11-28 10:06:32.850 24315 24389 E cocos js error:: <no filename="filename"> line:0 msg:too much recursion
11-28 10:06:32.850 24315 24389 E cocos js error:: <no filename="filename"> line:0 msg:too much recursion
11-28 10:06:32.850 24315 24389 E cocos js error:: <no filename="filename"> line:0 msg:too much recursion
11-28 10:06:32.850 24315 24389 E cocos js error:: <no filename="filename"> line:0 msg:too much recursion
11-28 10:06:32.850 24315 24389 E cocos js error:: <no filename="filename"> line:0 msg:too much recursion
11-28 10:06:32.850  1397  1448 D AutoDisableScreenButtonsManager: get top activity package flag: 3  com.baiyou.dkd
11-28 10:06:32.850 24315 24389 E cocos js error:: <no filename="filename"> line:0 msg:too much recursion
11-28 10:06:32.850 24315 24389 E cocos js error:: <no filename="filename"> line:0 msg:too much recursion
11-28 10:06:32.850 24315 24389 E cocos js error:: <no filename="filename"> line:0 msg:too much recursion
11-28 10:06:32.850 24315 24389 E cocos js error:: <no filename="filename"> line:0 msg:too much recursion
11-28 10:06:32.850 24315 24389 E cocos js error:: <no filename="filename"> line:0 msg:too much recursion
11-28 10:06:32.850 24315 24389 E cocos js error:: <no filename="filename"> line:0 msg:too much recursion
11-28 10:06:32.850 24315 24389 E cocos js error:: <no filename="filename"> line:0 msg:too much recursion
11-28 10:06:32.850 24315 24389 E cocos js error:: <no filename="filename"> line:0 msg:too much recursion
11-28 10:06:32.851 24315 24389 E cocos js error:: <no filename="filename"> line:0 msg:too much recursion
11-28 10:06:32.851 24315 24389 E cocos js error:: <no filename="filename"> line:0 msg:too much recursion
11-28 10:06:32.851 24315 24389 E cocos js error:: <no filename="filename"> line:0 msg:too much recursion
11-28 10:06:32.851 24315 24389 E cocos js error:: <no filename="filename"> line:0 msg:too much recursion
11-28 10:06:32.851 24315 24389 E cocos js error:: <no filename="filename"> line:0 msg:too much recursion
11-28 10:06:32.851 24315 24389 E cocos js error:: <no filename="filename"> line:0 msg:too much recursion
11-28 10:06:32.851 24315 24389 E cocos js error:: <no filename="filename"> line:0 msg:too much recursion
11-28 10:06:32.851 24315 24389 E cocos js error:: <no filename="filename"> line:0 msg:too much recursion
11-28 10:06:32.851 24315 24389 E cocos js error:: <no filename="filename"> line:0 msg:too much recursion
11-28 10:06:32.852 24315 24389 E cocos js error:: <no filename="filename"> line:0 msg:too much recursion
11-28 10:06:32.852 24315 24389 E cocos js error:: <no filename="filename"> line:0 msg:too much recursion
11-28 10:06:32.852 24315 24389 E cocos js error:: <no filename="filename"> line:0 msg:too much recursion
11-28 10:06:32.852 24315 24389 E cocos js error:: <no filename="filename"> line:0 msg:too much recursion
11-28 10:06:32.852 24315 24389 E cocos js error:: <no filename="filename"> line:0 msg:too much recursion
11-28 10:06:32.852 24315 24389 E cocos js error:: <no filename="filename"> line:0 msg:too much recursion
11-28 10:06:32.852 24315 24389 E cocos js error:: <no filename="filename"> line:0 msg:too much recursion
11-28 10:06:32.852 24315 24389 E cocos js error:: <no filename="filename"> line:0 msg:too much recursion
11-28 10:06:32.852 24315 24389 E cocos js error:: <no filename="filename"> line:0 msg:too much recursion
11-28 10:06:32.852 24315 24389 E cocos js error:: <no filename="filename"> line:0 msg:too much recursion
11-28 10:06:32.852 24315 24389 E cocos js error:: <no filename="filename"> line:0 msg:too much recursion
11-28 10:06:32.852 24315 24389 E cocos js error:: <no filename="filename"> line:0 msg:too much recursion
11-28 10:06:32.852 24315 24389 E cocos js error:: <no filename="filename"> line:0 msg:too much recursion
11-28 10:06:32.852 24315 24389 E cocos js error:: <no filename="filename"> line:0 msg:too much recursion
11-28 10:06:32.852 24315 24389 E cocos js error:: <no filename="filename"> line:0 msg:too much recursion
11-28 10:06:32.852 24315 24389 E cocos js error:: <no filename="filename"> line:0 msg:too much recursion
11-28 10:06:32.852 24315 24389 E cocos js error:: <no filename="filename"> line:0 msg:too much recursion
11-28 10:06:32.852 24315 24389 E cocos js error:: <no filename="filename"> line:0 msg:too much recursion
11-28 10:06:32.852 24315 24389 E cocos js error:: <no filename="filename"> line:0 msg:too much recursion
11-28 10:06:32.852 24315 24389 E cocos js error:: <no filename="filename"> line:0 msg:too much recursion
11-28 10:06:32.852 24315 24389 E cocos js error:: <no filename="filename"> line:0 msg:too much recursion
11-28 10:06:32.853 24315 24389 E cocos js error:: <no filename="filename"> line:0 msg:too much recursion
11-28 10:06:32.853 24315 24389 E cocos js error:: <no filename="filename"> line:0 msg:too much recursion
11-28 10:06:32.853 24315 24389 E cocos js error:: <no filename="filename"> line:0 msg:too much recursion
11-28 10:06:32.853 24315 24389 E cocos js error:: <no filename="filename"> line:0 msg:too much recursion
11-28 10:06:32.853 24315 24389 E cocos js error:: <no filename="filename"> line:0 msg:too much recursion
11-28 10:06:32.853 24315 24389 E cocos js error:: <no filename="filename"> line:0 msg:too much recursion
11-28 10:06:32.853 24315 24389 E cocos js error:: <no filename="filename"> line:0 msg:too much recursion
11-28 10:06:32.853 24315 24389 E cocos js error:: <no filename="filename"> line:0 msg:too much recursion
11-28 10:06:32.853 24315 24389 E cocos js error:: <no filename="filename"> line:0 msg:too much recursion
11-28 10:06:32.853 24315 24389 E cocos js error:: <no filename="filename"> line:0 msg:too much recursion
11-28 10:06:32.853 24315 24389 E cocos js error:: <no filename="filename"> line:0 msg:too much recursion
11-28 10:06:32.853 24315 24389 E cocos js error:: <no filename="filename"> line:0 msg:too much recursion
11-28 10:06:32.853 24315 24389 E cocos js error:: <no filename="filename"> line:0 msg:too much recursion
11-28 10:06:32.853 24315 24389 E cocos js error:: <no filename="filename"> line:0 msg:too much recursion
11-28 10:06:32.853 24315 24389 E cocos js error:: <no filename="filename"> line:0 msg:too much recursion
11-28 10:06:32.853 24315 24389 E cocos js error:: <no filename="filename"> line:0 msg:too much recursion
11-28 10:06:32.853 24315 24389 E cocos js error:: <no filename="filename"> line:0 msg:too much recursion
11-28 10:06:32.853 24315 24389 E cocos js error:: <no filename="filename"> line:0 msg:too much recursion
11-28 10:06:32.854 24315 24389 E cocos js error:: <no filename="filename"> line:0 msg:too much recursion
11-28 10:06:32.854 24315 24389 E cocos js error:: <no filename="filename"> line:0 msg:too much recursion
11-28 10:06:32.854 24315 24389 E cocos js error:: <no filename="filename"> line:0 msg:too much recursion
11-28 10:06:32.854 24315 24389 E cocos js error:: <no filename="filename"> line:0 msg:too much recursion
11-28 10:06:32.854 24315 24389 E cocos js error:: <no filename="filename"> line:0 msg:too much recursion
11-28 10:06:32.854 24315 24389 E cocos js error:: <no filename="filename"> line:0 msg:too much recursion
11-28 10:06:32.854 24315 24389 E cocos js error:: <no filename="filename"> line:0 msg:too much recursion
11-28 10:06:32.854 24315 24389 E cocos js error:: <no filename="filename"> line:0 msg:too much recursion
11-28 10:06:32.854 24315 24389 E cocos js error:: <no filename="filename"> line:0 msg:too much recursion
11-28 10:06:32.854 24315 24389 E cocos js error:: <no filename="filename"> line:0 msg:too much recursion
11-28 10:06:32.854 24315 24389 E cocos js error:: <no filename="filename"> line:0 msg:too much recursion
11-28 10:06:32.854 24315 24389 E cocos js error:: <no filename="filename"> line:0 msg:too much recursion
11-28 10:06:32.854 24315 24389 E cocos js error:: <no filename="filename"> line:0 msg:too much recursion
11-28 10:06:32.854 24315 24389 E cocos js error:: <no filename="filename"> line:0 msg:too much recursion
11-28 10:06:32.854 24315 24389 E cocos js error:: <no filename="filename"> line:0 msg:too much recursion
11-28 10:06:32.854 24315 24389 E cocos js error:: <no filename="filename"> line:0 msg:too much recursion
11-28 10:06:32.854 24315 24389 E cocos js error:: <no filename="filename"> line:0 msg:too much recursion
11-28 10:06:32.854 24315 24389 E cocos js error:: <no filename="filename"> line:0 msg:too much recursion
11-28 10:06:32.854 24315 24389 E cocos js error:: <no filename="filename"> line:0 msg:too much recursion
11-28 10:06:32.854 24315 24389 E cocos js error:: <no filename="filename"> line:0 msg:too much recursion
11-28 10:06:32.854 24315 24389 E cocos js error:: <no filename="filename"> line:0 msg:too much recursion
11-28 10:06:32.855 24315 24389 E cocos js error:: <no filename="filename"> line:0 msg:too much recursion
11-28 10:06:32.855 24315 24389 E cocos js error:: <no filename="filename"> line:0 msg:too much recursion
11-28 10:06:32.855 24315 24389 E cocos js error:: <no filename="filename"> line:0 msg:too much recursion
11-28 10:06:32.855 24315 24389 E cocos js error:: <no filename="filename"> line:0 msg:too much recursion
11-28 10:06:32.855 24315 24389 E cocos js error:: <no filename="filename"> line:0 msg:too much recursion
11-28 10:06:32.855 24315 24389 E cocos js error:: <no filename="filename"> line:0 msg:too much recursion
11-28 10:06:32.855 24315 24389 E cocos js error:: <no filename="filename"> line:0 msg:too much recursion
11-28 10:06:32.855 24315 24389 E cocos js error:: <no filename="filename"> line:0 msg:too much recursion
11-28 10:06:32.855 24315 24389 E cocos js error:: <no filename="filename"> line:0 msg:too much recursion
11-28 10:06:32.855 24315 24389 E cocos js error:: <no filename="filename"> line:0 msg:too much recursion
11-28 10:06:32.855 24315 24389 E cocos js error:: <no filename="filename"> line:0 msg:too much recursion
11-28 10:06:32.855 24315 24389 E cocos js error:: <no filename="filename"> line:0 msg:too much recursion
11-28 10:06:32.855 24315 24389 E cocos js error:: <no filename="filename"> line:0 msg:too much recursion
11-28 10:06:32.855 24315 24389 E cocos js error:: <no filename="filename"> line:0 msg:too much recursion
11-28 10:06:32.855 24315 24389 E cocos js error:: <no filename="filename"> line:0 msg:too much recursion
11-28 10:06:32.855 24315 24389 E cocos js error:: <no filename="filename"> line:0 msg:too much recursion
11-28 10:06:32.855 24315 24389 E cocos js error:: <no filename="filename"> line:0 msg:too much recursion
11-28 10:06:32.855 24315 24389 E cocos js error:: <no filename="filename"> line:0 msg:too much recursion
11-28 10:06:32.855 24315 24389 E cocos js error:: <no filename="filename"> line:0 msg:too much recursion
11-28 10:06:32.855 24315 24389 E cocos js error:: <no filename="filename"> line:0 msg:too much recursion
11-28 10:06:32.855 24315 24389 E cocos js error:: <no filename="filename"> line:0 msg:too much recursion
11-28 10:06:32.855 24315 24389 E cocos js error:: <no filename="filename"> line:0 msg:too much recursion
11-28 10:06:32.856 24315 24389 E cocos js error:: <no filename="filename"> line:0 msg:too much recursion
11-28 10:06:32.856 24315 24389 E cocos js error:: <no filename="filename"> line:0 msg:too much recursion
11-28 10:06:32.856 24315 24389 E cocos js error:: <no filename="filename"> line:0 msg:too much recursion
11-28 10:06:32.856 24315 24389 E cocos js error:: <no filename="filename"> line:0 msg:too much recursion
11-28 10:06:32.856 24315 24389 E cocos js error:: <no filename="filename"> line:0 msg:too much recursion
11-28 10:06:32.856 24315 24389 E cocos js error:: <no filename="filename"> line:0 msg:too much recursion
11-28 10:06:32.856 24315 24389 E cocos js error:: <no filename="filename"> line:0 msg:too much recursion
11-28 10:06:32.856 24315 24389 E cocos js error:: <no filename="filename"> line:0 msg:too much recursion
11-28 10:06:32.856 24315 24389 E cocos js error:: <no filename="filename"> line:0 msg:too much recursion
11-28 10:06:32.856 24315 24389 E cocos js error:: <no filename="filename"> line:0 msg:too much recursion
11-28 10:06:32.856 24315 24389 E cocos js error:: <no filename="filename"> line:0 msg:too much recursion
11-28 10:06:32.856 24315 24389 E cocos js error:: <no filename="filename"> line:0 msg:too much recursion
11-28 10:06:32.856 24315 24389 E cocos js error:: <no filename="filename"> line:0 msg:too much recursion
11-28 10:06:32.856 24315 24389 E cocos js error:: <no filename="filename"> line:0 msg:too much recursion
11-28 10:06:32.856 24315 24389 E cocos js error:: <no filename="filename"> line:0 msg:too much recursion
11-28 10:06:32.856 24315 24389 E cocos js error:: <no filename="filename"> line:0 msg:too much recursion
11-28 10:06:32.856 24315 24389 E cocos js error:: <no filename="filename"> line:0 msg:too much recursion
11-28 10:06:32.856 24315 24389 E cocos js error:: <no filename="filename"> line:0 msg:too much recursion
11-28 10:06:32.857 24315 24389 E cocos js error:: <no filename="filename"> line:0 msg:too much recursion
11-28 10:06:32.857 24315 24389 E cocos js error:: <no filename="filename"> line:0 msg:too much recursion
11-28 10:06:32.857 24315 24389 E cocos js error:: <no filename="filename"> line:0 msg:too much recursion
11-28 10:06:32.857 24315 24389 E cocos js error:: <no filename="filename"> line:0 msg:too much recursion
11-28 10:06:32.857 24315 24389 E cocos js error:: <no filename="filename"> line:0 msg:too much recursion
11-28 10:06:32.857 24315 24389 E cocos js error:: <no filename="filename"> line:0 msg:too much recursion
11-28 10:06:32.857 24315 24389 E cocos js error:: <no filename="filename"> line:0 msg:too much recursion
11-28 10:06:32.857 24315 24389 E cocos js error:: <no filename="filename"> line:0 msg:too much recursion
11-28 10:06:32.857 24315 24389 E cocos js error:: <no filename="filename"> line:0 msg:too much recursion
11-28 10:06:32.857 24315 24389 E cocos js error:: <no filename="filename"> line:0 msg:too much recursion
11-28 10:06:32.857 24315 24389 E cocos js error:: <no filename="filename"> line:0 msg:too much recursion
11-28 10:06:32.857 24315 24389 E cocos js error:: <no filename="filename"> line:0 msg:too much recursion
11-28 10:06:32.857 24315 24389 E cocos js error:: <no filename="filename"> line:0 msg:too much recursion
11-28 10:06:32.857 24315 24389 E cocos js error:: <no filename="filename"> line:0 msg:too much recursion
11-28 10:06:32.857 24315 24389 E cocos js error:: <no filename="filename"> line:0 msg:too much recursion
11-28 10:06:32.857 24315 24389 E cocos js error:: <no filename="filename"> line:0 msg:too much recursion
11-28 10:06:32.857 24315 24389 E cocos js error:: <no filename="filename"> line:0 msg:too much recursion
11-28 10:06:32.857 24315 24389 E cocos js error:: <no filename="filename"> line:0 msg:too much recursion
11-28 10:06:32.857 24315 24389 E cocos js error:: <no filename="filename"> line:0 msg:too much recursion
11-28 10:06:32.857 24315 24389 E cocos js error:: <no filename="filename"> line:0 msg:too much recursion
11-28 10:06:32.857 24315 24389 E cocos js error:: <no filename="filename"> line:0 msg:too much recursion
11-28 10:06:32.857 24315 24389 E cocos js error:: <no filename="filename"> line:0 msg:too much recursion
11-28 10:06:32.858 24315 24389 E cocos js error:: <no filename="filename"> line:0 msg:too much recursion
11-28 10:06:32.858 24315 24389 E cocos js error:: <no filename="filename"> line:0 msg:too much recursion
11-28 10:06:32.858 24315 24389 E cocos js error:: <no filename="filename"> line:0 msg:too much recursion
11-28 10:06:32.858 24315 24389 E cocos js error:: <no filename="filename"> line:0 msg:too much recursion
11-28 10:06:32.858 24315 24389 E cocos js error:: <no filename="filename"> line:0 msg:too much recursion
11-28 10:06:32.858 24315 24389 E cocos js error:: <no filename="filename"> line:0 msg:too much recursion
11-28 10:06:32.858 24315 24389 E cocos js error:: <no filename="filename"> line:0 msg:too much recursion
11-28 10:06:32.865  3270  3270 I octvm_power: handle event trigger full_screen_enter
11-28 10:06:32.901 24390 24389 F google-breakpad: -----BEGIN BREAKPAD MICRODUMP-----
11-28 10:06:32.901 24390 24389 F google-breakpad: V WebView:51.0.2704.81
11-28 10:06:32.901 24390 24389 F google-breakpad: O A arm 04 armv8l Xiaomi/gemini/gemini:6.0.1/MXB48T/V8.1.3.0.MAACNDI:user/release-keys
11-28 10:06:32.901 24390 24389 F google-breakpad: G OpenGL ES 3.2 V@145.0 (GIT@Ifb508eebcd)|Qualcomm|Adreno (TM) 530
11-28 10:06:32.902 24390 24389 F google-breakpad: S 0 DF5B8AD0 DF5B8000 00001000
11-28 10:06:32.903 24390 24389 F google-breakpad: S DF5B8000 000000000000000000000000000000000000000000000000000000000000000000000000000000000000000000000000000000000000000000000000000000000000000000000000000000000000000000000000000000000000000000000000000000000000000000000000000000000000000000000000000000000000000000000000000000000000000000000000000000000000000000000000000000000000000000000000000000000000000000000000000000000000000000000000000000000000000000000000000000000000000000000000000000000000000000000000000000000000000000000000000000000000000000000000000000000000000000000000000000000000000000000000000000000000000000000000000000000000000000000000000000000000000000000000000000000000000000000000000000000000000000000000000000000000000000000000000000000000000000000000000000000000000000000000000000000000000000000000
11-28 10:06:32.903 24390 24389 F google-breakpad: S DF5B8180 000000000000000000000000000000000000000000000000000000000000000000000000000000000000000000000000000000000000000000000000000000000000000000000000000000000000000000000000000000000000000000000000000000000000000000000000000000000000000000000000000000000000000000000000000000000000000000000000000000000000000000000000000000000000000000000000000000000000000000000000000000000000000000000000000000000000000000000000000000000000000000000000000000000000000000000000000000000000000000000000000000000000000000000000000000000000000000000000000000000000000000000000000000000000000000000000000000000000000000000000000000000000000000000000000000000000000000000000000000000000000000000000000000000000000000000000000000000000000000000000000000000000000000000000000000000000000000000000
11-28 10:06:32.904 24390 24389 F google-breakpad: S DF5B8300 000000000000000000000000000000000000000000000000000000000000000000000000000000000000000000000000000000000000000000000000000000000000000000000000000000000000000000000000000000000000000000000000000000000000000000000000000000000000000000000000000000000000000000000000000000000000000000000000000000000000000000000000000000000000000000000000000000000000000000000000000000000000000000000000000000000000000000000000000000000000000000000000000000000000000000000000000000000000000000000000000000000000000000000000000000000000000000000000000000000000000000000000000000000000000000000000000000000000000000000000000000000000000000000000000000000000000000000000000000000000000000000000000000000000000000000000000000000000000000000000000000000000000000000000000000000000000000000000
11-28 10:06:32.904 24390 24389 F google-breakpad: S DF5B8480 000000000000000000000000000000000000000000000000000000000000000000000000000000000000000000000000000000000000000000000000000000000000000000000000000000000000000000000000000000000000000000000000000000000000000000000000000000000000000000000000000000000000000000000000000000000000000000000000000000000000000000000000000000000000000000000000000000000000000000000000000000000000000000000000000000000000000000000000000000000000000000000000000000000000000000000000000000000000000000000000000000000000000000000000000000000000000000000000000000000000000000000000000000000000000000000000000000000000000000000000000000000000000000000000000000000000000000000000000000000000000000000000000000000000000000000000000000000000000000000000000000000000000000000000000000000000000000000000
11-28 10:06:32.904 24390 24389 F google-breakpad: S DF5B8600 000000000000000000000000000000000000000000000000000000000000000000000000000000000000000000000000000000000000000000000000000000000000000000000000000000000000000000000000000000000000000000000000000000000000000000000000000000000000000000000000000000000000000000000000000000000000000000000000000000000000000000000000000000000000000000000000000000000000000000000000000000000000000000000000000000000000000000000000000000000000000000000000000000000000000000000000000000000000000000000000000000000000000000000000000000000000000000000000000000000000000000000000000000000000000000000000000000000000000000000000000000000000000000000000000000000000000000000000000000000000000000000000000000000000000000000000000000000000000000000000000000000000000000000000000000000000000000000000
11-28 10:06:32.904 24390 24389 F google-breakpad: S DF5B8780 000000000000000000000000000000000000000000000000000000000000000000000000000000000000000000000000000000000000000000000000000000000000000000000000000000000000000000000000000000000000000000000000000000000000000000000000000000000000000000000000000000000000000000000000000000000000000000000000000000000000000000000000000000000000000000000000000000000000000000000000000000000000000000000000000000000000000000000000000000000000000000000000000000000000000000000000000000000000000000000000000000000000000000000000000000000000000000000000000000000000000000000000000000000000000000000000000000000000000000000000000000000000000000000000000000000000000000000000000000000000000000000000000000000000000000000000000000000000000000000000000000000000000000000000000000000000000000000000
11-28 10:06:32.904 24390 24389 F google-breakpad: S DF5B8900 000000000000000000000000000000000000000000000000000000000000000000000000000000000000000000000000000000000000000000000000000000000000000000000000000000000000000000000000000000000000000000000000000000000000000000000000000000000000000000000000000000000000000000000000000000000000000000000000000000000000000000000000000000000000000000000000000000000000000000000000000000000000000000000000000000000000000000000000000000000000000000000000000000000000000000000000000000000000000000000000000000000000000000000000000000000000000000000000000000000000000000000000000000000000000000000000000000000000000000000000000000000000000000000000000000000000000000000000000000000000000000000000000000000000000000000000000000000000000000000000000000000000000000000000000000000000000000000000
11-28 10:06:32.904 24390 24389 F google-breakpad: S DF5B8A80 000000000000000000000000000000000000000000000000000000000000000000000000000000000000000000000000000000000000000000000000000000000000000000000000000000000000000000000000000000000000000000000000000000000000000000000000000000000000000000000000000000000000000000000000000000000000000000000000000000000000000000000000000000000000000000000000000000000000000000000000000000000000000000000000000000000000000000000000000000000000000000000000000000000000000000000000000000000000000000000000000000000000000000000000000000000000000000000000000000000000000000000000000000000000000000000000000000000000000000000000000000000000000000000000000000000000000000000000000000000000000000000000000000000000000000000000000000000000000000000000000000000000000000000000000000000000000000000000
11-28 10:06:32.905 24390 24389 F google-breakpad: S DF5B8C00 000000000000000000000000000000000000000000000000000000000000000000000000000000000000000000000000000000000000000000000000000000000000000000000000000000000000000000000000000000000000000000000000000000000000000000000000000000000000000000000000000000000000000000000000000000000000000000000000000000000000000000000000000000000000000000000000000000000000000000000000000000000000000000000000000000000000000000000000000000000000000000000000000000000000000000000000000000000000000000000000000000000000000000000000000000000000000000000000000000000000000000000000000000000000000000000000000000000000000000000000000000000000000000000000000000000000000000000000000000000000000000000000000000000000000000000000000000000000000000000000000000000000000000000000000000000000000000000000
11-28 10:06:32.905 24390 24389 F google-breakpad: S DF5B8D80 000000000000000000000000000000000000000000000000000000000000000000000000000000000000000000000000000000000000000000000000000000000000000000000000000000000000000000000000000000000000000000000000000000000000000000000000000000000000000000000000000000000000000000000000000000000000000000000000000000000000000000000000000000000000000000000000000000000000000000000000000000000000000000000000000000000000000000000000000000000000000000000000000000000000000000000000000000000000000000000000000000000000000000000000000000000000000000000000000000000000000000000000000000000000000000000000000000000000000000000000000000000000000000000000000000000000000000000000000000000000000000000000000000000000000000000000000000000000000000000000000000000000000000000000000000000000000000000000
11-28 10:06:32.905 24390 24389 F google-breakpad: S DF5B8F00 00000000000000000000000000000000000000000000000000000000000000000000000000000000000000000000000000000000000000000000000000000000000000000000000000000000000000000000000000000000000000000000000000000000000000000000000000000000000000000000000000000000000000000000000000000000000000000000000000000000000000000000000000000000000000000000000000000000000000000000000000000000000000000000000000000000000000000000000000000000000000000000000000000000000000000000000000000000000000000000000000000000000000000000000000000000
11-28 10:06:32.905 24390 24389 F google-breakpad: C 0600004084905BDF00B8EFE0C014B68DC04E05F70004000014955BDFF4905BDF0000000014955BDF38955BDF30955BDF0000000008020000D08A5BDF799101F7065201F730000F600000000000000000000000000000000000000000000000000000000000000000000000000000000000000000000000000000000000000000000000000000000000000000000000000000000000000000000000000000000000000000000000000000000000000000000000000000000000000000000000000000000000000000000000000000000000000000000000000000000000000000000000000000000000000000000000000000000000000000000000000000000000000000000000000000000000000000000000000000000000000000000000000000000000000000000000000000000000000000000000000000000000000000000000000000000000000000000000000000000000000000000000000000000000000000000000000000000000000000
11-28 10:06:32.905 24390 24389 F google-breakpad: M AAB4F000 00000000 00005000 F37ED217F5E60F4B73411F2C6014D8350 app_process32
11-28 10:06:32.905 24390 24389 F google-breakpad: M 7249F000 024A8000 01B38000 000000000000000000000000000000000 system@framework@boot.oat
11-28 10:06:32.905 24390 24389 F google-breakpad: M D68C7000 00000000 0011F000 4DB84E86F4E9B7E151BDA4A22E84DEE70 libffmpeg_avcodec.so
11-28 10:06:32.905 24390 24389 F google-breakpad: M D6B27000 00000000 000D3000 95A540984B81F78324D89B9EDF46740C0 libmmparser_lite.so
11-28 10:06:32.905 24390 24389 F google-breakpad: M D792E000 00000000 0000D000 F8ACE564C136D96FEC5228E2E98717F80 libFFmpegExtractor.so
11-28 10:06:32.906 24390 24389 F google-breakpad: M D8B43000 00000000 00008000 D1DCC5E4B03FE1F503B1FDBE7504CC5C0 libffmpeg_utils.so
11-28 10:06:32.906 24390 24389 F google-breakpad: M D8B4D000 00000000 0000E000 C2256172F4DF5801CE610267F144D7500 libmmparser.so
11-28 10:06:32.906 24390 24389 F google-breakpad: M D9F05000 00000000 00007000 BEE6B1F2DC14BBC2415BD99CA2D6F3A00 libmmosal.so
11-28 10:06:32.906 24390 24389 F google-breakpad: M DCB9B000 00163000 0011D000 000000000000000000000000000000000 WebViewGoogle.odex
11-28 10:06:32.906 24390 24389 F google-breakpad: M E00A4000 00000000 00FB0000 3D970D095D52D853AA6E5F050D60BDFB0 libcocos2djs.so
11-28 10:06:32.906 24390 24389 F google-breakpad: M E20DE000 041BC000 02057000 2DB01866D50A794A135078B6D74F9DCE0 libwebviewchromium.so
11-28 10:06:32.906 24390 24389 F google-breakpad: M E84DE000 00000000 00004000 99330ACBA19BD8EB2AC8CE359F3CA6370 libwebviewchromium_loader.so
11-28 10:06:32.906 24390 24389 F google-breakpad: M E8582000 00000000 00003000 F2231A85BB589E6A034E196D194193AD0 libjnigraphics.so
11-28 10:06:32.906 24390 24389 F google-breakpad: M E8587000 00000000 00008000 ECC7DD842952BAE3AF6052AA9CF674160 libcompiler_rt.so
11-28 10:06:32.906 24390 24389 F google-breakpad: M E8590000 00000000 0000F000 F90F19B582D70AC689D3CEE4F5F594980 libandroid.so
11-28 10:06:32.906 24390 24389 F google-breakpad: M E85A0000 00000000 0000D000 671BE522BD8E3AE2517E9917F837BE680 libqservice.so
11-28 10:06:32.906 24390 24389 F google-breakpad: M E85B1000 00000000 00006000 3ABA44210C45C3F465DDA17A419BC47C0 libqdutils.so
11-28 10:06:32.906 24390 24389 F google-breakpad: M E85BA000 00000000 00003000 BD672D7F1CC7A7E1F40CE6180C188F970 libqdMetaData.so
11-28 10:06:32.906 24390 24389 F google-breakpad: M E85C0000 00000000 00007000 4FA945EF45920974486AD8794ADAA6520 libmemalloc.so
11-28 10:06:32.906 24390 24389 F google-breakpad: M E85C9000 00000000 00007000 83FAC1AC153F28AB4C540A61C96228670 gralloc.msm8996.so
11-28 10:06:32.906 24390 24389 F google-breakpad: M E85D2000 00000000 0000B000 ED6797B0B0C8F77A5B495A67A8465F670 eglSubDriverAndroid.so
11-28 10:06:32.907 24390 24389 F google-breakpad: M E85E0000 00000000 00024000 A5159B6958FDF3E50C73F597E046E4360 libGLESv1_CM_adreno.so
11-28 10:06:32.907 24390 24389 F google-breakpad: M E85E9000 00000000 0084B000 A815F1C5CCB3BEC909F6AA95120F832C0 libllvm-glnext.so
11-28 10:06:32.907 24390 24389 F google-breakpad: M E8E5E000 00000000 00314000 0764A4745F7C0C3F9DA894A84E5C53D10 libGLESv2_adreno.so
11-28 10:06:32.907 24390 24389 F google-breakpad: M E92BF000 00000000 0003E000 68D466B294095AF98883F64C0C7DD57D0 libgsl.so
11-28 10:06:32.907 24390 24389 F google-breakpad: M E9300000 00000000 00006000 17CEEF56167BCC54A691650AF0E83D9A0 libadreno_utils.so
11-28 10:06:32.907 24390 24389 F google-breakpad: M E930A000 00000000 00011000 241F5840864A2D9ED188FB5DA50423DD0 libEGL_adreno.so
11-28 10:06:32.907 24390 24389 F google-breakpad: M EA575000 00000000 00018000 1A978CCDC2D5DEF96EE4ED9723A63D520 libkeymaster1.so
11-28 10:06:32.907 24390 24389 F google-breakpad: M EA590000 00000000 00009000 D24E00CAF66323FA493021B17610E5960 libkeymaster_messages.so
11-28 10:06:32.907 24390 24389 F google-breakpad: M EA59B000 00000000 00014000 D4CFF1B788DA764A70BFC9FFB077D47F0 libsoftkeymasterdevice.so
11-28 10:06:32.907 24390 24389 F google-breakpad: M EA5B2000 00000000 0000B000 CF710065CFB104E95D1B92A83B9F49400 libkeystore_binder.so
11-28 10:06:32.907 24390 24389 F google-breakpad: M EA640000 00000000 00004000 898B6FB5C1A38008394E0736578BB9DA0 libkeystore-engine.so
11-28 10:06:32.907 24390 24389 F google-breakpad: M EA645000 00000000 00017000 04584F5FBD2F8CEB56A1C1490D509AB00 libjavacrypto.so
11-28 10:06:32.907 24390 24389 F google-breakpad: M EA663000 00004000 00002000 000000000000000000000000000000000 system@framework@tcmclient.jar@classes.dex
11-28 10:06:32.907 24390 24389 F google-breakpad: M EA667000 00000000 00004000 78784BF245C899E8A9F8393541BC75EE0 libextmedia_jni.so
11-28 10:06:32.907 24390 24389 F google-breakpad: M EA66D000 00000000 0000E000 8F26B110C2647860CD11CC22CA065F670 libstagefright_amrnb_common.so
11-28 10:06:32.907 24390 24389 F google-breakpad: M EA67A000 00000000 00021000 1329E1B951B67DA68051B565B3663BB20 libexif.so
11-28 10:06:32.907 24390 24389 F google-breakpad: M EA6A9000 00000000 00015000 3DA471FA1D1E48B6BB61DED0A9F8642A0 libmtp.so
11-28 10:06:32.907 24390 24389 F google-breakpad: M EA6BF000 00000000 00046000 9E90D6A7158C141EC26EFAA9B88BEE8D0 libmedia_jni.so
11-28 10:06:32.907 24390 24389 F google-breakpad: M EA7DA000 00000000 0000C000 BEFE6AFF4E5C6E0DAA32095C1C20C16D0 libmiuinative.so
11-28 10:06:32.907 24390 24389 F google-breakpad: M EECD4000 00000000 00004000 E4D2401A55EA7DC26036C88ED9A565150 libsechook.so
11-28 10:06:32.907 24390 24389 F google-breakpad: M EECD5000 00000000 000D9000 F11126FCD393A214655619BA12D640060 libxml2.so
11-28 10:06:32.907 24390 24389 F google-breakpad: M EF000000 00000000 00003000 DD8D43CC04E979C2A21A8098DFBB43110 libqti-perfd-client.so
11-28 10:06:32.908 24390 24389 F google-breakpad: M EF005000 00000000 00005000 FC7452F9C25B488674224805D81F89DF0 libqti-gt.so
11-28 10:06:32.908 24390 24389 F google-breakpad: M EF00C000 00000000 00003000 A25289C4CF39D1CC7157776556CBCAB50 libqti-at.so
11-28 10:06:32.908 24390 24389 F google-breakpad: M EF031000 00000000 00003000 C97F3252B9F865E4918589BB24C366440 memtrack.msm8996.so
11-28 10:06:32.908 24390 24389 F google-breakpad: M EF03A000 00000000 00004000 1E264526C3CD7BFD00FF6EDACD1114EB0 libwebviewchromium_plat_support.so
11-28 10:06:32.908 24390 24389 F google-breakpad: M F0888000 00000000 00034000 26D679EB817FDA278B94A8B0766C8D4F0 libjavacore.so
11-28 10:06:32.908 24390 24389 F google-breakpad: M F38D7000 00000000 0000B000 E1676D0EA99051F0C6F00D25EF4A14D00 libmediandk.so
11-28 10:06:32.908 24390 24389 F google-breakpad: M F3B76000 00291000 00157000 000000000000000000000000000000000 base.odex
11-28 10:06:32.908 24390 24389 F google-breakpad: M F3DCB000 00000000 00009000 D9BA9AABFD036347285301C735D40FCE0 libsoundpool.so
11-28 10:06:32.908 24390 24389 F google-breakpad: M F3DD8000 00000000 00004000 AE62FEE2EB0A7E553786BDE8047727280 libOpenSLES.so
11-28 10:06:32.908 24390 24389 F google-breakpad: M F3DEE000 00000000 00003000 1C5759E03CC72D4577AB3BD9DF81D2D90 libqti_performance.so
11-28 10:06:32.908 24390 24389 F google-breakpad: M F3DF8000 00004000 00001000 000000000000000000000000000000000 QPerformance.odex
11-28 10:06:32.908 24390 24389 F google-breakpad: M F4A2F000 00000000 00444000 1A5DEAD864669AE31DD8E02C743815F60 libart.so
11-28 10:06:32.908 24390 24389 F google-breakpad: M F4ECA000 00000000 00023000 928F0DD52C09EDB12CA10B97A647AAF70 libdashplayer.so
11-28 10:06:32.908 24390 24389 F google-breakpad: M F4EF0000 00000000 0002D000 9C3C211420FAABF93A6640C1A08880800 libstagefright_wfd.so
11-28 10:06:32.908 24390 24389 F google-breakpad: M F4F1C000 00000000 00095000 2645970873ADC570F5CDB446C68752C60 libmediaplayerservice.so
11-28 10:06:32.908 24390 24389 F google-breakpad: M F4FBA000 00000000 00041000 7DA39F6D59E8D2CE757EC5252BBBC1CC0 libavenhancements.so
11-28 10:06:32.908 24390 24389 F google-breakpad: M F5047000 00000000 00003000 F9D964249EC50A149A481BC54F7A86CA0 libsigchain.so
11-28 10:06:32.908 24390 24389 F google-breakpad: M F504D000 00000000 00003000 F1EAE4867ADFB34B192541FDE10E0A590 libExtendedExtractor.so
11-28 10:06:32.908 24390 24389 F google-breakpad: M F5052000 00000000 00024000 7947A6B7DAF36C530EB95CE165F8B9BD0 libstagefright_httplive.so
11-28 10:06:32.908 24390 24389 F google-breakpad: M F5079000 00000000 00005000 5F5214388B53D258207F76E80B604F950 libvendorconn.so
11-28 10:06:32.908 24390 24389 F google-breakpad: M F5102000 00000000 00005000 6D7417E3DEAD94A5B9855D8D808CB0290 libcneconn.so
11-28 10:06:32.909 24390 24389 F google-breakpad: M F5108000 00000000 00A36000 211B757737D2AC8FFD5919FDB6C8FD560 libLLVM.so
11-28 10:06:32.909 24390 24389 F google-breakpad: M F5B91000 00000000 00035000 04FBF3854F70E6340640081E9EA76C690 libbcinfo.so
11-28 10:06:32.909 24390 24389 F google-breakpad: M F5BC9000 00000000 00058000 2E1B9F178C603D13B02AFDC98270AC090 libbcc.so
11-28 10:06:32.909 24390 24389 F google-breakpad: M F5C23000 00000000 0000B000 FD38255C23B798A065108D35C47FF1580 libcommon_time_client.so
11-28 10:06:32.909 24390 24389 F google-breakpad: M F5C33000 00000000 00018000 D2B169505A2D330A2BEC54B63C9408CA0 libprotobuf-cpp-lite.so
11-28 10:06:32.909 24390 24389 F google-breakpad: M F5C4E000 00000000 00007000 9F13C4280431760AF50AC53EF28A92130 libstagefright_avc_common.so
11-28 10:06:32.909 24390 24389 F google-breakpad: M F5C57000 00000000 00003000 43D7598450A1CAFB2489AE97D9F2BCFD0 libstagefright_enc_common.so
11-28 10:06:32.909 24390 24389 F google-breakpad: M F5C5C000 00000000 00004000 3D754297162128F8C23140CE4744D6480 libpowermanager.so
11-28 10:06:32.909 24390 24389 F google-breakpad: M F5C63000 00000000 0001D000 A75246FBFBB72B5F97AA0ED63C090E1D0 libvorbisidec.so
11-28 10:06:32.909 24390 24389 F google-breakpad: M F5C82000 00000000 00005000 8253B82E6324FE5A56AC3AAB1DF5F5A70 libstagefright_yuv.so
11-28 10:06:32.909 24390 24389 F google-breakpad: M F5C88000 00000000 0002F000 2B6CBC0020101BBF358C1F45CF99A0B10 libstagefright_omx.so
11-28 10:06:32.909 24390 24389 F google-breakpad: M F5CBB000 00000000 00039000 884D2035D316E1CF7A65A27386DAE7C60 libopus.so
11-28 10:06:32.909 24390 24389 F google-breakpad: M F5CF7000 00000000 00007000 8592CB9E15C0C0ECF59E36EAD0A7A2300 libmediautils.so
11-28 10:06:32.909 24390 24389 F google-breakpad: M F5D00000 00000000 00018000 7DDE4CF5C221C3448AD5636A1A0161FB0 libdrmframework.so
11-28 10:06:32.909 24390 24389 F google-breakpad: M F5D1C000 00000000 0001E000 5964206DB30B0C337528D555F72EA40C0 libRScpp.so
11-28 10:06:32.909 24390 24389 F google-breakpad: M F5D3D000 00000000 0003E000 3E54F4A34C73C7D59D745291FA9F8FC10 libRS.so
11-28 10:06:32.909 24390 24389 F google-breakpad: M F5D7F000 00000000 00007000 58D3F11018A2D874726910F91EEA51600 libspeexresampler.so
11-28 10:06:32.909 24390 24389 F google-breakpad: M F5D88000 00000000 00009000 039E05AF840EA5386FE4B067EC5241EC0 libnbaio.so
11-28 10:06:32.909 24390 24389 F google-breakpad: M F5D93000 00000000 00012000 43B2DAA990EF71C1307C3D0B0FF586700 libpcre.so
11-28 10:06:32.909 24390 24389 F google-breakpad: M F5DA7000 00000000 00005000 DD46190753472BCC49A4BB7732C9D33B0 libwpa_client.so
11-28 10:06:32.909 24390 24389 F google-breakpad: M F5DAF000 00000000 0006E000 ED80AC02ECB28D48572586FDF134A6BA0 libGLES_trace.so
11-28 10:06:32.909 24390 24389 F google-breakpad: M F5E20000 00000000 00036000 AC88E7A8A86FBF0B0B4F670E483828F90 libqc-opt.so
11-28 10:06:32.909 24390 24389 F google-breakpad: M F5E59000 00000000 00061000 8AAF1A8DC79995AC346E0E170EE2B54D0 libft2.so
11-28 10:06:32.910 24390 24389 F google-breakpad: M F5EBD000 00000000 00025000 BDA8D1D4D6121DB20CBCA40ED4229BD50 libpng.so
11-28 10:06:32.910 24390 24389 F google-breakpad: M F5EE4000 00000000 00003000 271C2798E172A5DFB3B344318C9E2E1F0 libsync.so
11-28 10:06:32.910 24390 24389 F google-breakpad: M F5EE9000 00000000 00005000 326A46F78440537036F022C1B46BC69E0 libstdc++.so
11-28 10:06:32.910 24390 24389 F google-breakpad: M F5EF0000 00000000 00010000 65E0C3F82C4A1076C0CF7CA251A56E510 libunwind.so
11-28 10:06:32.910 24390 24389 F google-breakpad: M F5F48000 00000000 00009000 6D14A16D1ED7ECFA25A2A21F6B8EF8020 libbase.so
11-28 10:06:32.910 24390 24389 F google-breakpad: M F5F53000 00000000 00005000 C962D73C1D1D374538582B235D442C570 libeffects.so
11-28 10:06:32.910 24390 24389 F google-breakpad: M F5F5A000 00000000 00003000 56D4AA202AFEEE0777CB582094D978AB0 libstagefright_http_support.so
11-28 10:06:32.910 24390 24389 F google-breakpad: M F5F60000 00000000 00018000 7015F679B4E6092D3D01241857D71F8E0 libstagefright_foundation.so
11-28 10:06:32.910 24390 24389 F google-breakpad: M F5F75000 00000000 00164000 76EE1A5E8F3F5F79AD759F159C6659CF0 libstagefright.so
11-28 10:06:32.910 24390 24389 F google-breakpad: M F60E6000 00000000 00004000 66F2F5E8EE7A483C9E86B4A37FA65CFB0 libregionalization.so
11-28 10:06:32.910 24390 24389 F google-breakpad: M F60EA000 00000000 00069000 42CE13FADE3902015CC0C9736022049E0 libhwui.so
11-28 10:06:32.910 24390 24389 F google-breakpad: M F6158000 00000000 00003000 F23CD33AFC2F801746916CF06191EB060 libradio_metadata.so
11-28 10:06:32.910 24390 24389 F google-breakpad: M F615D000 00000000 00004000 5D2CCC0EC59B7DD529C6B3C38848C17A0 libnativebridge.so
11-28 10:06:32.910 24390 24389 F google-breakpad: M F6163000 00000000 00004000 C7534BDF664E1CA86132EEE17A4EE2C70 libprocessgroup.so
11-28 10:06:32.910 24390 24389 F google-breakpad: M F6169000 00000000 0000E000 5A63348F74211E7774A562A0CDF6B37E0 libminikin.so
11-28 10:06:32.910 24390 24389 F google-breakpad: M F6179000 00000000 0000B000 724BDF71169EE546C1DF42EFD867AEDB0 libsoundtrigger.so
11-28 10:06:32.910 24390 24389 F google-breakpad: M F6187000 00000000 0000B000 C594E463C3E2131CCFDE5D4C5DC00AF30 libradio.so
11-28 10:06:32.910 24390 24389 F google-breakpad: M F6197000 00000000 00004000 E1860177233CDCF5A02EF4D9398C25680 libnetd_client.so
11-28 10:06:32.910 24390 24389 F google-breakpad: M F619D000 00000000 0000D000 4CC07595CEE817E7902F20AE155B988E0 libimg_utils.so
11-28 10:06:32.910 24390 24389 F google-breakpad: M F61A7000 00000000 00404000 9098040340301B40E88C85F1BD975B950 libpdfium.so
11-28 10:06:32.910 24390 24389 F google-breakpad: M F65BA000 00000000 00007000 1C43346B550A627A2BD8E274B6EC85BE0 libaudioutils.so
11-28 10:06:32.910 24390 24389 F google-breakpad: M F65C3000 00000000 0001A000 6987B482832C54A598BF3870847354A80 libz.so
11-28 10:06:32.911 24390 24389 F google-breakpad: M F65DF000 00000000 00049000 79C05D823C0F4C07ED66019E20B45DCF0 libharfbuzz_ng.so
11-28 10:06:32.911 24390 24389 F google-breakpad: M F662B000 00000000 00005000 C74F019809033DCBC44E284A75963A9D0 libusbhost.so
11-28 10:06:32.911 24390 24389 F google-breakpad: M F6633000 00000000 00035000 CFF32C43E23CEB47BDF4432CF45C27D30 libjpeg.so
11-28 10:06:32.911 24390 24389 F google-breakpad: M F6653000 00000000 000AA000 FA5628A7D9B0EC2F06CED546C65E21EA0 libmedia.so
11-28 10:06:32.911 24390 24389 F google-breakpad: M F6714000 00000000 0016C000 3756AA81BA13DD23DC2F27A269B320C40 libicui18n.so
11-28 10:06:32.911 24390 24389 F google-breakpad: M F6886000 00000000 00116000 0F60808AE64B85A393A8126CF208D2950 libicuuc.so
11-28 10:06:32.911 24390 24389 F google-breakpad: M F69AC000 00000000 00023000 40E89A78474A2FC7805408A6FEF80D7D0 libssl.so
11-28 10:06:32.911 24390 24389 F google-breakpad: M F69D2000 00000000 00090000 05DCF55A630F21B888841FB2D32636FE0 libcrypto.so
11-28 10:06:32.911 24390 24389 F google-breakpad: M F6A6F000 00000000 00052000 8E47A79F65F3AC51E4EF2C8A177C32F00 libsonivox.so
11-28 10:06:32.911 24390 24389 F google-breakpad: M F6AC9000 00000000 0000E000 642ADF243CFDE549C7876EED903EA0AD0 libselinux.so
11-28 10:06:32.911 24390 24389 F google-breakpad: M F6ADA000 00000000 00007000 57B28B70101457F54F565E808E300E430 libhardware_legacy.so
11-28 10:06:32.911 24390 24389 F google-breakpad: M F6AE4000 00000000 00003000 DFCCB039F3CE6D64FFAC57752FA83C1C0 libhardware.so
11-28 10:06:32.911 24390 24389 F google-breakpad: M F6AE9000 00000000 00004000 C83F66448C6C6010307EFF1B491E00480 libETC1.so
11-28 10:06:32.911 24390 24389 F google-breakpad: M F6AEF000 00000000 0000D000 8590D4998928BC0D8DC53F409AB09DDF0 libGLESv2.so
11-28 10:06:32.911 24390 24389 F google-breakpad: M F6AFE000 00000000 00008000 D186A2C50BDEA1F6C0D503B9FC56E3AB0 libGLESv1_CM.so
11-28 10:06:32.911 24390 24389 F google-breakpad: M F6B00000 00000000 00064000 8921D064BDC1EC1FF98EE88B7F17F0290 libEGL.so
11-28 10:06:32.911 24390 24389 F google-breakpad: M F6B72000 00000000 00063000 132DA9B5D9587435E47621C7478E04A50 libsqlite.so
11-28 10:06:32.911 24390 24389 F google-breakpad: M F6BC7000 00000000 0026C000 481F3244A7985C8278018C05FC6B4D270 libskia.so
11-28 10:06:32.911 24390 24389 F google-breakpad: M F6E55000 00000000 00008000 A98DB71E770FCDAA52C7D4994FDB4EAE0 libcamera_metadata.so
11-28 10:06:32.911 24390 24389 F google-breakpad: M F6E5C000 00000000 00029000 7A29079935F74F58EC0E133E54796BD10 libcamera_client.so
11-28 10:06:32.911 24390 24389 F google-breakpad: M F6E8C000 00000000 0003C000 E03AD725642DF7E850F6109C731E85280 libinputflinger.so
11-28 10:06:32.911 24390 24389 F google-breakpad: M F6ECB000 00000000 0001C000 3AB6831B97A2916AFAC76F71B5A30B4D0 libinput.so
11-28 10:06:32.911 24390 24389 F google-breakpad: M F6EE3000 00000000 00056000 78C2098BA44AB8C67614F984DE18047C0 libgui.so
11-28 10:06:32.912 24390 24389 F google-breakpad: M F6F46000 00000000 0000D000 247F2F3A04524D51FD800E69AF48FF2F0 libui.so
11-28 10:06:32.912 24390 24389 F google-breakpad: M F6F56000 00000000 00007000 0D1C3FDC6F168C521DFC0982314DA6B90 libnetutils.so
11-28 10:06:32.912 24390 24389 F google-breakpad: M F6F5F000 00000000 00007000 D954B1D7E2CD4BAC9FB7490DC94160E90 libnativehelper.so
11-28 10:06:32.912 24390 24389 F google-breakpad: M F6F68000 00000000 00014000 033056206B5DAC6E0919B31192989FF40 libexpat.so
11-28 10:06:32.912 24390 24389 F google-breakpad: M F6F7F000 00000000 00027000 6CB873ACE5F2BC69ACBF7A742444ADD70 libandroidfw.so
11-28 10:06:32.912 24390 24389 F google-breakpad: M F6FA9000 00000000 00003000 6F7561257B9E105F64C593EF8B5D436F0 libmemtrack.so
11-28 10:06:32.912 24390 24389 F google-breakpad: M F6FAE000 00000000 00009000 8DB2D1B065DBA663CDB9E9DC3B11E1430 libbacktrace.so
11-28 10:06:32.912 24390 24389 F google-breakpad: M F6FB9000 00000000 0001F000 392E7E6B30199D22C439949CA9321C1C0 libm.so
11-28 10:06:32.912 24390 24389 F google-breakpad: M F6FDB000 00000000 00072000 1E541AB7E8EA0DB60DDA0558CB7CDD850 libc.so
11-28 10:06:32.912 24390 24389 F google-breakpad: M F705C000 00000000 0008B000 FEA867362EDE96D8F8563FAF42005F6C0 libc++.so
11-28 10:06:32.912 24390 24389 F google-breakpad: M F70EC000 00000000 00029000 EA5A25F17BE2A8C4D07AE9A356C841670 libwilhelm.so
11-28 10:06:32.912 24390 24389 F google-breakpad: M F710B000 00000000 000DC000 4F59DBDAC8BF2FC7F2C82BA94EAB8E6A0 libandroid_runtime.so
11-28 10:06:32.912 24390 24389 F google-breakpad: M F71F3000 00000000 00029000 305197ABD5F52D692FD08E77D5FF59A50 libbinder.so
11-28 10:06:32.912 24390 24389 F google-breakpad: M F7225000 00000000 00008000 9879994A84C0A829B5FB76B454EDEFFF0 liblog.so
11-28 10:06:32.912 24390 24389 F google-breakpad: M F722F000 00000000 00018000 6FEBD0AB973C90901BAC12A177774E720 libutils.so
