10-06 15:10:33.179   434   434 I BufferQueueConsumer: [Splash Screen com.onyuan.hall.Chinesechess.game.jinli#0](this:0xaa425000,id:42,api:2,p:-1,c:-1) disconnect(C)
10-06 15:10:33.179   434   434 I BufferQueue: [Splash Screen com.onyuan.hall.Chinesechess.game.jinli#0](this:0xaa425000,id:42,api:2,p:-1,c:-1) ~BufferQueueCore
10-06 15:10:33.252  3480  3480 W FloatingWindow-: type=1400 audit(0.0:47063): avc: denied { search } for name="1049" dev="proc" ino=17867 scontext=u:r:untrusted_app_25:s0:c512,c768 tcontext=u:r:kernel:s0 tclass=dir permissive=0
10-06 15:10:33.252  3480  3480 W FloatingWindow-: type=1400 audit(0.0:47064): avc: denied { getattr } for path="/proc/1049" dev="proc" ino=17867 scontext=u:r:untrusted_app_25:s0:c512,c768 tcontext=u:r:kernel:s0 tclass=dir permissive=0
10-06 15:10:33.252  3480  3480 W FloatingWindow-: type=1400 audit(0.0:47065): avc: denied { search } for name="1049" dev="proc" ino=17867 scontext=u:r:untrusted_app_25:s0:c512,c768 tcontext=u:r:kernel:s0 tclass=dir permissive=0
10-06 15:10:33.252  3480  3480 I chatty  : uid=10164 com.tencent.android.qqdownloader:daemon identical 1 line
10-06 15:10:33.252  3480  3480 W FloatingWindow-: type=1400 audit(0.0:47067): avc: denied { search } for name="1049" dev="proc" ino=17867 scontext=u:r:untrusted_app_25:s0:c512,c768 tcontext=u:r:kernel:s0 tclass=dir permissive=0
10-06 15:10:33.252  3480  3480 W FloatingWindow-: type=1400 audit(0.0:47068): avc: denied { search } for name="1173" dev="proc" ino=16618 scontext=u:r:untrusted_app_25:s0:c512,c768 tcontext=u:r:system_app:s0 tclass=dir permissive=0
10-06 15:10:33.252  3480  3480 W FloatingWindow-: type=1400 audit(0.0:47069): avc: denied { getattr } for path="/proc/1173" dev="proc" ino=16618 scontext=u:r:untrusted_app_25:s0:c512,c768 tcontext=u:r:system_app:s0 tclass=dir permissive=0
10-06 15:10:33.252  3480  3480 W FloatingWindow-: type=1400 audit(0.0:47070): avc: denied { search } for name="1173" dev="proc" ino=16618 scontext=u:r:untrusted_app_25:s0:c512,c768 tcontext=u:r:system_app:s0 tclass=dir permissive=0
10-06 15:10:33.252  3480  3480 I chatty  : uid=10164 com.tencent.android.qqdownloader:daemon identical 1 line
10-06 15:10:33.252  3480  3480 W FloatingWindow-: type=1400 audit(0.0:47072): avc: denied { search } for name="1173" dev="proc" ino=16618 scontext=u:r:untrusted_app_25:s0:c512,c768 tcontext=u:r:system_app:s0 tclass=dir permissive=0
10-06 15:10:33.252  3480  3480 W FloatingWindow-: type=1400 audit(0.0:47073): avc: denied { search } for name="1206" dev="proc" ino=24208 scontext=u:r:untrusted_app_25:s0:c512,c768 tcontext=u:r:kernel:s0 tclass=dir permissive=0
10-06 15:10:33.252  3480  3480 W FloatingWindow-: type=1400 audit(0.0:47074): avc: denied { getattr } for path="/proc/1206" dev="proc" ino=24208 scontext=u:r:untrusted_app_25:s0:c512,c768 tcontext=u:r:kernel:s0 tclass=dir permissive=0
10-06 15:10:33.252  3480  3480 W FloatingWindow-: type=1400 audit(0.0:47075): avc: denied { search } for name="1206" dev="proc" ino=24208 scontext=u:r:untrusted_app_25:s0:c512,c768 tcontext=u:r:kernel:s0 tclass=dir permissive=0
10-06 15:10:33.252  3480  3480 W FloatingWindow-: type=1400 audit(0.0:47076): avc: denied { search } for name="1206" dev="proc" ino=24208 scontext=u:r:untrusted_app_25:s0:c512,c768 tcontext=u:r:kernel:s0 tclass=dir permissive=0
10-06 15:10:33.297  6448  6448 D PQ      : [PQ_PROT] [PQCust] libpq_cust_base.so OK, libpq_cust.so absent
10-06 15:10:33.311  6448  6448 W GuiExt  : Cannot find GuiExtService
10-06 15:10:33.312  6448  6448 I BufferQueueConsumer: [unnamed-6448-0](this:0xb1489000,id:0,api:0,p:-1,c:6448) connect(C): consumer=(6448:screencap) controlledByApp=false
10-06 15:10:33.312  6448  6448 I BufferQueueConsumer: [unnamed-6448-0](this:0xb1489000,id:0,api:0,p:-1,c:6448) setConsumerName: unnamed-6448-0
10-06 15:10:33.312  6448  6448 I BufferQueueConsumer: [ScreenshotClient](this:0xb1489000,id:0,api:0,p:-1,c:6448) setConsumerName: ScreenshotClient
10-06 15:10:33.313   434  1551 D Surface : Surface::connect(this=0xaa474000,api=1)
10-06 15:10:33.313  6448  6448 I BufferQueueProducer: [ScreenshotClient](this:0xb1489000,id:0,api:1,p:434,c:6448) connect(P): api=1 producer=(434:/system/bin/surfaceflinger) producerControlledByApp=false
10-06 15:10:33.322  6448  6448 W screencap: type=1400 audit(0.0:47467): avc: denied { search } for name="clients" dev="debugfs" ino=6289 scontext=u:r:adbd:s0 tcontext=u:object_r:debugfs_ion:s0 tclass=dir permissive=0
10-06 15:10:33.332  6448  6448 W screencap: type=1400 audit(0.0:47468): avc: denied { search } for name="clients" dev="debugfs" ino=6289 scontext=u:r:adbd:s0 tcontext=u:object_r:debugfs_ion:s0 tclass=dir permissive=0
10-06 15:10:33.338   434  1551 D GraphicBuffer: register, handle(0xad00c140) (w:720 h:1440 s:736 f:0x1 u:333)
10-06 15:10:33.339   434   434 I SurfaceFlinger: screenshot (Background for - SurfaceView - com.onyuan.hall.Chinesechess.game.jinli/com.anysdk.framework.unity.AnySDKActivity#0)
10-06 15:10:33.339   434   434 I SurfaceFlinger: screenshot (com.onyuan.hall.Chinesechess.game.jinli/com.anysdk.framework.unity.AnySDKActivity#0)
10-06 15:10:33.340   434   434 I SurfaceFlinger: screenshot (NavigationBar#0)
10-06 15:10:33.341   434  1551 D Surface : Surface::disconnect(this=0xaa474000,api=1)
10-06 15:10:33.342  6448  6448 I BufferQueueProducer: [ScreenshotClient](this:0xb1489000,id:0,api:1,p:434,c:6448) disconnect(P): api 1
10-06 15:10:33.344   434  2951 D GraphicBuffer: unregister, handle(0xab25c4c0) (w:720 h:1440 s:736 f:0x1 u:333)
10-06 15:10:33.351   539  1158 D AALLightSensor: newLux = 389, [403, 402] -> 389
10-06 15:10:33.664   564   607 D connsyslogger: SD_LOG_ROOT is /mnt/sdcard/mtklog/connsyslog/fw.
10-06 15:10:33.671   434  1551 I BufferQueueProducer: [StatusBar#0](this:0xaa40a000,id:4,api:1,p:1173,c:434) queueBuffer: fps=1.98 dur=1010.02 max=997.21 min=12.80
10-06 15:10:33.685   434   434 I DisplayDevice: [Built-in Screen (type:0)] fps:21.794949,dur:1009.41,max:474.44,min:12.84
10-06 15:10:34.106  1736  1736 I ADB_SERVICES: service_to_fd framebuffer:
10-06 15:10:34.106  1736  1736 I ADB_SERVICES: service thread started, 21:22
10-06 15:10:34.190   986  1985 E TouchFilter: setTouchFilter LOG Enable prameter: 0
10-06 15:10:34.190   986  1985 D EventHub: Event Hub Touch Filter log is disabled
10-06 15:10:34.190   986  1985 D EventHub: Event Hub Touch Filter is enabled
10-06 15:10:34.207  1734  1739 D GasService: pkg a:[com.onyuan.hall.Chinesechess.game.jinli] [D] pid:6388 uid:10407 audio:0,_s:0
10-06 15:10:34.300  6452  6452 D PQ      : [PQ_PROT] [PQCust] libpq_cust_base.so OK, libpq_cust.so absent
10-06 15:10:34.314  6452  6452 W GuiExt  : Cannot find GuiExtService
10-06 15:10:34.316  6452  6452 I BufferQueueConsumer: [unnamed-6452-0](this:0xb1489000,id:0,api:0,p:-1,c:6452) connect(C): consumer=(6452:screencap) controlledByApp=false
10-06 15:10:34.316  6452  6452 I BufferQueueConsumer: [unnamed-6452-0](this:0xb1489000,id:0,api:0,p:-1,c:6452) setConsumerName: unnamed-6452-0
10-06 15:10:34.316  6452  6452 I BufferQueueConsumer: [ScreenshotClient](this:0xb1489000,id:0,api:0,p:-1,c:6452) setConsumerName: ScreenshotClient
10-06 15:10:34.316   434  1551 D Surface : Surface::connect(this=0xaa474000,api=1)
10-06 15:10:34.317  6452  6452 I BufferQueueProducer: [ScreenshotClient](this:0xb1489000,id:0,api:1,p:434,c:6452) connect(P): api=1 producer=(434:/system/bin/surfaceflinger) producerControlledByApp=false
10-06 15:10:34.332  6452  6452 W screencap: type=1400 audit(0.0:47469): avc: denied { search } for name="clients" dev="debugfs" ino=6289 scontext=u:r:adbd:s0 tcontext=u:object_r:debugfs_ion:s0 tclass=dir permissive=0
10-06 15:10:34.332  6452  6452 W screencap: type=1400 audit(0.0:47470): avc: denied { search } for name="clients" dev="debugfs" ino=6289 scontext=u:r:adbd:s0 tcontext=u:object_r:debugfs_ion:s0 tclass=dir permissive=0
10-06 15:10:34.343   434  1551 D GraphicBuffer: register, handle(0xad00c140) (w:720 h:1440 s:736 f:0x1 u:333)
10-06 15:10:34.344   434   434 I SurfaceFlinger: screenshot (Background for - SurfaceView - com.onyuan.hall.Chinesechess.game.jinli/com.anysdk.framework.unity.AnySDKActivity#0)
10-06 15:10:34.345   434   434 I SurfaceFlinger: screenshot (com.onyuan.hall.Chinesechess.game.jinli/com.anysdk.framework.unity.AnySDKActivity#0)
10-06 15:10:34.345   434   434 I SurfaceFlinger: screenshot (NavigationBar#0)
10-06 15:10:34.347   434  1551 D Surface : Surface::disconnect(this=0xaa474000,api=1)
10-06 15:10:34.348  6452  6452 I BufferQueueProducer: [ScreenshotClient](this:0xb1489000,id:0,api:1,p:434,c:6452) disconnect(P): api 1
10-06 15:10:34.349   434  2951 D GraphicBuffer: unregister, handle(0xab25a600) (w:720 h:1440 s:736 f:0x1 u:333)
10-06 15:10:34.623   986  1112 D WifiController: DeviceActiveState CMD_BATTERY_CHANGED{ when=0 what=155652 arg1=2 target=com.android.internal.util.StateMachine$SmHandler }
10-06 15:10:34.623   986  1112 D WifiController: StaEnabledState CMD_BATTERY_CHANGED{ when=0 what=155652 arg1=2 target=com.android.internal.util.StateMachine$SmHandler }
10-06 15:10:34.623   986  1112 D WifiController: DefaultState CMD_BATTERY_CHANGED{ when=0 what=155652 arg1=2 target=com.android.internal.util.StateMachine$SmHandler }
10-06 15:10:34.623  1173  1173 D KeyguardUpdateMonitor: received broadcast android.intent.action.BATTERY_CHANGED
10-06 15:10:34.624  2074  2803 D PowerCheckerService: onBatteryChanged, mBatteryLevel = 63, status = 2, level = 63, plug = 2
10-06 15:10:34.625  1779  1779 I BatteryInfoReceiver: ACTION_BATTERY_CHANGED
10-06 15:10:34.625  1173  1173 D KeyguardUpdateMonitor: handleBatteryUpdate
10-06 15:10:34.685   986  1113 D WifiStateMachine:  MtkL2ConnectedState 131155 4 0, mShouldDeferDisableWifi = false, mState = MONITORING
10-06 15:10:34.732  3480  3480 W FloatingWindow-: type=1400 audit(0.0:47471): avc: denied { search } for name="1049" dev="proc" ino=17867 scontext=u:r:untrusted_app_25:s0:c512,c768 tcontext=u:r:kernel:s0 tclass=dir permissive=0
10-06 15:10:34.732  3480  3480 W FloatingWindow-: type=1400 audit(0.0:47472): avc: denied { search } for name="1173" dev="proc" ino=16618 scontext=u:r:untrusted_app_25:s0:c512,c768 tcontext=u:r:system_app:s0 tclass=dir permissive=0
10-06 15:10:34.732  3480  3480 W FloatingWindow-: type=1400 audit(0.0:47473): avc: denied { search } for name="1206" dev="proc" ino=24208 scontext=u:r:untrusted_app_25:s0:c512,c768 tcontext=u:r:kernel:s0 tclass=dir permissive=0
10-06 15:10:34.732  3480  3480 W FloatingWindow-: type=1400 audit(0.0:47474): avc: denied { search } for name="1207" dev="proc" ino=24209 scontext=u:r:untrusted_app_25:s0:c512,c768 tcontext=u:r:kernel:s0 tclass=dir permissive=0
10-06 15:10:34.732  3480  3480 W FloatingWindow-: type=1400 audit(0.0:47475): avc: denied { search } for name="1208" dev="proc" ino=24210 scontext=u:r:untrusted_app_25:s0:c512,c768 tcontext=u:r:kernel:s0 tclass=dir permissive=0
10-06 15:10:34.732  3480  3480 W FloatingWindow-: type=1400 audit(0.0:47476): avc: denied { search } for name="1210" dev="proc" ino=19654 scontext=u:r:untrusted_app_25:s0:c512,c768 tcontext=u:r:webview_zygote:s0 tclass=dir permissive=0
10-06 15:10:34.732  3480  3480 W FloatingWindow-: type=1400 audit(0.0:47477): avc: denied { search } for name="1229" dev="proc" ino=21965 scontext=u:r:untrusted_app_25:s0:c512,c768 tcontext=u:r:hal_wifi_supplicant_default:s0 tclass=dir permissive=0
10-06 15:10:34.732  3480  3480 W FloatingWindow-: type=1400 audit(0.0:47478): avc: denied { search } for name="1281" dev="proc" ino=23657 scontext=u:r:untrusted_app_25:s0:c512,c768 tcontext=u:r:netd:s0 tclass=dir permissive=0
10-06 15:10:34.732  3480  3480 W FloatingWindow-: type=1400 audit(0.0:47479): avc: denied { search } for name="1285" dev="proc" ino=14170 scontext=u:r:untrusted_app_25:s0:c512,c768 tcontext=u:r:netd:s0 tclass=dir permissive=0
10-06 15:10:34.732  3480  3480 W FloatingWindow-: type=1400 audit(0.0:47480): avc: denied { search } for name="1348" dev="proc" ino=23677 scontext=u:r:untrusted_app_25:s0:c512,c768 tcontext=u:r:system_app:s0 tclass=dir permissive=0
10-06 15:10:34.732  3480  3480 W FloatingWindow-: type=1400 audit(0.0:47481): avc: denied { search } for name="1364" dev="proc" ino=22006 scontext=u:r:untrusted_app_25:s0:c512,c768 tcontext=u:r:radio:s0 tclass=dir permissive=0
10-06 15:10:34.732  3480  3480 W FloatingWindow-: type=1400 audit(0.0:47482): avc: denied { search } for name="1376" dev="proc" ino=23693 scontext=u:r:untrusted_app_25:s0:c512,c768 tcontext=u:r:platform_app:s0:c512,c768 tclass=dir permissive=0
10-06 15:10:34.732  3480  3480 W FloatingWindow-: type=1400 audit(0.0:47483): avc: denied { search } for name="1396" dev="proc" ino=22020 scontext=u:r:untrusted_app_25:s0:c512,c768 tcontext=u:r:radio:s0 tclass=dir permissive=0
10-06 15:10:34.732  3480  3480 W FloatingWindow-: type=1400 audit(0.0:47484): avc: denied { search } for name="1697" dev="proc" ino=24211 scontext=u:r:untrusted_app_25:s0:c512,c768 tcontext=u:r:kernel:s0 tclass=dir permissive=0
10-06 15:10:34.732  3480  3480 W FloatingWindow-: type=1400 audit(0.0:47485): avc: denied { search } for name="1699" dev="proc" ino=24212 scontext=u:r:untrusted_app_25:s0:c512,c768 tcontext=u:r:kernel:s0 tclass=dir permissive=0
10-06 15:10:34.732  3480  3480 W FloatingWindow-: type=1400 audit(0.0:47486): avc: denied { search } for name="1705" dev="proc" ino=20198 scontext=u:r:untrusted_app_25:s0:c512,c768 tcontext=u:r:bluetooth:s0 tclass=dir permissive=0
10-06 15:10:34.732  3480  3480 W FloatingWindow-: type=1400 audit(0.0:47487): avc: denied { search } for name="1718" dev="proc" ino=20208 scontext=u:r:untrusted_app_25:s0:c512,c768 tcontext=u:r:mcd:s0 tclass=dir permissive=0
10-06 15:10:34.732  3480  3480 W FloatingWindow-: type=1400 audit(0.0:47488): avc: denied { search } for name="1734" dev="proc" ino=23997 scontext=u:r:untrusted_app_25:s0:c512,c768 tcontext=u:r:ged_srv:s0 tclass=dir permissive=0
10-06 15:10:34.732  3480  3480 W FloatingWindow-: type=1400 audit(0.0:47489): avc: denied { search } for name="1735" dev="proc" ino=24213 scontext=u:r:untrusted_app_25:s0:c512,c768 tcontext=u:r:kernel:s0 tclass=dir permissive=0
10-06 15:10:34.732  3480  3480 W FloatingWindow-: type=1400 audit(0.0:47490): avc: denied { search } for name="1736" dev="proc" ino=25635 scontext=u:r:untrusted_app_25:s0:c512,c768 tcontext=u:r:adbd:s0 tclass=dir permissive=0
10-06 15:10:34.732  3480  3480 W FloatingWindow-: type=1400 audit(0.0:47491): avc: denied { search } for name="1779" dev="proc" ino=24483 scontext=u:r:untrusted_app_25:s0:c512,c768 tcontext=u:r:system_app:s0 tclass=dir permissive=0
10-06 15:10:34.732  3480  3480 W FloatingWindow-: type=1400 audit(0.0:47492): avc: denied { search } for name="1821" dev="proc" ino=24513 scontext=u:r:untrusted_app_25:s0:c512,c768 tcontext=u:r:priv_app:s0:c512,c768 tclass=dir permissive=0
10-06 15:10:34.732  3480  3480 W FloatingWindow-: type=1400 audit(0.0:47493): avc: denied { search } for name="1862" dev="proc" ino=32126 scontext=u:r:untrusted_app_25:s0:c512,c768 tcontext=u:r:system_app:s0 tclass=dir permissive=0
10-06 15:10:34.732  3480  3480 W FloatingWindow-: type=1400 audit(0.0:47494): avc: denied { search } for name="1869" dev="proc" ino=31552 scontext=u:r:untrusted_app_25:s0:c512,c768 tcontext=u:r:system_app:s0 tclass=dir permissive=0
10-06 15:10:34.732  3480  3480 W FloatingWindow-: type=1400 audit(0.0:47495): avc: denied { search } for name="1887" dev="proc" ino=25695 scontext=u:r:untrusted_app_25:s0:c512,c768 tcontext=u:r:system_app:s0 tclass=dir permissive=0
10-06 15:10:34.732  3480  3480 W FloatingWindow-: type=1400 audit(0.0:47496): avc: denied { search } for name="1900" dev="proc" ino=25704 scontext=u:r:untrusted_app_25:s0:c512,c768 tcontext=u:r:platform_app:s0:c512,c768 tclass=dir permissive=0
10-06 15:10:34.732  3480  3480 W FloatingWindow-: type=1400 audit(0.0:47497): avc: denied { search } for name="1912" dev="proc" ino=32154 scontext=u:r:untrusted_app_25:s0:c512,c768 tcontext=u:r:system_app:s0 tclass=dir permissive=0
10-06 15:10:34.732  3480  3480 W FloatingWindow-: type=1400 audit(0.0:47498): avc: denied { search } for name="1928" dev="proc" ino=31577 scontext=u:r:untrusted_app_25:s0:c512,c768 tcontext=u:r:platform_app:s0:c512,c768 tclass=dir permissive=0
10-06 15:10:34.732  3480  3480 W FloatingWindow-: type=1400 audit(0.0:47499): avc: denied { search } for name="1941" dev="proc" ino=25717 scontext=u:r:untrusted_app_25:s0:c512,c768 tcontext=u:r:platform_app:s0 tclass=dir permissive=0
10-06 15:10:34.732  3480  3480 W FloatingWindow-: type=1400 audit(0.0:47500): avc: denied { search } for name="1987" dev="proc" ino=22235 scontext=u:r:untrusted_app_25:s0:c512,c768 tcontext=u:r:mediaprovider:s0:c512,c768 tclass=dir permissive=0
10-06 15:10:34.732  3480  3480 W FloatingWindow-: type=1400 audit(0.0:47501): avc: denied { search } for name="2026" dev="proc" ino=24732 scontext=u:r:untrusted_app_25:s0:c512,c768 tcontext=u:r:untrusted_app:s0:c512,c768 tclass=dir permissive=0
10-06 15:10:34.732  3480  3480 W FloatingWindow-: type=1400 audit(0.0:47502): avc: denied { search } for name="2045" dev="proc" ino=16864 scontext=u:r:untrusted_app_25:s0:c512,c768 tcontext=u:r:platform_app:s0:c512,c768 tclass=dir permissive=0
10-06 15:10:34.732  3480  3480 W FloatingWindow-: type=1400 audit(0.0:47503): avc: denied { search } for name="2059" dev="proc" ino=23453 scontext=u:r:untrusted_app_25:s0:c512,c768 tcontext=u:r:platform_app:s0:c512,c768 tclass=dir permissive=0
10-06 15:10:34.732  3480  3480 W FloatingWindow-: type=1400 audit(0.0:47504): avc: denied { search } for name="2074" dev="proc" ino=25778 scontext=u:r:untrusted_app_25:s0:c512,c768 tcontext=u:r:system_app:s0 tclass=dir permissive=0
10-06 15:10:34.732  3480  3480 W FloatingWindow-: type=1400 audit(0.0:47505): avc: denied { search } for name="2091" dev="proc" ino=22285 scontext=u:r:untrusted_app_25:s0:c512,c768 tcontext=u:r:platform_app:s0:c512,c768 tclass=dir permissive=0
10-06 15:10:34.732  3480  3480 W FloatingWindow-: type=1400 audit(0.0:47506): avc: denied { search } for name="2103" dev="proc" ino=25795 scontext=u:r:untrusted_app_25:s0:c512,c768 tcontext=u:r:platform_app:s0:c512,c768 tclass=dir permissive=0
10-06 15:10:35.016  1736  1736 I ADB_SERVICES: service_to_fd framebuffer:
10-06 15:10:35.017  1736  1736 I ADB_SERVICES: service thread started, 21:22
10-06 15:10:35.228  6458  6458 D PQ      : [PQ_PROT] [PQCust] libpq_cust_base.so OK, libpq_cust.so absent
10-06 15:10:35.242  6458  6458 W GuiExt  : Cannot find GuiExtService
10-06 15:10:35.244  6458  6458 I BufferQueueConsumer: [unnamed-6458-0](this:0xaf009000,id:0,api:0,p:-1,c:6458) connect(C): consumer=(6458:screencap) controlledByApp=false
10-06 15:10:35.244  6458  6458 I BufferQueueConsumer: [unnamed-6458-0](this:0xaf009000,id:0,api:0,p:-1,c:6458) setConsumerName: unnamed-6458-0
10-06 15:10:35.244  6458  6458 I BufferQueueConsumer: [ScreenshotClient](this:0xaf009000,id:0,api:0,p:-1,c:6458) setConsumerName: ScreenshotClient
10-06 15:10:35.244   434  1551 D Surface : Surface::connect(this=0xaa474000,api=1)
10-06 15:10:35.245  6458  6458 I BufferQueueProducer: [ScreenshotClient](this:0xaf009000,id:0,api:1,p:434,c:6458) connect(P): api=1 producer=(434:/system/bin/surfaceflinger) producerControlledByApp=false
10-06 15:10:35.268   434  1551 D GraphicBuffer: register, handle(0xad00c140) (w:720 h:1440 s:736 f:0x1 u:333)
10-06 15:10:35.268  1736  1736 I ADB_SERVICES: service_to_fd tcp:14088
10-06 15:10:35.270   434   434 I SurfaceFlinger: screenshot (Background for - SurfaceView - com.onyuan.hall.Chinesechess.game.jinli/com.anysdk.framework.unity.AnySDKActivity#0)
10-06 15:10:35.270   434   434 I SurfaceFlinger: screenshot (com.onyuan.hall.Chinesechess.game.jinli/com.anysdk.framework.unity.AnySDKActivity#0)
10-06 15:10:35.270   434   434 I SurfaceFlinger: screenshot (NavigationBar#0)
10-06 15:10:35.273   434  1551 D Surface : Surface::disconnect(this=0xaa474000,api=1)
10-06 15:10:35.274  6458  6458 I BufferQueueProducer: [ScreenshotClient](this:0xaf009000,id:0,api:1,p:434,c:6458) disconnect(P): api 1
10-06 15:10:35.275   434  2951 D GraphicBuffer: unregister, handle(0xab25a6c0) (w:720 h:1440 s:736 f:0x1 u:333)
10-06 15:10:35.664   564   607 D connsyslogger: SD_LOG_ROOT is /mnt/sdcard/mtklog/connsyslog/fw.
10-06 15:10:36.053  1736  1736 I ADB_SERVICES: service_to_fd framebuffer:
10-06 15:10:36.053  1736  1736 I ADB_SERVICES: service thread started, 21:22
10-06 15:10:36.257  6462  6462 D PQ      : [PQ_PROT] [PQCust] libpq_cust_base.so OK, libpq_cust.so absent
10-06 15:10:36.252  3480  3480 W FloatingWindow-: type=1400 audit(0.0:47601): avc: denied { search } for name="1049" dev="proc" ino=17867 scontext=u:r:untrusted_app_25:s0:c512,c768 tcontext=u:r:kernel:s0 tclass=dir permissive=0
10-06 15:10:36.252  3480  3480 W FloatingWindow-: type=1400 audit(0.0:47602): avc: denied { search } for name="1173" dev="proc" ino=16618 scontext=u:r:untrusted_app_25:s0:c512,c768 tcontext=u:r:system_app:s0 tclass=dir permissive=0
10-06 15:10:36.252  3480  3480 W FloatingWindow-: type=1400 audit(0.0:47603): avc: denied { search } for name="1206" dev="proc" ino=24208 scontext=u:r:untrusted_app_25:s0:c512,c768 tcontext=u:r:kernel:s0 tclass=dir permissive=0
10-06 15:10:36.252  3480  3480 W FloatingWindow-: type=1400 audit(0.0:47604): avc: denied { search } for name="1207" dev="proc" ino=24209 scontext=u:r:untrusted_app_25:s0:c512,c768 tcontext=u:r:kernel:s0 tclass=dir permissive=0
10-06 15:10:36.252  3480  3480 W FloatingWindow-: type=1400 audit(0.0:47605): avc: denied { search } for name="1208" dev="proc" ino=24210 scontext=u:r:untrusted_app_25:s0:c512,c768 tcontext=u:r:kernel:s0 tclass=dir permissive=0
10-06 15:10:36.252  3480  3480 W FloatingWindow-: type=1400 audit(0.0:47606): avc: denied { search } for name="1210" dev="proc" ino=19654 scontext=u:r:untrusted_app_25:s0:c512,c768 tcontext=u:r:webview_zygote:s0 tclass=dir permissive=0
10-06 15:10:36.252  3480  3480 W FloatingWindow-: type=1400 audit(0.0:47607): avc: denied { search } for name="1229" dev="proc" ino=21965 scontext=u:r:untrusted_app_25:s0:c512,c768 tcontext=u:r:hal_wifi_supplicant_default:s0 tclass=dir permissive=0
10-06 15:10:36.252  3480  3480 W FloatingWindow-: type=1400 audit(0.0:47608): avc: denied { search } for name="1281" dev="proc" ino=23657 scontext=u:r:untrusted_app_25:s0:c512,c768 tcontext=u:r:netd:s0 tclass=dir permissive=0
10-06 15:10:36.252  3480  3480 W FloatingWindow-: type=1400 audit(0.0:47609): avc: denied { search } for name="1285" dev="proc" ino=14170 scontext=u:r:untrusted_app_25:s0:c512,c768 tcontext=u:r:netd:s0 tclass=dir permissive=0
10-06 15:10:36.252  3480  3480 W FloatingWindow-: type=1400 audit(0.0:47610): avc: denied { search } for name="1348" dev="proc" ino=23677 scontext=u:r:untrusted_app_25:s0:c512,c768 tcontext=u:r:system_app:s0 tclass=dir permissive=0
10-06 15:10:36.252  3480  3480 W FloatingWindow-: type=1400 audit(0.0:47611): avc: denied { search } for name="1364" dev="proc" ino=22006 scontext=u:r:untrusted_app_25:s0:c512,c768 tcontext=u:r:radio:s0 tclass=dir permissive=0
10-06 15:10:36.252  3480  3480 W FloatingWindow-: type=1400 audit(0.0:47612): avc: denied { search } for name="1376" dev="proc" ino=23693 scontext=u:r:untrusted_app_25:s0:c512,c768 tcontext=u:r:platform_app:s0:c512,c768 tclass=dir permissive=0
10-06 15:10:36.252  3480  3480 W FloatingWindow-: type=1400 audit(0.0:47613): avc: denied { search } for name="1396" dev="proc" ino=22020 scontext=u:r:untrusted_app_25:s0:c512,c768 tcontext=u:r:radio:s0 tclass=dir permissive=0
10-06 15:10:36.252  3480  3480 W FloatingWindow-: type=1400 audit(0.0:47614): avc: denied { search } for name="1697" dev="proc" ino=24211 scontext=u:r:untrusted_app_25:s0:c512,c768 tcontext=u:r:kernel:s0 tclass=dir permissive=0
10-06 15:10:36.252  3480  3480 W FloatingWindow-: type=1400 audit(0.0:47615): avc: denied { search } for name="1699" dev="proc" ino=24212 scontext=u:r:untrusted_app_25:s0:c512,c768 tcontext=u:r:kernel:s0 tclass=dir permissive=0
10-06 15:10:36.252  3480  3480 W FloatingWindow-: type=1400 audit(0.0:47616): avc: denied { search } for name="1705" dev="proc" ino=20198 scontext=u:r:untrusted_app_25:s0:c512,c768 tcontext=u:r:bluetooth:s0 tclass=dir permissive=0
10-06 15:10:36.252  3480  3480 W FloatingWindow-: type=1400 audit(0.0:47617): avc: denied { search } for name="1718" dev="proc" ino=20208 scontext=u:r:untrusted_app_25:s0:c512,c768 tcontext=u:r:mcd:s0 tclass=dir permissive=0
10-06 15:10:36.252  3480  3480 W FloatingWindow-: type=1400 audit(0.0:47618): avc: denied { search } for name="1734" dev="proc" ino=23997 scontext=u:r:untrusted_app_25:s0:c512,c768 tcontext=u:r:ged_srv:s0 tclass=dir permissive=0
10-06 15:10:36.252  3480  3480 W FloatingWindow-: type=1400 audit(0.0:47619): avc: denied { search } for name="1735" dev="proc" ino=24213 scontext=u:r:untrusted_app_25:s0:c512,c768 tcontext=u:r:kernel:s0 tclass=dir permissive=0
10-06 15:10:36.252  3480  3480 W FloatingWindow-: type=1400 audit(0.0:47620): avc: denied { search } for name="1736" dev="proc" ino=25635 scontext=u:r:untrusted_app_25:s0:c512,c768 tcontext=u:r:adbd:s0 tclass=dir permissive=0
10-06 15:10:36.271  6462  6462 W GuiExt  : Cannot find GuiExtService
10-06 15:10:36.272  6462  6462 I BufferQueueConsumer: [unnamed-6462-0](this:0xaef89000,id:0,api:0,p:-1,c:6462) connect(C): consumer=(6462:screencap) controlledByApp=false
10-06 15:10:36.272  6462  6462 I BufferQueueConsumer: [unnamed-6462-0](this:0xaef89000,id:0,api:0,p:-1,c:6462) setConsumerName: unnamed-6462-0
10-06 15:10:36.273  6462  6462 I BufferQueueConsumer: [ScreenshotClient](this:0xaef89000,id:0,api:0,p:-1,c:6462) setConsumerName: ScreenshotClient
10-06 15:10:36.273   434  1551 D Surface : Surface::connect(this=0xaa474000,api=1)
10-06 15:10:36.273  6462  6462 I BufferQueueProducer: [ScreenshotClient](this:0xaef89000,id:0,api:1,p:434,c:6462) connect(P): api=1 producer=(434:/system/bin/surfaceflinger) producerControlledByApp=false
10-06 15:10:36.297   434  1551 D GraphicBuffer: register, handle(0xad00c140) (w:720 h:1440 s:736 f:0x1 u:333)
10-06 15:10:36.298   434   434 I SurfaceFlinger: screenshot (Background for - SurfaceView - com.onyuan.hall.Chinesechess.game.jinli/com.anysdk.framework.unity.AnySDKActivity#0)
10-06 15:10:36.298   434   434 I SurfaceFlinger: screenshot (com.onyuan.hall.Chinesechess.game.jinli/com.anysdk.framework.unity.AnySDKActivity#0)
10-06 15:10:36.299   434   434 I SurfaceFlinger: screenshot (NavigationBar#0)
10-06 15:10:36.301   434  1551 D Surface : Surface::disconnect(this=0xaa474000,api=1)
10-06 15:10:36.301  6462  6462 I BufferQueueProducer: [ScreenshotClient](this:0xaef89000,id:0,api:1,p:434,c:6462) disconnect(P): api 1
10-06 15:10:36.303   434  2951 D GraphicBuffer: unregister, handle(0xab25aa80) (w:720 h:1440 s:736 f:0x1 u:333)
10-06 15:10:36.975  1736  1736 I ADB_SERVICES: service_to_fd framebuffer:
10-06 15:10:36.975  1736  1736 I ADB_SERVICES: service thread started, 21:22
10-06 15:10:37.188  6467  6467 D PQ      : [PQ_PROT] [PQCust] libpq_cust_base.so OK, libpq_cust.so absent
10-06 15:10:37.203  6467  6467 W GuiExt  : Cannot find GuiExtService
10-06 15:10:37.204  6467  6467 I BufferQueueConsumer: [unnamed-6467-0](this:0xad109000,id:0,api:0,p:-1,c:6467) connect(C): consumer=(6467:screencap) controlledByApp=false