--------- beginning of main
10-06 15:10:31.735  2124  2779 D GraphicBuffer: unregister, handle(0x94e39ec0) (w:720 h:1440 s:736 f:0x1 u:b00)
10-06 15:10:31.736   434  1551 I BufferQueueProducer: [com.miui.home/com.miui.home.launcher.Launcher#0](this:0xaa6ac000,id:41,api:1,p:2124,c:434) disconnect(P): api 1
10-06 15:10:31.736  1173  1173 V PanelView: updateStatusBarWindowBlur blurRatio=0.000000
10-06 15:10:31.736  1173  1173 D PhoneStatusBar/NavigationBarView: setDisabledFlags back:false home:false recent:false
10-06 15:10:31.750   434   434 I BufferQueueProducer: [FrameBufferSurface_0](this:0xad30e000,id:0,api:1,p:434,c:434) queueBuffer: fps=6.21 dur=1287.45 max=1172.72 min=13.20
10-06 15:10:31.751   434   466 I BufferQueueProducer: [NavigationBar#0](this:0xaa44b000,id:3,api:1,p:1173,c:434) queueBuffer: fps=12.48 dur=2724.85 max=2163.09 min=10.62
10-06 15:10:31.752  3480  3480 W FloatingWindow-: type=1400 audit(0.0:46661): avc: denied { search } for name="1049" dev="proc" ino=17867 scontext=u:r:untrusted_app_25:s0:c512,c768 tcontext=u:r:kernel:s0 tclass=dir permissive=0
10-06 15:10:31.752  3480  3480 W FloatingWindow-: type=1400 audit(0.0:46662): avc: denied { getattr } for path="/proc/1049" dev="proc" ino=17867 scontext=u:r:untrusted_app_25:s0:c512,c768 tcontext=u:r:kernel:s0 tclass=dir permissive=0
10-06 15:10:31.752  3480  3480 W FloatingWindow-: type=1400 audit(0.0:46663): avc: denied { search } for name="1049" dev="proc" ino=17867 scontext=u:r:untrusted_app_25:s0:c512,c768 tcontext=u:r:kernel:s0 tclass=dir permissive=0
10-06 15:10:31.752  3480  3480 I chatty  : uid=10164 com.tencent.android.qqdownloader:daemon identical 1 line
10-06 15:10:31.752  3480  3480 W FloatingWindow-: type=1400 audit(0.0:46665): avc: denied { search } for name="1049" dev="proc" ino=17867 scontext=u:r:untrusted_app_25:s0:c512,c768 tcontext=u:r:kernel:s0 tclass=dir permissive=0
10-06 15:10:31.752  3480  3480 W FloatingWindow-: type=1400 audit(0.0:46666): avc: denied { search } for name="1173" dev="proc" ino=16618 scontext=u:r:untrusted_app_25:s0:c512,c768 tcontext=u:r:system_app:s0 tclass=dir permissive=0
10-06 15:10:31.752  3480  3480 W FloatingWindow-: type=1400 audit(0.0:46667): avc: denied { getattr } for path="/proc/1173" dev="proc" ino=16618 scontext=u:r:untrusted_app_25:s0:c512,c768 tcontext=u:r:system_app:s0 tclass=dir permissive=0
10-06 15:10:31.752  3480  3480 W FloatingWindow-: type=1400 audit(0.0:46668): avc: denied { search } for name="1173" dev="proc" ino=16618 scontext=u:r:untrusted_app_25:s0:c512,c768 tcontext=u:r:system_app:s0 tclass=dir permissive=0
10-06 15:10:31.752  3480  3480 I chatty  : uid=10164 com.tencent.android.qqdownloader:daemon identical 1 line
10-06 15:10:31.752  3480  3480 W FloatingWindow-: type=1400 audit(0.0:46670): avc: denied { search } for name="1173" dev="proc" ino=16618 scontext=u:r:untrusted_app_25:s0:c512,c768 tcontext=u:r:system_app:s0 tclass=dir permissive=0
10-06 15:10:31.752  3480  3480 W FloatingWindow-: type=1400 audit(0.0:46671): avc: denied { search } for name="1206" dev="proc" ino=24208 scontext=u:r:untrusted_app_25:s0:c512,c768 tcontext=u:r:kernel:s0 tclass=dir permissive=0
10-06 15:10:31.752  3480  3480 W FloatingWindow-: type=1400 audit(0.0:46672): avc: denied { getattr } for path="/proc/1206" dev="proc" ino=24208 scontext=u:r:untrusted_app_25:s0:c512,c768 tcontext=u:r:kernel:s0 tclass=dir permissive=0
10-06 15:10:31.752  3480  3480 W FloatingWindow-: type=1400 audit(0.0:46673): avc: denied { search } for name="1206" dev="proc" ino=24208 scontext=u:r:untrusted_app_25:s0:c512,c768 tcontext=u:r:kernel:s0 tclass=dir permissive=0
10-06 15:10:31.752  3480  3480 I chatty  : uid=10164 com.tencent.android.qqdownloader:daemon identical 1 line
10-06 15:10:31.752  3480  3480 W FloatingWindow-: type=1400 audit(0.0:46675): avc: denied { search } for name="1206" dev="proc" ino=24208 scontext=u:r:untrusted_app_25:s0:c512,c768 tcontext=u:r:kernel:s0 tclass=dir permissive=0
10-06 15:10:31.752  3480  3480 W FloatingWindow-: type=1400 audit(0.0:46676): avc: denied { search } for name="1207" dev="proc" ino=24209 scontext=u:r:untrusted_app_25:s0:c512,c768 tcontext=u:r:kernel:s0 tclass=dir permissive=0
10-06 15:10:31.752  3480  3480 W FloatingWindow-: type=1400 audit(0.0:46677): avc: denied { getattr } for path="/proc/1207" dev="proc" ino=24209 scontext=u:r:untrusted_app_25:s0:c512,c768 tcontext=u:r:kernel:s0 tclass=dir permissive=0
10-06 15:10:31.752  3480  3480 W FloatingWindow-: type=1400 audit(0.0:46678): avc: denied { search } for name="1207" dev="proc" ino=24209 scontext=u:r:untrusted_app_25:s0:c512,c768 tcontext=u:r:kernel:s0 tclass=dir permissive=0
10-06 15:10:31.752  3480  3480 W FloatingWindow-: type=1400 audit(0.0:46679): avc: denied { search } for name="1207" dev="proc" ino=24209 scontext=u:r:untrusted_app_25:s0:c512,c768 tcontext=u:r:kernel:s0 tclass=dir permissive=0
10-06 15:10:31.785  6388  6388 E default_main_default_main: (E 10-06 15:10:31.782)[Thread-main: GnCommplatformImplForBase.java:1090 initCommon()]      WriteLogUtilʼ־࣬־عر
10-06 15:10:31.786  6388  6388 E com.onyuan.hall.Chinesechess.game.jinli_main_com.onyuan.hall.Chinesechess.game.jinli_main: (E 10-06 15:10:31.786)[Thread-main: GnCommplatformImplForBase.java:1090 initCommon()]      ʼ־ȷ:com.onyuan.hall.Chinesechess.game.jinli
10-06 15:10:31.787  6388  6388 W com.onyuan.hall.Chinesechess.game.jinli_main_GSPSDK: (W 10-06 15:10:31.787)[Thread-main: GnLogUtil.java:44 w()]      GSP汾:
10-06 15:10:31.791  6388  6388 I com.onyuan.hall.Chinesechess.game.jinli_main_GSPSDK: (I 10-06 15:10:31.791)[Thread-main: GnLogUtil.java:34 i()]      ȡassetsµconfigļõĳǣ1
10-06 15:10:31.792  6388  6388 I com.onyuan.hall.Chinesechess.game.jinli_main_GSPSDK: (I 10-06 15:10:31.792)[Thread-main: GnLogUtil.java:34 i()]      Ĭð汾4.0.6.q
10-06 15:10:31.793  6388  6388 W System.err: java.lang.ClassNotFoundException: com.gionee.sdk.Build
10-06 15:10:31.794  6388  6388 W System.err: 	at java.lang.Class.classForName(Native Method)
10-06 15:10:31.794  6388  6388 W System.err: 	at java.lang.Class.forName(Class.java:453)
10-06 15:10:31.794  6388  6388 W System.err: 	at java.lang.Class.forName(Class.java:378)
10-06 15:10:31.794  6388  6388 W System.err: 	at com.gionee.gsp.util.GnReflectionTools.getStaticField(GnReflectionTools.java:63)
10-06 15:10:31.794  6388  6388 W System.err: 	at com.gionee.gsp.util.GnJsonUtil.parserComponentConfig(GnJsonUtil.java:211)
10-06 15:10:31.794  6388  6388 W System.err: 	at com.gionee.gsp.common.GnLocalConfig.getComponentConfig(GnLocalConfig.java:53)
10-06 15:10:31.794  6388  6388 W System.err: 	at com.gionee.gsp.service.BusinessSub.readGnComponentConfig(BusinessSub.java:33)
10-06 15:10:31.794  6388  6388 W System.err: 	at com.gionee.gsp.service.GnCommplatformImplForBase.initCommon(GnCommplatformImplForBase.java:1135)
10-06 15:10:31.794  6388  6388 W System.err: 	at com.gionee.gsp.service.GnCommplatformImplForBase.initUnifiedPaymentPlatform(GnCommplatformImplForBase.java:1076)
10-06 15:10:31.794  6388  6388 W System.err: 	at com.gionee.gsp.unified.service.UnifiedPaymentPlatformImpl.init(UnifiedPaymentPlatformImpl.java:75)
10-06 15:10:31.794  6388  6388 W System.err: 	at com.gionee.gamesdk.floatwindow.core.GamePlatformInner.init(GamePlatformInner.java:68)
10-06 15:10:31.794  6388  6388 W System.err: 	at com.gionee.gamesdk.floatwindow.GamePlatform.init(GamePlatform.java:36)
10-06 15:10:31.794  6388  6388 W System.err: 	at com.anysdk.framework.MyApplication.onCreate(MyApplication.java:14)
10-06 15:10:31.794  6388  6388 W System.err: 	at android.app.Instrumentation.callApplicationOnCreate(Instrumentation.java:1119)
10-06 15:10:31.794  6388  6388 W System.err: 	at android.app.ActivityThread.handleBindApplication(ActivityThread.java:5836)
10-06 15:10:31.794  6388  6388 W System.err: 	at android.app.ActivityThread.-wrap1(Unknown Source:0)
10-06 15:10:31.794  6388  6388 W System.err: 	at android.app.ActivityThread$H.handleMessage(ActivityThread.java:1704)
10-06 15:10:31.794  6388  6388 W System.err: 	at android.os.Handler.dispatchMessage(Handler.java:106)
10-06 15:10:31.794  6388  6388 W System.err: 	at android.os.Looper.loop(Looper.java:171)
10-06 15:10:31.795  6388  6388 W System.err: 	at android.app.ActivityThread.main(ActivityThread.java:6654)
10-06 15:10:31.795  6388  6388 W System.err: 	at java.lang.reflect.Method.invoke(Native Method)
10-06 15:10:31.795  6388  6388 W System.err: 	at com.android.internal.os.RuntimeInit$MethodAndArgsCaller.run(RuntimeInit.java:547)
10-06 15:10:31.795  6388  6388 W System.err: 	at com.android.internal.os.ZygoteInit.main(ZygoteInit.java:873)
10-06 15:10:31.795  6388  6388 W System.err: Caused by: java.lang.ClassNotFoundException: Didn't find class "com.gionee.sdk.Build" on path: DexPathList[[zip file "/data/app/com.onyuan.hall.Chinesechess.game.jinli-yaJ6gLKhcCAHlWvYzFd2Rg==/base.apk"],nativeLibraryDirectories=[/data/app/com.onyuan.hall.Chinesechess.game.jinli-yaJ6gLKhcCAHlWvYzFd2Rg==/lib/arm, /data/app/com.onyuan.hall.Chinesechess.game.jinli-yaJ6gLKhcCAHlWvYzFd2Rg==/base.apk!/lib/armeabi-v7a, /system/lib, /vendor/lib]]
10-06 15:10:31.795  6388  6388 W System.err: 	at dalvik.system.BaseDexClassLoader.findClass(BaseDexClassLoader.java:125)
10-06 15:10:31.795  6388  6388 W System.err: 	at java.lang.ClassLoader.loadClass(ClassLoader.java:379)
10-06 15:10:31.795  6388  6388 W System.err: 	at java.lang.ClassLoader.loadClass(ClassLoader.java:312)
10-06 15:10:31.795  6388  6388 W System.err: 	... 23 more
10-06 15:10:31.796  6388  6388 I com.onyuan.hall.Chinesechess.game.jinli_main_GSPSDK: (I 10-06 15:10:31.796)[Thread-main: GnLogUtil.java:34 i()]      ð汾4.0.6.q
10-06 15:10:31.797  6388  6388 I com.onyuan.hall.Chinesechess.game.jinli_main_GSPSDK: (I 10-06 15:10:31.797)[Thread-main: GnLogUtil.java:34 i()]      ȡӲϢ{1=id=1,name=AmigoPlayȫ,path=gionee/Amigo_Play.apk,product=com.gionee.gsp,currentVersion=4.0.6.q,minVersion=3.1.8.b,rom=4.0.0,model=,platform=,md5=,test=false,gameSDKVersion=4.0.6.zq

10-06 15:10:31.797  6388  6388 I com.onyuan.hall.Chinesechess.game.jinli_main_GSPSDK: }
10-06 15:10:31.798  6388  6388 I System.out: ----gnComponentConfigData.id=1
10-06 15:10:31.804  6388  6402 W System.err: java.io.FileNotFoundException: /storage/emulated/0/gsp/gntemp_gnDownloadApp_com.gionee.gspuserflag4.0.6.q.apk (Permission denied)
10-06 15:10:31.804  6388  6402 W System.err: 	at java.io.FileOutputStream.open0(Native Method)
10-06 15:10:31.804  6388  6402 W System.err: 	at java.io.FileOutputStream.open(FileOutputStream.java:287)
10-06 15:10:31.804  6388  6402 W System.err: 	at java.io.FileOutputStream.<init>(FileOutputStream.java:223)
10-06 15:10:31.804  6388  6402 W System.err: 	at java.io.FileOutputStream.<init>(FileOutputStream.java:171)
10-06 15:10:31.804  6388  6402 W System.err: 	at com.gionee.gsp.util.GnCommonUtil.copyApk(GnCommonUtil.java:1581)
10-06 15:10:31.804  6388  6402 W System.err: 	at com.gionee.gsp.service.GnCommplatformImplForBase$4.run(GnCommplatformImplForBase.java:1219)
10-06 15:10:31.804  6388  6402 I zygote  : Deoptimizing java.lang.String com.gionee.gsp.util.WriteLogUtil.getMethodInfo() due to JIT inline cache
10-06 15:10:31.804  6388  6402 W com.onyuan.hall.Chinesechess.game.jinli_main_GSPSDK: (W 10-06 15:10:31.804)[Thread-Thread-2: GnLogUtil.java:44 w()]      Ӧ쳣:ȡرַ߶ȡassets apkļʧ
10-06 15:10:31.804  6388  6388 D com.onyuan.hall.Chinesechess.game.jinli_main_GSPSDK: (D 10-06 15:10:31.804)[Thread-main: GnLogUtil.java:24 d()]      ԭʼ:null
10-06 15:10:31.805  6388  6402 W com.onyuan.hall.Chinesechess.game.jinli_main_GSPSDK: (W 10-06 15:10:31.805)[Thread-Thread-2: GnLogUtil.java:44 w()]      ûлȡassetsµapkļ
10-06 15:10:31.805  6388  6388 W System.err: java.lang.NullPointerException: Attempt to invoke virtual method 'int java.lang.String.length()' on a null object reference
10-06 15:10:31.805  6388  6388 W System.err: 	at org.json.JSONTokener.nextCleanInternal(JSONTokener.java:116)
10-06 15:10:31.805  6388  6388 W System.err: 	at org.json.JSONTokener.nextValue(JSONTokener.java:94)
10-06 15:10:31.805  6388  6388 W System.err: 	at org.json.JSONObject.<init>(JSONObject.java:159)
10-06 15:10:31.805  6388  6388 W System.err: 	at org.json.JSONObject.<init>(JSONObject.java:176)
10-06 15:10:31.805  6388  6388 W System.err: 	at com.gionee.gsp.util.WriteApkcomment.readApkComentInfo(WriteApkcomment.java:18)
10-06 15:10:31.805  6388  6388 W System.err: 	at com.gionee.gameservice.CommonApplication.init(CommonApplication.java:50)
10-06 15:10:31.805  6388  6388 W System.err: 	at com.gionee.gamesdk.business.core.GameSdkApplication.init(GameSdkApplication.java:43)
10-06 15:10:31.805  6388  6388 W System.err: 	at com.gionee.gamesdk.floatwindow.core.GamePlatformInner.init(GamePlatformInner.java:69)
10-06 15:10:31.805  6388  6388 W System.err: 	at com.gionee.gamesdk.floatwindow.GamePlatform.init(GamePlatform.java:36)
10-06 15:10:31.805  6388  6388 W System.err: 	at com.anysdk.framework.MyApplication.onCreate(MyApplication.java:14)
10-06 15:10:31.805  6388  6388 W System.err: 	at android.app.Instrumentation.callApplicationOnCreate(Instrumentation.java:1119)
10-06 15:10:31.805  6388  6388 W System.err: 	at android.app.ActivityThread.handleBindApplication(ActivityThread.java:5836)
10-06 15:10:31.805  6388  6388 W System.err: 	at android.app.ActivityThread.-wrap1(Unknown Source:0)
10-06 15:10:31.805  6388  6388 W System.err: 	at android.app.ActivityThread$H.handleMessage(ActivityThread.java:1704)
10-06 15:10:31.805  6388  6388 W System.err: 	at android.os.Handler.dispatchMessage(Handler.java:106)
10-06 15:10:31.805  6388  6388 W System.err: 	at android.os.Looper.loop(Looper.java:171)
10-06 15:10:31.805  6388  6388 W System.err: 	at android.app.ActivityThread.main(ActivityThread.java:6654)
10-06 15:10:31.805  6388  6388 W System.err: 	at java.lang.reflect.Method.invoke(Native Method)
10-06 15:10:31.806  6388  6388 W System.err: 	at com.android.internal.os.RuntimeInit$MethodAndArgsCaller.run(RuntimeInit.java:547)
10-06 15:10:31.806  6388  6388 W System.err: 	at com.android.internal.os.ZygoteInit.main(ZygoteInit.java:873)
10-06 15:10:31.830  6388  6403 E ActivityThread: Failed to find provider info for com.gionee.gncustomerservice
10-06 15:10:31.835  6388  6403 I YouJu_SDK.YouJuAgent: ChannelID = com.gionee.gsp
10-06 15:10:31.838  6388  6403 I YouJu_SDK.YouJuAgent: init completed, APP ID is 551618557F2A42268F238CF7561F61E8
10-06 15:10:31.889  6388  6388 D AccessibilityManager: AccessibilityManager status: mPackageName = com.onyuan.hall.Chinesechess.game.jinli, mOptimizeEnabled = true, mIsEnabled = false, mIsUiAutomationEnabled = false, mIsInterestedPackage =false
10-06 15:10:31.900  6388  6388 D LogUtils: loadInitConfigs ...
10-06 15:10:31.905  6388  6388 D LogUtils: getExternalStorageDirectory() path = /storage/emulated/0/
10-06 15:10:31.912  6388  6388 D com.onyuan.hall.Chinesechess.game.jinli_main_GSPSDK: (D 10-06 15:10:31.912)[Thread-main: GnLogUtil.java:24 d()]      ԭʼ:null
10-06 15:10:31.913  6388  6388 W System.err: java.lang.NullPointerException: Attempt to invoke virtual method 'int java.lang.String.length()' on a null object reference
10-06 15:10:31.913  6388  6388 W System.err: 	at org.json.JSONTokener.nextCleanInternal(JSONTokener.java:116)
10-06 15:10:31.913  6388  6388 W System.err: 	at org.json.JSONTokener.nextValue(JSONTokener.java:94)
10-06 15:10:31.913  6388  6388 W System.err: 	at org.json.JSONObject.<init>(JSONObject.java:159)
10-06 15:10:31.913  6388  6388 W System.err: 	at org.json.JSONObject.<init>(JSONObject.java:176)
10-06 15:10:31.913  6388  6388 W System.err: 	at com.gionee.gsp.util.WriteApkcomment.readApkComentInfo(WriteApkcomment.java:18)
10-06 15:10:31.913  6388  6388 W System.err: 	at com.gionee.gamesdk.floatwindow.core.GamePlatformInner.getChannel(GamePlatformInner.java:81)
10-06 15:10:31.913  6388  6388 W System.err: 	at com.gionee.gamesdk.floatwindow.core.GamePlatformInner.init(GamePlatformInner.java:70)
10-06 15:10:31.913  6388  6388 W System.err: 	at com.gionee.gamesdk.floatwindow.GamePlatform.init(GamePlatform.java:36)
10-06 15:10:31.913  6388  6388 W System.err: 	at com.anysdk.framework.MyApplication.onCreate(MyApplication.java:14)
10-06 15:10:31.913  6388  6388 W System.err: 	at android.app.Instrumentation.callApplicationOnCreate(Instrumentation.java:1119)
10-06 15:10:31.913  6388  6388 W System.err: 	at android.app.ActivityThread.handleBindApplication(ActivityThread.java:5836)
10-06 15:10:31.913  6388  6388 W System.err: 	at android.app.ActivityThread.-wrap1(Unknown Source:0)
10-06 15:10:31.913  6388  6388 W System.err: 	at android.app.ActivityThread$H.handleMessage(ActivityThread.java:1704)
10-06 15:10:31.913  6388  6388 W System.err: 	at android.os.Handler.dispatchMessage(Handler.java:106)
10-06 15:10:31.913  6388  6388 W System.err: 	at android.os.Looper.loop(Looper.java:171)
10-06 15:10:31.914  6388  6388 W System.err: 	at android.app.ActivityThread.main(ActivityThread.java:6654)
10-06 15:10:31.914  6388  6388 W System.err: 	at java.lang.reflect.Method.invoke(Native Method)
10-06 15:10:31.914  6388  6388 W System.err: 	at com.android.internal.os.RuntimeInit$MethodAndArgsCaller.run(RuntimeInit.java:547)
10-06 15:10:31.914  6388  6388 W System.err: 	at com.android.internal.os.ZygoteInit.main(ZygoteInit.java:873)
10-06 15:10:31.915  6388  6388 D LogUtils: loadInitConfigs ...
10-06 15:10:31.920  6388  6388 D LogUtils: getExternalStorageDirectory() path = /storage/emulated/0/
10-06 15:10:31.928  6388  6388 V StatisHelper: statis send eventId = pluginInit *** action = ʼ->ʼ *** extraInfoIdMap elements is GameAPP:com.onyuan.hall.Chinesechess.game.jinli timeStamp:20181006151031 jarType:online account: jarVersion:4.0.6.zq
10-06 15:10:31.928  6388  6388 D GameSDK.GamePlatformInner: :W00000
10-06 15:10:31.934  6388  6416 E libc    : Access denied finding property "persist.radio.imei"
10-06 15:10:31.934  6388  6416 E libc    : Access denied finding property "persist.radio.imei1"
10-06 15:10:31.935  6388  6416 E libc    : Access denied finding property "persist.radio.meid"
10-06 15:10:31.936   986  1985 I WifiService: getWifiEnabledState uid=10407
10-06 15:10:31.937   986  1999 I WifiService: getConnectionInfo uid=10407
10-06 15:10:31.937   986  1999 D WifiPermissionsUtil: Denied: no location permission
10-06 15:10:31.937  6388  6416 D GameSDK.test: http://amigo.game.gionee.com/Api/Sdk_Drainage/getDrainageSet?jarType=online?gamePackage=com.onyuan.hall.Chinesechess.game.jinli&uuid=&sp=Redmi%2B6_3.2.1.a_null_Android8.1.0_720*1344_null_wifi_32C68591787234D04476BEAB1CE1B5C0&account=
10-06 15:10:31.937   986  1999 D WifiPermissionsUtil: Denied: The current config is not for an open network.
10-06 15:10:31.945  6388  6416 I zygote  : The ClassLoaderContext is a special shared library.
10-06 15:10:31.950  6388  6416 D NetworkSecurityConfig: No Network Security Config specified, using platform default
10-06 15:10:31.953  6388  6416 W System  : ClassLoader referenced unknown path: system/framework/mediatek-cta.jar
10-06 15:10:31.954  6388  6416 I System.out: e:java.lang.ClassNotFoundException: com.mediatek.cta.CtaHttp
10-06 15:10:31.959  6388  6416 W System  : ClassLoader referenced unknown path: system/framework/mediatek-cta.jar
10-06 15:10:31.960  6388  6416 I System.out: e:java.lang.ClassNotFoundException: com.mediatek.cta.CtaHttp
10-06 15:10:31.960  6388  6419 I zygote  : The ClassLoaderContext is a special shared library.
10-06 15:10:31.963  6388  6419 I zygote  : The ClassLoaderContext is a special shared library.
10-06 15:10:31.969  6388  6388 E Unity   : Unable to query for permission: Fragment null must be a public static class to be  properly recreated from instance state.
10-06 15:10:31.999  6388  6416 I System.out: Check isMmsSendPdu
10-06 15:10:31.999  6388  6416 W System  : ClassLoader referenced unknown path: system/framework/mediatek-cta.jar
10-06 15:10:32.000  6388  6416 I System.out: [OkHttp] sendRequest<<
10-06 15:10:32.037  1736  1736 I ADB_SERVICES: service_to_fd framebuffer:
10-06 15:10:32.037  1736  1736 I ADB_SERVICES: service thread started, 21:22
10-06 15:10:32.040  1173  1173 D EventBus: [1173, u0] send(AppTransitionFinishedEvent)
10-06 15:10:32.040  1173  1173 D EventBus: [1173, u0]  -> ForcedResizableInfoActivityController [0x483d591, P1] onBusEvent(AppTransitionFinishedEvent)
10-06 15:10:32.040  1173  1173 D EventBus: [1173, u0] onBusEvent(AppTransitionFinishedEvent) duration: 20 microseconds, avg: 328
10-06 15:10:32.040  1173  1173 D EventBus: [1173, u0] send(AppTransitionFinishedEvent)
10-06 15:10:32.040  1173  1173 D EventBus: [1173, u0]  -> ForcedResizableInfoActivityController [0x483d591, P1] onBusEvent(AppTransitionFinishedEvent)
10-06 15:10:32.040  1173  1173 D EventBus: [1173, u0] onBusEvent(AppTransitionFinishedEvent) duration: 12 microseconds, avg: 327
10-06 15:10:32.060  6388  6416 D GameSDK.test: getConnectResult={"success":true,"msg":"","sign":"GioneeGameHall","data":{"type":"GameHallHome","content":"\u767b\u9646\u91d1\u7acb\u6e38\u620f\u5927\u5385\u3002<br \/>\u65e5\u5e38\u4efb\u52a1\u8d5a\u79ef\u5206,\u66f4\u591a\u79ef\u5206\u7b49\u4f60\u6765\u3002","text":"\u901b\u6e38\u620f\u5927\u5385"}}
10-06 15:10:32.060   566   566 I thermal_repeater: [recvMdThermalInfo] ret=33, strLen=127,  2, 32767, -127, 101, 32767, 3745
10-06 15:10:32.060  6388  6416 W System.err: org.json.JSONException: No value for id
10-06 15:10:32.060  6388  6416 W System.err: 	at org.json.JSONObject.get(JSONObject.java:392)
10-06 15:10:32.060  6388  6416 W System.err: 	at org.json.JSONObject.getString(JSONObject.java:553)
10-06 15:10:32.060  6388  6416 W System.err: 	at com.gionee.gamesdk.floatwindow.ui.QuitInfoManager.parseData(QuitInfoManager.java:57)
10-06 15:10:32.060  6388  6416 W System.err: 	at com.gionee.gamesdk.floatwindow.ui.QuitInfoManager.access$000(QuitInfoManager.java:18)
10-06 15:10:32.060  6388  6416 W System.err: 	at com.gionee.gamesdk.floatwindow.ui.QuitInfoManager$1.run(QuitInfoManager.java:44)
10-06 15:10:32.073  1173  1173 V PanelView: updateStatusBarWindowBlur blurRatio=0.000000
10-06 15:10:32.074  1173  1173 D StatusBar: disable<e i a s b h r c s q >
10-06 15:10:32.090  6388  6388 I SurfaceFactory: [static] sSurfaceFactory = com.mediatek.view.impl.SurfaceFactoryImpl@c856a19
10-06 15:10:32.106  6388  6388 D FLQG_LOG: AgentManager: loadALLPlugin(), Get the supported plugins : [UserAmigo, IAPOnlineAmigo]
10-06 15:10:32.106  6388  6388 D FLQG_LOG: PluginFactory: Java class name of plugin UserAmigo is : com/anysdk/framework/UserAmigo
10-06 15:10:32.107  6388  6388 I FLQG_LOG: PluginWrapper: class name : ----com/anysdk/framework/UserAmigo----
10-06 15:10:32.108  6388  6388 D FLQG_LOG: UserAmigo: configDeveloperInfo({AmigoIsAutoLogin=true, AmigoRSAPublic=FlT3aWANYKWDCfnAQ5lekuVF1qbb5xirhvtwlKQzFg74s8wIDAQAB, AmigoRSAPrivate=MIICdgIBADANBgkqhkiG9w0BAQEFAASCAmAwggJcAgEAAoGBAKiuNvzBhHmsCN7BZz7yM2Fl6NT/e0wWP3fl4Hh0PrrMK/ospCvA216QTKBeud+GNcNDygdH/IyA9FMadW6YOb4/Nz5pnfQi43NfBJLekoHc5DXvrungS78if4r6nq2By6vI+wZgvf/ZGYao3BO+f24QS2uLjIU4efMKjgb6ForpAgMBAAECgYEAj1/tWy+9w5HHxFdNw8IojBwMKKezjHvInMfm4VulSi9rHe096fa2P42VpCaABQ9VuVBwc3nrnx2pDs4JjOSVBs/eQ7258JIEFbUPq5DQEEN5+qK5T973vkfGQOZi40X0Bqw+LXwfrZypznhzHc0ITMvTpB5xQzim10O2erThAwECQQDViZ4EdwnDjU56BCIXxN0LVO5iVzlMEJ8IywvZ7bkmpmA9/OpgJz9En0/tPzZDCR5u3IX5u0k/WB60E5eRoc6JAkEAyjkYxMnoWumYr4COChSeVhU96EDxdqtDLTFVgIeWDeVvkk4R9HEdfjbWJ4QAabx/FaZ3q0xilzjHyzQ8IgLBYQJAMHKBpHexgmmL9Yj8hzIGCK0jTLKHcGeQ/Xi73pzd1hQHX+kC7//XjeUrSCOAVyM5gWONDgTc8H84sBiF2efBKQJAMuT31N8z+V19Lf5ewS67QtMJx6BApSspNwCJklWNcGXkFKBNaIXndFJ8x2kzaWklWt+Qkq4gygpiTkQRNkYXQQJAIwyO1rQehfxziMV1+uWKpKAsgP/PBbHdTh77yKv4PInf2OS4jMK/z1AiYB2LP0GpG7RjT/j/bOlnM1lzOB+k3g==, AmigoAPIKey=551618557F2A42268F23
10-06 15:10:32.109  6388  6388 D FLQG_LOG: AmigoWrapper: developerInfo:{AmigoIsAutoLogin=true, AmigoRSAPublic=FlT3aWANYKWDCfnAQ5lekuVF1qbb5xirhvtwlKQzFg74s8wIDAQAB, AmigoRSAPrivate=MIICdgIBADANBgkqhkiG9w0BAQEFAASCAmAwggJcAgEAAoGBAKiuNvzBhHmsCN7BZz7yM2Fl6NT/e0wWP3fl4Hh0PrrMK/ospCvA216QTKBeud+GNcNDygdH/IyA9FMadW6YOb4/Nz5pnfQi43NfBJLekoHc5DXvrungS78if4r6nq2By6vI+wZgvf/ZGYao3BO+f24QS2uLjIU4efMKjgb6ForpAgMBAAECgYEAj1/tWy+9w5HHxFdNw8IojBwMKKezjHvInMfm4VulSi9rHe096fa2P42VpCaABQ9VuVBwc3nrnx2pDs4JjOSVBs/eQ7258JIEFbUPq5DQEEN5+qK5T973vkfGQOZi40X0Bqw+LXwfrZypznhzHc0ITMvTpB5xQzim10O2erThAwECQQDViZ4EdwnDjU56BCIXxN0LVO5iVzlMEJ8IywvZ7bkmpmA9/OpgJz9En0/tPzZDCR5u3IX5u0k/WB60E5eRoc6JAkEAyjkYxMnoWumYr4COChSeVhU96EDxdqtDLTFVgIeWDeVvkk4R9HEdfjbWJ4QAabx/FaZ3q0xilzjHyzQ8IgLBYQJAMHKBpHexgmmL9Yj8hzIGCK0jTLKHcGeQ/Xi73pzd1hQHX+kC7//XjeUrSCOAVyM5gWONDgTc8H84sBiF2efBKQJAMuT31N8z+V19Lf5ewS67QtMJx6BApSspNwCJklWNcGXkFKBNaIXndFJ8x2kzaWklWt+Qkq4gygpiTkQRNkYXQQJAIwyO1rQehfxziMV1+uWKpKAsgP/PBbHdTh77yKv4PInf2OS4jMK/z1AiYB2LP0GpG7RjT/j/bOlnM1lzOB+k3g==, AmigoAPIKey=551618557F2A42268F238CF
10-06 15:10:32.117  1736  1736 I ADB_SERVICES: service_to_fd tcp:14088
10-06 15:10:32.121  1736  1736 I ADB_SERVICES: ref_cnt != 0 ref_cnt=-1, id=707, peer->id=50658
10-06 15:10:32.176   986  1999 E TouchFilter: setTouchFilter LOG Enable prameter: 0
10-06 15:10:32.176   986  1999 D EventHub: Event Hub Touch Filter log is disabled
10-06 15:10:32.176   986  1999 D EventHub: Event Hub Touch Filter is enabled
10-06 15:10:32.265  6425  6425 D PQ      : [PQ_PROT] [PQCust] libpq_cust_base.so OK, libpq_cust.so absent
10-06 15:10:32.281  6425  6425 W GuiExt  : Cannot find GuiExtService
10-06 15:10:32.282  6425  6425 I BufferQueueConsumer: [unnamed-6425-0](this:0xa9809000,id:0,api:0,p:-1,c:6425) connect(C): consumer=(6425:screencap) controlledByApp=false
10-06 15:10:32.283  6425  6425 I BufferQueueConsumer: [unnamed-6425-0](this:0xa9809000,id:0,api:0,p:-1,c:6425) setConsumerName: unnamed-6425-0
10-06 15:10:32.283  6425  6425 I BufferQueueConsumer: [ScreenshotClient](this:0xa9809000,id:0,api:0,p:-1,c:6425) setConsumerName: ScreenshotClient
10-06 15:10:32.283   434   466 D Surface : Surface::connect(this=0xad01f000,api=1)
10-06 15:10:32.283  6425  6425 I BufferQueueProducer: [ScreenshotClient](this:0xa9809000,id:0,api:1,p:434,c:6425) connect(P): api=1 producer=(434:/system/bin/surfaceflinger) producerControlledByApp=false
10-06 15:10:32.304  6388  6388 I com.onyuan.hall.Chinesechess.game.jinli_main_GSPSDK: (I 10-06 15:10:32.304)[Thread-main: GnLogUtil.java:34 i()]      ҪװӦУ[id=1,name=AmigoPlayȫ,path=gionee/Amigo_Play.apk,product=com.gionee.gsp,currentVersion=4.0.6.q,minVersion=3.1.8.b,rom=4.0.0,model=,platform=,md5=,test=false,gameSDKVersion=4.0.6.zq

10-06 15:10:32.304  6388  6388 I com.onyuan.hall.Chinesechess.game.jinli_main_GSPSDK: ]
10-06 15:10:32.305  6388  6388 I com.onyuan.hall.Chinesechess.game.jinli_main_GSPSDK: (I 10-06 15:10:32.305)[Thread-main: GnLogUtil.java:34 i()]      Ҫװ͸µӦidУ

10-06 15:10:32.305  6388  6388 I com.onyuan.hall.Chinesechess.game.jinli_main_GSPSDK: ҪװӦidУ1,
10-06 15:10:32.292  6425  6425 W screencap: type=1400 audit(0.0:47057): avc: denied { search } for name="clients" dev="debugfs" ino=6289 scontext=u:r:adbd:s0 tcontext=u:object_r:debugfs_ion:s0 tclass=dir permissive=0
10-06 15:10:32.302  6425  6425 W screencap: type=1400 audit(0.0:47058): avc: denied { search } for name="clients" dev="debugfs" ino=6289 scontext=u:r:adbd:s0 tcontext=u:object_r:debugfs_ion:s0 tclass=dir permissive=0
10-06 15:10:32.311   434   466 D GraphicBuffer: register, handle(0xad00b240) (w:720 h:1440 s:736 f:0x1 u:333)
10-06 15:10:32.313   434   434 I SurfaceFlinger: screenshot (Splash Screen com.onyuan.hall.Chinesechess.game.jinli#0)
10-06 15:10:32.313   434   434 I SurfaceFlinger: screenshot (NavigationBar#0)
10-06 15:10:32.315   434   466 D Surface : Surface::disconnect(this=0xad01f000,api=1)
10-06 15:10:32.315  6425  6425 I BufferQueueProducer: [ScreenshotClient](this:0xa9809000,id:0,api:1,p:434,c:6425) disconnect(P): api 1
10-06 15:10:32.317   434  2951 D GraphicBuffer: unregister, handle(0xad00bc00) (w:720 h:1440 s:736 f:0x1 u:333)
10-06 15:10:32.450  6388  6388 I com.onyuan.hall.Chinesechess.game.jinli_main_GSPSDK: (I 10-06 15:10:32.450)[Thread-main: GnLogUtil.java:34 i()]      ҪװӦУ[id=1,name=AmigoPlayȫ,path=gionee/Amigo_Play.apk,product=com.gionee.gsp,currentVersion=4.0.6.q,minVersion=3.1.8.b,rom=4.0.0,model=,platform=,md5=,test=false,gameSDKVersion=4.0.6.zq

10-06 15:10:32.450  6388  6388 I com.onyuan.hall.Chinesechess.game.jinli_main_GSPSDK: ]
10-06 15:10:32.450  6388  6388 I com.onyuan.hall.Chinesechess.game.jinli_main_GSPSDK: (I 10-06 15:10:32.450)[Thread-main: GnLogUtil.java:34 i()]      Ҫװ͸µӦidУ

10-06 15:10:32.450  6388  6388 I com.onyuan.hall.Chinesechess.game.jinli_main_GSPSDK: ҪװӦidУ1,
10-06 15:10:32.455  6388  6388 W System.err: java.io.FileNotFoundException: /storage/emulated/0/gsp/gntemp_gnDownloadApp_com.gionee.gspuserflag4.0.6.q.apk (Permission denied)
10-06 15:10:32.455  6388  6388 W System.err: 	at java.io.FileOutputStream.open0(Native Method)
10-06 15:10:32.455  6388  6388 W System.err: 	at java.io.FileOutputStream.open(FileOutputStream.java:287)
10-06 15:10:32.456  6388  6388 W System.err: 	at java.io.FileOutputStream.<init>(FileOutputStream.java:223)
10-06 15:10:32.456  6388  6388 W System.err: 	at java.io.FileOutputStream.<init>(FileOutputStream.java:171)
10-06 15:10:32.456  6388  6388 W System.err: 	at com.gionee.gsp.util.GnCommonUtil.copyApk(GnCommonUtil.java:1581)
10-06 15:10:32.456  6388  6388 W System.err: 	at com.gionee.gamesdk.floatwindow.plugin_upgrade.PluginManager.getInstallInfoList(PluginManager.java:191)
10-06 15:10:32.456  6388  6388 W System.err: 	at com.gionee.gamesdk.floatwindow.plugin_upgrade.PluginManager.onlySilentInstall(PluginManager.java:106)
10-06 15:10:32.456  6388  6388 W System.err: 	at com.gionee.gamesdk.floatwindow.GamePlatform.requestFloatWindowsPermission(GamePlatform.java:47)
10-06 15:10:32.456  6388  6388 W System.err: 	at com.anysdk.framework.AmigoWrapper.initSDK(AmigoWrapper.java:72)
10-06 15:10:32.456  6388  6388 W System.err: 	at com.anysdk.framework.UserAmigo$1.run(UserAmigo.java:51)
10-06 15:10:32.456  6388  6388 W System.err: 	at android.app.Activity.runOnUiThread(Activity.java:6238)
10-06 15:10:32.456  6388  6388 W System.err: 	at com.anysdk.framework.PluginWrapper.runOnMainThread(Unknown Source:14)
10-06 15:10:32.456  6388  6388 W System.err: 	at com.anysdk.framework.UserAmigo.configDeveloperInfo(UserAmigo.java:46)
10-06 15:10:32.456  6388  6388 W System.err: 	at com.anysdk.framework.UserAmigo.<init>(UserAmigo.java:32)
10-06 15:10:32.456  6388  6388 W System.err: 	at java.lang.reflect.Constructor.newInstance0(Native Method)
10-06 15:10:32.456  6388  6388 W System.err: 	at java.lang.reflect.Constructor.newInstance(Constructor.java:334)
10-06 15:10:32.456  6388  6388 W System.err: 	at com.anysdk.framework.PluginWrapper.initPlugin(Unknown Source:63)
10-06 15:10:32.456  6388  6388 W System.err: 	at com.anysdk.framework.unity.AnySDKActivity.nativeLoadPlugins(Native Method)
10-06 15:10:32.456  6388  6388 W System.err: 	at com.anysdk.framework.unity.AnySDKActivity.onCreate(Unknown Source:6)
10-06 15:10:32.456  6388  6388 W System.err: 	at android.app.Activity.performCreate(Activity.java:7074)
10-06 15:10:32.456  6388  6388 W System.err: 	at android.app.Activity.performCreate(Activity.java:7065)
10-06 15:10:32.456  6388  6388 W System.err: 	at android.app.Instrumentation.callActivityOnCreate(Instrumentation.java:1214)
10-06 15:10:32.457  6388  6388 W System.err: 	at android.app.ActivityThread.performLaunchActivity(ActivityThread.java:2792)
10-06 15:10:32.457  6388  6388 W System.err: 	at android.app.ActivityThread.handleLaunchActivity(ActivityThread.java:2917)
10-06 15:10:32.457  6388  6388 W System.err: 	at android.app.ActivityThread.-wrap11(Unknown Source:0)
10-06 15:10:32.457  6388  6388 W System.err: 	at android.app.ActivityThread$H.handleMessage(ActivityThread.java:1635)
10-06 15:10:32.457  6388  6388 W System.err: 	at android.os.Handler.dispatchMessage(Handler.java:106)
10-06 15:10:32.458  6388  6388 W System.err: 	at android.os.Looper.loop(Looper.java:171)
10-06 15:10:32.458  6388  6388 W System.err: 	at android.app.ActivityThread.main(ActivityThread.java:6654)
10-06 15:10:32.458  6388  6388 W System.err: 	at java.lang.reflect.Method.invoke(Native Method)
10-06 15:10:32.458  6388  6388 W System.err: 	at com.android.internal.os.RuntimeInit$MethodAndArgsCaller.run(RuntimeInit.java:547)
10-06 15:10:32.458  6388  6388 W System.err: 	at com.android.internal.os.ZygoteInit.main(ZygoteInit.java:873)
10-06 15:10:32.458  6388  6388 W com.onyuan.hall.Chinesechess.game.jinli_main_GSPSDK: (W 10-06 15:10:32.458)[Thread-main: GnLogUtil.java:44 w()]      Ӧ쳣:ȡرַ߶ȡassets apkļʧ
10-06 15:10:32.459  6388  6388 D FLQG_LOG: UserAmigo: actionResult code=0 msg=init success
10-06 15:10:32.460  6388  6388 I FLQG_LOG: PluginWrapper: call back invoked on main thread
10-06 15:10:32.460  6388  6388 D FLQG_LOG: Statistics: onActionResult(UserAmigo,0,init success)
10-06 15:10:32.461  6388  6388 W FLQG_LOG: UserObject: plugin is null
10-06 15:10:32.461  6388  6388 D FLQG_LOG: PluginFactory: java class com/anysdk/framework/UserAmigo:32
10-06 15:10:32.461  6388  6388 D FLQG_LOG: Statistics: createPlugin(UserAmigo,32)
10-06 15:10:32.462  6388  6388 D FLQG_LOG: PluginFactory: Java class name of plugin IAPOnlineAmigo is : com/anysdk/framework/IAPOnlineAmigo
10-06 15:10:32.462  6388  6388 I FLQG_LOG: PluginWrapper: class name : ----com/anysdk/framework/IAPOnlineAmigo----
10-06 15:10:32.462  6388  6388 D FLQG_LOG: IAPOnlineAmigo: configDeveloperInfo({AmigoIsAutoLogin=true, AmigoRSAPublic=FlT3aWANYKWDCfnAQ5lekuVF1qbb5xirhvtwlKQzFg74s8wIDAQAB, AmigoRSAPrivate=MIICdgIBADANBgkqhkiG9w0BAQEFAASCAmAwggJcAgEAAoGBAKiuNvzBhHmsCN7BZz7yM2Fl6NT/e0wWP3fl4Hh0PrrMK/ospCvA216QTKBeud+GNcNDygdH/IyA9FMadW6YOb4/Nz5pnfQi43NfBJLekoHc5DXvrungS78if4r6nq2By6vI+wZgvf/ZGYao3BO+f24QS2uLjIU4efMKjgb6ForpAgMBAAECgYEAj1/tWy+9w5HHxFdNw8IojBwMKKezjHvInMfm4VulSi9rHe096fa2P42VpCaABQ9VuVBwc3nrnx2pDs4JjOSVBs/eQ7258JIEFbUPq5DQEEN5+qK5T973vkfGQOZi40X0Bqw+LXwfrZypznhzHc0ITMvTpB5xQzim10O2erThAwECQQDViZ4EdwnDjU56BCIXxN0LVO5iVzlMEJ8IywvZ7bkmpmA9/OpgJz9En0/tPzZDCR5u3IX5u0k/WB60E5eRoc6JAkEAyjkYxMnoWumYr4COChSeVhU96EDxdqtDLTFVgIeWDeVvkk4R9HEdfjbWJ4QAabx/FaZ3q0xilzjHyzQ8IgLBYQJAMHKBpHexgmmL9Yj8hzIGCK0jTLKHcGeQ/Xi73pzd1hQHX+kC7//XjeUrSCOAVyM5gWONDgTc8H84sBiF2efBKQJAMuT31N8z+V19Lf5ewS67QtMJx6BApSspNwCJklWNcGXkFKBNaIXndFJ8x2kzaWklWt+Qkq4gygpiTkQRNkYXQQJAIwyO1rQehfxziMV1+uWKpKAsgP/PBbHdTh77yKv4PInf2OS4jMK/z1AiYB2LP0GpG7RjT/j/bOlnM1lzOB+k3g==, AmigoAPIKey=551618557F2A422
10-06 15:10:32.462  6388  6388 D FLQG_LOG: PluginFactory: java class com/anysdk/framework/IAPOnlineAmigo:8
10-06 15:10:32.463  6388  6388 D FLQG_LOG: Statistics: createPlugin(IAPOnlineAmigo,8)
10-06 15:10:32.464  6388  6388 D FLQG_LOG: Statistics: initInfo
10-06 15:10:32.474   434   466 I SurfaceFlinger: EventThread Client Pid (6388) created
10-06 15:10:32.475   434   466 I SurfaceFlinger: EventThread Client Pid (6388) created
10-06 15:10:32.477  6388  6388 D OpenGLRenderer: Dumper init 4 threads <0xa40d5d40>
10-06 15:10:32.477  6388  6388 D OpenGLRenderer: <com.onyuan.hall.Chinesechess.game.jinli> is running.
10-06 15:10:32.479   434   466 I SurfaceFlinger: EventThread Client Pid (6388) created
10-06 15:10:32.479  6388  6434 D OpenGLRenderer: HWUI GL Pipeline
10-06 15:10:32.482  6388  6388 D ViewRootImpl[AnySDKActivity]: hardware acceleration = true , fakeHwAccelerated = false, sRendererDisabled = false, forceHwAccelerated = false, sSystemRendererDisabled = false
10-06 15:10:32.484   434   466 I SurfaceFlinger: [SF client] NEW(0xad014280) for (986:system_server)
10-06 15:10:32.485  6388  6388 V PhoneWindow: DecorView setVisiblity: visibility = 0, Parent = ViewRoot{d280b89 com.onyuan.hall.Chinesechess.game.jinli/com.anysdk.framework.unity.AnySDKActivity,ident = 0}, this = DecorView@286d78e[AnySDKActivity]
10-06 15:10:32.482  6388  6388 W pool-5-thread-2: type=1400 audit(0.0:47059): avc: denied { read } for name="u:object_r:deviceid_prop:s0" dev="tmpfs" ino=7087 scontext=u:r:untrusted_app:s0:c512,c768 tcontext=u:object_r:deviceid_prop:s0 tclass=file permissive=0
10-06 15:10:32.489  6388  6436 E libc    : Access denied finding property "persist.radio.imei"
10-06 15:10:32.482  6388  6388 W pool-5-thread-2: type=1400 audit(0.0:47060): avc: denied { read } for name="u:object_r:deviceid_prop:s0" dev="tmpfs" ino=7087 scontext=u:r:untrusted_app:s0:c512,c768 tcontext=u:object_r:deviceid_prop:s0 tclass=file permissive=0
10-06 15:10:32.489  6388  6436 E libc    : Access denied finding property "persist.radio.imei1"
10-06 15:10:32.482  6388  6388 W pool-5-thread-2: type=1400 audit(0.0:47061): avc: denied { read } for name="u:object_r:deviceid_prop:s0" dev="tmpfs" ino=7087 scontext=u:r:untrusted_app:s0:c512,c768 tcontext=u:object_r:deviceid_prop:s0 tclass=file permissive=0
10-06 15:10:32.489  6388  6436 E libc    : Access denied finding property "persist.radio.meid"
10-06 15:10:32.494  6388  6436 W System  : ClassLoader referenced unknown path: system/framework/mediatek-cta.jar
10-06 15:10:32.495  6388  6436 I System.out: e:java.lang.ClassNotFoundException: com.mediatek.cta.CtaHttp
10-06 15:10:32.497  6388  6436 I System.out: Check isMmsSendPdu
10-06 15:10:32.497  6388  6436 W System  : ClassLoader referenced unknown path: system/framework/mediatek-cta.jar
10-06 15:10:32.498  6388  6436 I System.out: [OkHttp] sendRequest<<
10-06 15:10:32.661   434   466 I BufferQueueProducer: [StatusBar#0](this:0xaa40a000,id:4,api:1,p:1173,c:434) queueBuffer: fps=1.01 dur=1987.18 max=1008.32 min=978.86
10-06 15:10:32.676   434   434 I DisplayDevice: [Built-in Screen (type:0)] fps:25.644209,dur:1091.86,max:571.24,min:13.60
10-06 15:10:32.696  6388  6388 E GameSDK.Utils.E: Resource not found ===:zzz_a type:id
10-06 15:10:32.707  6388  6388 E GameSDK.Utils.E: Resource not found ===:zzz_custom_qq type:id
10-06 15:10:32.707  6388  6388 E GameSDK.Utils.E: Resource not found ===:zzz_custom_time type:id
10-06 15:10:32.707  6388  6388 E GameSDK.Utils.E: Resource not found ===:zzz_custom_weixin type:id
10-06 15:10:32.712  6388  6388 E GameSDK.Utils.E: Resource not found ===:zzz_feedback_contact_tips type:id
10-06 15:10:32.713  6388  6388 E GameSDK.Utils.E: Resource not found ===:zzz_game_download_btn type:id
10-06 15:10:32.714  6388  6388 E GameSDK.Utils.E: Resource not found ===:zzz_game_hint type:id
10-06 15:10:32.714  6388  6388 E GameSDK.Utils.E: Resource not found ===:zzz_game_name type:id
10-06 15:10:32.714  6388  6388 E GameSDK.Utils.E: Resource not found ===:zzz_game_remainder_text type:id
10-06 15:10:32.727  6388  6388 E GameSDK.Utils.E: Resource not found ===:zzz_q type:id
10-06 15:10:32.731  6388  6388 E GameSDK.Utils.E: Resource not found ===:zzz_recommend_seperate_line type:id
10-06 15:10:32.737  6388  6388 E GameSDK.Utils.E: Resource not found ===:zzz_top_blank_line type:id
10-06 15:10:32.742  6388  6388 E GameSDK.Utils.E: Resource not found ===:zzz_welfare_guide_close_button type:id
10-06 15:10:32.743  6388  6388 E GameSDK.Utils.E: Resource not found ===:zzz_welfare_guide_list type:id
10-06 15:10:32.743  6388  6388 E GameSDK.Utils.E: Resource not found ===:zzz_welfare_guide_title type:id
10-06 15:10:32.863   562  1091 I Accelerometer: batch: handle:0, flag:0,samplingPeriodNs:66667000 maxBatchReportLatencyNs:0

10-06 15:10:32.864   562  1091 I Accelerometer: flush, flushCnt:1
10-06 15:10:32.865  6388  6388 D GameSDK.FloatingWindowService: onCreate
10-06 15:10:32.866   562   562 I Accelerometer: flush complete, flushCnt:0
10-06 15:10:32.866  6388  6388 D GameSDK.test: Ĭװɹ
10-06 15:10:32.866  6388  6388 V StatisHelper: statis send eventId = silentInstallSuccess *** action = installPlugin->Ĭװɹ *** extraInfoIdMap elements is GameAPP:com.onyuan.hall.Chinesechess.game.jinli timeStamp:20181006151032 jarType:online account: jarVersion:4.0.6.zq
10-06 15:10:32.871   986  1985 I WifiService: getWifiEnabledState uid=10407
10-06 15:10:32.872   986  1985 I WifiService: getConnectionInfo uid=10407
10-06 15:10:32.872   986  1985 D WifiPermissionsUtil: Denied: no location permission
10-06 15:10:32.872   986  1985 D WifiPermissionsUtil: Denied: The current config is not for an open network.
10-06 15:10:32.873   434   434 W GuiExt  : Cannot find GuiExtService
10-06 15:10:32.873   434   434 I BufferQueueConsumer: [unnamed-434-43](this:0xaa6c2000,id:43,api:0,p:-1,c:434) connect(C): consumer=(434:/system/bin/surfaceflinger) controlledByApp=false
10-06 15:10:32.873   434   434 I BufferQueueConsumer: [unnamed-434-43](this:0xaa6c2000,id:43,api:0,p:-1,c:434) setConsumerName: unnamed-434-43
10-06 15:10:32.873   434   434 I BufferQueueConsumer: [com.onyuan.hall.Chinesechess.game.jinli/com.anysdk.framework.unity.AnySDKActivity#0](this:0xaa6c2000,id:43,api:0,p:-1,c:434) setConsumerName: com.onyuan.hall.Chinesechess.game.jinli/com.anysdk.framework.unity.AnySDKActivity#0
10-06 15:10:32.874   434   434 I BufferQueueConsumer: [com.onyuan.hall.Chinesechess.game.jinli/com.anysdk.framework.unity.AnySDKActivity#0](this:0xaa6c2000,id:43,api:0,p:-1,c:434) setDefaultBufferSize: width=720 height=1344
10-06 15:10:32.872  6388  6388 W RenderThread: type=1400 audit(0.0:47062): avc: denied { search } for name="clients" dev="debugfs" ino=6289 scontext=u:r:untrusted_app:s0:c512,c768 tcontext=u:object_r:debugfs_ion:s0 tclass=dir permissive=0
10-06 15:10:32.901  6388  6434 I zygote  : android::hardware::configstore::V1_0::ISurfaceFlingerConfigs::hasWideColorDisplay retrieved: 0
10-06 15:10:32.902  6388  6434 I OpenGLRenderer: Initialized EGL, version 1.4
10-06 15:10:32.902  6388  6434 D OpenGLRenderer: Swap behavior 2
10-06 15:10:32.903  6388  6388 D skia_mt : canRunInCoworker = true
10-06 15:10:32.905   434   434 W GuiExt  : Cannot find GuiExtService
10-06 15:10:32.905   434   434 I BufferQueueConsumer: [unnamed-434-44](this:0xad363000,id:44,api:0,p:-1,c:434) connect(C): consumer=(434:/system/bin/surfaceflinger) controlledByApp=false
10-06 15:10:32.905   434   434 I BufferQueueConsumer: [unnamed-434-44](this:0xad363000,id:44,api:0,p:-1,c:434) setConsumerName: unnamed-434-44
10-06 15:10:32.905   434   434 I BufferQueueConsumer: [SurfaceView - com.onyuan.hall.Chinesechess.game.jinli/com.anysdk.framework.unity.AnySDKActivity#0](this:0xad363000,id:44,api:0,p:-1,c:434) setConsumerName: SurfaceView - com.onyuan.hall.Chinesechess.game.jinli/com.anysdk.framework.unity.AnySDKActivity#0
10-06 15:10:32.905   434   434 I BufferQueueConsumer: [SurfaceView - com.onyuan.hall.Chinesechess.game.jinli/com.anysdk.framework.unity.AnySDKActivity#0](this:0xad363000,id:44,api:0,p:-1,c:434) setDefaultBufferSize: width=720 height=1344
10-06 15:10:32.906   434   434 W GuiExt  : Cannot find GuiExtService
10-06 15:10:32.906   434   434 I BufferQueueConsumer: [unnamed-434-45](this:0xaa6c3000,id:45,api:0,p:-1,c:434) connect(C): consumer=(434:/system/bin/surfaceflinger) controlledByApp=false
10-06 15:10:32.906   434   434 I BufferQueueConsumer: [unnamed-434-45](this:0xaa6c3000,id:45,api:0,p:-1,c:434) setConsumerName: unnamed-434-45
10-06 15:10:32.907   434   434 I BufferQueueConsumer: [Background for - SurfaceView - com.onyuan.hall.Chinesechess.game.jinli/com.anysdk.framework.unity.AnySDKActivity#0](this:0xaa6c3000,id:45,api:0,p:-1,c:434) setConsumerName: Background for - SurfaceView - com.onyuan.hall.Chinesechess.game.jinli/com.anysdk.framework.unity.AnySDKActivity#0
10-06 15:10:32.920  6388  6434 D OpenGLRenderer: [init] completed
10-06 15:10:32.920  6388  6434 D HWUIExtension: MTKProgramCache.init: enable enhancement 1
10-06 15:10:32.920  6388  6388 V StatisHelper: statis send eventId = userActive *** action = ->ûڻ״̬ *** extraInfoIdMap elements is GameAPP:com.onyuan.hall.Chinesechess.game.jinli timeStamp:20181006151032 jarType:online account: jarVersion:4.0.6.zq
10-06 15:10:32.921  6388  6434 I HWUIExtension: Get disable program binary service property (0)
10-06 15:10:32.921  6388  6434 I HWUIExtension: Initializing program atlas...
10-06 15:10:32.921  6388  6434 I ProgramBinary/Service: ProgramBinaryService client side disable debugging.
10-06 15:10:32.921  6388  6434 I ProgramBinary/Service: ProgramBinaryService client side disable binary content debugging.
10-06 15:10:32.921  6388  6434 D ProgramBinary/Service: BpProgramBinaryService.getReady
10-06 15:10:32.921  6388  6434 D ProgramBinary/Service: zhiyin- 1 BpProgramBinaryService::getReady()
10-06 15:10:32.922   581   609 D ProgramBinary/Service: zhiyin- ontransact 1 code 1
10-06 15:10:32.922   581   609 D ProgramBinary/Service: zhiyin- ontransact 2 code 1
10-06 15:10:32.922   581   609 D ProgramBinary/Service: zhiyin- ontransact 3 code 1
10-06 15:10:32.922  6388  6434 D ProgramBinary/Service: zhiyin- 2 BpProgramBinaryService::getReady()
10-06 15:10:32.922  6388  6434 D ProgramBinary/Service: BpProgramBinaryService.getProgramBinaryData
10-06 15:10:32.922   581   609 D ProgramBinary/Service: zhiyin- ontransact 1 code 3
10-06 15:10:32.922  6388  6434 I HWUIExtension: Program binary detail: Binary length is 314156, program map length is 104.
10-06 15:10:32.923  6388  6434 I HWUIExtension: Succeeded to mmap program binaries. File descriptor is 78, and path is /dev/ashmem.
10-06 15:10:32.923  6388  6434 I HWUIExtension: No need to use file discriptor anymore, close fd(78).
10-06 15:10:32.923  6388  6434 D HWUIExtension: Dumper init 4 threads <0x942b2040>
10-06 15:10:32.923  6388  6434 D HWUIExtension: <com.onyuan.hall.Chinesechess.game.jinli> is running.
10-06 15:10:32.923  6388  6434 D HWUIExtension: Initializing program cache from 0x0, size = -1
10-06 15:10:32.923  6388  6434 D Surface : Surface::connect(this=0x95614000,api=1)
10-06 15:10:32.924   434  1551 I BufferQueueProducer: [com.onyuan.hall.Chinesechess.game.jinli/com.anysdk.framework.unity.AnySDKActivity#0](this:0xaa6c2000,id:43,api:1,p:6388,c:434) connect(P): api=1 producer=(6388:com.onyuan.hall.Chinesechess.game.jinli) producerControlledByApp=true
10-06 15:10:32.925   986  1985 I WifiService: getWifiEnabledState uid=10407
10-06 15:10:32.925   986  1985 I WifiService: getConnectionInfo uid=10407
10-06 15:10:32.926   986  1985 D WifiPermissionsUtil: Denied: no location permission
10-06 15:10:32.926   986  1985 D WifiPermissionsUtil: Denied: The current config is not for an open network.
10-06 15:10:32.937  6388  6434 D GraphicBuffer: register, handle(0x951dc180) (w:720 h:1344 s:736 f:0x1 u:b00)
10-06 15:10:32.958  6388  6434 D HWUIExtension: MTKProgramCache.generateProgram: 1
10-06 15:10:32.959  6388  6434 D HWUIExtension: createProgram 0x0000000000000001, binary 0xa375c776, length 11505, format 37168 within 701ns
10-06 15:10:32.969   986  1088 D View    : [Warning] assignParent to null: this = DecorView@1d36a2c[jinli]
10-06 15:10:32.970  6388  6434 D GraphicBuffer: register, handle(0x951dc300) (w:720 h:1344 s:736 f:0x1 u:b00)
10-06 15:10:32.975   986  1040 I ActivityManager: Displayed com.onyuan.hall.Chinesechess.game.jinli/com.anysdk.framework.unity.AnySDKActivity: +1s302ms
10-06 15:10:32.975  2074  2712 D PowerKeeper.Event: notifyActivityLaunchTime: com.onyuan.hall.Chinesechess.game.jinli/com.anysdk.framework.unity.AnySDKActivity totalTime: 1302
10-06 15:10:32.976   429   453 I vendor.mediatek.hardware.power@1.1-impl: PowerHint hint:8, data:0
10-06 15:10:32.983   986  1402 E PowerHalWrapper: <amsBoostStop> duration: 6000ms
10-06 15:10:32.985  2124  2124 V PhoneWindow: DecorView setVisiblity: visibility = 4, Parent = ViewRoot{cff3413 com.miui.home/com.miui.home.launcher.Launcher,ident = 0}, this = DecorView@978db8a[Launcher]
10-06 15:10:33.016   434   434 I BufferQueueConsumer: [com.miui.home/com.miui.home.launcher.Launcher#0](this:0xaa6ac000,id:41,api:1,p:-1,c:-1) disconnect(C)
10-06 15:10:33.016   434   434 I BufferQueue: [com.miui.home/com.miui.home.launcher.Launcher#0](this:0xaa6ac000,id:41,api:1,p:-1,c:-1) ~BufferQueueCore
10-06 15:10:33.018   434   434 W Layer   : [Splash Screen com.onyuan.hall.Chinesechess.game.jinli#0] opaque layer with plane alpha:0.89 cannot be handled by hwcomposer
10-06 15:10:33.021   434   434 I BufferQueueProducer: [FrameBufferSurface_0](this:0xad30e000,id:0,api:1,p:434,c:434) queueBuffer: fps=11.02 dur=1270.74 max=1059.87 min=14.27
10-06 15:10:33.033   434   434 W Layer   : [Splash Screen com.onyuan.hall.Chinesechess.game.jinli#0] opaque layer with plane alpha:0.78 cannot be handled by hwcomposer
10-06 15:10:33.049   434   434 W Layer   : [Splash Screen com.onyuan.hall.Chinesechess.game.jinli#0] opaque layer with plane alpha:0.67 cannot be handled by hwcomposer
10-06 15:10:33.065   434   434 W Layer   : [Splash Screen com.onyuan.hall.Chinesechess.game.jinli#0] opaque layer with plane alpha:0.56 cannot be handled by hwcomposer
10-06 15:10:33.076  1736  1736 I ADB_SERVICES: service_to_fd framebuffer:
10-06 15:10:33.077  1736  1736 I ADB_SERVICES: service thread started, 21:22
10-06 15:10:33.082   434   434 W Layer   : [Splash Screen com.onyuan.hall.Chinesechess.game.jinli#0] opaque layer with plane alpha:0.45 cannot be handled by hwcomposer
10-06 15:10:33.098   434   434 W Layer   : [Splash Screen com.onyuan.hall.Chinesechess.game.jinli#0] opaque layer with plane alpha:0.35 cannot be handled by hwcomposer
10-06 15:10:33.114   434   434 W Layer   : [Splash Screen com.onyuan.hall.Chinesechess.game.jinli#0] opaque layer with plane alpha:0.24 cannot be handled by hwcomposer
10-06 15:10:33.130   434   434 W Layer   : [Splash Screen com.onyuan.hall.Chinesechess.game.jinli#0] opaque layer with plane alpha:0.13 cannot be handled by hwcomposer
10-06 15:10:33.147   434   434 W Layer   : [Splash Screen com.onyuan.hall.Chinesechess.game.jinli#0] opaque layer with plane alpha:0.02 cannot be handled by hwcomposer
10-06 15:10:33.163   986  1088 D Surface : Surface::disconnect(this=0x8bff8800,api=2)
10-06 15:10:33.163   434   466 I BufferQueueProducer: [Splash Screen com.onyuan.hall.Chinesechess.game.jinli#0](this:0xaa425000,id:42,api:2,p:986,c:434) disconnect(P): api 2
10-06 15:10:33.164   986  1088 D GraphicBuffer: unregister, handle(0x8e9d5780) (w:720 h:1344 s:736 f:0x1 u:933)
