10-15 19:17:50.579: E/TraceManager(6690): bnol: Starting new trace SharedStorageProvider#call when already associated with a trace. For more help, see http://go/tiktok-tracing#fixing-duplicate-trace-issues
10-15 19:17:50.579: E/TraceManager(6690): 	at bnrz.g(PG:6)
10-15 19:17:50.579: E/TraceManager(6690): 	at bnrz.c(PG:2)
10-15 19:17:50.579: E/TraceManager(6690): 	at bnrz.b(PG:2)
10-15 19:17:50.579: E/TraceManager(6690): 	at bnrm.j(PG:1)
10-15 19:17:50.579: E/TraceManager(6690): 	at abvj.call(PG:7)
10-15 19:17:50.579: E/TraceManager(6690): 	at android.content.ContentProvider.call(ContentProvider.java:2511)
10-15 19:17:50.579: E/TraceManager(6690): 	at abtx.call(PG:2)
10-15 19:17:50.579: E/TraceManager(6690): 	at android.content.ContentProvider$Transport.call(ContentProvider.java:525)
10-15 19:17:50.579: E/TraceManager(6690): 	at android.content.ContentResolver.call(ContentResolver.java:2450)
10-15 19:17:50.579: E/TraceManager(6690): 	at android.content.ContentResolver.call(ContentResolver.java:2430)
10-15 19:17:50.579: E/TraceManager(6690): 	at aylq.h(PG:9)
10-15 19:17:50.579: E/TraceManager(6690): 	at aylq.k(PG:3)
10-15 19:17:50.579: E/TraceManager(6690): 	at aylo.b(PG:1)
10-15 19:17:50.579: E/TraceManager(6690): 	at axrs.d(PG:2)
10-15 19:17:50.579: E/TraceManager(6690): 	at rwo.run(PG:10)
10-15 19:17:50.579: E/TraceManager(6690): 	at bnsk.run(PG:2)
10-15 19:17:50.579: E/TraceManager(6690): 	at java.util.concurrent.Executors$RunnableAdapter.call(Executors.java:463)
10-15 19:17:50.579: E/TraceManager(6690): 	at bsej.a(PG:1)
10-15 19:17:50.579: E/TraceManager(6690): 	at bsdl.run(PG:4)
10-15 19:17:50.579: E/TraceManager(6690): 	at bsek.run(PG:1)
10-15 19:17:50.579: E/TraceManager(6690): 	at bcfr.run(PG:1)
10-15 19:17:50.579: E/TraceManager(6690): 	at java.util.concurrent.ThreadPoolExecutor.runWorker(ThreadPoolExecutor.java:1137)
10-15 19:17:50.579: E/TraceManager(6690): 	at java.util.concurrent.ThreadPoolExecutor$Worker.run(ThreadPoolExecutor.java:637)
10-15 19:17:50.579: E/TraceManager(6690): 	at bcex.run(PG:2)
10-15 19:17:50.579: E/TraceManager(6690): 	at bcfd.run(PG:4)
10-15 19:17:50.579: E/TraceManager(6690): 	at java.lang.Thread.run(Thread.java:1012)
10-15 19:17:50.579: E/TraceManager(6690): 	Suppressed: bntd: 
10-15 19:17:50.579: E/TraceManager(6690): 		at tk_trace.RcsProvisioningStartupTask(Unknown Source:0)
10-15 19:17:50.579: E/TraceManager(6690): 		at tk_trace.StartupHandlerImpl#onAppInteractiveInternal(Unknown Source:0)
10-15 19:17:50.579: E/TraceManager(6690): 		at tk_trace.StartupHandlerImpl App Interactive Delay Timer Fired(Unknown Source:0)
10-15 19:17:50.580: I/BugleRcsEngine(6690): [79] axrs.d: No RCS Configuration was found in Bugle for simID: redacted-pii:sim_id[chars:20]
10-15 19:17:50.582: I/BugleNetwork(6690): Startup: registering tachyon for phone.
10-15 19:17:50.596: W/.apps.messaging(6690): Long monitor contention with owner BG Thread #3 (6745) at boolean android.os.MessageQueue.enqueueMessage(android.os.Message, long)(MessageQueue.java:600) waiters=0 in android.os.Message android.os.MessageQueue.next() for 256ms
10-15 19:17:50.610: I/BugleRcsEngine(6690): [164] axjv.d: (PEv2-SM-Bugle-109800971): quit [a58511be-46f6-4876-9fbb-75f0d74b3edb]
10-15 19:17:50.611: I/BugleRcsEngine(6690): [164] axjv.d: (PEv2-SM-Bugle-109800971): transitionTo: destState=awok [a58511be-46f6-4876-9fbb-75f0d74b3edb]
10-15 19:17:50.611: I/BugleRcsEngine(6690): [164] axjv.d: (PEv2-SM-Bugle-109800971): Exit WaitingForGoogleTosState [a58511be-46f6-4876-9fbb-75f0d74b3edb]
10-15 19:17:50.611: W/BugleRcsEngine(6690): [164] awck.x: Unable to send diagnostic log
10-15 19:17:50.611: I/BugleRcsEngine(6690): [164] axjv.d: (PEv2-SM-Bugle-109800971): Exit CheckPreconditionsState [a58511be-46f6-4876-9fbb-75f0d74b3edb]
10-15 19:17:50.611: I/BugleRcsEngine(6690): [164] axjv.d: (PEv2-SM-Bugle-109800971): Exit EnabledState [a58511be-46f6-4876-9fbb-75f0d74b3edb]
10-15 19:17:50.612: W/BugleRcsEngine(6690): [164] awck.x: Unable to send diagnostic log
10-15 19:17:50.612: W/BugleRcsEngine(6690): [164] axjv.e: (PEv2-SM-Bugle-109800971): onQuitting [a58511be-46f6-4876-9fbb-75f0d74b3edb]
10-15 19:17:50.612: I/BugleRcsEngine(6690): [164] axof.b: RcsAvailabilityManager: Calculating Rcs Availability
10-15 19:17:50.626: I/BugleRcsEngine(6690): [79] rwq.k: Scheduled provisioning task with 0 seconds delay, KEEP policy
10-15 19:17:50.635: W/system_server(605): Long monitor contention with owner PackageManager (700) at void com.android.server.pm.PackageManagerService.writePendingRestrictions()(PackageManagerService.java:1390) waiters=0 in com.android.server.pm.Computer com.android.server.pm.PackageManagerService.snapshotComputer() for 276ms
10-15 19:17:50.635: W/system_server(605): Long monitor contention with owner ActivityManager (671) at com.android.server.pm.Computer com.android.server.pm.PackageManagerService.snapshotComputer()(PackageManagerService.java:1110) waiters=0 in com.android.server.pm.Computer com.android.server.pm.PackageManagerService.snapshotComputer() for 200ms
10-15 19:17:50.637: W/system_server(605): Long monitor contention with owner binder:605_13 (2032) at boolean com.android.server.wm.WindowManagerService.getWindowInsets(android.view.WindowManager$LayoutParams, int, android.view.InsetsState)(WindowManagerService.java:8904) waiters=0 in void com.android.server.wm.WindowManagerService.removeWindow(com.android.server.wm.Session, android.view.IWindow) for 170ms
10-15 19:17:50.640: W/InputManager-JNI(605): Input channel object '8fd5d05 com.google.android.apps.mtaas.backdrop/com.google.android.apps.mtaas.backdrop.BackdropActivity (client)' was disposed without first being removed with the input manager!
10-15 19:17:50.660: W/TransactionTracing(417): Could not find layer handle 0x7547a00a5cd0
10-15 19:17:50.660: W/TransactionTracing(417): Could not find layer handle 0x7547a00a6930
10-15 19:17:50.661: D/CompatibilityChangeReporter(605): Compat change id reported: 197654537; UID 10168; state: DISABLED
10-15 19:17:50.677: I/BackdropActivity(7358): onCreate()
10-15 19:17:50.680: I/ActivityTaskManager(605): Activity requesting to dismiss Keyguard: ActivityRecord{8c3c17e u0 com.google.android.apps.mtaas.backdrop/.BackdropActivity} t8}
10-15 19:17:50.692: D/CentralSurfaces(879): Received new disable state: enaihbcrso.qingr (unchanged)
10-15 19:17:50.700: W/Looper(879): Slow dispatch took 206ms wmshell.main h=android.os.Handler c=android.window.TaskOrganizer$1$$ExternalSyntheticLambda3@6ebdb66 m=0
10-15 19:17:50.703: W/Looper(879): Drained
10-15 19:17:50.729: I/BackdropActivity(7358): android_id: 4249135175482356863
10-15 19:17:50.730: V/WindowManager(605): Unknown focus tokens, dropping reportFocusChanged
10-15 19:17:50.760: W/StyleResolver(1424): StyleResolver.resolveValue():231 Invalid variable: color_silk_surface_background
10-15 19:17:50.771: I/GoogleInputMethodService(1424): GoogleInputMethodService.onStartInput():1919 onStartInput(EditorInfo{inputType=0x0(NULL) imeOptions=0x0 privateImeOptions=null actionName=UNSPECIFIED actionLabel=null actionId=0 initialSelStart=-1 initialSelEnd=-1 initialCapsMode=0x0 hintText=null label=null packageName=com.google.android.apps.mtaas.backdrop fieldId=-1 fieldName=null extras=null}, true)
10-15 19:17:50.776: I/GoogleInputMethodService(1424): GoogleInputMethodService.updateDeviceLockedStatus():2114 repeatCheckTimes = 2, unlocked = true
10-15 19:17:50.776: W/SessionManager(1424): SessionManager.beginSession():53 Try to begin an already begun session [INPUT_SESSION], end it first
10-15 19:17:50.817: I/BugleRcsEngine(6690): [164] axrs.C: Bugle is default SMS app: true
10-15 19:17:50.818: I/BugleRcsEngine(6690): [164] axof.b: Bugle has minimum required RCS permissions: true
10-15 19:17:50.834: I/DictionarySuperpacksManager(1424): DictionarySuperpacksManager$1.onEnabledInputMethodEntriesChanged():60 onEnabledInputMethodEntriesChanged
10-15 19:17:50.835: I/SP(1424): Registering content_cache.2022052320, url: https://www.gstatic.com/android/keyboard/modelpack/contentcache/202205232034/superpacks_manifest.json, constraints: W:*:*:*, flags: bg, requested: 2022052320, current: 2022052320
10-15 19:17:50.838: I/KeyboardDefManager(1424): KeyboardDefManager$LoadKeyboardDefTask$1.onFailure():190 Task to load keyboard def was canceled.
10-15 19:17:50.838: I/KeyboardDefManager(1424): java.util.concurrent.CancellationException: Task was cancelled.
10-15 19:17:50.838: I/KeyboardDefManager(1424): 	at mfb.s(PG:3)
10-15 19:17:50.838: I/KeyboardDefManager(1424): 	at mfb.get(PG:4)
10-15 19:17:50.838: I/KeyboardDefManager(1424): 	at mid.a(PG:1)
10-15 19:17:50.838: I/KeyboardDefManager(1424): 	at mid.t(PG:2)
10-15 19:17:50.838: I/KeyboardDefManager(1424): 	at mgt.run(PG:4)
10-15 19:17:50.838: I/KeyboardDefManager(1424): 	at android.os.Handler.handleCallback(Handler.java:942)
10-15 19:17:50.838: I/KeyboardDefManager(1424): 	at android.os.Handler.dispatchMessage(Handler.java:99)
10-15 19:17:50.838: I/KeyboardDefManager(1424): 	at android.os.Looper.loopOnce(Looper.java:201)
10-15 19:17:50.838: I/KeyboardDefManager(1424): 	at android.os.Looper.loop(Looper.java:288)
10-15 19:17:50.838: I/KeyboardDefManager(1424): 	at android.app.ActivityThread.main(ActivityThread.java:7866)
10-15 19:17:50.838: I/KeyboardDefManager(1424): 	at java.lang.reflect.Method.invoke(Native Method)
10-15 19:17:50.838: I/KeyboardDefManager(1424): 	at com.android.internal.os.RuntimeInit$MethodAndArgsCaller.run(RuntimeInit.java:548)
10-15 19:17:50.838: I/KeyboardDefManager(1424): 	at com.android.internal.os.ZygoteInit.main(ZygoteInit.java:936)
10-15 19:17:50.838: I/GoogleInputMethodService(1424): GoogleInputMethodService.lambda$setDecorViewApplyWindowInsetsListener$10():1116 update screenHeightWithoutNaviBar to: 1080
10-15 19:17:50.853: I/GoogleInputMethodService(1424): GoogleInputMethodService.lambda$setDecorViewApplyWindowInsetsListener$10():1122 update max height when insets changes
10-15 19:17:50.882: D/AudioFlinger(413): mixer(0x7d45e51889a0) throttle end: throttle time(3)
10-15 19:17:50.909: D/AudioTrack(463): stop(15): called with 82980 frames delivered
10-15 19:17:50.918: I/SP(1424): Syncing content_cache (2022052320) with slices: [146938679d8a79c40dfa474830396eab, 8722425f4121ffdea802b1066df73991, fa1da98da1212aad6fb9a8efaff48148], metadata: true
10-15 19:17:50.938: I/BugleRcsEngine(6690): [164] axrs.B: Rcs is enabled from user settings: true
10-15 19:17:50.939: I/BugleRcsEngine(6690): [164] axtf.b: Using config server URL from awfi
10-15 19:17:50.939: I/BugleRcsEngine(6690): [164] axrs.d: No RCS Configuration was found in Bugle for simID: redacted-pii:sim_id[chars:20]
10-15 19:17:50.940: I/BugleRcsEngine(6690): [164] axrs.g: No RCS Configuration was found in Bugle for simID: redacted-pii:sim_id[chars:20]
10-15 19:17:50.940: I/BugleRcsEngine(6690): [164] axrs.d: No RCS Configuration was found in Bugle for simID: redacted-pii:sim_id[chars:20]
10-15 19:17:50.944: I/WM-WorkerWrapper(6690): Worker result SUCCESS for Work [ id=47af3d8c-00a0-4ddf-b3d4-28f0cddda67c, tags={ com.google.android.apps.messaging.rcsprovisioning.RcsProvisioningListenableWorker, provisioning } ]
10-15 19:17:50.949: W/system_server(605): Long monitor contention with owner ActivityManager (671) at void com.android.server.am.BroadcastQueue.processNextBroadcast(boolean)(BroadcastQueue.java:1140) waiters=0 in android.content.Intent com.android.server.am.ActivityManagerService.registerReceiverWithFeature(android.app.IApplicationThread, java.lang.String, java.lang.String, java.lang.String, android.content.IIntentReceiver, android.content.IntentFilter, java.lang.String, int, int) for 377ms
10-15 19:17:50.949: W/system_server(605): Long monitor contention with owner ActivityManager (671) at void com.android.server.am.BroadcastQueue.processNextBroadcast(boolean)(BroadcastQueue.java:1140) waiters=1 in void com.android.server.am.ContentProviderHelper.removeContentProvider(android.os.IBinder, boolean) for 358ms
10-15 19:17:50.952: W/Looper(605): Drained
10-15 19:17:50.962: W/system_server(605): Long monitor contention with owner ActivityManager (671) at void com.android.server.am.BroadcastQueue.processNextBroadcast(boolean)(BroadcastQueue.java:1140) waiters=2 in android.content.ComponentName com.android.server.am.ActivityManagerService.startService(android.app.IApplicationThread, android.content.Intent, java.lang.String, boolean, java.lang.String, java.lang.String, int) for 231ms
10-15 19:17:50.970: I/BackdropActivity(7358): onResume()
10-15 19:17:50.971: I/ActivityTaskManager(605): Activity requesting to dismiss Keyguard: ActivityRecord{8c3c17e u0 com.google.android.apps.mtaas.backdrop/.BackdropActivity} t8}
10-15 19:17:50.986: D/CompatibilityChangeReporter(605): Compat change id reported: 168419799; UID 10168; state: DISABLED
10-15 19:17:50.988: I/BgTaskExecutorImpl(1886): Starting NONEXCLUSIVE background task MDD_CELLULAR_CHARGING_TASK.
10-15 19:17:50.989: E/SystemServiceRegistry(951): No service published for: ethernet
10-15 19:17:50.989: E/SystemServiceRegistry(951): android.os.ServiceManager$ServiceNotFoundException: No service published for: ethernet
10-15 19:17:50.989: E/SystemServiceRegistry(951): 	at android.os.ServiceManager.getServiceOrThrow(ServiceManager.java:166)
10-15 19:17:50.989: E/SystemServiceRegistry(951): 	at android.app.SystemServiceRegistry$137.createService(SystemServiceRegistry.java:1825)
10-15 19:17:50.989: E/SystemServiceRegistry(951): 	at android.app.SystemServiceRegistry$CachedServiceFetcher.getService(SystemServiceRegistry.java:1924)
10-15 19:17:50.989: E/SystemServiceRegistry(951): 	at android.app.SystemServiceRegistry.getSystemService(SystemServiceRegistry.java:1601)
10-15 19:17:50.989: E/SystemServiceRegistry(951): 	at android.app.ContextImpl.getSystemService(ContextImpl.java:2120)
10-15 19:17:50.989: E/SystemServiceRegistry(951): 	at android.content.ContextWrapper.getSystemService(ContextWrapper.java:900)
10-15 19:17:50.989: E/SystemServiceRegistry(951): 	at com.android.networkstack.tethering.Tethering.isEthernetSupported(Tethering.java:1550)
10-15 19:17:50.989: E/SystemServiceRegistry(951): 	at com.android.networkstack.tethering.Tethering.makeSupportedDownstreams(Tethering.java:2509)
10-15 19:17:50.989: E/SystemServiceRegistry(951): 	at com.android.networkstack.tethering.Tethering.updateSupportedDownstreams(Tethering.java:2483)
10-15 19:17:50.989: E/SystemServiceRegistry(951): 	at com.android.networkstack.tethering.Tethering.updateConfiguration(Tethering.java:504)
10-15 19:17:50.989: E/SystemServiceRegistry(951): 	at com.android.networkstack.tethering.Tethering.-$$Nest$mupdateConfiguration(Unknown Source:0)
10-15 19:17:50.989: E/SystemServiceRegistry(951): 	at com.android.networkstack.tethering.Tethering$StateReceiver.onReceive(Tethering.java:1141)
10-15 19:17:50.989: E/SystemServiceRegistry(951): 	at android.app.LoadedApk$ReceiverDispatcher$Args.lambda$getRunnable$0$android-app-LoadedApk$ReceiverDispatcher$Args(LoadedApk.java:1790)
10-15 19:17:50.989: E/SystemServiceRegistry(951): 	at android.app.LoadedApk$ReceiverDispatcher$Args$$ExternalSyntheticLambda0.run(Unknown Source:2)
10-15 19:17:50.989: E/SystemServiceRegistry(951): 	at android.os.Handler.handleCallback(Handler.java:942)
10-15 19:17:50.989: E/SystemServiceRegistry(951): 	at android.os.Handler.dispatchMessage(Handler.java:99)
10-15 19:17:50.989: E/SystemServiceRegistry(951): 	at android.os.Looper.loopOnce(Looper.java:201)
10-15 19:17:50.989: E/SystemServiceRegistry(951): 	at android.os.Looper.loop(Looper.java:288)
10-15 19:17:50.989: E/SystemServiceRegistry(951): 	at android.os.HandlerThread.run(HandlerThread.java:67)
10-15 19:17:51.107: I/Choreographer(7358): Skipped 37 frames!  The application may be doing too much work on its main thread.
10-15 19:17:51.117: W/.gms.persistent(1299): Long monitor contention with owner netscheduler-queue-handler (1697) at int bddm.l(bdcx, ahja)(:com.google.android.gms@221821047@22.18.21 (190800-453244992):56) waiters=0 in int bddm.r(bdad) for 490ms
10-15 19:17:51.118: D/CoreBackPreview(605): Window{e1abfbb u0 com.google.android.apps.mtaas.backdrop/com.google.android.apps.mtaas.backdrop.BackdropActivity}: Setting back callback OnBackInvokedCallbackInfo{mCallback=android.window.IOnBackInvokedCallback$Stub$Proxy@c13c2a2, mPriority=0}
10-15 19:17:51.156: D/AudioFlinger(413): mixer(0x7d45e51889a0) throttle end: throttle time(2)
10-15 19:17:51.202: W/NotificationHistory(605): Attempted to add notif for locked/gone/disabled user 0
10-15 19:17:51.222: D/goldfish-address-space(379): claimShared: Ask to claim region [0x3f7518000 0x3f7d01000]
10-15 19:17:51.247: W/TransactionTracing(417): Could not find layer handle 0x7547a009bf50
10-15 19:17:51.379: I/A(1886): Starting batch sync for corpora: [1015]
10-15 19:17:51.381: I/A(1886): Starting batch sync for corpora: [1004]
10-15 19:17:51.424: I/MediaFocusControl(605): abandonAudioFocus() from uid/pid 10144/879 clientId=android.media.AudioManager@9be9b2e
10-15 19:17:51.424: V/MediaPlayer(879): resetDrmState:  mDrmInfo=null mDrmProvisioningThread=null mPrepareDrmInProgress=false mActiveDrmScheme=false
10-15 19:17:51.424: V/MediaPlayer(879): cleanDrmObj: mDrmObj=null mDrmSessionId=null
10-15 19:17:51.425: D/NuPlayerDriver(463): reset(0x7fbeb1fcc610) at state 6
10-15 19:17:51.533: I/Choreographer(879): Skipped 47 frames!  The application may be doing too much work on its main thread.
10-15 19:17:51.539: I/DropBoxManagerService(605): add tag=system_app_wtf isTagEnabled=true flags=0x2
10-15 19:17:51.631: D/NuPlayerDriver(463): notifyResetComplete(0x7fbeb1fcc610)
10-15 19:17:51.631: W/AMessage(463): failed to post message as target looper for handler 0 is gone.
10-15 19:17:51.632: W/MediaPlayer(879): mediaplayer went away with unhandled events
10-15 19:17:51.643: D/goldfish-address-space(379): claimShared: Ask to claim region [0x3f47e9000 0x3f4fd2000]
10-15 19:17:51.706: I/Icing(6011): Indexing done com.google.android.gms-apps
10-15 19:17:51.718: E/TraceManager(6690): Duplicate trace
10-15 19:17:51.718: E/TraceManager(6690): bnol: Starting new trace SharedStorageProvider#call when already associated with a trace. For more help, see http://go/tiktok-tracing#fixing-duplicate-trace-issues
10-15 19:17:51.718: E/TraceManager(6690): 	at bnrz.g(PG:6)
10-15 19:17:51.718: E/TraceManager(6690): 	at bnrz.c(PG:2)
10-15 19:17:51.718: E/TraceManager(6690): 	at bnrz.b(PG:2)
10-15 19:17:51.718: E/TraceManager(6690): 	at bnrm.j(PG:1)
10-15 19:17:51.718: E/TraceManager(6690): 	at abvj.call(PG:7)
10-15 19:17:51.718: E/TraceManager(6690): 	at android.content.ContentProvider.call(ContentProvider.java:2511)
10-15 19:17:51.718: E/TraceManager(6690): 	at abtx.call(PG:2)
10-15 19:17:51.718: E/TraceManager(6690): 	at android.content.ContentProvider$Transport.call(ContentProvider.java:525)
10-15 19:17:51.718: E/TraceManager(6690): 	at android.content.ContentResolver.call(ContentResolver.java:2450)
10-15 19:17:51.718: E/TraceManager(6690): 	at android.content.ContentResolver.call(ContentResolver.java:2430)
10-15 19:17:51.718: E/TraceManager(6690): 	at aylq.h(PG:9)
10-15 19:17:51.718: E/TraceManager(6690): 	at aylq.k(PG:3)
10-15 19:17:51.718: E/TraceManager(6690): 	at aylo.b(PG:1)
10-15 19:17:51.718: E/TraceManager(6690): 	at agrf.aE(PG:5)
10-15 19:17:51.718: E/TraceManager(6690): 	at agrf.K(PG:2)
10-15 19:17:51.718: E/TraceManager(6690): 	at afch.e(PG:1)
10-15 19:17:51.718: E/TraceManager(6690): 	at afek.call(Unknown Source:2)
10-15 19:17:51.718: E/TraceManager(6690): 	at bnuh.a(PG:1)
10-15 19:17:51.718: E/TraceManager(6690): 	at bnsn.a(PG:2)
10-15 19:17:51.718: E/TraceManager(6690): 	at bsei.a(PG:1)
10-15 19:17:51.718: E/TraceManager(6690): 	at bsdl.run(PG:4)
10-15 19:17:51.718: E/TraceManager(6690): 	at bsek.run(PG:1)
10-15 19:17:51.718: E/TraceManager(6690): 	at bcfr.run(PG:1)
10-15 19:17:51.718: E/TraceManager(6690): 	at java.util.concurrent.ThreadPoolExecutor.runWorker(ThreadPoolExecutor.java:1137)
10-15 19:17:51.718: E/TraceManager(6690): 	at java.util.concurrent.ThreadPoolExecutor$Worker.run(ThreadPoolExecutor.java:637)
10-15 19:17:51.718: E/TraceManager(6690): 	at bcev.run(PG:2)
10-15 19:17:51.718: E/TraceManager(6690): 	at bcfd.run(PG:4)
10-15 19:17:51.718: E/TraceManager(6690): 	at java.lang.Thread.run(Thread.java:1012)
10-15 19:17:51.718: E/TraceManager(6690): 	Suppressed: bntd: 
10-15 19:17:51.718: E/TraceManager(6690): 		at tk_trace.TachyonBackgroundStartupTask(Unknown Source:0)
10-15 19:17:51.718: E/TraceManager(6690): 		at tk_trace.StartupHandlerImpl#onAppInteractiveInternal(Unknown Source:0)
10-15 19:17:51.718: E/TraceManager(6690): 		at tk_trace.StartupHandlerImpl App Interactive Delay Timer Fired(Unknown Source:0)
10-15 19:17:51.719: W/BugleAction(6690): Null config in BugleSharedPrefs
10-15 19:17:51.719: W/BugleAction(6690): Failed to get msisdn from Bugle
10-15 19:17:51.711: W/ogle.android.gm(7314): Long monitor contention with owner GoogleApiHandler (7351) at boolean android.app.ActivityThread.releaseProvider(android.content.IContentProvider, boolean)(ActivityThread.java:7242) waiters=0 in android.content.IContentProvider android.app.ActivityThread.acquireExistingProvider(android.content.Context, java.lang.String, int, boolean) for 541ms
10-15 19:17:51.732: W/.gms.persistent(1299): Long monitor contention with owner highpool[1] (1546) at android.content.res.ApkAssets[] android.content.res.AssetManager.getApkAssets()(AssetManager.java:393) waiters=0 in void android.content.res.AssetManager.setConfiguration(int, int, java.lang.String, int, int, int, int, int, int, int, int, int, int, int, int, int, int, int) for 1.168s
10-15 19:17:51.746: D/goldfish-address-space(379): claimShared: Ask to claim region [0x3f4fd2000 0x3f57bb000]
10-15 19:17:51.758: I/BugleRcsEngine(6690): [164] axof.b: Config state is not ACCEPTED, provisioning still in progress
10-15 19:17:51.759: W/Parcel(7358): Expecting binder but got null!
10-15 19:17:51.880: I/OpenGLRenderer(7358): Davey! duration=1280ms; Flags=1, FrameTimelineVsyncId=12766, IntendedVsync=1141654954797, Vsync=1142271621439, InputEventId=0, HandleInputStart=1142286158510, AnimationStart=1142286159355, PerformTraversalsStart=1142286159711, DrawStart=1142672825338, FrameDeadline=1141671621463, FrameInterval=1142286111510, FrameStartTime=16666666, SyncQueued=1142702370775, SyncStart=1142702997583, IssueDrawCommandsStart=1142703202962, SwapBuffers=1142745771985, FrameCompleted=1142936545796, DequeueBufferDuration=6120, QueueBufferDuration=668655, GpuCompleted=1142745771985, SwapBuffersCompleted=1142936545796, DisplayPresentTime=30434138266529, CommandSubmissionCompleted=1142745771985, 
10-15 19:17:51.882: I/Choreographer(7358): Skipped 45 frames!  The application may be doing too much work on its main thread.
10-15 19:17:51.886: I/BugleRcsEngine(6690): [164] axof.b: RcsAvailabilityManager: Rcs Availability still CARRIER_SETUP_PENDING (Carrier RCS is not set up)
10-15 19:17:51.887: I/WindowManager(605): finishDrawing of relaunch: Window{e1abfbb u0 com.google.android.apps.mtaas.backdrop/com.google.android.apps.mtaas.backdrop.BackdropActivity} 1663ms
10-15 19:17:51.889: W/putmethod.latin(1424): Suspending all threads took: 41.145ms
10-15 19:17:51.967: E/PhenotypeFlagCommitter(7314): Retrieving snapshot for com.google.android.gm#com.google.android.gm_Hub failed
10-15 19:17:51.967: E/PhenotypeFlagCommitter(7314): java.util.concurrent.TimeoutException: Timed out waiting for Task
10-15 19:17:51.967: E/PhenotypeFlagCommitter(7314): 	at mme.H(PG:7)
10-15 19:17:51.967: E/PhenotypeFlagCommitter(7314): 	at mcm.a(PG:2)
10-15 19:17:51.967: E/PhenotypeFlagCommitter(7314): 	at mcm.j(PG:2)
10-15 19:17:51.967: E/PhenotypeFlagCommitter(7314): 	at mcm.h(Unknown Source:4)
10-15 19:17:51.967: E/PhenotypeFlagCommitter(7314): 	at dmt.run(PG:19)
10-15 19:17:51.967: E/PhenotypeFlagCommitter(7314): 	at java.util.concurrent.ThreadPoolExecutor.runWorker(ThreadPoolExecutor.java:1137)
10-15 19:17:51.967: E/PhenotypeFlagCommitter(7314): 	at java.util.concurrent.ThreadPoolExecutor$Worker.run(ThreadPoolExecutor.java:637)
10-15 19:17:51.967: E/PhenotypeFlagCommitter(7314): 	at java.lang.Thread.run(Thread.java:1012)
10-15 19:17:51.993: I/WindowManager(605): Screen frozen for +2s277ms due to Window{e1abfbb u0 com.google.android.apps.mtaas.backdrop/com.google.android.apps.mtaas.backdrop.BackdropActivity}
10-15 19:17:51.994: D/goldfish-address-space(379): claimShared: Ask to claim region [0x3f57bb000 0x3f5fa4000]
10-15 19:17:52.086: I/A(1886): Scheduled one-off task for batch; batchId=3 taskId=-1000021 corpora=[1004,1008,1014,1015]
10-15 19:17:52.086: I/A(1886): Pending callbacks: 1
10-15 19:17:52.198: I/hw-BpHwBinder(469): onLastStrongRef automatically unlinking death recipients
10-15 19:17:52.198: I/hw-BpHwBinder(469): onLastStrongRef automatically unlinking death recipients
10-15 19:17:52.198: V/C2Store(469): in ~ComponentModule
10-15 19:17:52.198: V/C2Store(469): unloading dll
10-15 19:17:52.199: I/hw-BpHwBinder(463): onLastStrongRef automatically unlinking death recipients
10-15 19:17:52.258: D/PhFileGroupPop(1886): Added file groups assistant_appintegration_appactions_config
10-15 19:17:52.294: I/OpenGLRenderer(7358): Davey! duration=957ms; Flags=0, FrameTimelineVsyncId=12900, IntendedVsync=1142304954771, Vsync=1143054954741, InputEventId=0, HandleInputStart=1143061549643, AnimationStart=1143061550724, PerformTraversalsStart=1143061564983, DrawStart=1143062194369, FrameDeadline=1142771621419, FrameInterval=1143061497567, FrameStartTime=16666666, SyncQueued=1143062538974, SyncStart=1143062579454, IssueDrawCommandsStart=1143063051816, SwapBuffers=1143070606127, FrameCompleted=1143262093559, DequeueBufferDuration=3992, QueueBufferDuration=138660, GpuCompleted=1143070606127, SwapBuffersCompleted=1143262093559, DisplayPresentTime=184911227037740, CommandSubmissionCompleted=1143070606127, 
10-15 19:17:52.304: D/PhFileGroupPop(1886): Added file groups tapas_cortex
10-15 19:17:52.349: W/A(1886): Corpus: GDD_APA_LIGHTWEIGHT_TOKENS is disabled
10-15 19:17:52.362: D/NuPlayerDriver(463): NuPlayerDriver(0x7fbeb1fcc610) created, clientPid(879)
10-15 19:17:52.396: E/TraceManager(6690): Duplicate trace
10-15 19:17:52.396: E/TraceManager(6690): bnol: Starting new trace SharedStorageProvider#call when already associated with a trace. For more help, see http://go/tiktok-tracing#fixing-duplicate-trace-issues
10-15 19:17:52.396: E/TraceManager(6690): 	at bnrz.g(PG:6)
10-15 19:17:52.396: E/TraceManager(6690): 	at bnrz.c(PG:2)
10-15 19:17:52.396: E/TraceManager(6690): 	at bnrz.b(PG:2)
10-15 19:17:52.396: E/TraceManager(6690): 	at bnrm.j(PG:1)
10-15 19:17:52.396: E/TraceManager(6690): 	at abvj.call(PG:7)
10-15 19:17:52.396: E/TraceManager(6690): 	at android.content.ContentProvider.call(ContentProvider.java:2511)
10-15 19:17:52.396: E/TraceManager(6690): 	at abtx.call(PG:2)
10-15 19:17:52.396: E/TraceManager(6690): 	at android.content.ContentProvider$Transport.call(ContentProvider.java:525)
10-15 19:17:52.396: E/TraceManager(6690): 	at android.content.ContentProviderNative.onTransact(ContentProviderNative.java:295)
10-15 19:17:52.396: E/TraceManager(6690): 	at android.os.Binder.execTransactInternal(Binder.java:1280)
10-15 19:17:52.396: E/TraceManager(6690): 	at android.os.Binder.execTransact(Binder.java:1244)
10-15 19:17:52.396: E/TraceManager(6690): 	at android.os.BinderProxy.transactNative(Native Method)
10-15 19:17:52.396: E/TraceManager(6690): 	at android.os.BinderProxy.transact(BinderProxy.java:584)
10-15 19:17:52.396: E/TraceManager(6690): 	at com.google.android.aidl.BaseProxy.transactAndReadException(PG:2)
10-15 19:17:52.396: E/TraceManager(6690): 	at com.google.android.ims.rcsservice.profile.IRcsProfile$Stub$Proxy.getValue(PG:3)
10-15 19:17:52.396: E/TraceManager(6690): 	at com.google.android.rcs.client.profile.RcsProfileService.g(PG:3)
10-15 19:17:52.396: E/TraceManager(6690): 	at com.google.android.rcs.client.profile.RcsProfileService.getMsisdn(PG:1)
10-15 19:17:52.396: E/TraceManager(6690): 	at agrf.aE(PG:16)
10-15 19:17:52.396: E/TraceManager(6690): 	at agrf.K(PG:2)
10-15 19:17:52.396: E/TraceManager(6690): 	at afch.e(PG:1)
10-15 19:17:52.396: E/TraceManager(6690): 	at afek.call(Unknown Source:2)
10-15 19:17:52.396: E/TraceManager(6690): 	at bnuh.a(PG:1)
10-15 19:17:52.396: E/TraceManager(6690): 	at bnsn.a(PG:2)
10-15 19:17:52.396: E/TraceManager(6690): 	at bsei.a(PG:1)
10-15 19:17:52.396: E/TraceManager(6690): 	at bsdl.run(PG:4)
10-15 19:17:52.396: E/TraceManager(6690): 	at bsek.run(PG:1)
10-15 19:17:52.396: E/TraceManager(6690): 	at bcfr.run(PG:1)
10-15 19:17:52.396: E/TraceManager(6690): 	at java.util.concurrent.ThreadPoolExecutor.runWorker(ThreadPoolExecutor.java:1137)
10-15 19:17:52.396: E/TraceManager(6690): 	at java.util.concurrent.ThreadPoolExecutor$Worker.run(ThreadPoolExecutor.java:637)
10-15 19:17:52.396: E/TraceManager(6690): 	at bcev.run(PG:2)
10-15 19:17:52.396: E/TraceManager(6690): 	at bcfd.run(PG:4)
10-15 19:17:52.396: E/TraceManager(6690): 	at java.lang.Thread.run(Thread.java:1012)
10-15 19:17:52.396: E/TraceManager(6690): 	Suppressed: bntd: 
10-15 19:17:52.396: E/TraceManager(6690): 		at tk_trace.TachyonBackgroundStartupTask(Unknown Source:0)
10-15 19:17:52.396: E/TraceManager(6690): 		at tk_trace.StartupHandlerImpl#onAppInteractiveInternal(Unknown Source:0)
10-15 19:17:52.396: E/TraceManager(6690): 		at tk_trace.StartupHandlerImpl App Interactive Delay Timer Fired(Unknown Source:0)
10-15 19:17:52.397: E/TraceManager(6690): Duplicate trace
10-15 19:17:52.397: E/TraceManager(6690): bnol: Starting new trace SharedStorageProvider#call when already associated with a trace. For more help, see http://go/tiktok-tracing#fixing-duplicate-trace-issues
10-15 19:17:52.397: E/TraceManager(6690): 	at bnrz.g(PG:6)
10-15 19:17:52.397: E/TraceManager(6690): 	at bnrz.c(PG:2)
10-15 19:17:52.397: E/TraceManager(6690): 	at bnrz.b(PG:2)
10-15 19:17:52.397: E/TraceManager(6690): 	at bnrm.j(PG:1)
10-15 19:17:52.397: E/TraceManager(6690): 	at abvj.call(PG:7)
10-15 19:17:52.397: E/TraceManager(6690): 	at android.content.ContentProvider.call(ContentProvider.java:2511)
10-15 19:17:52.397: E/TraceManager(6690): 	at abtx.call(PG:2)
10-15 19:17:52.397: E/TraceManager(6690): 	at android.content.ContentProvider$Transport.call(ContentProvider.java:525)
10-15 19:17:52.397: E/TraceManager(6690): 	at android.content.ContentProviderNative.onTransact(ContentProviderNative.java:295)
10-15 19:17:52.397: E/TraceManager(6690): 	at android.os.Binder.execTransactInternal(Binder.java:1280)
10-15 19:17:52.397: E/TraceManager(6690): 	at android.os.Binder.execTransact(Binder.java:1244)
10-15 19:17:52.397: E/TraceManager(6690): 	at android.os.BinderProxy.transactNative(Native Method)
10-15 19:17:52.397: E/TraceManager(6690): 	at android.os.BinderProxy.transact(BinderProxy.java:584)
10-15 19:17:52.397: E/TraceManager(6690): 	at com.google.android.aidl.BaseProxy.transactAndReadException(PG:2)
10-15 19:17:52.397: E/TraceManager(6690): 	at com.google.android.ims.rcsservice.profile.IRcsProfile$Stub$Proxy.getValue(PG:3)
10-15 19:17:52.397: E/TraceManager(6690): 	at com.google.android.rcs.client.profile.RcsProfileService.g(PG:3)
10-15 19:17:52.397: E/TraceManager(6690): 	at com.google.android.rcs.client.profile.RcsProfileService.getMsisdn(PG:1)
10-15 19:17:52.397: E/TraceManager(6690): 	at agrf.aE(PG:16)
10-15 19:17:52.397: E/TraceManager(6690): 	at agrf.K(PG:2)
10-15 19:17:52.397: E/TraceManager(6690): 	at afch.e(PG:1)
10-15 19:17:52.397: E/TraceManager(6690): 	at afek.call(Unknown Source:2)
10-15 19:17:52.397: E/TraceManager(6690): 	at bnuh.a(PG:1)
10-15 19:17:52.397: E/TraceManager(6690): 	at bnsn.a(PG:2)
10-15 19:17:52.397: E/TraceManager(6690): 	at bsei.a(PG:1)
10-15 19:17:52.397: E/TraceManager(6690): 	at bsdl.run(PG:4)
10-15 19:17:52.397: E/TraceManager(6690): 	at bsek.run(PG:1)
10-15 19:17:52.397: E/TraceManager(6690): 	at bcfr.run(PG:1)
10-15 19:17:52.397: E/TraceManager(6690): 	at java.util.concurrent.ThreadPoolExecutor.runWorker(ThreadPoolExecutor.java:1137)
10-15 19:17:52.397: E/TraceManager(6690): 	at java.util.concurrent.ThreadPoolExecutor$Worker.run(ThreadPoolExecutor.java:637)
10-15 19:17:52.397: E/TraceManager(6690): 	at bcev.run(PG:2)
10-15 19:17:52.397: E/TraceManager(6690): 	at bcfd.run(PG:4)
10-15 19:17:52.397: E/TraceManager(6690): 	at java.lang.Thread.run(Thread.java:1012)
10-15 19:17:52.397: E/TraceManager(6690): 	Suppressed: bntd: 
10-15 19:17:52.397: E/TraceManager(6690): 		at tk_trace.TachyonBackgroundStartupTask(Unknown Source:0)
10-15 19:17:52.397: E/TraceManager(6690): 		at tk_trace.StartupHandlerImpl#onAppInteractiveInternal(Unknown Source:0)
10-15 19:17:52.397: E/TraceManager(6690): 		at tk_trace.StartupHandlerImpl App Interactive Delay Timer Fired(Unknown Source:0)
10-15 19:17:52.398: I/CarrierServices(1765): [66] cvv.f: No RCS Configuration was found in Bugle for simID: redacted-pii:sim_id[chars:20]
10-15 19:17:52.398: W/BugleRcsEngine(6690): [87] RcsProfileService.g: Result is null when getting value for id:4
10-15 19:17:52.399: W/Bugle(6690): SubscriptionMetadataUtils get: invalid subId = -2
10-15 19:17:52.399: W/Bugle(6690): SubscriptionMetadataUtils get: invalid subId = -2
10-15 19:17:52.399: W/Bugle(6690): SubscriptionMetadataUtils get: invalid subId = -2
10-15 19:17:52.400: W/Bugle(6690): SubscriptionMetadataUtils get: invalid subId = -2
10-15 19:17:52.400: W/Bugle(6690): SubscriptionUtilsAsOfLMR1: getSelfRawNumber: subInfo is null for subscription{id:-1}
10-15 19:17:52.411: W/BugleAction(6690): No default number, returning empty msisdn
10-15 19:17:52.427: W/earchbox:search(1886): Long monitor contention with owner Blocking Thread #48 (7397) at void com.google.android.apps.gsa.j.d.d(com.google.android.apps.gsa.j.c)(PG:16) waiters=0 in void com.google.android.apps.gsa.j.d.d(com.google.android.apps.gsa.j.c) for 1.180s
10-15 19:17:52.431: I/BugleNetwork(6690): TachyonPhoneRegistration: Ensuring Tachyon phone registration
10-15 19:17:52.433: I/DeviceCapHelper(1886): Adding surface identity to the device capabilities for surface OPA_AGSA.
10-15 19:17:52.450: I/hwservicemanager(216): getTransport: Cannot find entry android.hardware.media.omx@1.0::IOmx/default in either framework or device VINTF manifest.
10-15 19:17:52.463: D/MediaPlayerService(463): OMX service is not available
10-15 19:17:52.475: W/ImageReader_JNI(605): Unable to acquire a buffer item, very likely client tried to acquire more than maxImages buffers
10-15 19:17:52.498: D/GenericSource(463): FileSource remote
10-15 19:17:52.544: E/TraceManager(6690): Duplicate trace
10-15 19:17:52.544: E/TraceManager(6690): bnol: Starting new trace SharedStorageProvider#call when already associated with a trace. For more help, see http://go/tiktok-tracing#fixing-duplicate-trace-issues
10-15 19:17:52.544: E/TraceManager(6690): 	at bnrz.g(PG:6)
10-15 19:17:52.544: E/TraceManager(6690): 	at bnrz.c(PG:2)
10-15 19:17:52.544: E/TraceManager(6690): 	at bnrz.b(PG:2)
10-15 19:17:52.544: E/TraceManager(6690): 	at bnrm.j(PG:1)
10-15 19:17:52.544: E/TraceManager(6690): 	at abvj.call(PG:7)
10-15 19:17:52.544: E/TraceManager(6690): 	at android.content.ContentProvider.call(ContentProvider.java:2511)
10-15 19:17:52.544: E/TraceManager(6690): 	at abtx.call(PG:2)
10-15 19:17:52.544: E/TraceManager(6690): 	at android.content.ContentProvider$Transport.call(ContentProvider.java:525)
10-15 19:17:52.544: E/TraceManager(6690): 	at android.content.ContentResolver.call(ContentResolver.java:2450)
10-15 19:17:52.544: E/TraceManager(6690): 	at android.content.ContentResolver.call(ContentResolver.java:2430)
10-15 19:17:52.544: E/TraceManager(6690): 	at aylq.h(PG:9)
10-15 19:17:52.544: E/TraceManager(6690): 	at aylq.k(PG:3)
10-15 19:17:52.544: E/TraceManager(6690): 	at aylo.b(PG:1)
10-15 19:17:52.544: E/TraceManager(6690): 	at agrf.aE(PG:5)
10-15 19:17:52.544: E/TraceManager(6690): 	at agrf.K(PG:2)
10-15 19:17:52.544: E/TraceManager(6690): 	at afch.e(PG:1)
10-15 19:17:52.544: E/TraceManager(6690): 	at afbu.call(Unknown Source:2)
10-15 19:17:52.544: E/TraceManager(6690): 	at bnsm.call(PG:2)
10-15 19:17:52.544: E/TraceManager(6690): 	at bsej.a(PG:1)
10-15 19:17:52.544: E/TraceManager(6690): 	at bsdl.run(PG:4)
10-15 19:17:52.544: E/TraceManager(6690): 	at bsek.run(PG:1)
10-15 19:17:52.544: E/TraceManager(6690): 	at java.util.concurrent.ThreadPoolExecutor.runWorker(ThreadPoolExecutor.java:1137)
10-15 19:17:52.544: E/TraceManager(6690): 	at java.util.concurrent.ThreadPoolExecutor$Worker.run(ThreadPoolExecutor.java:637)
10-15 19:17:52.544: E/TraceManager(6690): 	at bcex.run(PG:2)
10-15 19:17:52.544: E/TraceManager(6690): 	at bcfd.run(PG:4)
10-15 19:17:52.544: E/TraceManager(6690): 	at java.lang.Thread.run(Thread.java:1012)
10-15 19:17:52.544: E/TraceManager(6690): 	Suppressed: bntd: 
10-15 19:17:52.544: E/TraceManager(6690): 		at tk_trace.TachyonBackgroundStartupTask(Unknown Source:0)
10-15 19:17:52.544: E/TraceManager(6690): 		at tk_trace.StartupHandlerImpl#onAppInteractiveInternal(Unknown Source:0)
10-15 19:17:52.544: E/TraceManager(6690): 		at tk_trace.StartupHandlerImpl App Interactive Delay Timer Fired(Unknown Source:0)
10-15 19:17:52.544: W/BugleAction(6690): Null config in BugleSharedPrefs
10-15 19:17:52.544: W/BugleAction(6690): Failed to get msisdn from Bugle
10-15 19:17:52.604: I/SP(1424): Sync for content_cache succeeded in 1688 ms: no changes
10-15 19:17:52.604: I/SP(1424): GC for 'content_cache' (10) with ttl of 0 ms took 0 ms (0/0/0)
10-15 19:17:52.632: W/system_server(605): Long monitor contention with owner android.anim (653) at float com.android.server.wm.WindowManagerService.getCurrentAnimatorScale()(WindowManagerService.java:3494) waiters=1 in void com.android.server.wm.AsyncRotationController.lambda$scheduleTimeout$1() for 589ms
10-15 19:17:52.633: I/AsyncRotation(605): Async rotation timeout: {WindowToken{b77fe84 type=2000 android.os.BinderProxy@bbb2b16}=com.android.server.wm.AsyncRotationController$Operation@cb97281}
10-15 19:17:52.633: I/Choreographer(605): Skipped 32 frames!  The application may be doing too much work on its main thread.
10-15 19:17:52.640: D/goldfish-address-space(379): claimShared: Ask to claim region [0x3f7d09000 0x3f7d1f000]
10-15 19:17:52.724: W/earchbox:search(1886): Long monitor contention with owner BG Thread #1 (2039) at com.google.common.util.concurrent.cw com.google.android.libraries.geller.f.bl.a(com.google.protos.p.a.e)(PG:32) waiters=0 in com.google.common.util.concurrent.cw com.google.android.libraries.geller.f.bl.b(java.lang.String, java.lang.String, java.lang.String, com.google.common.b.iw, int, int, boolean) for 932ms
10-15 19:17:52.768: D/CompatibilityChangeReporter(605): Compat change id reported: 181136395; UID 10168; state: DISABLED
10-15 19:17:52.768: D/CompatibilityChangeReporter(605): Compat change id reported: 174042936; UID 10168; state: DISABLED
10-15 19:17:52.770: I/GoogleInputMethodService(1424): GoogleInputMethodService.onFinishInput():3220 
10-15 19:17:52.804: I/GoogleInputMethodService(1424): GoogleInputMethodService.updateDeviceLockedStatus():2114 repeatCheckTimes = 0, unlocked = true
10-15 19:17:52.804: I/GoogleInputMethodService(1424): GoogleInputMethodService.onStartInput():1919 onStartInput(EditorInfo{inputType=0x0(NULL) imeOptions=0x0 privateImeOptions=null actionName=UNSPECIFIED actionLabel=null actionId=0 initialSelStart=-1 initialSelEnd=-1 initialCapsMode=0x0 hintText=null label=null packageName=com.google.android.apps.mtaas.backdrop fieldId=-1 fieldName=null extras=null}, false)
10-15 19:17:52.808: I/GoogleInputMethodService(1424): GoogleInputMethodService.updateDeviceLockedStatus():2114 repeatCheckTimes = 2, unlocked = true
10-15 19:17:52.820: W/system_server(605): Long monitor contention with owner binder:605_7 (1028) at boolean com.android.server.am.ActivityManagerService.isUserAMonkey()(ActivityManagerService.java:7032) waiters=0 in void com.android.server.am.ProcessList.updateLruProcessLocked(com.android.server.am.ProcessRecord, boolean, com.android.server.am.ProcessRecord) for 356ms
10-15 19:17:52.835: I/A(1886): Starting batch sync for corpora: [1014]
10-15 19:17:52.893: W/TransactionTracing(417): Could not find layer handle 0x7547a00a6270
10-15 19:17:52.916: I/MicroModelsUtil(1886): #getHotwordModelFromMobstore [mobstoreUri: android://com.google.android.googlequicksearchbox/files/datadownload/shared/public/datadownloadfile_1664263812224]
10-15 19:17:52.950: W/NearbyShared(1299): BTConnStateMgr: proxy reconnect failed.
10-15 19:17:52.950: W/NearbyShared(1299): java.util.concurrent.TimeoutException: Waited 3000 milliseconds (plus 5 milliseconds, 185389 nanoseconds delay) for adb@41355df[status=PENDING, info=[tag=[BluetoothDeviceConnectionStateManager:tryReconnectProxy]]]
10-15 19:17:52.950: W/NearbyShared(1299): 	at acx.get(:com.google.android.gms@221821047@22.18.21 (190800-453244992):34)
10-15 19:17:52.950: W/NearbyShared(1299): 	at adc.get(:com.google.android.gms@221821047@22.18.21 (190800-453244992):2)
10-15 19:17:52.950: W/NearbyShared(1299): 	at cowh.j(:com.google.android.gms@221821047@22.18.21 (190800-453244992):8)
10-15 19:17:52.950: W/NearbyShared(1299): 	at cowh.c(:com.google.android.gms@221821047@22.18.21 (190800-453244992):0)
10-15 19:17:52.950: W/NearbyShared(1299): 	at atds.run(:com.google.android.gms@221821047@22.18.21 (190800-453244992):3)
10-15 19:17:52.950: W/NearbyShared(1299): 	at aqkv.run(:com.google.android.gms@221821047@22.18.21 (190800-453244992):3)
10-15 19:17:52.950: W/NearbyShared(1299): 	at java.util.concurrent.Executors$RunnableAdapter.call(Executors.java:463)
10-15 19:17:52.950: W/NearbyShared(1299): 	at java.util.concurrent.FutureTask.run(FutureTask.java:264)
10-15 19:17:52.950: W/NearbyShared(1299): 	at wwq.c(:com.google.android.gms@221821047@22.18.21 (190800-453244992):6)
10-15 19:17:52.950: W/NearbyShared(1299): 	at wwq.run(:com.google.android.gms@221821047@22.18.21 (190800-453244992):7)
10-15 19:17:52.950: W/NearbyShared(1299): 	at java.util.concurrent.ThreadPoolExecutor.runWorker(ThreadPoolExecutor.java:1137)
10-15 19:17:52.950: W/NearbyShared(1299): 	at java.util.concurrent.ThreadPoolExecutor$Worker.run(ThreadPoolExecutor.java:637)
10-15 19:17:52.950: W/NearbyShared(1299): 	at xbv.run(:com.google.android.gms@221821047@22.18.21 (190800-453244992):0)
10-15 19:17:52.950: W/NearbyShared(1299): 	at java.lang.Thread.run(Thread.java:1012)
10-15 19:17:52.959: W/NearbyFastPair(1299): NearbyDeviceManager: Failed to get profile proxy for 2 [CONTEXT service_id=265 ]
10-15 19:17:53.074: W/AssistantConfig(6948): appIntegrationDataInBase64 is null
10-15 19:17:53.077: E/AssistantConnector(6948): Couldn't read whether gRPC is supported from public value
10-15 19:17:53.077: E/AssistantConnector(6948): java.lang.IllegalStateException: Failed to query AGSA value. This is most likely caused by a Google signature check failure. Please make sure both of the AGSA app and the client app are either release or dev builds.
10-15 19:17:53.077: E/AssistantConnector(6948): 	at azdk.call(PG:17)
10-15 19:17:53.077: E/AssistantConnector(6948): 	at bnsm.call(PG:2)
10-15 19:17:53.077: E/AssistantConnector(6948): 	at bsej.a(PG:1)
10-15 19:17:53.077: E/AssistantConnector(6948): 	at bsdl.run(PG:4)
10-15 19:17:53.077: E/AssistantConnector(6948): 	at bsek.run(PG:1)
10-15 19:17:53.077: E/AssistantConnector(6948): 	at java.util.concurrent.ThreadPoolExecutor.runWorker(ThreadPoolExecutor.java:1137)
10-15 19:17:53.077: E/AssistantConnector(6948): 	at java.util.concurrent.ThreadPoolExecutor$Worker.run(ThreadPoolExecutor.java:637)
10-15 19:17:53.077: E/AssistantConnector(6948): 	at java.lang.Thread.run(Thread.java:1012)
10-15 19:17:53.092: I/AssistantConnector(6948): Fallback to Maestro connector
10-15 19:17:53.109: I/NearbyShared(1299): BTConnStateMgr: tryReconnectProxy called but proxy is not connected, try reconnect and wait.
10-15 19:17:53.149: I/MediaFocusControl(605): requestAudioFocus() from uid/pid 10144/879 AA=USAGE_NOTIFICATION/CONTENT_TYPE_SONIFICATION clientId=android.media.AudioManager@f118902 callingPack=com.android.systemui req=3 flags=0x0 sdk=33
10-15 19:17:53.150: I/AudioService.FadeOutManager(605): unfadeOutUid() uid:10144
10-15 19:17:53.177: W/fwv(7314): AccountUtils: For b/73513912, load account content://com.google.android.gm.sapi/account.-2137146394 from MailAppProvider. Is account valid result: 1. [CONTEXT android_log_tag="AccountUtils" ]
10-15 19:17:53.185: W/TransactionTracing(417): Could not find layer handle 0x7547a00a6750
10-15 19:17:53.200: D/EGL_emulation(7358): app_time_stats: avg=360.55ms min=211.60ms max=596.40ms count=4
10-15 19:17:53.200: W/TransactionTracing(417): Could not find layer handle 0x7547a00a6d50
10-15 19:17:53.201: W/TransactionTracing(417): Could not find layer handle 0x7547a00a5070
10-15 19:17:53.201: W/TransactionTracing(417): Could not find layer handle 0x7547a00a7050
10-15 19:17:53.201: W/TransactionTracing(417): Could not find layer handle 0x7547a00a57f0
10-15 19:17:53.202: W/TransactionTracing(417): Could not find layer handle 0x7547a00a5bb0
10-15 19:17:53.203: W/TransactionTracing(417): Could not find layer handle 0x7547a009b650
10-15 19:17:53.301: W/fwv(7314): AccountUtils: For b/73513912, load account content://com.google.android.gm.email.provider/account.-437561172?suppress_combined%3Dtrue from MailAppProvider. Is account valid result: 1. [CONTEXT android_log_tag="AccountUtils" ]
10-15 19:17:53.410: E/TraceManager(6690): Duplicate trace
10-15 19:17:53.410: E/TraceManager(6690): bnol: Starting new trace SharedStorageProvider#call when already associated with a trace. For more help, see http://go/tiktok-tracing#fixing-duplicate-trace-issues
10-15 19:17:53.410: E/TraceManager(6690): 	at bnrz.g(PG:6)
10-15 19:17:53.410: E/TraceManager(6690): 	at bnrz.c(PG:2)
10-15 19:17:53.410: E/TraceManager(6690): 	at bnrz.b(PG:2)
10-15 19:17:53.410: E/TraceManager(6690): 	at bnrm.j(PG:1)
10-15 19:17:53.410: E/TraceManager(6690): 	at abvj.call(PG:7)
10-15 19:17:53.410: E/TraceManager(6690): 	at android.content.ContentProvider.call(ContentProvider.java:2511)
10-15 19:17:53.410: E/TraceManager(6690): 	at abtx.call(PG:2)
10-15 19:17:53.410: E/TraceManager(6690): 	at android.content.ContentProvider$Transport.call(ContentProvider.java:525)
10-15 19:17:53.410: E/TraceManager(6690): 	at android.content.ContentResolver.call(ContentResolver.java:2450)
10-15 19:17:53.410: E/TraceManager(6690): 	at android.content.ContentResolver.call(ContentResolver.java:2430)
10-15 19:17:53.410: E/TraceManager(6690): 	at aylq.h(PG:9)
10-15 19:17:53.410: E/TraceManager(6690): 	at aylq.k(PG:3)
10-15 19:17:53.410: E/TraceManager(6690): 	at aylo.b(PG:1)
10-15 19:17:53.410: E/TraceManager(6690): 	at axrs.g(PG:2)
10-15 19:17:53.410: E/TraceManager(6690): 	at rwb.b(PG:1)
10-15 19:17:53.410: E/TraceManager(6690): 	at axpd.f(PG:4)
10-15 19:17:53.410: E/TraceManager(6690): 	at axpd.c(PG:1)
10-15 19:17:53.410: E/TraceManager(6690): 	at akmf.f(PG:5)
10-15 19:17:53.410: E/TraceManager(6690): 	at ahvy.l(PG:38)
10-15 19:17:53.410: E/TraceManager(6690): 	at ahvy.c(PG:1)
10-15 19:17:53.410: E/TraceManager(6690): 	at ahvy.h(PG:1)
10-15 19:17:53.410: E/TraceManager(6690): 	at agrf.an(PG:1)
10-15 19:17:53.410: E/TraceManager(6690): 	at vyz.a(PG:35)
10-15 19:17:53.410: E/TraceManager(6690): 	at vyz.c(PG:13)
10-15 19:17:53.410: E/TraceManager(6690): 	at vyz.b(PG:1)
10-15 19:17:53.410: E/TraceManager(6690): 	at com.google.android.apps.messaging.shared.datamodel.action.ProcessPendingMessagesAction.a(PG:2)
10-15 19:17:53.410: E/TraceManager(6690): 	at wqk.call(Unknown Source:4)
10-15 19:17:53.410: E/TraceManager(6690): 	at bnuh.a(PG:1)
10-15 19:17:53.410: E/TraceManager(6690): 	at bnsn.a(PG:2)
10-15 19:17:53.410: E/TraceManager(6690): 	at bsei.a(PG:1)
10-15 19:17:53.410: E/TraceManager(6690): 	at bsdl.run(PG:4)
10-15 19:17:53.410: E/TraceManager(6690): 	at bsek.run(PG:1)
10-15 19:17:53.410: E/TraceManager(6690): 	at bsbv.execute(PG:1)
10-15 19:17:53.410: E/TraceManager(6690): 	at bscy.n(PG:2)
10-15 19:17:53.410: E/TraceManager(6690): 	at bnul.i(PG:1)
10-15 19:17:53.410: E/TraceManager(6690): 	at bnuj.h(PG:1)
10-15 19:17:53.410: E/TraceManager(6690): 	at bnuj.g(PG:1)
10-15 19:17:53.410: E/TraceManager(6690): 	at com.google.android.apps.messaging.shared.datamodel.action.common.Action.d(PG:2)
10-15 19:17:53.410: E/TraceManager(6690): 	at wse.a(PG:4)
10-15 19:17:53.410: E/TraceManager(6690): 	at wri.run(PG:6)
10-15 19:17:53.410: E/TraceManager(6690): 	at bnsk.run(PG:2)
10-15 19:17:53.410: E/TraceManager(6690): 	at wrj.run(PG:1)
10-15 19:17:53.410: E/TraceManager(6690): 	at wrb.run(PG:3)
10-15 19:17:53.410: E/TraceManager(6690): 	at bseb.run(PG:4)
10-15 19:17:53.410: E/TraceManager(6690): 	at bcfr.run(PG:1)
10-15 19:17:53.410: E/TraceManager(6690): 	at java.util.concurrent.ThreadPoolExecutor.runWorker(ThreadPoolExecutor.java:1137)
10-15 19:17:53.410: E/TraceManager(6690): 	at java.util.concurrent.ThreadPoolExecutor$Worker.run(ThreadPoolExecutor.java:637)
10-15 19:17:53.410: E/TraceManager(6690): 	at bcev.run(PG:2)
10-15 19:17:53.410: E/TraceManager(6690): 	at bcfd.run(PG:4)
10-15 19:17:53.410: E/TraceManager(6690): 	at java.lang.Thread.run(Thread.java:1012)
10-15 19:17:53.410: E/TraceManager(6690): 	Suppressed: bntd: 
10-15 19:17:53.410: E/TraceManager(6690): 		at tk_trace.ProcessPendingMessagesAction(Unknown Source:0)
10-15 19:17:53.410: E/TraceManager(6690): 		at tk_trace.ExecuteActionRunnable#runImpl(Unknown Source:0)
10-15 19:17:53.410: E/TraceManager(6690): 		at tk_trace.RcsServiceListener#handleServiceConnected(Unknown Source:0)
10-15 19:17:53.410: E/TraceManager(6690): 		at tk_trace.JibeServiceListenerPropagator#handleServiceConnected(Unknown Source:0)
10-15 19:17:53.410: E/TraceManager(6690): 		at tk_trace.JibeServiceConnection#onServiceConnected(Unknown Source:0)
10-15 19:17:53.414: I/BugleRcsEngine(6690): [93] axrs.g: No RCS Configuration was found in Bugle for simID: redacted-pii:sim_id[chars:20]
