10-15 19:17:17.623: W/e.process.gapps(6555): Unexpected CPU variant for x86: x86_64.
10-15 19:17:17.623: W/e.process.gapps(6555): Known variants: atom, sandybridge, silvermont, kabylake, default
10-15 19:17:17.630: I/adbd(424): jdwp connection from 6555
10-15 19:17:17.652: D/CompatibilityChangeReporter(6555): Compat change id reported: 171979766; UID 10108; state: ENABLED
10-15 19:17:17.698: V/GraphicsEnvironment(6555): ANGLE Developer option for 'com.google.android.gsf' set to: 'default'
10-15 19:17:17.700: V/GraphicsEnvironment(6555): ANGLE GameManagerService for com.google.android.gsf: false
10-15 19:17:17.700: V/GraphicsEnvironment(6555): Neither updatable production driver nor prerelease driver is supported.
10-15 19:17:17.705: D/NetworkSecurityConfig(6555): No Network Security Config specified, using platform default
10-15 19:17:17.705: D/NetworkSecurityConfig(6555): No Network Security Config specified, using platform default
10-15 19:17:17.774: I/GoogleHttpClient(6555): GMS http client unavailable, use old client
10-15 19:17:17.815: I/Checkin(6011): [AndroidCheckinProtoModule] Checkin reason type: 15 attempt count: 1.
10-15 19:17:17.885: D/TrafficStats(6011): tagSocket(112) with statsTag=0x30000408, statsUid=-1
10-15 19:17:17.893: W/ProviderHelper(6011): Unknown dynamite feature providerinstaller.dynamite
10-15 19:17:17.894: I/DynamiteModule(6011): Considering local module com.google.android.gms.providerinstaller.dynamite:1 and remote module com.google.android.gms.providerinstaller.dynamite:0
10-15 19:17:17.894: I/DynamiteModule(6011): Selected local version of com.google.android.gms.providerinstaller.dynamite
10-15 19:17:17.900: W/Conscrypt(6011): Could not set socket write timeout: java.net.SocketException: Socket closed
10-15 19:17:17.901: W/Conscrypt(6011): 	at com.google.android.gms.org.conscrypt.Platform.setSocketWriteTimeout(:com.google.android.gms@221821047@22.18.21 (190800-453244992):2)
10-15 19:17:17.901: W/Conscrypt(6011): 	at com.google.android.gms.org.conscrypt.ConscryptFileDescriptorSocket.setSoWriteTimeout(:com.google.android.gms@221821047@22.18.21 (190800-453244992):0)
10-15 19:17:17.913: W/Conscrypt(6011): Could not set socket write timeout: java.net.SocketException: Socket closed
10-15 19:17:17.913: W/Conscrypt(6011): 	at com.google.android.gms.org.conscrypt.Platform.setSocketWriteTimeout(:com.google.android.gms@221821047@22.18.21 (190800-453244992):2)
10-15 19:17:17.914: W/Conscrypt(6011): 	at com.google.android.gms.org.conscrypt.ConscryptFileDescriptorSocket.setSoWriteTimeout(:com.google.android.gms@221821047@22.18.21 (190800-453244992):0)
10-15 19:17:17.982: I/PackageManager(605): Integrity check passed for file:///data/app/vmdl2043402550.tmp
10-15 19:17:18.011: D/PackageManager(605): Instant App installer not found with android.intent.action.INSTALL_INSTANT_APP_PACKAGE
10-15 19:17:18.011: D/PackageManager(605): Clear ephemeral installer activity
10-15 19:17:18.023: W/ziparchive(605): Unable to open '/data/app/~~s09WwlOzxFVHpV8D-OP46Q==/com.google.android.gms.policy_test_support-rBAiVhnYXisGo8kbBxPQrQ==/base.dm': No such file or directory
10-15 19:17:18.024: I/PackageDexOptimizer(605): Running dexopt (dexoptNeeded=1) on: /data/app/~~s09WwlOzxFVHpV8D-OP46Q==/com.google.android.gms.policy_test_support-rBAiVhnYXisGo8kbBxPQrQ==/base.apk pkg=com.google.android.gms.policy_test_support isa=x86_64 dexoptFlags=boot_complete,profile_guided,public,enable_hidden_api_checks targetFilter=speed-profile oatDir=/data/app/~~s09WwlOzxFVHpV8D-OP46Q==/com.google.android.gms.policy_test_support-rBAiVhnYXisGo8kbBxPQrQ==/oat classLoaderContext=PCL[]{}
10-15 19:17:18.025: V/installd(460): DexInv: --- BEGIN '/data/app/~~s09WwlOzxFVHpV8D-OP46Q==/com.google.android.gms.policy_test_support-rBAiVhnYXisGo8kbBxPQrQ==/base.apk' ---
10-15 19:17:18.025: V/installd(460): Running /apex/com.android.art/bin/dex2oat64 in=base.apk out=/data/app/~~s09WwlOzxFVHpV8D-OP46Q==/com.google.android.gms.policy_test_support-rBAiVhnYXisGo8kbBxPQrQ==/oat/x86_64/base.odex
10-15 19:17:18.029: I/Checkin(6011): [CheckinRequestProcessor] updateCheckinIdTokenFileFromResponse, Reading existing AID
10-15 19:17:18.034: I/Checkin(6011): [CheckinRequestProcessor] Default Task : Checkin Succeeded: https://android.googleapis.com/checkin (fragment #1).
10-15 19:17:18.043: D/CompatibilityChangeReporter(605): Compat change id reported: 168419799; UID 10108; state: DISABLED
10-15 19:17:18.052: I/Checkin(6011): [CheckinOperation] Checkin Operation finished with result: SUCCESS finish time: 1109230.
10-15 19:17:18.060: D/CompatibilityChangeReporter(605): Compat change id reported: 171306433; UID 10108; state: ENABLED
10-15 19:17:18.061: D/CompatibilityChangeReporter(605): Compat change id reported: 218533173; UID 10108; state: ENABLED
10-15 19:17:18.070: W/dex2oat64(6597): Unexpected CPU variant for x86: x86_64.
10-15 19:17:18.070: W/dex2oat64(6597): Known variants: atom, sandybridge, silvermont, kabylake, default
10-15 19:17:18.073: W/dex2oat64(6597): Mismatch between dex2oat instruction set features to use (ISA: X86_64 Feature string: -ssse3,-sse4.1,-sse4.2,-avx,-avx2,-popcnt) and those from CPP defines (ISA: X86_64 Feature string: ssse3,sse4.1,sse4.2,-avx,-avx2,popcnt) for the command line:
10-15 19:17:18.073: W/dex2oat64(6597): /apex/com.android.art/bin/dex2oat64 --zip-fd=8 --zip-location=base.apk --oat-fd=9 --oat-location=/data/app/~~s09WwlOzxFVHpV8D-OP46Q==/com.google.android.gms.policy_test_support-rBAiVhnYXisGo8kbBxPQrQ==/oat/x86_64/base.odex --input-vdex-fd=-1 --output-vdex-fd=10 --swap-fd=11 --classpath-dir=/data/app/~~s09WwlOzxFVHpV8D-OP46Q==/com.google.android.gms.policy_test_support-rBAiVhnYXisGo8kbBxPQrQ== --class-loader-context=PCL[]{} --compact-dex-level=none --instruction-set=x86_64 --instruction-set-features=default --instruction-set-variant=x86_64 --compiler-filter=speed-profile --compilation-reason=install --max-image-block-size=524288 --resolve-startup-const-strings=true --generate-mini-debug-info --runtime-arg -Xtarget-sdk-version:33 --runtime-arg -Xhidden-api-policy:enabled --runtime-arg -Xms64m --runtime-arg -Xmx512m
10-15 19:17:18.074: I/dex2oat64(6597): /apex/com.android.art/bin/dex2oat64 --input-vdex-fd=-1 --output-vdex-fd=10 --classpath-dir=/data/app/~~s09WwlOzxFVHpV8D-OP46Q==/com.google.android.gms.policy_test_support-rBAiVhnYXisGo8kbBxPQrQ== --class-loader-context=PCL[]{} --compact-dex-level=none --compiler-filter=speed-profile --compilation-reason=install --max-image-block-size=524288 --resolve-startup-const-strings=true --generate-mini-debug-info
10-15 19:17:18.077: W/gle.android.gms(6011): Accessing hidden method Landroid/net/ConnectivityManager;->isNetworkTypeMobile(I)Z (max-target-p, reflection, denied)
10-15 19:17:18.077: W/gle.android.gms(6011): Accessing hidden method Landroid/os/PowerManager;->isLightDeviceIdleMode()Z (max-target-s, reflection, denied)
10-15 19:17:18.256: W/dex2oat64(6597): Accessing hidden method Landroid/content/pm/IPackageManager;->freeStorage(Ljava/lang/String;JILandroid/content/IntentSender;)V (max-target-o, linking, denied)
10-15 19:17:18.270: D/BtGatt.ScanManager(973): uid 10108 isForeground true scanMode 1
10-15 19:17:18.270: D/BtGatt.ScanManager(973): uid 10108 isForeground true scanMode -1
10-15 19:17:18.270: D/BtGatt.ScanManager(973): uid 10108 isForeground true scanMode -1
10-15 19:17:18.295: D/ActivityManager(605): freezing 1367 com.google.android.dialer
10-15 19:17:18.295: W/libprocessgroup(605): Failed to open /sys/fs/cgroup/frozen/cgroup.procs: No such file or directory
10-15 19:17:18.295: W/libprocessgroup(605): Failed to apply Frozen process profile: No such file or directory
10-15 19:17:18.295: W/ActivityManager(605): Unable to freeze 1367 com.google.android.dialer
10-15 19:17:18.351: I/dex2oat64(6597): dex2oat took 282.167ms (322.533ms cpu) (threads: 2) arena alloc=0B (0B) java alloc=1515KB (1552272B) native alloc=1029KB (1054576B) free=1227KB (1257344B)
10-15 19:17:18.358: V/installd(460): DexInv: --- END '/data/app/~~s09WwlOzxFVHpV8D-OP46Q==/com.google.android.gms.policy_test_support-rBAiVhnYXisGo8kbBxPQrQ==/base.apk' (success) ---
10-15 19:17:18.361: W/PackageManager(605): User 0 is not ready. Restore at install didn't take place.
10-15 19:17:18.371: D/PackageInstallerSession(605): Marking session 2043402550 as applied
10-15 19:17:18.372: E/installd(460): Couldn't opendir /data/app/vmdl2043402550.tmp: No such file or directory
10-15 19:17:18.372: E/installd(460): Failed to delete /data/app/vmdl2043402550.tmp: No such file or directory
10-15 19:17:18.388: D/CompatibilityChangeReporter(605): Compat change id reported: 168419799; UID 10173; state: DISABLED
10-15 19:17:18.395: I/MediaProvider(1503): Invalidating LocalCallingIdentity cache for package com.google.android.gms.policy_test_support. Reason: package android.intent.action.PACKAGE_ADDED
10-15 19:17:18.409: D/CompatibilityChangeReporter(605): Compat change id reported: 218533173; UID 10173; state: ENABLED
10-15 19:17:18.412: I/PermissionControllerServiceImpl(1112): Updating user sensitive for uid 10173
10-15 19:17:18.422: I/Telecom(605): DefaultDialerCache: Refreshing default dialer for user 0: now com.google.android.dialer: DDC.oR@AQc
10-15 19:17:18.429: I/GsaVoiceInteractionSrv(1602): O received Intent { act=android.intent.action.PACKAGE_ADDED dat=package: flg=0x4000010 (has extras) }
10-15 19:17:18.433: W/BroadcastQueue(605): Background execution not allowed: receiving Intent { act=android.intent.action.PACKAGE_ADDED dat=package: flg=0x4000010 (has extras) } to com.google.android.packageinstaller/com.android.packageinstaller.PackageInstalledReceiver
10-15 19:17:18.437: I/RoleService(605): Granting default roles...
10-15 19:17:18.441: I/InputReader(605): Reconfiguring input devices, changes=KEYBOARD_LAYOUTS | 
10-15 19:17:18.447: W/BroadcastQueue(605): Background execution not allowed: receiving Intent { act=android.intent.action.PACKAGE_ADDED dat=package: flg=0x4000010 (has extras) } to com.google.android.gms/.games.chimera.GamesSystemBroadcastReceiverProxy
10-15 19:17:18.459: D/CarrierSvcBindHelper(1038): onPackageAdded: com.google.android.gms.policy_test_support
10-15 19:17:18.461: D/CarrierSvcBindHelper(1038): No carrier app for: 0
10-15 19:17:18.466: W/BroadcastQueue(605): Background execution not allowed: receiving Intent { act=android.intent.action.PACKAGE_ADDED dat=package: flg=0x4000010 (has extras) } to com.google.android.gms/.gass.chimera.PackageChangeBroadcastReceiver
10-15 19:17:18.474: D/ImsResolver(1038): maybeAddedImsService, packageName: com.google.android.gms.policy_test_support
10-15 19:17:18.478: D/BtGatt.ScanManager(973): uid 10108 isForeground true scanMode 1
10-15 19:17:18.482: D/BtGatt.ScanManager(973): uid 10108 isForeground true scanMode -1
10-15 19:17:18.482: W/Role(1112): Cannot get ApplicationInfo for default holder: com.google.android.contacts
10-15 19:17:18.486: D/BtGatt.ScanManager(973): uid 10108 isForeground true scanMode -1
10-15 19:17:18.510: I/Telecom(605): DefaultDialerCache: Refreshing default dialer for user 0: now com.google.android.dialer: DDC.oR@AQo
10-15 19:17:18.511: I/InputReader(605): Reconfiguring input devices, changes=KEYBOARD_LAYOUTS | 
10-15 19:17:18.524: W/BroadcastQueue(605): Background execution not allowed: receiving Intent { act=android.intent.action.PACKAGE_ADDED dat=package: flg=0x4000010 (has extras) } to com.google.android.gms/.chimera.GmsIntentOperationService$PersistentTrustedReceiver
10-15 19:17:18.524: D/CarrierSvcBindHelper(1038): onPackageModified: com.google.android.gms.policy_test_support
10-15 19:17:18.525: D/CarrierSvcBindHelper(1038): No carrier app for: 0
10-15 19:17:18.525: D/ImsResolver(1038): maybeAddedImsService, packageName: com.google.android.gms.policy_test_support
10-15 19:17:18.533: E/VerityUtils(605): Failed to measure fs-verity, errno 1: /data/app/~~s09WwlOzxFVHpV8D-OP46Q==/com.google.android.gms.policy_test_support-rBAiVhnYXisGo8kbBxPQrQ==/base.apk
10-15 19:17:18.542: W/BroadcastQueue(605): Background execution not allowed: receiving Intent { act=android.intent.action.PACKAGE_ADDED dat=package: flg=0x4000010 (has extras) } to com.google.android.googlequicksearchbox/com.google.android.apps.gsa.googlequicksearchbox.GelStubAppWatcher
10-15 19:17:18.573: I/PermissionControllerServiceImpl(1112): Updating user sensitive for uid 10173
10-15 19:17:18.596: W/Role(1112): Default holder doesn't have required signing certificate: com.google.android.apps.work.clouddpc:23962F4B43B9857638EA66F4D419518EAE282491ACDA4B94707BD59003C45E58
10-15 19:17:18.618: I/Fitness(1299): OnPackageChangedOperation got intent: Intent { act=android.intent.action.PACKAGE_CHANGED dat=package: flg=0x5000010 pkg=com.google.android.gms cmp=com.google.android.gms/.chimera.PersistentIntentOperationService (has extras) } [CONTEXT service_id=17 ]
10-15 19:17:18.637: I/GmsModuleFndr(6011): Beginning GMS chimera module scan
10-15 19:17:18.643: I/Icing(6011): Indexing com.google.android.gms-apps from com.google.android.gms
10-15 19:17:18.645: D/CompatibilityChangeReporter(605): Compat change id reported: 161145287; UID 10108; state: DISABLED
10-15 19:17:18.655: I/Icing(6011): Indexing done com.google.android.gms-apps
10-15 19:17:18.662: W/GCM(1299): Unexpected forwarded intent: Intent { act=android.intent.action.PACKAGE_ADDED dat=package: flg=0x4000010 pkg=com.google.android.gms cmp=com.google.android.gms/.chimera.PersistentIntentOperationService (has extras) }
10-15 19:17:18.666: W/GCM(1299): Unexpected forwarded intent: Intent { act=android.intent.action.PACKAGE_ADDED dat=package: flg=0x4000010 pkg=com.google.android.gms cmp=com.google.android.gms/.chimera.PersistentIntentOperationService (has extras) }
10-15 19:17:18.674: I/ModuleSetMgr(6011): Computing pending module set with APKs: [[AdsFdrDynamite.integ:221310604100000], [Cronetdynamite:221821190800], [Dynamiteloader:221821190000], [Dynamitemodulesa:221821190000], [Dynamitemodulesc:221821190000], [Googlecertificates:221821190000], [Mapsdynamite:221821190000], [Measurementdynamite:221821190000]]
10-15 19:17:18.677: W/Role(1112): Cannot get ApplicationInfo for default holder: com.google.android.odad
10-15 19:17:18.678: W/ChimeraUtils(1299): Module com.google.android.gms.nearby_en has empty metadata display_name_string_id
10-15 19:17:18.713: I/ModuleSetMgr(6011): Pending container module APKs: []
10-15 19:17:18.713: I/ModuleSetMgr(6011): Pending non-container module APKs: []
10-15 19:17:18.738: W/PackageParser(6011): Unknown element under <manifest>: queries at /data/user_de/0/com.google.android.gms/app_chimera/m/00000000/AdsDynamite.apk Binary XML file line #11
10-15 19:17:18.770: I/Icing(6011): Indexing com.google.android.gms-apps from com.google.android.gms
10-15 19:17:18.770: I/Icing(6011): Indexing done com.google.android.gms-apps
10-15 19:17:18.787: I/Fitness(1299): FitCleanupIntentOperation received Intent android.intent.action.PACKAGE_CHANGED [CONTEXT service_id=17 ]
10-15 19:17:18.835: W/ChimeraUtils(1299): Module com.google.android.gms.nearby_en has empty metadata display_name_string_id
10-15 19:17:18.852: I/Fitness(1299): OnPackageChangedOperation got intent: Intent { act=android.intent.action.PACKAGE_CHANGED dat=package: flg=0x5000010 pkg=com.google.android.gms cmp=com.google.android.gms/.chimera.PersistentIntentOperationService (has extras) } [CONTEXT service_id=17 ]
10-15 19:17:18.862: I/Fitness(1299): FitCleanupIntentOperation received Intent android.intent.action.PACKAGE_CHANGED [CONTEXT service_id=17 ]
10-15 19:17:18.887: W/ChimeraUtils(1299): Module com.google.android.gms.nearby_en has empty metadata display_name_string_id
10-15 19:17:18.932: I/PackageManager(605): Integrity check passed for file:///data/app/vmdl873702128.tmp
10-15 19:17:19.004: D/PackageManager(605): Instant App installer not found with android.intent.action.INSTALL_INSTANT_APP_PACKAGE
10-15 19:17:19.004: D/PackageManager(605): Clear ephemeral installer activity
10-15 19:17:19.024: W/PackageManager(605): Failed registering loading progress callback. Package is fully loaded.
10-15 19:17:19.041: W/ziparchive(605): Unable to open '/data/app/~~IqF_588GMVDuvTb0-X96dw==/com.google.android.gmscore.testing.testsupport-usbPtWubgQLaOgAwzcfEKg==/base.dm': No such file or directory
10-15 19:17:19.042: I/PackageDexOptimizer(605): Running dexopt (dexoptNeeded=1) on: /data/app/~~IqF_588GMVDuvTb0-X96dw==/com.google.android.gmscore.testing.testsupport-usbPtWubgQLaOgAwzcfEKg==/base.apk pkg=com.google.android.gmscore.testing.testsupport isa=x86_64 dexoptFlags=boot_complete,profile_guided,public,enable_hidden_api_checks targetFilter=speed-profile oatDir=/data/app/~~IqF_588GMVDuvTb0-X96dw==/com.google.android.gmscore.testing.testsupport-usbPtWubgQLaOgAwzcfEKg==/oat classLoaderContext=PCL[]{PCL[/system/framework/android.test.base.jar]#PCL[/system/framework/org.apache.http.legacy.jar]}
10-15 19:17:19.043: V/installd(460): DexInv: --- BEGIN '/data/app/~~IqF_588GMVDuvTb0-X96dw==/com.google.android.gmscore.testing.testsupport-usbPtWubgQLaOgAwzcfEKg==/base.apk' ---
10-15 19:17:19.043: V/installd(460): Running /apex/com.android.art/bin/dex2oat64 in=base.apk out=/data/app/~~IqF_588GMVDuvTb0-X96dw==/com.google.android.gmscore.testing.testsupport-usbPtWubgQLaOgAwzcfEKg==/oat/x86_64/base.odex
10-15 19:17:19.084: W/ChimeraUtils(1299): Module com.google.android.gms.nearby_en has empty metadata display_name_string_id
10-15 19:17:19.089: I/AiAiEcho(1507): EchoSearch: WidgetFetcherImpl is initialized with [23] widgets [reason=package added for userId: 0]
10-15 19:17:19.094: I/AiAiEcho(1507): EchoSearch: AppFetcherImpl is initialized with [20] apps [time=5, reason=com.google.android.gms.policy_test_support is added]
10-15 19:17:19.101: W/dex2oat64(6636): Unexpected CPU variant for x86: x86_64.
10-15 19:17:19.101: W/dex2oat64(6636): Known variants: atom, sandybridge, silvermont, kabylake, default
10-15 19:17:19.104: W/dex2oat64(6636): Mismatch between dex2oat instruction set features to use (ISA: X86_64 Feature string: -ssse3,-sse4.1,-sse4.2,-avx,-avx2,-popcnt) and those from CPP defines (ISA: X86_64 Feature string: ssse3,sse4.1,sse4.2,-avx,-avx2,popcnt) for the command line:
10-15 19:17:19.104: W/dex2oat64(6636): /apex/com.android.art/bin/dex2oat64 --zip-fd=8 --zip-location=base.apk --oat-fd=9 --oat-location=/data/app/~~IqF_588GMVDuvTb0-X96dw==/com.google.android.gmscore.testing.testsupport-usbPtWubgQLaOgAwzcfEKg==/oat/x86_64/base.odex --input-vdex-fd=-1 --output-vdex-fd=10 --swap-fd=11 --classpath-dir=/data/app/~~IqF_588GMVDuvTb0-X96dw==/com.google.android.gmscore.testing.testsupport-usbPtWubgQLaOgAwzcfEKg== --class-loader-context=PCL[]{PCL[/system/framework/android.test.base.jar]#PCL[/system/framework/org.apache.http.legacy.jar]} --compact-dex-level=none --instruction-set=x86_64 --instruction-set-features=default --instruction-set-variant=x86_64 --compiler-filter=speed-profile --compilation-reason=install --max-image-block-size=524288 --resolve-startup-const-strings=true --generate-mini-debug-info --runtime-arg -Xtarget-sdk-version:25 --runtime-arg -Xhidden-api-policy:enabled --runtime-arg -Xms64m --runtime-arg -Xmx512m
10-15 19:17:19.104: I/dex2oat64(6636): /apex/com.android.art/bin/dex2oat64 --input-vdex-fd=-1 --output-vdex-fd=10 --classpath-dir=/data/app/~~IqF_588GMVDuvTb0-X96dw==/com.google.android.gmscore.testing.testsupport-usbPtWubgQLaOgAwzcfEKg== --class-loader-context=PCL[]{PCL[/system/framework/android.test.base.jar]#PCL[/system/framework/org.apache.http.legacy.jar]} --compact-dex-level=none --compiler-filter=speed-profile --compilation-reason=install --max-image-block-size=524288 --resolve-startup-const-strings=true --generate-mini-debug-info
10-15 19:17:19.191: W/ChimeraUtils(1299): Module com.google.android.gms.nearby_en has empty metadata display_name_string_id
10-15 19:17:19.205: W/ChimeraUtils(1299): Module com.google.android.gms.nearby_en has empty metadata display_name_string_id
10-15 19:17:19.373: I/ChimeraCfgMgr(6011): Updating module config: container:2218219190800 -> container:2218219190800
10-15 19:17:19.373: E/DowngradeHelper(6011): isModuleDowngradeRequired false
10-15 19:17:19.398: W/BroadcastQueue(605): Background execution not allowed: receiving Intent { act=com.google.android.chimera.MODULE_CONFIGURATION_CHANGED flg=0x10 (has extras) } to com.google.android.gms/.chimera.GmsIntentOperationService$PersistentInternalReceiver
10-15 19:17:19.444: I/RoleService(605): Granting default roles...
10-15 19:17:19.449: I/system_server(605): Background concurrent copying GC freed 397974(18MB) AllocSpace objects, 16(544KB) LOS objects, 49% free, 23MB/46MB, paused 79us,79us total 1.084s
10-15 19:17:19.472: W/Role(1112): Cannot get ApplicationInfo for default holder: com.google.android.contacts
10-15 19:17:19.473: I/NewModuleHelper(6011): Sending com.google.android.chimera.IntentOperation.NEW_MODULE Container service: com.google.android.gms.chimera.GmsIntentOperationService Intents: 1,false,true
10-15 19:17:19.493: I/GmsDebugLogger(6011): [46] container:2218219190800
10-15 19:17:19.508: W/Role(1112): Default holder doesn't have required signing certificate: com.google.android.apps.work.clouddpc:23962F4B43B9857638EA66F4D419518EAE282491ACDA4B94707BD59003C45E58
10-15 19:17:19.562: W/Role(1112): Cannot get ApplicationInfo for default holder: com.google.android.odad
10-15 19:17:19.687: W/.gms.persistent(1299): Long monitor contention with owner binder:1299_1 (1312) at eya etb.l(esu)(:com.google.android.gms@221821047@22.18.21 (190800-453244992):40) waiters=0 in eya etb.l(esu) for 283ms
10-15 19:17:19.688: W/.gms.persistent(1299): Long monitor contention with owner binder:1299_1 (1312) at eya etb.l(esu)(:com.google.android.gms@221821047@22.18.21 (190800-453244992):40) waiters=1 in android.os.ParcelFileDescriptor com.google.android.gms.chimera.container.GmsModuleChimeraProvider.openFile(android.net.Uri, java.lang.String) for 273ms
10-15 19:17:19.690: W/.gms.persistent(1299): Long monitor contention with owner binder:1299_1 (1312) at eya etb.l(esu)(:com.google.android.gms@221821047@22.18.21 (190800-453244992):40) waiters=2 in android.os.ParcelFileDescriptor com.google.android.gms.chimera.container.GmsModuleChimeraProvider.openFile(android.net.Uri, java.lang.String) for 273ms
10-15 19:17:19.715: W/gle.android.gms(6011): ClassLoaderContext type mismatch. expected=PCL, found=DLC (PCL[] | DLC[];PCL[/product/priv-app/PrebuiltGmsCore/PrebuiltGmsCore.apk*1460068079:/product/priv-app/PrebuiltGmsCore/PrebuiltGmsCore.apk!classes2.dex*1772992046:/product/priv-app/PrebuiltGmsCore/PrebuiltGmsCore.apk!classes3.dex*1648649883:/product/priv-app/PrebuiltGmsCore/PrebuiltGmsCore.apk!classes4.dex*3571232556:/product/priv-app/PrebuiltGmsCore/PrebuiltGmsCore.apk!classes5.dex*762432527:/product/priv-app/PrebuiltGmsCore/PrebuiltGmsCore.apk!classes6.dex*2264621835:/product/priv-app/PrebuiltGmsCore/PrebuiltGmsCore.apk!classes7.dex*1110317560:/product/priv-app/PrebuiltGmsCore/PrebuiltGmsCore.apk!classes8.dex*1093007002]{PCL[/system/framework/org.apache.http.legacy.jar*3145838628]#PCL[/system/framework/com.android.media.remotedisplay.jar*3743104115]#PCL[/system/framework/com.android.location.provider.jar*3175360615]#PCL[/system_ext/framework/androidx.window.extensions.jar*965717813]#PCL[/system_ext/framework/androidx.window.sidecar.jar*1336342385]})
10-15 19:17:19.726: I/Auth(6011): [SupervisedAccountIntentOperation] onHandleIntent(): android.intent.action.PACKAGE_ADDED
10-15 19:17:19.731: I/PackageIntentOperation(6011): Feature flags not enabled, skipping. [CONTEXT service_id=258 ]
10-15 19:17:19.739: I/Dck(6011): doesDeviceHaveSupportedWirelessCapabilities: wccSysProp:0, wccMendel:1, deviceWccOverride:false [CONTEXT service_id=289 ]
10-15 19:17:19.739: I/Dck(6011): isDckModuleEligible: isAtLeastR:true, hasWccSupport:false, downloadAllowed:false, featureEnabled:true [CONTEXT service_id=289 ]
10-15 19:17:19.741: W/Dck(6011): Dck module not eligible for asynchronous downloading [CONTEXT service_id=289 ]
10-15 19:17:19.822: D/BoundBrokerSvc(6011): onBind: Intent { act=com.google.android.gms.common.BIND_SHARED_PREFS pkg=com.google.android.gms }
10-15 19:17:19.825: D/BoundBrokerSvc(6011): Loading bound service for intent: Intent { act=com.google.android.gms.common.BIND_SHARED_PREFS pkg=com.google.android.gms }
10-15 19:17:19.849: D/BoundBrokerSvc(6011): onUnbind: Intent { act=com.google.android.gms.common.BIND_SHARED_PREFS pkg=com.google.android.gms }
10-15 19:17:19.900: W/ChimeraUtils(1299): Module com.google.android.gms.nearby_en has empty metadata display_name_string_id
10-15 19:17:19.937: I/ChimeraConfigurator(6011): Starting update, reason: 4 urgentFeatures: pay:-1
10-15 19:17:19.956: I/Icing(6011): Indexing com.google.android.gms-apps from com.google.android.gms
10-15 19:17:19.971: I/Icing(6011): Indexing done com.google.android.gms-apps
10-15 19:17:19.977: I/dex2oat64(6636): dex2oat took 877.454ms (531.765ms cpu) (threads: 2) arena alloc=0B (0B) java alloc=1900KB (1945888B) native alloc=1073KB (1098960B) free=1025KB (1050240B)
10-15 19:17:19.981: E/PhenotypeRegOp(6011): Attempting to overwrite config package for com.google.android.gms.games [CONTEXT service_id=231 ]
10-15 19:17:19.982: E/PhenotypeRegOp(6011): Attempting to overwrite config package for com.google.android.gms.maps#com.google.android.gms [CONTEXT service_id=231 ]
10-15 19:17:19.982: E/PhenotypeRegOp(6011): Attempting to overwrite config package for com.google.android.gms.cast [CONTEXT service_id=231 ]
10-15 19:17:19.982: E/PhenotypeRegOp(6011): Attempting to overwrite config package for com.google.android.gms.mobile_data_plan [CONTEXT service_id=231 ]
10-15 19:17:19.983: V/installd(460): DexInv: --- END '/data/app/~~IqF_588GMVDuvTb0-X96dw==/com.google.android.gmscore.testing.testsupport-usbPtWubgQLaOgAwzcfEKg==/base.apk' (success) ---
10-15 19:17:19.985: W/PackageManager(605): User 0 is not ready. Restore at install didn't take place.
10-15 19:17:19.987: D/PackageInstallerSession(605): Marking session 873702128 as applied
10-15 19:17:19.988: E/installd(460): Couldn't opendir /data/app/vmdl873702128.tmp: No such file or directory
10-15 19:17:19.988: E/installd(460): Failed to delete /data/app/vmdl873702128.tmp: No such file or directory
10-15 19:17:19.994: I/TestSupport(6011): Activate: 1665730800000@1665886639880 [CONTEXT service_id=133 ]
10-15 19:17:19.994: I/TestSupport(6011): Boot time: 1665885528822 [CONTEXT service_id=133 ]
10-15 19:17:20.018: I/TestSupport(6011): Updated: /data/data/com.google.android.gms/app_testsupport/.startup [CONTEXT service_id=133 ]
10-15 19:17:20.029: I/NewModuleComplete(6011): Received com.google.android.chimera.IntentOperation.NEW_MODULE(com.google.android.gms.chimera.GmsIntentOperationService,1,false)
10-15 19:17:20.031: E/PhenotypeRegOp(6011): Attempting to overwrite config package for com.google.android.gms.udc [CONTEXT service_id=231 ]
10-15 19:17:20.042: D/CompatibilityChangeReporter(605): Compat change id reported: 168419799; UID 10174; state: DISABLED
10-15 19:17:20.052: I/MediaProvider(1503): Invalidating LocalCallingIdentity cache for package com.google.android.gmscore.testing.testsupport. Reason: package android.intent.action.PACKAGE_ADDED
10-15 19:17:20.053: I/NewModuleHelper(6011): Received com.google.android.chimera.container.NEW_MODULE_FINALIZE(1/0): com.google.android.gms.chimera.GmsIntentOperationService,1,false
10-15 19:17:20.054: I/NewModuleHelper(6011): Completed all new module init intents for all processes.
10-15 19:17:20.068: D/CompatibilityChangeReporter(605): Compat change id reported: 218533173; UID 10174; state: DISABLED
10-15 19:17:20.089: I/InputReader(605): Reconfiguring input devices, changes=KEYBOARD_LAYOUTS | 
10-15 19:17:20.090: I/Telecom(605): DefaultDialerCache: Refreshing default dialer for user 0: now com.google.android.dialer: DDC.oR@AQs
10-15 19:17:20.116: I/GmsModuleFndr(6011): Beginning GMS chimera module scan
10-15 19:17:20.123: D/CarrierSvcBindHelper(1038): onPackageAdded: com.google.android.gmscore.testing.testsupport
10-15 19:17:20.128: I/GsaVoiceInteractionSrv(1602): O received Intent { act=android.intent.action.PACKAGE_ADDED dat=package: flg=0x4000010 (has extras) }
10-15 19:17:20.130: I/ModuleSetMgr(6011): Computing pending module set with APKs: [[AdsFdrDynamite.integ:221310604100000], [Cronetdynamite:221821190800], [Dynamiteloader:221821190000], [Dynamitemodulesa:221821190000], [Dynamitemodulesc:221821190000], [Googlecertificates:221821190000], [Mapsdynamite:221821190000], [Measurementdynamite:221821190000]]
10-15 19:17:20.135: D/CarrierSvcBindHelper(1038): No carrier app for: 0
10-15 19:17:20.139: W/BroadcastQueue(605): Background execution not allowed: receiving Intent { act=android.intent.action.PACKAGE_ADDED dat=package: flg=0x4000010 (has extras) } to com.google.android.packageinstaller/com.android.packageinstaller.PackageInstalledReceiver
10-15 19:17:20.141: W/ChimeraUtils(1299): Module com.google.android.gms.nearby_en has empty metadata display_name_string_id
10-15 19:17:20.142: W/BroadcastQueue(605): Background execution not allowed: receiving Intent { act=android.intent.action.PACKAGE_ADDED dat=package: flg=0x4000010 (has extras) } to com.google.android.gms/.games.chimera.GamesSystemBroadcastReceiverProxy
10-15 19:17:20.159: E/VerityUtils(605): Failed to measure fs-verity, errno 1: /data/app/~~IqF_588GMVDuvTb0-X96dw==/com.google.android.gmscore.testing.testsupport-usbPtWubgQLaOgAwzcfEKg==/base.apk
10-15 19:17:20.172: I/PermissionControllerServiceImpl(1112): Updating user sensitive for uid 10174
10-15 19:17:20.174: D/ImsResolver(1038): maybeAddedImsService, packageName: com.google.android.gmscore.testing.testsupport
10-15 19:17:20.181: I/InputReader(605): Reconfiguring input devices, changes=KEYBOARD_LAYOUTS | 
10-15 19:17:20.196: W/BroadcastQueue(605): Background execution not allowed: receiving Intent { act=android.intent.action.PACKAGE_ADDED dat=package: flg=0x4000010 (has extras) } to com.google.android.gms/.gass.chimera.PackageChangeBroadcastReceiver
10-15 19:17:20.203: I/Telecom(605): DefaultDialerCache: Refreshing default dialer for user 0: now com.google.android.dialer: DDC.oR@AQ4
10-15 19:17:20.222: I/PermissionControllerServiceImpl(1112): Updating user sensitive for uid 10174
10-15 19:17:20.223: I/GmsDebugLogger(6011): [73] 1801
10-15 19:17:20.228: I/Auth(6011): [SupervisedAccountIntentOperation] onHandleIntent(): android.intent.action.PACKAGE_ADDED
10-15 19:17:20.231: I/PackageIntentOperation(6011): Feature flags not enabled, skipping. [CONTEXT service_id=258 ]
10-15 19:17:20.232: I/Dck(6011): doesDeviceHaveSupportedWirelessCapabilities: wccSysProp:0, wccMendel:1, deviceWccOverride:false [CONTEXT service_id=289 ]
10-15 19:17:20.233: I/Dck(6011): isDckModuleEligible: isAtLeastR:true, hasWccSupport:false, downloadAllowed:false, featureEnabled:true [CONTEXT service_id=289 ]
10-15 19:17:20.233: W/Dck(6011): Dck module not eligible for asynchronous downloading [CONTEXT service_id=289 ]
10-15 19:17:20.247: I/GmsDebugLogger(6011): [30] [Pay.optional:221821100000]
10-15 19:17:20.257: I/ModuleSetMgr(6011): Pending container module APKs: []
10-15 19:17:20.273: D/CarrierSvcBindHelper(1038): onPackageModified: com.google.android.gmscore.testing.testsupport
10-15 19:17:20.273: D/CarrierSvcBindHelper(1038): No carrier app for: 0
10-15 19:17:20.278: D/ImsResolver(1038): maybeAddedImsService, packageName: com.google.android.gmscore.testing.testsupport
10-15 19:17:20.290: W/JobScheduler(605): Job didn't exist in JobStore: a9e215f #u0a93/-280572046 com.google.android.as.oss/com.google.android.gms.learning.internal.training.InAppJobService
10-15 19:17:20.294: W/BroadcastQueue(605): Background execution not allowed: receiving Intent { act=android.intent.action.PACKAGE_ADDED dat=package: flg=0x4000010 (has extras) } to com.google.android.gms/.chimera.GmsIntentOperationService$PersistentTrustedReceiver
10-15 19:17:20.302: D/CompatibilityChangeReporter(605): Compat change id reported: 135634846; UID 10174; state: DISABLED
10-15 19:17:20.302: D/CompatibilityChangeReporter(605): Compat change id reported: 177438394; UID 10174; state: DISABLED
10-15 19:17:20.302: D/CompatibilityChangeReporter(605): Compat change id reported: 135772972; UID 10174; state: DISABLED
10-15 19:17:20.305: D/CompatibilityChangeReporter(605): Compat change id reported: 135754954; UID 10174; state: DISABLED
10-15 19:17:20.309: D/CompatibilityChangeReporter(605): Compat change id reported: 143937733; UID 10174; state: DISABLED
10-15 19:17:20.317: D/Zygote(355): Forked child process 6660
10-15 19:17:20.325: I/Zygote(6660): seccomp disabled by setenforce 0
10-15 19:17:20.328: I/ActivityManager(605): Start proc 6660:com.google.android.gmscore.testing.testsupport/u0a174 for service {com.google.android.gmscore.testing.testsupport/com.google.android.gmscore.testing.testsupport.CommandService}
10-15 19:17:20.330: W/BroadcastQueue(605): Background execution not allowed: receiving Intent { act=android.intent.action.PACKAGE_ADDED dat=package: flg=0x4000010 (has extras) } to com.google.android.googlequicksearchbox/com.google.android.apps.gsa.googlequicksearchbox.GelStubAppWatcher
10-15 19:17:20.334: W/ing.testsupport(6660): Unexpected CPU variant for x86: x86_64.
10-15 19:17:20.334: W/ing.testsupport(6660): Known variants: atom, sandybridge, silvermont, kabylake, default
10-15 19:17:20.357: I/adbd(424): jdwp connection from 6660
10-15 19:17:20.193: W/ChimeraUtils(1299): Module com.google.android.gms.nearby_en has empty metadata display_name_string_id
10-15 19:17:20.375: W/GCM(1299): Unexpected forwarded intent: Intent { act=android.intent.action.PACKAGE_ADDED dat=package: flg=0x4000010 pkg=com.google.android.gms cmp=com.google.android.gms/.chimera.PersistentIntentOperationService (has extras) }
10-15 19:17:20.377: I/Fitness(1299): OnPackageChangedOperation got intent: Intent { act=android.intent.action.PACKAGE_CHANGED dat=package: flg=0x5000010 pkg=com.google.android.gms cmp=com.google.android.gms/.chimera.PersistentIntentOperationService (has extras) } [CONTEXT service_id=17 ]
10-15 19:17:20.379: W/GCM(1299): Unexpected forwarded intent: Intent { act=android.intent.action.PACKAGE_ADDED dat=package: flg=0x4000010 pkg=com.google.android.gms cmp=com.google.android.gms/.chimera.PersistentIntentOperationService (has extras) }
10-15 19:17:20.400: I/Fitness(1299): FitCleanupIntentOperation received Intent android.intent.action.PACKAGE_CHANGED [CONTEXT service_id=17 ]
10-15 19:17:20.416: I/RoleService(605): Granting default roles...
10-15 19:17:20.468: W/ogle.android.as(1507): Long monitor contention with owner aiai-vc-0 (3400) at java.lang.Object dfb.b()(PG:2) waiters=0 in java.lang.Object dfb.b() for 584ms
10-15 19:17:20.473: W/ChimeraConfigService(6011): Retry attempt was throttled. [CONTEXT service_id=264 ]
10-15 19:17:20.475: D/BoundBrokerSvc(6011): onBind: Intent { act=com.google.android.gms.common.BIND_SHARED_PREFS pkg=com.google.android.gms }
10-15 19:17:20.477: D/BoundBrokerSvc(6011): Loading bound service for intent: Intent { act=com.google.android.gms.common.BIND_SHARED_PREFS pkg=com.google.android.gms }
10-15 19:17:20.481: I/GmsDebugLogger(6011): [83] 1 [pay]
10-15 19:17:20.493: I/ModuleSetMgr(6011): Pending non-container module APKs: []
10-15 19:17:20.514: W/PackageParser(6011): Unknown element under <manifest>: queries at /data/user_de/0/com.google.android.gms/app_chimera/m/00000000/AdsDynamite.apk Binary XML file line #11
10-15 19:17:20.517: D/CompatibilityChangeReporter(6660): Compat change id reported: 171979766; UID 10174; state: DISABLED
10-15 19:17:20.535: I/Icing(6011): Indexing com.google.android.gms-apps from com.google.android.gms
10-15 19:17:20.553: D/ApplicationLoaders(6660): Returning zygote-cached class loader: /system/framework/android.test.base.jar
10-15 19:17:20.568: V/GraphicsEnvironment(6660): ANGLE Developer option for 'com.google.android.gmscore.testing.testsupport' set to: 'default'
10-15 19:17:20.570: V/GraphicsEnvironment(6660): ANGLE GameManagerService for com.google.android.gmscore.testing.testsupport: false
10-15 19:17:20.571: V/GraphicsEnvironment(6660): Neither updatable production driver nor prerelease driver is supported.
10-15 19:17:20.574: D/NetworkSecurityConfig(6660): No Network Security Config specified, using platform default
10-15 19:17:20.575: D/NetworkSecurityConfig(6660): No Network Security Config specified, using platform default
10-15 19:17:20.583: I/TSDRIVER(6660): CommandService onHandleIntent()
10-15 19:17:20.584: I/TSDRIVER(6660): Got command: PACKAGE
10-15 19:17:20.589: I/ActivityManager(605): Background started FGS: Allowed [callingPackage: com.google.android.apps.wellbeing; callingUid: 10097; uidState: BTOP; intent: Intent { cmp=com.google.android.apps.wellbeing/com.google.apps.tiktok.concurrent.InternalForegroundService (has extras) }; code:BACKGROUND_ACTIVITY_PERMISSION; tempAllowListReason:<null>; targetSdkVersion:31; callerTargetSdkVersion:31; startForegroundCount:0; bindFromPackage:null]
10-15 19:17:20.598: I/TSDRIVER(6660): flag package: Eglnc2VydmljZXMaLAooZmluc2t5LnBsYXlfc2VydmljZXNfYXV0b191cGRhdGVfZW5hYmxlZBgAGjUKMWZpbnNreS5zZXR1cF93aXphcmRfYWRkaXRpb25hbF9hY2NvdW50X3ZwYV9lbmFibGUYABoxCi1maW5za3kuZGFpbHlfaHlnaWVuZV9zY2hlZHVsZV91bmF1dGhlbnRpY2F0ZWQYABq/AQoqZmluc2t5LmJhY2tncm91bmRfc3BsaXRfaW5zdGFsbHNfYmxhY2tsaXN0EpABY29tLmFuZHJvaWQuY2hyb21lLGNvbS5nb29nbGUuYW5kcm9pZC5nbXMsY29tLmdvb2dsZS5hbmRyb2lkLndlYnZpZXcsY29tLmdvb2dsZS5hbmRyb2lkLmdvb2dsZXF1aWNrc2VhcmNoYm94LGNvbS5nb29nbGUuYW5kcm9pZC5hcHBzLmlucHV0bWV0aG9k
10-15 19:17:20.600: I/TSDRIVER(6660): flag package: gservices
10-15 19:17:20.611: D/BoundBrokerSvc(6011): onUnbind: Intent { act=com.google.android.gms.common.BIND_SHARED_PREFS pkg=com.google.android.gms }
10-15 19:17:20.613: E/GooglePlayServicesUtil(6660): The Google Play services resources were not found. Check your project configuration to ensure that the resources are included.
10-15 19:17:20.621: W/Role(1112): Cannot get ApplicationInfo for default holder: com.google.android.contacts
10-15 19:17:20.626: W/PackageManager(605): Failed registering loading progress callback. Package is fully loaded.
10-15 19:17:20.637: I/Icing(6011): Indexing done com.google.android.gms-apps
10-15 19:17:20.646: I/AiAiEcho(1507): EchoSearch: WidgetFetcherImpl is initialized with [23] widgets [reason=package added for userId: 0]
10-15 19:17:20.668: D/BoundBrokerSvc(6011): onBind: Intent { act=com.google.android.gms.testsupport.service.START pkg=com.google.android.gms }
10-15 19:17:20.668: D/BoundBrokerSvc(6011): Loading bound service for intent: Intent { act=com.google.android.gms.testsupport.service.START pkg=com.google.android.gms }
10-15 19:17:20.681: I/AiAiEcho(1507): EchoSearch: AppFetcherImpl is initialized with [20] apps [time=25, reason=com.google.android.gmscore.testing.testsupport is added]
10-15 19:17:20.696: I/ChimeraConfigurator(6011): Starting update, reason: 4 urgentFeatures: pay:-1
10-15 19:17:20.702: I/Icing(6011): Indexing com.google.android.gms-apps from com.google.android.gms
10-15 19:17:20.703: I/Icing(6011): Indexing done com.google.android.gms-apps
10-15 19:17:20.720: I/Icing(6011): Indexing com.google.android.gms-apps from com.google.android.gms
10-15 19:17:20.726: I/Icing(6011): Indexing done com.google.android.gms-apps
10-15 19:17:20.732: W/Role(1112): Default holder doesn't have required signing certificate: com.google.android.apps.work.clouddpc:23962F4B43B9857638EA66F4D419518EAE282491ACDA4B94707BD59003C45E58
10-15 19:17:20.749: I/Fitness(1299): OnPackageChangedOperation got intent: Intent { act=android.intent.action.PACKAGE_CHANGED dat=package: flg=0x5000010 pkg=com.google.android.gms cmp=com.google.android.gms/.chimera.PersistentIntentOperationService (has extras) } [CONTEXT service_id=17 ]
10-15 19:17:20.783: I/GmsDebugLogger(6011): [73] 1801
10-15 19:17:20.787: I/GmsDebugLogger(6011): [30] [Pay.optional:221821100000]
10-15 19:17:20.806: I/Fitness(1299): FitCleanupIntentOperation received Intent android.intent.action.PACKAGE_CHANGED [CONTEXT service_id=17 ]
10-15 19:17:20.818: W/ChimeraConfigService(6011): Retry attempt was throttled. [CONTEXT service_id=264 ]
10-15 19:17:20.818: I/GmsDebugLogger(6011): [83] 1 [pay]
10-15 19:17:20.823: I/m.ayx(6011): Primes not initialized, returning default (no-op) Primes instance which will ignore all calls. Please call Primes.initialize(...) before using any Primes API.
10-15 19:17:20.831: I/NotificationService(605): Cannot find enqueued record for key: 0|com.google.android.apps.wellbeing|174344743|null|10097
10-15 19:17:20.869: W/ziparchive(6011): Unable to open '/data/user_de/0/com.google.android.gms/app_chimera/m/00000002/DynamiteLoader.dm': No such file or directory
10-15 19:17:20.873: W/Role(1112): Cannot get ApplicationInfo for default holder: com.google.android.odad
10-15 19:17:20.874: I/gle.android.gms(6011): Waiting for a blocking GC ClassLinker
10-15 19:17:20.893: I/.gms.persistent(1299): Background young concurrent copying GC freed 199952(9916KB) AllocSpace objects, 60(1832KB) LOS objects, 37% free, 17MB/27MB, paused 92us,48us total 609.901ms
10-15 19:17:20.908: I/gle.android.gms(6011): WaitForGcToComplete blocked ClassLinker on Background for 34.263ms
10-15 19:17:20.917: I/DynamiteModule(6011): Considering local module com.google.android.gms.googlecertificates:7 and remote module com.google.android.gms.googlecertificates:7
10-15 19:17:20.917: I/DynamiteModule(6011): Selected local version of com.google.android.gms.googlecertificates
10-15 19:17:20.942: I/TestSupport(6011): Activated: 1665730800000@1665886639880 [CONTEXT service_id=133 ]
10-15 19:17:20.942: I/TestSupport(6011): Boot time: 1665885528822 [CONTEXT service_id=133 ]
10-15 19:17:20.943: I/TestSupport(6011): Passing package and signature checks: com.google.android.gmscore.testing.testsupport [CONTEXT service_id=133 ]
10-15 19:17:20.943: W/ChimeraUtils(1299): Module com.google.android.gms.nearby_en has empty metadata display_name_string_id
10-15 19:17:20.955: I/TestSupport(6011): SetOverrideOperation: finsky.play_services_auto_update_enabled = false [CONTEXT service_id=133 ]
10-15 19:17:20.959: D/GservicesProvider(1483): Update with URI content://com.google.android.gsf.gservices/override
10-15 19:17:21.009: W/ChimeraUtils(1299): Module com.google.android.gms.nearby_en has empty metadata display_name_string_id
10-15 19:17:21.010: W/ChimeraUtils(1299): Module com.google.android.gms.nearby_en has empty metadata display_name_string_id
10-15 19:17:21.098: D/CompatibilityChangeReporter(6011): Compat change id reported: 150939131; UID 10108; state: ENABLED
10-15 19:17:21.101: D/CompatibilityChangeReporter(4402): Compat change id reported: 150939131; UID 10092; state: ENABLED
10-15 19:17:21.105: D/CompatibilityChangeReporter(6555): Compat change id reported: 150939131; UID 10108; state: ENABLED
10-15 19:17:21.107: I/GservicesProvider(1483): override update completed
10-15 19:17:21.116: W/CarrierServices(1765): [69] bhs.w: Unable to send diagnostic log
10-15 19:17:21.140: I/TestSupport(6011): GServices override confirmed: finsky.play_services_auto_update_enabled=false [CONTEXT service_id=133 ]
10-15 19:17:21.146: I/TestSupport(6011): SetOverrideOperation: finsky.setup_wizard_additional_account_vpa_enable = false [CONTEXT service_id=133 ]
10-15 19:17:21.147: I/system_server(605): Background concurrent copying GC freed 305310(13MB) AllocSpace objects, 12(352KB) LOS objects, 49% free, 22MB/45MB, paused 100us,82us total 1.156s
10-15 19:17:21.156: I/Backup(6011): [GmsBackupStatusChangeReceiver] Going to enable gms backup transport.
10-15 19:17:21.166: D/Backup(6011): [BackupTransportMigratorChimeraService] Migrating if not already migrated.
10-15 19:17:21.167: I/Backup(6011): [BackupTransportMigratorChimeraService] Starting migration...
10-15 19:17:21.168: D/Backup(6011): [BackupTransportMigratorChimeraService] Selecting GMS BackupTransportService.
10-15 19:17:21.180: D/GservicesProvider(1483): Update with URI content://com.google.android.gsf.gservices/override
10-15 19:17:21.197: W/ChimeraUtils(1299): Module com.google.android.gms.nearby_en has empty metadata display_name_string_id
10-15 19:17:21.200: D/CarrierServices(1765): log_saver already enabled
10-15 19:17:21.215: E/libprocessgroup(605): AddTidToCgroup failed to write '6011'; fd=397: Invalid argument
10-15 19:17:21.215: E/libprocessgroup(605): Failed to add task into cgroup
10-15 19:17:21.223: I/Auth(1299): [AuthManaged, PasswordComplexityHelperImpl] Updating password complexity components state.
10-15 19:17:21.223: I/Auth(1299): [AuthManaged, PasswordComplexityHelperImpl] Disabling com.google.android.gms.auth.managed.admin.DeviceAdminReceiver
10-15 19:17:21.223: I/Auth(1299): [AuthManaged, PasswordComplexityHelperImpl] Disabling com.google.android.gms.auth.managed.ui.SetNewPasswordActivity
10-15 19:17:21.229: I/Herrevad(1299): [499] aipu.a: updateListenState
10-15 19:17:21.240: I/BgTaskExecutorImpl(1886): Starting NONEXCLUSIVE background task UPDATE_GSERVICES_CONFIG.
10-15 19:17:21.245: I/A(1886): Updating Gservices keys
10-15 19:17:21.262: I/GmsModuleFndr(6011): Beginning GMS chimera module scan
10-15 19:17:21.267: I/CarrierServices(1765): [69] EventHubProxy.unsubscribe: Removing event listener 56442926 for category 8 for hub ENGINE
10-15 19:17:21.283: I/GservicesProvider(1483): override update completed
10-15 19:17:21.309: W/ChimeraUtils(1299): Module com.google.android.gms.nearby_en has empty metadata display_name_string_id
10-15 19:17:21.314: I/ModuleSetMgr(6011): Computing pending module set with APKs: [[AdsFdrDynamite.integ:221310604100000], [Cronetdynamite:221821190800], [Dynamiteloader:221821190000], [Dynamitemodulesa:221821190000], [Dynamitemodulesc:221821190000], [Googlecertificates:221821190000], [Mapsdynamite:221821190000], [Measurementdynamite:221821190000]]
10-15 19:17:21.321: I/CarrierServices(1765): [69] EventHubProxy.subscribe: Adding event listener cuz@862f678 for category 8 with key 140703352 for hub ENGINE
10-15 19:17:21.333: I/ModuleSetMgr(6011): Pending container module APKs: []
10-15 19:17:21.333: I/ModuleSetMgr(6011): Pending non-container module APKs: []
10-15 19:17:21.348: W/PackageParser(6011): Unknown element under <manifest>: queries at /data/user_de/0/com.google.android.gms/app_chimera/m/00000000/AdsDynamite.apk Binary XML file line #11
10-15 19:17:21.365: W/ChimeraUtils(1299): Module com.google.android.gms.nearby_en has empty metadata display_name_string_id
10-15 19:17:21.369: I/TestSupport(6011): GServices override confirmed: finsky.setup_wizard_additional_account_vpa_enable=false [CONTEXT service_id=133 ]
10-15 19:17:21.373: I/CarrierServices(1765): [69] cva.a: KEY_CONFIG_IMS_PACKAGE_OVERRIDE_STRING: com.google.android.ims
10-15 19:17:21.380: I/CarrierServices(1765): [2] RcsAutoStartReceiver.a: RcsAutoStartReceiver triggered. Fetching RCS State. Action: com.google.gservices.intent.action.GSERVICES_CHANGED
10-15 19:17:21.384: I/CarrierServices(1765): [2] RcsStateFetcher.bindService:94 Migration binding to RcsMigrationService
10-15 19:17:21.386: D/CompatibilityChangeReporter(605): Compat change id reported: 161252188; UID 10100; state: ENABLED
10-15 19:17:21.390: D/CompatibilityChangeReporter(605): Compat change id reported: 135634846; UID 10100; state: DISABLED
10-15 19:17:21.393: D/CompatibilityChangeReporter(605): Compat change id reported: 143937733; UID 10100; state: ENABLED
10-15 19:17:21.401: D/Zygote(355): Forked child process 6690
10-15 19:17:21.404: I/ActivityManager(605): Start proc 6690:com.google.android.apps.messaging/u0a100 for service {com.google.android.apps.messaging/com.google.android.apps.messaging.rcsmigration.RcsMigrationService}
10-15 19:17:21.408: D/CompatibilityChangeReporter(605): Compat change id reported: 135634846; UID 10094; state: DISABLED
10-15 19:17:21.410: D/CompatibilityChangeReporter(605): Compat change id reported: 177438394; UID 10094; state: DISABLED
10-15 19:17:21.411: D/CompatibilityChangeReporter(605): Compat change id reported: 135772972; UID 10094; state: DISABLED
10-15 19:17:21.413: D/CompatibilityChangeReporter(605): Compat change id reported: 135754954; UID 10094; state: ENABLED
10-15 19:17:21.416: D/CompatibilityChangeReporter(605): Compat change id reported: 143937733; UID 10094; state: ENABLED
10-15 19:17:21.418: I/TestSupport(6011): SetOverrideOperation: finsky.daily_hygiene_schedule_unauthenticated = false [CONTEXT service_id=133 ]
10-15 19:17:21.425: D/Zygote(355): Forked child process 6691
10-15 19:17:21.427: I/ActivityManager(605): Start proc 6691:com.google.android.partnersetup/u0a94 for broadcast {com.google.android.partnersetup/com.google.android.partnersetup.RlzPingBroadcastReceiver}
10-15 19:17:21.432: I/Zygote(6690): seccomp disabled by setenforce 0
10-15 19:17:21.437: I/Zygote(6691): seccomp disabled by setenforce 0
10-15 19:17:21.442: W/id.partnersetup(6691): Unexpected CPU variant for x86: x86_64.
10-15 19:17:21.442: W/id.partnersetup(6691): Known variants: atom, sandybridge, silvermont, kabylake, default
10-15 19:17:21.442: W/.apps.messaging(6690): Unexpected CPU variant for x86: x86_64.
10-15 19:17:21.442: W/.apps.messaging(6690): Known variants: atom, sandybridge, silvermont, kabylake, default
10-15 19:17:21.450: I/adbd(424): jdwp connection from 6690
10-15 19:17:21.455: W/JobScheduler(605): Job didn't exist in JobStore: 81501f6 #u0a107/-1000016 com.google.android.googlequicksearchbox/com.google.android.apps.gsa.tasks.BackgroundTasksJobService
10-15 19:17:21.457: I/adbd(424): jdwp connection from 6691
10-15 19:17:21.480: D/CompatibilityChangeReporter(605): Compat change id reported: 168419799; UID 10100; state: DISABLED
10-15 19:17:21.485: D/GservicesProvider(1483): Update with URI content://com.google.android.gsf.gservices/override
10-15 19:17:21.508: D/CompatibilityChangeReporter(6691): Compat change id reported: 171979766; UID 10094; state: ENABLED
10-15 19:17:21.514: D/CompatibilityChangeReporter(6690): Compat change id reported: 171979766; UID 10100; state: ENABLED
