10-15 19:18:43.541: D/SliceBroadcastRelay(7842): Unregistering uri broadcast relay: content://com.android.settings.slices/action/volume_slices
10-15 19:18:43.558: W/ctxmgr(8070): [PendingIntentCompat] Timed out delivering to pendingIntent=PendingIntent{1e86fb0: android.os.BinderProxy@650db70}, package=com.google.android.apps.wellbeing, permission=null [CONTEXT service_id=47 ]
10-15 19:18:43.597: D/SliceBuilder(7842): Creating slice for: com.android.settings.deviceinfo.firmwareversion.FirmwareVersionDetailPreferenceController
10-15 19:18:43.607: D/SliceBuilder(7842): Creating slice for: com.android.settings.display.SmartAutoRotatePreferenceController
10-15 19:18:43.620: W/ctxmgr(8070): [WorkManager] Long workInfo: pkg=com.google.android.gms, lbl=DispatcherDeliver, start=2022-10-15 19:18:38.349-0700, stop=2022-10-15 19:18:43.577-0700, durtn=5228ms [CONTEXT service_id=47 ]
10-15 19:18:43.641: W/ctxmgr(8070): [NetworkStateProducer] No state change for network connection context [CONTEXT service_id=47 ]
10-15 19:18:43.646: D/SliceBuilder(7842): Creating slice for: com.android.settings.accessibility.MagnificationGesturesPreferenceController
10-15 19:18:43.652: W/s.youtube.music(8704): Suspending all threads took: 6.592ms
10-15 19:18:43.680: D/CompatibilityChangeReporter(7842): Compat change id reported: 186082280; UID 1000; state: ENABLED
10-15 19:18:43.683: I/WifiService(605): startScan uid=1000
10-15 19:18:43.725: E/GCoreUlr(8070): Create new device tag of -177285066 without device reboot
10-15 19:18:43.728: D/BoundBrokerSvc(8076): onUnbind: Intent { act=com.google.android.gms.checkin.START pkg=com.google.android.gms }
10-15 19:18:43.762: I/Bugle(6690): BroadcastReceiverAsyncWorkTracker: Acknowledging broadcast of amni@cb50988
10-15 19:18:43.767: I/PermissionControllerServiceImpl(8445): Updating user sensitive for uid 10121
10-15 19:18:43.771: I/Telecom(605): DefaultDialerCache: Refreshing default dialer for user 0: now com.google.android.dialer: DDC.oR@AUw
10-15 19:18:43.781: I/Telecom(605): DefaultDialerCache: Refreshing default dialer for user 0: now com.google.android.dialer: DDC.oR@AU0
10-15 19:18:43.783: I/PermissionControllerServiceImpl(8445): Updating user sensitive for uid 10108
10-15 19:18:43.790: I/RoleService(605): Granting default roles...
10-15 19:18:43.797: I/Bugle(6690): BroadcastReceiverAsyncWorkTracker: Acknowledging broadcast of amni@cb50988
10-15 19:18:43.803: D/CarrierSvcBindHelper(1038): onPackageModified: com.google.android.apps.docs
10-15 19:18:43.805: D/CarrierSvcBindHelper(1038): No carrier app for: 0
10-15 19:18:43.845: E/SyncManager(605): Couldn't find backoff values for Account {name=@@xxxxxxxxxxxxxxxxxxxxxxxxx@@, type=com.google}/com.google.android.location.reporting:u0
10-15 19:18:43.855: W/Role(8445): Cannot get ApplicationInfo for default holder: com.google.android.contacts
10-15 19:18:43.862: I/PeopleGalProvider(8076): Gal directories started.
10-15 19:18:43.879: I/Icing(8076): Usage reports ok 0, Failed Usage reports 0, indexed 0, rejected 0
10-15 19:18:43.881: W/ScanResultUtil(605): Empty or null ScanResult list
10-15 19:18:43.881: W/WifiService(605): Attempt to retrieve WifiConfiguration with invalid scanResult List
10-15 19:18:43.893: I/PeopleGalProvider(8076): Method 1 completed.
10-15 19:18:43.893: I/PeopleGalProvider(8076): Method 1 finished successfully.
10-15 19:18:43.897: W/ScanResultUtil(605): Empty or null ScanResult list
10-15 19:18:43.897: E/WifiService(605): Attempt to retrieve passpoint with invalid scanResult List
10-15 19:18:43.901: W/ScanResultUtil(605): Empty or null ScanResult list
10-15 19:18:43.901: W/WifiService(605): Attempt to retrieve OsuProviders with invalid scanResult List
10-15 19:18:43.902: I/GmsCoreXrpcWrapper(8076): Returning a channel provider with trafficStatsTag=12803 trafficStatsUid=-1
10-15 19:18:43.927: W/Role(8445): Default holder doesn't have required signing certificate: com.google.android.apps.work.clouddpc:23962F4B43B9857638EA66F4D419518EAE282491ACDA4B94707BD59003C45E58
10-15 19:18:43.990: I/InputReader(605): Reconfiguring input devices, changes=KEYBOARD_LAYOUTS | 
10-15 19:18:44.023: D/CarrierSvcBindHelper(1038): onPackageModified: com.google.android.gms
10-15 19:18:44.024: D/CarrierSvcBindHelper(1038): No carrier app for: 0
10-15 19:18:44.024: D/ImsResolver(1038): maybeAddedImsService, packageName: com.google.android.apps.docs
10-15 19:18:44.060: D/ImsResolver(1038): maybeAddedImsService, packageName: com.google.android.gms
10-15 19:18:44.063: I/Icing(8076): Usage reports ok 0, Failed Usage reports 0, indexed 0, rejected 0
10-15 19:18:44.067: W/SearchServiceCore(1886): Abort, client detached.
10-15 19:18:44.067: W/SearchServiceCore(1886): Abort, client detached.
10-15 19:18:44.067: W/SearchServiceCore(1886): Abort, client detached.
10-15 19:18:44.067: W/SearchServiceCore(1886): Abort, client detached.
10-15 19:18:44.071: D/EGL_emulation(7358): app_time_stats: avg=1023.92ms min=1023.92ms max=1023.92ms count=1
10-15 19:18:44.089: I/GmsCoreXrpcWrapper(8076): Returning a channel provider with trafficStatsTag=12803 trafficStatsUid=-1
10-15 19:18:44.139: W/JobScheduler(605): Job didn't exist in JobStore: 4720998 #u0a107/-121 com.google.android.googlequicksearchbox/com.google.android.apps.gsa.tasks.BackgroundTasksJobService
10-15 19:18:44.142: I/BgTaskExecutorImpl(1886): Starting EXCLUSIVE background task CHIME_REGISTRATION.
10-15 19:18:44.160: I/Fitness(8070): OnPackageChangedOperation got intent: Intent { act=android.intent.action.PACKAGE_CHANGED dat=package: flg=0x45000010 pkg=com.google.android.gms cmp=com.google.android.gms/.chimera.PersistentIntentOperationService (has extras) } [CONTEXT service_id=17 ]
10-15 19:18:44.228: I/Icing(8076): Usage reports ok 0, Failed Usage reports 0, indexed 0, rejected 0
10-15 19:18:44.251: I/.gms.persistent(8070): Compiler allocated 5997KB to compile void baor.F(java.util.Set, java.util.List, int, java.lang.String, boolean, csxt, baoq, java.util.LinkedHashMap, cfhg, boolean)
10-15 19:18:44.288: I/MdiSyncModule(8076): Receiving API connection from package 'com.google.android.apps.maps'...
10-15 19:18:44.295: W/Role(8445): Cannot get ApplicationInfo for default holder: com.google.android.odad
10-15 19:18:44.304: W/.gms.persistent(8070): Long monitor contention with owner netscheduler-queue-handler (8300) at void bddm.o(int)(:com.google.android.gms@221821047@22.18.21 (190800-453244992):4) waiters=0 in int bddm.r(bdad) for 1.099s
10-15 19:18:44.376: D/AppWidgetServiceImpl(605): Provider info from ComponentInfo{com.google.android.apps.docs/com.google.android.apps.docs.drive.widget.suggestion.SuggestionAppWidgetProvider} won't be persisted.
10-15 19:18:44.376: D/AppWidgetServiceImpl(605): Provider info from ComponentInfo{com.google.android.apps.docs/com.google.android.apps.docs.drive.widget.CakemixAppWidgetProvider} won't be persisted.
10-15 19:18:44.387: I/MdiSyncModule(8076): API connection successful!
10-15 19:18:44.392: I/FacsCacheGmsModule(8076): Operation 'SyncActivityControlsSettingsInternalOperation' successful!
10-15 19:18:44.411: E/SyncManager(605): SYNC_OP_STATE_INVALID: account doesn't exist.
10-15 19:18:44.469: I/FacsCacheGmsModule(8070): Operation 'GetActivityControlsSettingsOperation' successful!
10-15 19:18:44.494: E/system_server(605): No package ID 7f found for ID 0x7f080273.
10-15 19:18:44.494: E/system_server(605): No package ID 7f found for ID 0x7f130533.
10-15 19:18:44.494: E/system_server(605): No package ID 7f found for ID 0x7f130533.
10-15 19:18:44.494: E/system_server(605): No package ID 7f found for ID 0x7f08026f.
10-15 19:18:44.494: E/system_server(605): No package ID 7f found for ID 0x7f130531.
10-15 19:18:44.494: E/system_server(605): No package ID 7f found for ID 0x7f130531.
10-15 19:18:44.494: E/system_server(605): No package ID 7f found for ID 0x7f080271.
10-15 19:18:44.494: E/system_server(605): No package ID 7f found for ID 0x7f130532.
10-15 19:18:44.494: E/system_server(605): No package ID 7f found for ID 0x7f130532.
10-15 19:18:44.494: W/ShortcutService(605): Invalid tag 'capability' found at depth 2
10-15 19:18:44.494: E/ShortcutService(605): Ignoring excessive intent tag.
10-15 19:18:44.494: W/ShortcutService(605): Invalid tag 'parameter' found at depth 4
10-15 19:18:44.494: W/ShortcutService(605): Invalid tag 'capability' found at depth 2
10-15 19:18:44.494: W/ShortcutService(605): Invalid tag 'slice' found at depth 3
10-15 19:18:44.494: W/ShortcutService(605): Invalid tag 'url-template' found at depth 4
10-15 19:18:44.538: I/Fitness(8070): FitCleanupIntentOperation received Intent android.intent.action.PACKAGE_CHANGED [CONTEXT service_id=17 ]
10-15 19:18:44.549: I/FacsCacheGmsModule(8070): Received 'getActivityControlsSettings' request from package 'com.google.android.gms', instance id 'gmscoreinmemoryfacscache_nearby_sharing', version '1'...
10-15 19:18:44.553: I/FacsCacheGmsModule(8070): Operation 'getActivityControlsSettings' dispatched!
10-15 19:18:44.556: D/BoundBrokerSvc(8076): onUnbind: Intent { act=com.google.android.gms.people.service.START dat=chimera-action: cmp=com.google.android.gms/.chimera.GmsBoundBrokerService }
10-15 19:18:44.577: E/szi(7314): Exception inside job [OnAccountsUpdated].
10-15 19:18:44.577: E/szi(7314): java.lang.IllegalStateException: Cannot invoke observeForever on a background thread
10-15 19:18:44.577: E/szi(7314): 	at amz.b(Unknown Source:35)
10-15 19:18:44.577: E/szi(7314): 	at amz.e(PG:1)
10-15 19:18:44.577: E/szi(7314): 	at ebr.<init>(PG:2)
10-15 19:18:44.577: E/szi(7314): 	at dbe.s(Unknown Source:2)
10-15 19:18:44.577: E/szi(7314): 	at jis.c(PG:43)
10-15 19:18:44.577: E/szi(7314): 	at jis.sv(PG:230)
10-15 19:18:44.577: E/szi(7314): 	at apeg.sv(PG:1)
10-15 19:18:44.577: E/szi(7314): 	at jis.c(PG:48)
10-15 19:18:44.577: E/szi(7314): 	at jis.sv(PG:230)
10-15 19:18:44.577: E/szi(7314): 	at apeg.sv(PG:1)
10-15 19:18:44.577: E/szi(7314): 	at jis.b(PG:220)
10-15 19:18:44.577: E/szi(7314): 	at jis.sv(PG:231)
10-15 19:18:44.577: E/szi(7314): 	at apeg.sv(PG:1)
10-15 19:18:44.577: E/szi(7314): 	at tae.invokeSuspend(PG:3)
10-15 19:18:44.577: E/szi(7314): 	at aqms.resumeWith(PG:5)
10-15 19:18:44.577: E/szi(7314): 	at aqsn.run(PG:8)
10-15 19:18:44.577: E/szi(7314): 	at rqu.run(PG:4)
10-15 19:18:44.577: E/szi(7314): 	at java.util.concurrent.ThreadPoolExecutor.runWorker(ThreadPoolExecutor.java:1137)
10-15 19:18:44.577: E/szi(7314): 	at java.util.concurrent.ThreadPoolExecutor$Worker.run(ThreadPoolExecutor.java:637)
10-15 19:18:44.577: E/szi(7314): 	at qhb.run(PG:26)
10-15 19:18:44.577: E/szi(7314): 	at kcf.run(PG:25)
10-15 19:18:44.577: E/szi(7314): 	at java.lang.Thread.run(Thread.java:1012)
10-15 19:18:44.577: E/szi(7314): Permanent failure with job [OnAccountsUpdated] on attempt 1, giving up.
10-15 19:18:44.602: W/ChimeraUtils(8070): Module com.google.android.gms.nearby_en has empty metadata display_name_string_id
10-15 19:18:44.625: I/FacsCacheGmsModule(8070): Executing operation 'GetActivityControlsSettingsOperation'...
10-15 19:18:44.644: I/NearbySharing(8070): Failed to log test code 11, due to missing upload account name. [CONTEXT service_id=194 ]
10-15 19:18:44.662: I/Fitness(8070): OnPackageChangedOperation got intent: Intent { act=android.intent.action.PACKAGE_CHANGED dat=package: flg=0x45000010 pkg=com.google.android.gms cmp=com.google.android.gms/.chimera.PersistentIntentOperationService (has extras) } [CONTEXT service_id=17 ]
10-15 19:18:44.689: I/GmsCoreXrpcWrapper(8076): Returning a channel provider with trafficStatsTag=12803 trafficStatsUid=-1
10-15 19:18:44.694: W/ChimeraUtils(8070): Module com.google.android.gms.nearby_en has empty metadata display_name_string_id
10-15 19:18:44.714: I/GnpSdk(1886): [ChimeBroadcastReceiver] Intent received for action [android.accounts.LOGIN_ACCOUNTS_CHANGED] package [com.google.android.googlequicksearchbox].
10-15 19:18:44.714: I/GnpSdk(1886): [ChimeBroadcastReceiver] Phenotype initialized.
10-15 19:18:44.715: I/GnpSdk(1886): [ChimeBroadcastReceiver] Validation OK for action [android.accounts.LOGIN_ACCOUNTS_CHANGED].
10-15 19:18:44.715: I/GnpSdk(1886): [ChimeExecutorApiImpl-Tiktok] Submitting Broadcast execution [174951656] to tiktok executor.
10-15 19:18:44.719: I/GnpSdk(1886): [ChimeBroadcastReceiver] Executing action in BroadcastReceiver [android.accounts.LOGIN_ACCOUNTS_CHANGED].
10-15 19:18:44.729: I/PmtsSwAccountIntentOp(8076): Processing intent action=android.accounts.LOGIN_ACCOUNTS_CHANGED
10-15 19:18:44.733: I/PmtsSwAccountIntentOp(8076): Account added has already been processed
10-15 19:18:44.751: V/Backup(8076): [AccountChangedIO] Received intent, action = android.accounts.LOGIN_ACCOUNTS_CHANGED
10-15 19:18:44.751: I/GnpSdk(1886): [ChimeExecutorApiImpl-Tiktok] Finished Broadcast execution [174951656].
10-15 19:18:44.765: I/RoleService(605): Granting default roles...
10-15 19:18:44.797: E/Backup(8076): [LegacyBackupAccountManager] Fail to get legacy transport context.
10-15 19:18:44.797: E/Backup(8076): android.content.pm.PackageManager$NameNotFoundException: Application package com.google.android.backup not found
10-15 19:18:44.797: E/Backup(8076): 	at android.app.ContextImpl.createPackageContextAsUser(ContextImpl.java:2587)
10-15 19:18:44.797: E/Backup(8076): 	at android.app.ContextImpl.createPackageContext(ContextImpl.java:2552)
10-15 19:18:44.797: E/Backup(8076): 	at android.content.ContextWrapper.createPackageContext(ContextWrapper.java:1048)
10-15 19:18:44.797: E/Backup(8076): 	at qxk.<init>(:com.google.android.gms@221821047@22.18.21 (190800-453244992):2)
10-15 19:18:44.797: E/Backup(8076): 	at qxg.a(:com.google.android.gms@221821047@22.18.21 (190800-453244992):16)
10-15 19:18:44.797: E/Backup(8076): 	at qum.a(:com.google.android.gms@221821047@22.18.21 (190800-453244992):0)
10-15 19:18:44.797: E/Backup(8076): 	at quo.d(:com.google.android.gms@221821047@22.18.21 (190800-453244992):4)
10-15 19:18:44.797: E/Backup(8076): 	at quo.a(:com.google.android.gms@221821047@22.18.21 (190800-453244992):0)
10-15 19:18:44.797: E/Backup(8076): 	at com.google.android.gms.backup.transport.AccountChangedIntentOperation.a(:com.google.android.gms@221821047@22.18.21 (190800-453244992):11)
10-15 19:18:44.797: E/Backup(8076): 	at qyl.onHandleIntent(:com.google.android.gms@221821047@22.18.21 (190800-453244992):2)
10-15 19:18:44.797: E/Backup(8076): 	at com.google.android.chimera.IntentOperation.onHandleIntent(:com.google.android.gms@221821047@22.18.21 (190800-453244992):2)
10-15 19:18:44.797: E/Backup(8076): 	at uim.onHandleIntent(:com.google.android.gms@221821047@22.18.21 (190800-453244992):4)
10-15 19:18:44.797: E/Backup(8076): 	at ewd.run(:com.google.android.gms@221821047@22.18.21 (190800-453244992):3)
10-15 19:18:44.797: E/Backup(8076): 	at ewc.run(:com.google.android.gms@221821047@22.18.21 (190800-453244992):11)
10-15 19:18:44.797: E/Backup(8076): 	at cdgo.run(:com.google.android.gms@221821047@22.18.21 (190800-453244992):2)
10-15 19:18:44.797: E/Backup(8076): 	at java.util.concurrent.ThreadPoolExecutor.runWorker(ThreadPoolExecutor.java:1137)
10-15 19:18:44.797: E/Backup(8076): 	at java.util.concurrent.ThreadPoolExecutor$Worker.run(ThreadPoolExecutor.java:637)
10-15 19:18:44.797: E/Backup(8076): 	at java.lang.Thread.run(Thread.java:1012)
10-15 19:18:44.816: W/System(9030): A resource failed to call AbstractCursor.close. 
10-15 19:18:44.845: I/Fitness(8070): FitCleanupIntentOperation received Intent android.intent.action.PACKAGE_CHANGED [CONTEXT service_id=17 ]
10-15 19:18:44.847: I/baog(8070): Scheduling Phenotype for a PhenotypeSyncImmediately(5, null) one off with window [1, 2] in seconds [CONTEXT service_id=51 ]
10-15 19:18:44.854: E/Backup(8076): [LegacyBackupAccountManager] Fail to get legacy transport context.
10-15 19:18:44.854: E/Backup(8076): android.content.pm.PackageManager$NameNotFoundException: Application package com.google.android.backup not found
10-15 19:18:44.854: E/Backup(8076): 	at android.app.ContextImpl.createPackageContextAsUser(ContextImpl.java:2587)
10-15 19:18:44.854: E/Backup(8076): 	at android.app.ContextImpl.createPackageContext(ContextImpl.java:2552)
10-15 19:18:44.854: E/Backup(8076): 	at android.content.ContextWrapper.createPackageContext(ContextWrapper.java:1048)
10-15 19:18:44.854: E/Backup(8076): 	at qxk.<init>(:com.google.android.gms@221821047@22.18.21 (190800-453244992):2)
10-15 19:18:44.854: E/Backup(8076): 	at qxg.a(:com.google.android.gms@221821047@22.18.21 (190800-453244992):16)
10-15 19:18:44.854: E/Backup(8076): 	at qum.a(:com.google.android.gms@221821047@22.18.21 (190800-453244992):0)
10-15 19:18:44.854: E/Backup(8076): 	at quo.d(:com.google.android.gms@221821047@22.18.21 (190800-453244992):4)
10-15 19:18:44.854: E/Backup(8076): 	at quo.a(:com.google.android.gms@221821047@22.18.21 (190800-453244992):0)
10-15 19:18:44.854: E/Backup(8076): 	at sie.c(:com.google.android.gms@221821047@22.18.21 (190800-453244992):1)
10-15 19:18:44.854: E/Backup(8076): 	at qya.g(:com.google.android.gms@221821047@22.18.21 (190800-453244992):2)
10-15 19:18:44.854: E/Backup(8076): 	at com.google.android.gms.backup.transport.AccountChangedIntentOperation.a(:com.google.android.gms@221821047@22.18.21 (190800-453244992):14)
10-15 19:18:44.854: E/Backup(8076): 	at qyl.onHandleIntent(:com.google.android.gms@221821047@22.18.21 (190800-453244992):2)
10-15 19:18:44.854: E/Backup(8076): 	at com.google.android.chimera.IntentOperation.onHandleIntent(:com.google.android.gms@221821047@22.18.21 (190800-453244992):2)
10-15 19:18:44.854: E/Backup(8076): 	at uim.onHandleIntent(:com.google.android.gms@221821047@22.18.21 (190800-453244992):4)
10-15 19:18:44.854: E/Backup(8076): 	at ewd.run(:com.google.android.gms@221821047@22.18.21 (190800-453244992):3)
10-15 19:18:44.854: E/Backup(8076): 	at ewc.run(:com.google.android.gms@221821047@22.18.21 (190800-453244992):11)
10-15 19:18:44.854: E/Backup(8076): 	at cdgo.run(:com.google.android.gms@221821047@22.18.21 (190800-453244992):2)
10-15 19:18:44.854: E/Backup(8076): 	at java.util.concurrent.ThreadPoolExecutor.runWorker(ThreadPoolExecutor.java:1137)
10-15 19:18:44.854: E/Backup(8076): 	at java.util.concurrent.ThreadPoolExecutor$Worker.run(ThreadPoolExecutor.java:637)
10-15 19:18:44.854: E/Backup(8076): 	at java.lang.Thread.run(Thread.java:1012)
10-15 19:18:44.854: W/ChimeraUtils(8070): Module com.google.android.gms.nearby_en has empty metadata display_name_string_id
10-15 19:18:44.863: V/Backup(8076): [AccountChangedIO] currentDestinationString: Account {name=7KDDC2NOC5PSJIMXYMRPD6Z44Y-00@cloudtestlabaccounts.com, type=com.google}
10-15 19:18:44.868: W/ChimeraUtils(8070): Module com.google.android.gms.tapandpay has empty metadata display_name_string_id
10-15 19:18:44.871: W/.gms.persistent(8070): Long monitor contention with owner netscheduler-queue-handler (8300) at void bddm.o(int)(:com.google.android.gms@221821047@22.18.21 (190800-453244992):4) waiters=0 in int bddm.r(bdad) for 221ms
10-15 19:18:44.886: I/DynamiteModule(8070): Considering local module com.google.android.gms.cronet_dynamite:0 and remote module com.google.android.gms.cronet_dynamite:1411
10-15 19:18:44.886: I/DynamiteModule(8070): Selected remote version of com.google.android.gms.cronet_dynamite, version >= 1411
10-15 19:18:44.901: W/ziparchive(8070): Unable to open '/data/user_de/0/com.google.android.gms/app_chimera/m/00000001/CronetDynamite.dm': No such file or directory
10-15 19:18:44.912: I/FacsCacheGmsModule(8070): Operation 'GetActivityControlsSettingsOperation' successful!
10-15 19:18:44.955: I/.gms.persistent(8070): Waiting for a blocking GC ClassLinker
10-15 19:18:44.982: I/Icing(8076): Usage reports ok 0, Failed Usage reports 0, indexed 0, rejected 0
10-15 19:18:45.004: I/Icing(8076): Indexing com.google.android.gms-postals_data_id from com.google.android.gms
10-15 19:18:45.053: I/NetworkScheduler.Stats(8070): Task com.google.android.gms/com.google.android.gms.tapandpay.gcmtask.TapAndPayGcmTaskService started execution. cause:5 exec_start_elapsed_seconds: 1195 [CONTEXT service_id=218 ]
10-15 19:18:45.147: W/Role(8445): Cannot get ApplicationInfo for default holder: com.google.android.contacts
10-15 19:18:45.163: W/Role(8445): Default holder doesn't have required signing certificate: com.google.android.apps.work.clouddpc:23962F4B43B9857638EA66F4D419518EAE282491ACDA4B94707BD59003C45E58
10-15 19:18:45.210: I/NetworkScheduler.Stats(8070): Task com.google.android.gms/com.google.android.gms.tapandpay.gcmtask.TapAndPayGcmTaskService finished executing. cause:5 result: 1 elapsed_millis: 641 uptime_millis: 641 exec_start_elapsed_seconds: 1195 [CONTEXT service_id=218 ]
10-15 19:18:45.233: D/SliceBroadcastRelay(7842): Unregistering uri broadcast relay: content://com.android.settings.slices/action/mobile_data
10-15 19:18:45.238: D/SettingsSliceProvider(7842): Stopping background worker for: content://com.android.settings.slices/action/mobile_data
10-15 19:18:45.263: W/Role(8445): Cannot get ApplicationInfo for default holder: com.google.android.odad
10-15 19:18:45.308: D/WifiCallingSliceHelper(7842): Wifi calling is either not provisioned or not enabled by Platform
10-15 19:18:45.326: I/Icing(8076): Indexing done com.google.android.gms-postals_data_id
10-15 19:18:45.335: D/SliceBroadcastRelay(7842): Unregistering uri broadcast relay: content://com.android.settings.slices/action/zen_mode_toggle
10-15 19:18:45.351: D/SliceBuilder(7842): Creating slice for: com.android.settings.fuelgauge.batterysaver.BatterySaverButtonPreferenceController
10-15 19:18:45.367: I/Icing(8076): Indexing com.google.android.gms-contacts_contact_id from com.google.android.gms
10-15 19:18:45.370: D/SliceBuilder(7842): Creating slice for: com.android.settings.network.AirplaneModePreferenceController
10-15 19:18:45.385: I/Icing(8076): Indexing done com.google.android.gms-contacts_contact_id
10-15 19:18:45.392: I/.gms.persistent(8070): Background concurrent copying GC freed 364996(17MB) AllocSpace objects, 25(680KB) LOS objects, 49% free, 15MB/30MB, paused 73.587ms,68us total 2.798s
10-15 19:18:45.395: I/.gms.persistent(8070): WaitForGcToComplete blocked ClassLinker on HeapTrim for 439.651ms
10-15 19:18:45.437: D/SliceBroadcastRelay(7842): Unregistering uri broadcast relay: content://android.settings.slices/action/bluetooth
10-15 19:18:45.455: I/Icing(8076): Indexing com.google.android.gms-emails_data_id from com.google.android.gms
10-15 19:18:45.475: I/Icing(8076): Indexing done com.google.android.gms-emails_data_id
10-15 19:18:45.479: I/Icing(8076): Indexing com.google.android.gms-apps from com.google.android.gms
10-15 19:18:45.486: W/DynamiteModule(9030): Local module descriptor class for com.google.android.gms.providerinstaller.dynamite not found.
10-15 19:18:45.515: D/WifiSlice(7842): calling uid name : com.google.android.settings.intelligence
10-15 19:18:45.529: D/SettingsSliceProvider(7842): Stopping background worker for: content://android.settings.slices/action/wifi
10-15 19:18:45.617: W/GameServiceProviderSelector(605): No available game service found for user id: 0
10-15 19:18:45.658: W/.gms.persistent(8070): Long monitor contention with owner highpool[0] (8184) at android.content.Context etb.f(android.content.Context, eya, eyb, java.lang.String)(:com.google.android.gms@221821047@22.18.21 (190800-453244992):10) waiters=0 in eya etb.l(esu) for 740ms
10-15 19:18:45.666: W/.gms.persistent(8070): Long monitor contention with owner highpool[0] (8184) at android.content.Context etb.f(android.content.Context, eya, eyb, java.lang.String)(:com.google.android.gms@221821047@22.18.21 (190800-453244992):10) waiters=2 in eya etb.l(esu) for 702ms
10-15 19:18:45.670: W/ProviderHelper(8070): Unknown dynamite feature providerinstaller.dynamite
10-15 19:18:45.678: I/Auth(8076): [SupervisedAccountIntentOperation] onHandleIntent(): com.google.android.gms.auth.ACCOUNT_SERVICES_CHANGED
10-15 19:18:45.696: I/GsaVoiceInteractionSrv(1602): Handling ACTION_STOP_HOTWORD
10-15 19:18:45.702: D/CompatibilityChangeReporter(605): Compat change id reported: 161252188; UID 10130; state: ENABLED
10-15 19:18:45.703: W/BroadcastQueue(605): Background execution not allowed: receiving Intent { act=android.intent.action.DROPBOX_ENTRY_ADDED flg=0x10 (has extras) } to com.google.android.gms/.stats.service.DropBoxEntryAddedReceiver
10-15 19:18:45.708: W/.gms.persistent(8070): Long monitor contention with owner highpool[0] (8184) at android.content.Context etb.f(android.content.Context, eya, eyb, java.lang.String)(:com.google.android.gms@221821047@22.18.21 (190800-453244992):10) waiters=1 in eya etb.l(esu) for 754ms
10-15 19:18:45.712: W/BroadcastQueue(605): Background execution not allowed: receiving Intent { act=android.intent.action.DROPBOX_ENTRY_ADDED flg=0x10 (has extras) } to com.google.android.gms/.chimera.GmsIntentOperationService$PersistentTrustedReceiver
10-15 19:18:45.722: I/BugleRcsProvisioning(6690): RcsProvisioningEventReceiver: Received ProvisioningEvent: Send Provisioning Session ID
10-15 19:18:45.724: I/Bugle(6690): BroadcastReceiverAsyncWorkTracker: Acknowledging broadcast of com.google.android.apps.messaging.shared.receiver.RcsProvisioningEventReceiver@f87338
10-15 19:18:45.742: E/HwDetectorWithState(1602): a: 3
10-15 19:18:45.751: I/BugleRcsProvisioning(6690): RcsProvisioningEventReceiver: Received ProvisioningEvent: Availability updated
10-15 19:18:45.751: I/BugleRcsProvisioning(6690): RcsProvisioningEventReceiver: Bugle receives rcs availability update to: 10
10-15 19:18:45.755: W/ProviderInstaller(9030): Failed to load providerinstaller module: No acceptable module com.google.android.gms.providerinstaller.dynamite found. Local version is 0 and remote version is 0.
10-15 19:18:45.769: W/BugleRcsEngine(6690): [93] axht.b: [SR]: Single Registration is disabled. Skipping Single Registration capability check for subId: 1
10-15 19:18:45.770: E/TraceManager(6690): Duplicate trace
10-15 19:18:45.770: E/TraceManager(6690): bnol: Starting new trace SharedStorageProvider#call when already associated with a trace. For more help, see http://go/tiktok-tracing#fixing-duplicate-trace-issues
10-15 19:18:45.770: E/TraceManager(6690): 	at bnrz.g(PG:6)
10-15 19:18:45.770: E/TraceManager(6690): 	at bnrz.c(PG:2)
10-15 19:18:45.770: E/TraceManager(6690): 	at bnrz.b(PG:2)
10-15 19:18:45.770: E/TraceManager(6690): 	at bnrm.j(PG:1)
10-15 19:18:45.770: E/TraceManager(6690): 	at abvj.call(PG:7)
10-15 19:18:45.770: E/TraceManager(6690): 	at android.content.ContentProvider.call(ContentProvider.java:2511)
10-15 19:18:45.770: E/TraceManager(6690): 	at abtx.call(PG:2)
10-15 19:18:45.770: E/TraceManager(6690): 	at android.content.ContentProvider$Transport.call(ContentProvider.java:525)
10-15 19:18:45.770: E/TraceManager(6690): 	at android.content.ContentResolver.call(ContentResolver.java:2450)
10-15 19:18:45.770: E/TraceManager(6690): 	at android.content.ContentResolver.call(ContentResolver.java:2430)
10-15 19:18:45.770: E/TraceManager(6690): 	at aylq.h(PG:9)
10-15 19:18:45.770: E/TraceManager(6690): 	at aylq.k(PG:3)
10-15 19:18:45.770: E/TraceManager(6690): 	at aylo.b(PG:1)
10-15 19:18:45.770: E/TraceManager(6690): 	at axrs.d(PG:2)
10-15 19:18:45.770: E/TraceManager(6690): 	at axrs.E(PG:1)
10-15 19:18:45.770: E/TraceManager(6690): 	at agsj.j(PG:25)
10-15 19:18:45.770: E/TraceManager(6690): 	at agsj.i(PG:1)
10-15 19:18:45.770: E/TraceManager(6690): 	at agsj.e(PG:1)
10-15 19:18:45.770: E/TraceManager(6690): 	at agtv.l(PG:1)
10-15 19:18:45.770: E/TraceManager(6690): 	at com.google.android.apps.messaging.shared.receiver.RcsProvisioningEventReceiver.m(PG:37)
10-15 19:18:45.770: E/TraceManager(6690): 	at com.google.android.apps.messaging.shared.receiver.RcsProvisioningEventReceiver.f(PG:1)
10-15 19:18:45.770: E/TraceManager(6690): 	at aiem.run(Unknown Source:6)
10-15 19:18:45.770: E/TraceManager(6690): 	at bnsk.run(PG:2)
10-15 19:18:45.770: E/TraceManager(6690): 	at java.util.concurrent.Executors$RunnableAdapter.call(Executors.java:463)
10-15 19:18:45.770: E/TraceManager(6690): 	at bsej.a(PG:1)
10-15 19:18:45.770: E/TraceManager(6690): 	at bsdl.run(PG:4)
10-15 19:18:45.770: E/TraceManager(6690): 	at bsek.run(PG:1)
10-15 19:18:45.770: E/TraceManager(6690): 	at bcfr.run(PG:1)
10-15 19:18:45.770: E/TraceManager(6690): 	at java.util.concurrent.ThreadPoolExecutor.runWorker(ThreadPoolExecutor.java:1137)
10-15 19:18:45.770: E/TraceManager(6690): 	at java.util.concurrent.ThreadPoolExecutor$Worker.run(ThreadPoolExecutor.java:637)
10-15 19:18:45.770: E/TraceManager(6690): 	at bcev.run(PG:2)
10-15 19:18:45.770: E/TraceManager(6690): 	at bcfd.run(PG:4)
10-15 19:18:45.770: E/TraceManager(6690): 	at java.lang.Thread.run(Thread.java:1012)
10-15 19:18:45.770: E/TraceManager(6690): 	Suppressed: bntd: 
10-15 19:18:45.770: E/TraceManager(6690): 		at tk_trace.ReceiverDoInBackground(Unknown Source:0)
10-15 19:18:45.770: E/TraceManager(6690): 		at tk_trace.RcsProvisioningEventReceiver Receive broadcast(Unknown Source:0)
10-15 19:18:45.776: I/BugleRcsEngine(6690): [93] axrs.d: No RCS Configuration was found in Bugle for simID: redacted-pii:sim_id[chars:20]
10-15 19:18:45.777: I/BugleRcsProvisioning(6690): RcsAvailabilityUpdaterLocal: [SR]: SingleRegistration configuration, singleRegistrationRcsConfigAvailableAndEnabled: false, simId: redacted-pii:sim_id[chars:20]
10-15 19:18:45.782: E/TraceManager(6690): Duplicate trace
10-15 19:18:45.782: E/TraceManager(6690): bnol: Starting new trace SharedStorageProvider#call when already associated with a trace. For more help, see http://go/tiktok-tracing#fixing-duplicate-trace-issues
10-15 19:18:45.782: E/TraceManager(6690): 	at bnrz.g(PG:6)
10-15 19:18:45.782: E/TraceManager(6690): 	at bnrz.c(PG:2)
10-15 19:18:45.782: E/TraceManager(6690): 	at bnrz.b(PG:2)
10-15 19:18:45.782: E/TraceManager(6690): 	at bnrm.j(PG:1)
10-15 19:18:45.782: E/TraceManager(6690): 	at abvj.call(PG:7)
10-15 19:18:45.782: E/TraceManager(6690): 	at android.content.ContentProvider.call(ContentProvider.java:2511)
10-15 19:18:45.782: E/TraceManager(6690): 	at abtx.call(PG:2)
10-15 19:18:45.782: E/TraceManager(6690): 	at android.content.ContentProvider$Transport.call(ContentProvider.java:525)
10-15 19:18:45.782: E/TraceManager(6690): 	at android.content.ContentResolver.call(ContentResolver.java:2450)
10-15 19:18:45.782: E/TraceManager(6690): 	at android.content.ContentResolver.call(ContentResolver.java:2430)
10-15 19:18:45.782: E/TraceManager(6690): 	at aylq.h(PG:9)
10-15 19:18:45.782: E/TraceManager(6690): 	at aylq.k(PG:3)
10-15 19:18:45.782: E/TraceManager(6690): 	at aylo.b(PG:1)
10-15 19:18:45.782: E/TraceManager(6690): 	at axrs.d(PG:2)
10-15 19:18:45.782: E/TraceManager(6690): 	at axrs.D(PG:1)
10-15 19:18:45.782: E/TraceManager(6690): 	at agsj.j(PG:32)
10-15 19:18:45.782: E/TraceManager(6690): 	at agsj.i(PG:1)
10-15 19:18:45.782: E/TraceManager(6690): 	at agsj.e(PG:1)
10-15 19:18:45.782: E/TraceManager(6690): 	at agtv.l(PG:1)
10-15 19:18:45.782: E/TraceManager(6690): 	at com.google.android.apps.messaging.shared.receiver.RcsProvisioningEventReceiver.m(PG:37)
10-15 19:18:45.782: E/TraceManager(6690): 	at com.google.android.apps.messaging.shared.receiver.RcsProvisioningEventReceiver.f(PG:1)
10-15 19:18:45.782: E/TraceManager(6690): 	at aiem.run(Unknown Source:6)
10-15 19:18:45.782: E/TraceManager(6690): 	at bnsk.run(PG:2)
10-15 19:18:45.782: E/TraceManager(6690): 	at java.util.concurrent.Executors$RunnableAdapter.call(Executors.java:463)
10-15 19:18:45.782: E/TraceManager(6690): 	at bsej.a(PG:1)
10-15 19:18:45.782: E/TraceManager(6690): 	at bsdl.run(PG:4)
10-15 19:18:45.782: E/TraceManager(6690): 	at bsek.run(PG:1)
10-15 19:18:45.782: E/TraceManager(6690): 	at bcfr.run(PG:1)
10-15 19:18:45.782: E/TraceManager(6690): 	at java.util.concurrent.ThreadPoolExecutor.runWorker(ThreadPoolExecutor.java:1137)
10-15 19:18:45.782: E/TraceManager(6690): 	at java.util.concurrent.ThreadPoolExecutor$Worker.run(ThreadPoolExecutor.java:637)
10-15 19:18:45.782: E/TraceManager(6690): 	at bcev.run(PG:2)
10-15 19:18:45.782: E/TraceManager(6690): 	at bcfd.run(PG:4)
10-15 19:18:45.782: E/TraceManager(6690): 	at java.lang.Thread.run(Thread.java:1012)
10-15 19:18:45.782: E/TraceManager(6690): 	Suppressed: bntd: 
10-15 19:18:45.782: E/TraceManager(6690): 		at tk_trace.ReceiverDoInBackground(Unknown Source:0)
10-15 19:18:45.782: E/TraceManager(6690): 		at tk_trace.RcsProvisioningEventReceiver Receive broadcast(Unknown Source:0)
10-15 19:18:45.783: I/BugleRcsEngine(6690): [93] axrs.d: No RCS Configuration was found in Bugle for simID: redacted-pii:sim_id[chars:20]
10-15 19:18:45.787: I/BugleRcsEngine(6690): [93] axtf.b: Using config server URL from awfi
10-15 19:18:45.792: E/TraceManager(6690): Duplicate trace
10-15 19:18:45.792: E/TraceManager(6690): bnol: Starting new trace SharedStorageProvider#call when already associated with a trace. For more help, see http://go/tiktok-tracing#fixing-duplicate-trace-issues
10-15 19:18:45.792: E/TraceManager(6690): 	at bnrz.g(PG:6)
10-15 19:18:45.792: E/TraceManager(6690): 	at bnrz.c(PG:2)
10-15 19:18:45.792: E/TraceManager(6690): 	at bnrz.b(PG:2)
10-15 19:18:45.792: E/TraceManager(6690): 	at bnrm.j(PG:1)
10-15 19:18:45.792: E/TraceManager(6690): 	at abvj.call(PG:7)
10-15 19:18:45.792: E/TraceManager(6690): 	at android.content.ContentProvider.call(ContentProvider.java:2511)
10-15 19:18:45.792: E/TraceManager(6690): 	at abtx.call(PG:2)
10-15 19:18:45.792: E/TraceManager(6690): 	at android.content.ContentProvider$Transport.call(ContentProvider.java:525)
10-15 19:18:45.792: E/TraceManager(6690): 	at android.content.ContentResolver.call(ContentResolver.java:2450)
10-15 19:18:45.792: E/TraceManager(6690): 	at android.content.ContentResolver.call(ContentResolver.java:2430)
10-15 19:18:45.792: E/TraceManager(6690): 	at aylq.h(PG:9)
10-15 19:18:45.792: E/TraceManager(6690): 	at aylq.k(PG:3)
10-15 19:18:45.792: E/TraceManager(6690): 	at aylo.b(PG:1)
10-15 19:18:45.792: E/TraceManager(6690): 	at axrs.g(PG:2)
10-15 19:18:45.792: E/TraceManager(6690): 	at rwb.b(PG:1)
10-15 19:18:45.792: E/TraceManager(6690): 	at axpd.f(PG:4)
10-15 19:18:45.792: E/TraceManager(6690): 	at axpd.c(PG:1)
10-15 19:18:45.792: E/TraceManager(6690): 	at rvk.a(PG:3)
10-15 19:18:45.792: E/TraceManager(6690): 	at agsj.j(PG:42)
10-15 19:18:45.792: E/TraceManager(6690): 	at agsj.i(PG:1)
10-15 19:18:45.792: E/TraceManager(6690): 	at agsj.e(PG:1)
10-15 19:18:45.792: E/TraceManager(6690): 	at agtv.l(PG:1)
10-15 19:18:45.792: E/TraceManager(6690): 	at com.google.android.apps.messaging.shared.receiver.RcsProvisioningEventReceiver.m(PG:37)
10-15 19:18:45.792: E/TraceManager(6690): 	at com.google.android.apps.messaging.shared.receiver.RcsProvisioningEventReceiver.f(PG:1)
10-15 19:18:45.792: E/TraceManager(6690): 	at aiem.run(Unknown Source:6)
10-15 19:18:45.792: E/TraceManager(6690): 	at bnsk.run(PG:2)
10-15 19:18:45.792: E/TraceManager(6690): 	at java.util.concurrent.Executors$RunnableAdapter.call(Executors.java:463)
10-15 19:18:45.792: E/TraceManager(6690): 	at bsej.a(PG:1)
10-15 19:18:45.792: E/TraceManager(6690): 	at bsdl.run(PG:4)
10-15 19:18:45.792: E/TraceManager(6690): 	at bsek.run(PG:1)
10-15 19:18:45.792: E/TraceManager(6690): 	at bcfr.run(PG:1)
10-15 19:18:45.792: E/TraceManager(6690): 	at java.util.concurrent.ThreadPoolExecutor.runWorker(ThreadPoolExecutor.java:1137)
10-15 19:18:45.792: E/TraceManager(6690): 	at java.util.concurrent.ThreadPoolExecutor$Worker.run(ThreadPoolExecutor.java:637)
10-15 19:18:45.792: E/TraceManager(6690): 	at bcev.run(PG:2)
10-15 19:18:45.792: E/TraceManager(6690): 	at bcfd.run(PG:4)
10-15 19:18:45.792: E/TraceManager(6690): 	at java.lang.Thread.run(Thread.java:1012)
10-15 19:18:45.792: E/TraceManager(6690): 	Suppressed: bntd: 
10-15 19:18:45.792: E/TraceManager(6690): 		at tk_trace.ReceiverDoInBackground(Unknown Source:0)
10-15 19:18:45.792: E/TraceManager(6690): 		at tk_trace.RcsProvisioningEventReceiver Receive broadcast(Unknown Source:0)
10-15 19:18:45.795: I/BugleRcsEngine(6690): [93] axrs.g: No RCS Configuration was found in Bugle for simID: redacted-pii:sim_id[chars:20]
10-15 19:18:45.795: I/BugleRcsProvisioning(6690): RcsAvailabilityUpdaterLocal: Provisioning Engine subscription{id:1}, simId: redacted-pii:sim_id[chars:20], sipConnectionType: DUAL_REG
10-15 19:18:45.795: I/BugleRcsProvisioning(6690): RcsAvailabilityUpdaterLocal: updateRcsAvailability, currentAvailability: 10, newAvailability: 10, hint: NO_HINT
10-15 19:18:45.799: I/BugleRcsProvisioning(6690): RcsProvisioningTrigger: onRcsAvailabilityUpdate : availability is updated to Carrier RCS is not set up, lastAvailability is Carrier RCS is not set up, simId hash = -4616184457848549114, isPev3Enabled = true
10-15 19:18:45.804: I/Bugle(6690): BroadcastReceiverAsyncWorkTracker: Acknowledging broadcast of com.google.android.apps.messaging.shared.receiver.RcsProvisioningEventReceiver@7361e81
10-15 19:18:45.829: I/NetworkScheduler.Stats(8070): Task com.google.android.gms/com.google.android.gms.clearcut.uploader.QosUploaderService started execution. cause:5 exec_start_elapsed_seconds: 1196 [CONTEXT service_id=218 ]
10-15 19:18:45.837: I/BugleRcsProvisioning(6690): RcsProvisioningEventReceiver: Received ProvisioningEvent: Update provisioning status
10-15 19:18:45.838: I/Bugle(6690): BroadcastReceiverAsyncWorkTracker: Acknowledging broadcast of com.google.android.apps.messaging.shared.receiver.RcsProvisioningEventReceiver@70a3367
10-15 19:18:45.846: W/BroadcastQueue(605): Skipping deliver [background] BroadcastRecord{4eaa178 u0 com.google.android.intent.action.GCM_RECONNECT} to ReceiverList{e86d14d 1299 com.google.android.gms.persistent/10108/u0 remote:6ee8e4}: process gone or crashing
10-15 19:18:45.859: I/BugleRcsProvisioning(6690): RcsProvisioningEventReceiver: Received ProvisioningEvent: Show FastTrack UI
10-15 19:18:45.861: D/EGL_emulation(879): app_time_stats: avg=1682.57ms min=157.32ms max=4646.90ms count=3
10-15 19:18:45.866: I/Bugle(6690): BroadcastReceiverAsyncWorkTracker: Acknowledging broadcast of com.google.android.apps.messaging.shared.receiver.RcsProvisioningEventReceiver@f2521bd
10-15 19:18:45.866: W/BroadcastQueue(605): Background execution not allowed: receiving Intent { act=android.intent.action.DROPBOX_ENTRY_ADDED flg=0x10 (has extras) } to com.google.android.gms/.stats.service.DropBoxEntryAddedReceiver
10-15 19:18:45.872: W/BroadcastQueue(605): Background execution not allowed: receiving Intent { act=android.intent.action.DROPBOX_ENTRY_ADDED flg=0x10 (has extras) } to com.google.android.gms/.chimera.GmsIntentOperationService$PersistentTrustedReceiver
10-15 19:18:45.894: W/ChimeraUtils(8070): Module com.google.android.gms.nearby_en has empty metadata display_name_string_id
10-15 19:18:46.007: I/BugleRcsProvisioning(6690): RcsProvisioningEventReceiver: Received ProvisioningEvent: Send Provisioning Session ID
10-15 19:18:46.029: I/Bugle(6690): BroadcastReceiverAsyncWorkTracker: Acknowledging broadcast of com.google.android.apps.messaging.shared.receiver.RcsProvisioningEventReceiver@3fc9f03
10-15 19:18:46.036: W/BroadcastQueue(605): Background execution not allowed: receiving Intent { act=android.intent.action.DROPBOX_ENTRY_ADDED flg=0x10 (has extras) } to com.google.android.gms/.stats.service.DropBoxEntryAddedReceiver
10-15 19:18:46.045: W/BroadcastQueue(605): Background execution not allowed: receiving Intent { act=android.intent.action.DROPBOX_ENTRY_ADDED flg=0x10 (has extras) } to com.google.android.gms/.chimera.GmsIntentOperationService$PersistentTrustedReceiver
10-15 19:18:46.064: I/BugleRcsProvisioning(6690): RcsProvisioningEventReceiver: Received ProvisioningEvent: Update provisioning status
10-15 19:18:46.153: I/Bugle(6690): BroadcastReceiverAsyncWorkTracker: Acknowledging broadcast of com.google.android.apps.messaging.shared.receiver.RcsProvisioningEventReceiver@4071cb9
10-15 19:18:46.186: I/BugleRcsProvisioning(6690): RcsProvisioningEventReceiver: Received ProvisioningEvent: Show FastTrack UI
10-15 19:18:46.193: I/Bugle(6690): BroadcastReceiverAsyncWorkTracker: Acknowledging broadcast of com.google.android.apps.messaging.shared.receiver.RcsProvisioningEventReceiver@120285f
10-15 19:18:46.218: D/CompatibilityChangeReporter(605): Compat change id reported: 161252188; UID 10114; state: DISABLED
10-15 19:18:46.231: D/EGL_emulation(7358): app_time_stats: avg=1079.98ms min=972.31ms max=1187.66ms count=2
10-15 19:18:46.333: D/MainContentCaptureSession(1250): Flushing 10 event(s) for act:com.google.android.apps.nexuslauncher/.NexusLauncherActivity [state=2 (ACTIVE), disabled=false], reason=TEXT_CHANGE
10-15 19:18:46.362: I/NetworkScheduler.Stats(8070): Task com.google.android.gms/com.google.android.gms.clearcut.uploader.QosUploaderService finished executing. cause:5 result: 1 elapsed_millis: 893 uptime_millis: 893 exec_start_elapsed_seconds: 1196 [CONTEXT service_id=218 ]
10-15 19:18:46.396: W/.gms.persistent(8070): Verification of void org.chromium.net.impl.CronetUrlRequestContext.<init>(dy) took 258.059ms (1317.53 bytecodes/s) (12080B approximate peak alloc)
10-15 19:18:46.402: D/CompatibilityChangeReporter(605): Compat change id reported: 161252188; UID 10122; state: DISABLED
10-15 19:18:46.444: I/NetworkScheduler.Stats(8070): Task com.google.android.gms/com.google.android.gms.gcm.gmsproc.GcmInGmsTaskService started execution. cause:5 exec_start_elapsed_seconds: 1197 [CONTEXT service_id=218 ]
10-15 19:18:46.459: D/ConnectivityService(605): requestNetwork for uid/pid:10108/8070 activeRequest: null callbackRequest: 235 [NetworkRequest [ REQUEST id=236, [ Capabilities: INTERNET&NOT_RESTRICTED&TRUSTED&NOT_VCN_MANAGED Uid: 10108 RequestorUid: 10108 RequestorPkg: com.google.android.gms UnderlyingNetworks: Null] ]] callback flags: 0 order: 2147483647
10-15 19:18:46.462: D/ConnectivityService(605): NetReassign [236 : null → 103]
10-15 19:18:46.467: D/WifiNetworkFactory(605): got request NetworkRequest [ REQUEST id=236, [ Capabilities: INTERNET&NOT_RESTRICTED&TRUSTED&NOT_VCN_MANAGED Uid: 10108 RequestorUid: 10108 RequestorPkg: com.google.android.gms UnderlyingNetworks: Null] ]
10-15 19:18:46.467: D/UntrustedWifiNetworkFactory(605): got request NetworkRequest [ REQUEST id=236, [ Capabilities: INTERNET&NOT_RESTRICTED&TRUSTED&NOT_VCN_MANAGED Uid: 10108 RequestorUid: 10108 RequestorPkg: com.google.android.gms UnderlyingNetworks: Null] ]
10-15 19:18:46.470: D/OemPaidWifiNetworkFactory(605): got request NetworkRequest [ REQUEST id=236, [ Capabilities: INTERNET&NOT_RESTRICTED&TRUSTED&NOT_VCN_MANAGED Uid: 10108 RequestorUid: 10108 RequestorPkg: com.google.android.gms UnderlyingNetworks: Null] ]
10-15 19:18:46.475: D/MultiInternetWifiNetworkFactory(605): got request NetworkRequest [ REQUEST id=236, [ Capabilities: INTERNET&NOT_RESTRICTED&TRUSTED&NOT_VCN_MANAGED Uid: 10108 RequestorUid: 10108 RequestorPkg: com.google.android.gms UnderlyingNetworks: Null] ]
10-15 19:18:46.485: I/cr_CronetLibraryLoader(8070): Cronet version: 101.0.4951.41, arch: x86_64
10-15 19:18:46.493: D/ConnectivityService(605): NetReassign [no changes]
10-15 19:18:46.531: I/TestSupport(8076): AwaitCommitOperation - committing current configuration [CONTEXT service_id=133 ]
10-15 19:18:46.590: D/TrafficStats(8070): tagSocket(243) with statsTag=0x8001203, statsUid=-1
10-15 19:18:46.614: I/system_server(605): Background young concurrent copying GC freed 562047(22MB) AllocSpace objects, 12(592KB) LOS objects, 47% free, 25MB/48MB, paused 219us,982us total 141.124ms
10-15 19:18:46.671: D/CompatibilityChangeReporter(605): Compat change id reported: 161252188; UID 10171; state: DISABLED
10-15 19:18:46.781: I/Icing(8076): Indexing com.google.android.gms-phones_data_id from com.google.android.gms
10-15 19:18:46.788: I/Icing(8076): Indexing done com.google.android.gms-phones_data_id
10-15 19:18:46.805: I/GmsCoreXrpcWrapper(8076): Returning a channel provider with trafficStatsTag=12803 trafficStatsUid=-1
10-15 19:18:46.821: I/Icing(8076): Usage reports ok 0, Failed Usage reports 0, indexed 0, rejected 0
10-15 19:18:46.825: D/TrafficStats(8070): tagSocket(252) with statsTag=0x8001203, statsUid=-1
10-15 19:18:46.836: I/GmsCoreXrpcWrapper(8076): Returning a channel provider with trafficStatsTag=12803 trafficStatsUid=-1
10-15 19:18:46.856: I/Icing(8076): Usage reports ok 0, Failed Usage reports 0, indexed 0, rejected 0
10-15 19:18:46.927: I/Icing(8076): updateResources: need to parse ajcp{com.google.android.gms}
10-15 19:18:46.970: I/Icing(8076): Indexing done com.google.android.gms-apps
10-15 19:18:47.036: W/BroadcastQueue(605): Background execution not allowed: receiving Intent { act=android.intent.action.DROPBOX_ENTRY_ADDED flg=0x10 (has extras) } to com.google.android.gms/.stats.service.DropBoxEntryAddedReceiver
10-15 19:18:47.042: W/BroadcastQueue(605): Background execution not allowed: receiving Intent { act=android.intent.action.DROPBOX_ENTRY_ADDED flg=0x10 (has extras) } to com.google.android.gms/.chimera.GmsIntentOperationService$PersistentTrustedReceiver
10-15 19:18:47.049: W/SearchServiceCore(1886): Abort, client detached.
10-15 19:18:47.049: W/SearchServiceCore(1886): Abort, client detached.
10-15 19:18:47.050: W/SearchServiceCore(1886): Abort, client detached.
10-15 19:18:47.050: W/SearchServiceCore(1886): Abort, client detached.
10-15 19:18:47.050: W/SearchServiceCore(1886): Abort, client detached.
10-15 19:18:47.059: W/BroadcastQueue(605): Background execution not allowed: receiving Intent { act=android.intent.action.PACKAGE_ADDED dat=package: flg=0x4000010 (has extras) } to com.google.android.packageinstaller/com.android.packageinstaller.PackageInstalledReceiver
10-15 19:18:47.069: W/BroadcastQueue(605): Background execution not allowed: receiving Intent { act=android.intent.action.PACKAGE_ADDED dat=package: flg=0x4000010 (has extras) } to com.google.android.gms/.games.chimera.GamesSystemBroadcastReceiverProxy
10-15 19:18:47.077: W/BroadcastQueue(605): Background execution not allowed: receiving Intent { act=android.intent.action.PACKAGE_ADDED dat=package: flg=0x4000010 (has extras) } to com.google.android.gms/.gass.chimera.PackageChangeBroadcastReceiver
10-15 19:18:47.077: W/BroadcastQueue(605): Background execution not allowed: receiving Intent { act=android.intent.action.PACKAGE_ADDED dat=package: flg=0x4000010 (has extras) } to com.google.android.gms/.chimera.GmsIntentOperationService$PersistentTrustedReceiver
10-15 19:18:47.077: W/BroadcastQueue(605): Background execution not allowed: receiving Intent { act=android.intent.action.PACKAGE_ADDED dat=package: flg=0x4000010 (has extras) } to com.google.android.googlequicksearchbox/com.google.android.apps.gsa.googlequicksearchbox.GelStubAppWatcher
10-15 19:18:47.078: I/ActivityManager(605): com.google.android.packageinstaller is exempt from freezer
10-15 19:18:47.078: D/CompatibilityChangeReporter(605): Compat change id reported: 135634846; UID 10073; state: DISABLED
10-15 19:18:47.079: D/CompatibilityChangeReporter(605): Compat change id reported: 177438394; UID 10073; state: DISABLED
10-15 19:18:47.079: D/CompatibilityChangeReporter(605): Compat change id reported: 135772972; UID 10073; state: DISABLED
10-15 19:18:47.079: D/CompatibilityChangeReporter(605): Compat change id reported: 135754954; UID 10073; state: ENABLED
10-15 19:18:47.082: I/TestSupport(8076): Committed FlagOverride(com.google.android.gms.auth_account, , Flag(auth_sig_override_enabled, true, 2, 0), true) [CONTEXT service_id=133 ]
10-15 19:18:47.100: D/CompatibilityChangeReporter(605): Compat change id reported: 143937733; UID 10073; state: ENABLED
10-15 19:18:47.196: D/Zygote(355): Forked child process 9263
10-15 19:18:47.196: W/ActivityManager(605): Slow operation: 119ms so far, now at startProcess: returned from zygote!
10-15 19:18:47.198: W/ActivityManager(605): Slow operation: 121ms so far, now at startProcess: done updating battery stats
10-15 19:18:47.198: W/ActivityManager(605): Slow operation: 121ms so far, now at startProcess: building log message
10-15 19:18:47.198: I/ActivityManager(605): Start proc 9263:com.google.android.packageinstaller/u0a73 for broadcast {com.google.android.packageinstaller/com.android.packageinstaller.PackageInstalledReceiver}
10-15 19:18:47.198: W/ActivityManager(605): Slow operation: 121ms so far, now at startProcess: starting to update pids map
10-15 19:18:47.201: W/ActivityManager(605): Slow operation: 124ms so far, now at startProcess: done updating pids map
10-15 19:18:47.210: I/Zygote(9263): seccomp disabled by setenforce 0
10-15 19:18:47.215: W/ackageinstaller(9263): Unexpected CPU variant for x86: x86_64.
10-15 19:18:47.215: W/ackageinstaller(9263): Known variants: atom, sandybridge, silvermont, kabylake, default
10-15 19:18:47.232: I/adbd(424): jdwp connection from 9263
10-15 19:18:47.236: I/Icing(8076): Indexing com.google.android.gms-apps from com.google.android.gms
10-15 19:18:47.240: I/Icing(8076): Indexing done com.google.android.gms-apps
10-15 19:18:47.241: I/Icing(8076): Indexing com.google.android.gms-apps from com.google.android.gms
10-15 19:18:47.243: I/Icing(8076): Indexing done com.google.android.gms-apps
10-15 19:18:47.268: D/CompatibilityChangeReporter(9263): Compat change id reported: 171979766; UID 10073; state: ENABLED
10-15 19:18:47.276: I/TestSupport(8076): SetFlagOverridesOperation: com.google.android.gms.auth_account, '', [Flag(auth_sig_override_target_uid, 10175, 1, 0)] [CONTEXT service_id=133 ]
10-15 19:18:47.296: I/Icing(8076): Indexing com.google.android.gms-apps from com.google.android.gms
10-15 19:18:47.303: V/GraphicsEnvironment(9263): ANGLE Developer option for 'com.google.android.packageinstaller' set to: 'default'
10-15 19:18:47.305: V/GraphicsEnvironment(9263): ANGLE GameManagerService for com.google.android.packageinstaller: false
10-15 19:18:47.305: V/GraphicsEnvironment(9263): Neither updatable production driver nor prerelease driver is supported.
10-15 19:18:47.311: D/NetworkSecurityConfig(9263): No Network Security Config specified, using platform default
10-15 19:18:47.311: D/NetworkSecurityConfig(9263): No Network Security Config specified, using platform default
