10-15 19:17:23.780: W/RcsClientLib(6690): 	at android.content.ContextWrapper.unbindService(ContextWrapper.java:889)
10-15 19:17:23.780: W/RcsClientLib(6690): 	at blet.g(PG:1)
10-15 19:17:23.780: W/RcsClientLib(6690): 	at blet.disconnect(PG:2)
10-15 19:17:23.780: W/RcsClientLib(6690): 	at aimd.p(PG:1)
10-15 19:17:23.780: W/RcsClientLib(6690): 	at com.google.android.apps.messaging.rcsmigration.RcsStateProvider.lambda$onMigrationComplete$0$com-google-android-apps-messaging-rcsmigration-RcsStateProvider(PG:5)
10-15 19:17:23.780: W/RcsClientLib(6690): 	at rvh.run(Unknown Source:2)
10-15 19:17:23.780: W/RcsClientLib(6690): 	at bnsk.run(PG:2)
10-15 19:17:23.780: W/RcsClientLib(6690): 	at java.util.concurrent.Executors$RunnableAdapter.call(Executors.java:463)
10-15 19:17:23.780: W/RcsClientLib(6690): 	at bsej.a(PG:1)
10-15 19:17:23.780: W/RcsClientLib(6690): 	at bsdl.run(PG:4)
10-15 19:17:23.780: W/RcsClientLib(6690): 	at bsek.run(PG:1)
10-15 19:17:23.780: W/RcsClientLib(6690): 	at bcfr.run(PG:1)
10-15 19:17:23.780: W/RcsClientLib(6690): 	at java.util.concurrent.ThreadPoolExecutor.runWorker(ThreadPoolExecutor.java:1137)
10-15 19:17:23.780: W/RcsClientLib(6690): 	at java.util.concurrent.ThreadPoolExecutor$Worker.run(ThreadPoolExecutor.java:637)
10-15 19:17:23.780: W/RcsClientLib(6690): 	at bcex.run(PG:2)
10-15 19:17:23.780: W/RcsClientLib(6690): 	at bcfd.run(PG:4)
10-15 19:17:23.780: W/RcsClientLib(6690): 	at java.lang.Thread.run(Thread.java:1012)
10-15 19:17:23.780: I/RcsClientLib(6690): Disconnecting EventService
10-15 19:17:23.780: W/RcsClientLib(6690): Unexpected error when trying to unbind com.google.android.ims.rcsservice.events.IEvent: Service not registered: blew@781db94
10-15 19:17:23.780: W/RcsClientLib(6690): java.lang.IllegalArgumentException: Service not registered: blew@781db94
10-15 19:17:23.780: W/RcsClientLib(6690): 	at android.app.LoadedApk.forgetServiceDispatcher(LoadedApk.java:1991)
10-15 19:17:23.780: W/RcsClientLib(6690): 	at android.app.ContextImpl.unbindService(ContextImpl.java:2076)
10-15 19:17:23.780: W/RcsClientLib(6690): 	at android.content.ContextWrapper.unbindService(ContextWrapper.java:889)
10-15 19:17:23.780: W/RcsClientLib(6690): 	at blet.g(PG:1)
10-15 19:17:23.780: W/RcsClientLib(6690): 	at blet.disconnect(PG:2)
10-15 19:17:23.780: W/RcsClientLib(6690): 	at com.google.android.rcs.client.events.EventService.disconnect(PG:2)
10-15 19:17:23.780: W/RcsClientLib(6690): 	at aimd.p(PG:2)
10-15 19:17:23.780: W/RcsClientLib(6690): 	at com.google.android.apps.messaging.rcsmigration.RcsStateProvider.lambda$onMigrationComplete$0$com-google-android-apps-messaging-rcsmigration-RcsStateProvider(PG:5)
10-15 19:17:23.780: W/RcsClientLib(6690): 	at rvh.run(Unknown Source:2)
10-15 19:17:23.780: W/RcsClientLib(6690): 	at bnsk.run(PG:2)
10-15 19:17:23.780: W/RcsClientLib(6690): 	at java.util.concurrent.Executors$RunnableAdapter.call(Executors.java:463)
10-15 19:17:23.780: W/RcsClientLib(6690): 	at bsej.a(PG:1)
10-15 19:17:23.780: W/RcsClientLib(6690): 	at bsdl.run(PG:4)
10-15 19:17:23.780: W/RcsClientLib(6690): 	at bsek.run(PG:1)
10-15 19:17:23.780: W/RcsClientLib(6690): 	at bcfr.run(PG:1)
10-15 19:17:23.780: W/RcsClientLib(6690): 	at java.util.concurrent.ThreadPoolExecutor.runWorker(ThreadPoolExecutor.java:1137)
10-15 19:17:23.780: W/RcsClientLib(6690): 	at java.util.concurrent.ThreadPoolExecutor$Worker.run(ThreadPoolExecutor.java:637)
10-15 19:17:23.780: W/RcsClientLib(6690): 	at bcex.run(PG:2)
10-15 19:17:23.780: W/RcsClientLib(6690): 	at bcfd.run(PG:4)
10-15 19:17:23.780: W/RcsClientLib(6690): 	at java.lang.Thread.run(Thread.java:1012)
10-15 19:17:23.780: I/RcsClientLib(6690): Disconnecting ContactsService
10-15 19:17:23.781: W/RcsClientLib(6690): Unexpected error when trying to unbind com.google.android.ims.rcsservice.contacts.IContactsManagement: Service not registered: blew@1de2e32
10-15 19:17:23.781: W/RcsClientLib(6690): java.lang.IllegalArgumentException: Service not registered: blew@1de2e32
10-15 19:17:23.781: W/RcsClientLib(6690): 	at android.app.LoadedApk.forgetServiceDispatcher(LoadedApk.java:1991)
10-15 19:17:23.781: W/RcsClientLib(6690): 	at android.app.ContextImpl.unbindService(ContextImpl.java:2076)
10-15 19:17:23.781: W/RcsClientLib(6690): 	at android.content.ContextWrapper.unbindService(ContextWrapper.java:889)
10-15 19:17:23.781: W/RcsClientLib(6690): 	at blet.g(PG:1)
10-15 19:17:23.781: W/RcsClientLib(6690): 	at blet.disconnect(PG:2)
10-15 19:17:23.781: W/RcsClientLib(6690): 	at aimd.p(PG:3)
10-15 19:17:23.781: W/RcsClientLib(6690): 	at com.google.android.apps.messaging.rcsmigration.RcsStateProvider.lambda$onMigrationComplete$0$com-google-android-apps-messaging-rcsmigration-RcsStateProvider(PG:5)
10-15 19:17:23.781: W/RcsClientLib(6690): 	at rvh.run(Unknown Source:2)
10-15 19:17:23.781: W/RcsClientLib(6690): 	at bnsk.run(PG:2)
10-15 19:17:23.781: W/RcsClientLib(6690): 	at java.util.concurrent.Executors$RunnableAdapter.call(Executors.java:463)
10-15 19:17:23.781: W/RcsClientLib(6690): 	at bsej.a(PG:1)
10-15 19:17:23.781: W/RcsClientLib(6690): 	at bsdl.run(PG:4)
10-15 19:17:23.781: W/RcsClientLib(6690): 	at bsek.run(PG:1)
10-15 19:17:23.781: W/RcsClientLib(6690): 	at bcfr.run(PG:1)
10-15 19:17:23.781: W/RcsClientLib(6690): 	at java.util.concurrent.ThreadPoolExecutor.runWorker(ThreadPoolExecutor.java:1137)
10-15 19:17:23.781: W/RcsClientLib(6690): 	at java.util.concurrent.ThreadPoolExecutor$Worker.run(ThreadPoolExecutor.java:637)
10-15 19:17:23.781: W/RcsClientLib(6690): 	at bcex.run(PG:2)
10-15 19:17:23.781: W/RcsClientLib(6690): 	at bcfd.run(PG:4)
10-15 19:17:23.781: W/RcsClientLib(6690): 	at java.lang.Thread.run(Thread.java:1012)
10-15 19:17:23.781: I/RcsClientLib(6690): Disconnecting FileTransferService
10-15 19:17:23.781: W/RcsClientLib(6690): Unexpected error when trying to unbind com.google.android.ims.rcsservice.filetransfer.IFileTransfer: Service not registered: blew@f6b1d00
10-15 19:17:23.781: W/RcsClientLib(6690): java.lang.IllegalArgumentException: Service not registered: blew@f6b1d00
10-15 19:17:23.781: W/RcsClientLib(6690): 	at android.app.LoadedApk.forgetServiceDispatcher(LoadedApk.java:1991)
10-15 19:17:23.781: W/RcsClientLib(6690): 	at android.app.ContextImpl.unbindService(ContextImpl.java:2076)
10-15 19:17:23.781: W/RcsClientLib(6690): 	at android.content.ContextWrapper.unbindService(ContextWrapper.java:889)
10-15 19:17:23.781: W/RcsClientLib(6690): 	at blet.g(PG:1)
10-15 19:17:23.781: W/RcsClientLib(6690): 	at blet.disconnect(PG:2)
10-15 19:17:23.781: W/RcsClientLib(6690): 	at aimd.p(PG:4)
10-15 19:17:23.781: W/RcsClientLib(6690): 	at com.google.android.apps.messaging.rcsmigration.RcsStateProvider.lambda$onMigrationComplete$0$com-google-android-apps-messaging-rcsmigration-RcsStateProvider(PG:5)
10-15 19:17:23.781: W/RcsClientLib(6690): 	at rvh.run(Unknown Source:2)
10-15 19:17:23.781: W/RcsClientLib(6690): 	at bnsk.run(PG:2)
10-15 19:17:23.781: W/RcsClientLib(6690): 	at java.util.concurrent.Executors$RunnableAdapter.call(Executors.java:463)
10-15 19:17:23.781: W/RcsClientLib(6690): 	at bsej.a(PG:1)
10-15 19:17:23.781: W/RcsClientLib(6690): 	at bsdl.run(PG:4)
10-15 19:17:23.781: W/RcsClientLib(6690): 	at bsek.run(PG:1)
10-15 19:17:23.781: W/RcsClientLib(6690): 	at bcfr.run(PG:1)
10-15 19:17:23.781: W/RcsClientLib(6690): 	at java.util.concurrent.ThreadPoolExecutor.runWorker(ThreadPoolExecutor.java:1137)
10-15 19:17:23.781: W/RcsClientLib(6690): 	at java.util.concurrent.ThreadPoolExecutor$Worker.run(ThreadPoolExecutor.java:637)
10-15 19:17:23.781: W/RcsClientLib(6690): 	at bcex.run(PG:2)
10-15 19:17:23.781: W/RcsClientLib(6690): 	at bcfd.run(PG:4)
10-15 19:17:23.781: W/RcsClientLib(6690): 	at java.lang.Thread.run(Thread.java:1012)
10-15 19:17:23.781: I/RcsClientLib(6690): Disconnecting LocationSharingService
10-15 19:17:23.781: W/RcsClientLib(6690): Unexpected error when trying to unbind com.google.android.ims.rcsservice.locationsharing.ILocationSharing: Service not registered: blew@3cfb7e
10-15 19:17:23.781: W/RcsClientLib(6690): java.lang.IllegalArgumentException: Service not registered: blew@3cfb7e
10-15 19:17:23.781: W/RcsClientLib(6690): 	at android.app.LoadedApk.forgetServiceDispatcher(LoadedApk.java:1991)
10-15 19:17:23.781: W/RcsClientLib(6690): 	at android.app.ContextImpl.unbindService(ContextImpl.java:2076)
10-15 19:17:23.781: W/RcsClientLib(6690): 	at android.content.ContextWrapper.unbindService(ContextWrapper.java:889)
10-15 19:17:23.781: W/RcsClientLib(6690): 	at blet.g(PG:1)
10-15 19:17:23.781: W/RcsClientLib(6690): 	at blet.disconnect(PG:2)
10-15 19:17:23.781: W/RcsClientLib(6690): 	at aimd.p(PG:5)
10-15 19:17:23.781: W/RcsClientLib(6690): 	at com.google.android.apps.messaging.rcsmigration.RcsStateProvider.lambda$onMigrationComplete$0$com-google-android-apps-messaging-rcsmigration-RcsStateProvider(PG:5)
10-15 19:17:23.781: W/RcsClientLib(6690): 	at rvh.run(Unknown Source:2)
10-15 19:17:23.781: W/RcsClientLib(6690): 	at bnsk.run(PG:2)
10-15 19:17:23.781: W/RcsClientLib(6690): 	at java.util.concurrent.Executors$RunnableAdapter.call(Executors.java:463)
10-15 19:17:23.781: W/RcsClientLib(6690): 	at bsej.a(PG:1)
10-15 19:17:23.781: W/RcsClientLib(6690): 	at bsdl.run(PG:4)
10-15 19:17:23.781: W/RcsClientLib(6690): 	at bsek.run(PG:1)
10-15 19:17:23.781: W/RcsClientLib(6690): 	at bcfr.run(PG:1)
10-15 19:17:23.781: W/RcsClientLib(6690): 	at java.util.concurrent.ThreadPoolExecutor.runWorker(ThreadPoolExecutor.java:1137)
10-15 19:17:23.781: W/RcsClientLib(6690): 	at java.util.concurrent.ThreadPoolExecutor$Worker.run(ThreadPoolExecutor.java:637)
10-15 19:17:23.781: W/RcsClientLib(6690): 	at bcex.run(PG:2)
10-15 19:17:23.781: W/RcsClientLib(6690): 	at bcfd.run(PG:4)
10-15 19:17:23.781: W/RcsClientLib(6690): 	at java.lang.Thread.run(Thread.java:1012)
10-15 19:17:23.781: I/RcsClientLib(6690): Disconnecting ImsConnectionTrackerService
10-15 19:17:23.781: W/RcsClientLib(6690): Unexpected error when trying to unbind com.google.android.ims.rcsservice.ims.IImsConnectionTracker: Service not registered: blew@de5092c
10-15 19:17:23.781: W/RcsClientLib(6690): java.lang.IllegalArgumentException: Service not registered: blew@de5092c
10-15 19:17:23.781: W/RcsClientLib(6690): 	at android.app.LoadedApk.forgetServiceDispatcher(LoadedApk.java:1991)
10-15 19:17:23.781: W/RcsClientLib(6690): 	at android.app.ContextImpl.unbindService(ContextImpl.java:2076)
10-15 19:17:23.781: W/RcsClientLib(6690): 	at android.content.ContextWrapper.unbindService(ContextWrapper.java:889)
10-15 19:17:23.781: W/RcsClientLib(6690): 	at blet.g(PG:1)
10-15 19:17:23.781: W/RcsClientLib(6690): 	at blet.disconnect(PG:2)
10-15 19:17:23.781: W/RcsClientLib(6690): 	at aimd.p(PG:6)
10-15 19:17:23.781: W/RcsClientLib(6690): 	at com.google.android.apps.messaging.rcsmigration.RcsStateProvider.lambda$onMigrationComplete$0$com-google-android-apps-messaging-rcsmigration-RcsStateProvider(PG:5)
10-15 19:17:23.781: W/RcsClientLib(6690): 	at rvh.run(Unknown Source:2)
10-15 19:17:23.781: W/RcsClientLib(6690): 	at bnsk.run(PG:2)
10-15 19:17:23.781: W/RcsClientLib(6690): 	at java.util.concurrent.Executors$RunnableAdapter.call(Executors.java:463)
10-15 19:17:23.781: W/RcsClientLib(6690): 	at bsej.a(PG:1)
10-15 19:17:23.781: W/RcsClientLib(6690): 	at bsdl.run(PG:4)
10-15 19:17:23.781: W/RcsClientLib(6690): 	at bsek.run(PG:1)
10-15 19:17:23.781: W/RcsClientLib(6690): 	at bcfr.run(PG:1)
10-15 19:17:23.781: W/RcsClientLib(6690): 	at java.util.concurrent.ThreadPoolExecutor.runWorker(ThreadPoolExecutor.java:1137)
10-15 19:17:23.781: W/RcsClientLib(6690): 	at java.util.concurrent.ThreadPoolExecutor$Worker.run(ThreadPoolExecutor.java:637)
10-15 19:17:23.781: W/RcsClientLib(6690): 	at bcex.run(PG:2)
10-15 19:17:23.781: W/RcsClientLib(6690): 	at bcfd.run(PG:4)
10-15 19:17:23.781: W/RcsClientLib(6690): 	at java.lang.Thread.run(Thread.java:1012)
10-15 19:17:23.781: I/RcsClientLib(6690): Disconnecting RcsProfileService
10-15 19:17:23.782: W/RcsClientLib(6690): Unexpected error when trying to unbind com.google.android.ims.rcsservice.profile.IRcsProfile: Service not registered: blew@429518a
10-15 19:17:23.782: W/RcsClientLib(6690): java.lang.IllegalArgumentException: Service not registered: blew@429518a
10-15 19:17:23.782: W/RcsClientLib(6690): 	at android.app.LoadedApk.forgetServiceDispatcher(LoadedApk.java:1991)
10-15 19:17:23.782: W/RcsClientLib(6690): 	at android.app.ContextImpl.unbindService(ContextImpl.java:2076)
10-15 19:17:23.782: W/RcsClientLib(6690): 	at android.content.ContextWrapper.unbindService(ContextWrapper.java:889)
10-15 19:17:23.782: W/RcsClientLib(6690): 	at blet.g(PG:1)
10-15 19:17:23.782: W/RcsClientLib(6690): 	at blet.disconnect(PG:2)
10-15 19:17:23.782: W/RcsClientLib(6690): 	at aimd.p(PG:7)
10-15 19:17:23.782: W/RcsClientLib(6690): 	at com.google.android.apps.messaging.rcsmigration.RcsStateProvider.lambda$onMigrationComplete$0$com-google-android-apps-messaging-rcsmigration-RcsStateProvider(PG:5)
10-15 19:17:23.782: W/RcsClientLib(6690): 	at rvh.run(Unknown Source:2)
10-15 19:17:23.782: W/RcsClientLib(6690): 	at bnsk.run(PG:2)
10-15 19:17:23.782: W/RcsClientLib(6690): 	at java.util.concurrent.Executors$RunnableAdapter.call(Executors.java:463)
10-15 19:17:23.782: W/RcsClientLib(6690): 	at bsej.a(PG:1)
10-15 19:17:23.782: W/RcsClientLib(6690): 	at bsdl.run(PG:4)
10-15 19:17:23.782: W/RcsClientLib(6690): 	at bsek.run(PG:1)
10-15 19:17:23.782: W/RcsClientLib(6690): 	at bcfr.run(PG:1)
10-15 19:17:23.782: W/RcsClientLib(6690): 	at java.util.concurrent.ThreadPoolExecutor.runWorker(ThreadPoolExecutor.java:1137)
10-15 19:17:23.782: W/RcsClientLib(6690): 	at java.util.concurrent.ThreadPoolExecutor$Worker.run(ThreadPoolExecutor.java:637)
10-15 19:17:23.782: W/RcsClientLib(6690): 	at bcex.run(PG:2)
10-15 19:17:23.782: W/RcsClientLib(6690): 	at bcfd.run(PG:4)
10-15 19:17:23.782: W/RcsClientLib(6690): 	at java.lang.Thread.run(Thread.java:1012)
10-15 19:17:23.782: I/RcsClientLib(6690): Disconnecting BusinessInfoService
10-15 19:17:23.782: W/RcsClientLib(6690): Unexpected error when trying to unbind com.google.android.ims.rcsservice.businessinfo.IBusinessInfo: Service not registered: blew@12f8c18
10-15 19:17:23.782: W/RcsClientLib(6690): java.lang.IllegalArgumentException: Service not registered: blew@12f8c18
10-15 19:17:23.782: W/RcsClientLib(6690): 	at android.app.LoadedApk.forgetServiceDispatcher(LoadedApk.java:1991)
10-15 19:17:23.782: W/RcsClientLib(6690): 	at android.app.ContextImpl.unbindService(ContextImpl.java:2076)
10-15 19:17:23.782: W/RcsClientLib(6690): 	at android.content.ContextWrapper.unbindService(ContextWrapper.java:889)
10-15 19:17:23.782: W/RcsClientLib(6690): 	at blet.g(PG:1)
10-15 19:17:23.782: W/RcsClientLib(6690): 	at blet.disconnect(PG:2)
10-15 19:17:23.782: W/RcsClientLib(6690): 	at aimd.p(PG:8)
10-15 19:17:23.782: W/RcsClientLib(6690): 	at com.google.android.apps.messaging.rcsmigration.RcsStateProvider.lambda$onMigrationComplete$0$com-google-android-apps-messaging-rcsmigration-RcsStateProvider(PG:5)
10-15 19:17:23.782: W/RcsClientLib(6690): 	at rvh.run(Unknown Source:2)
10-15 19:17:23.782: W/RcsClientLib(6690): 	at bnsk.run(PG:2)
10-15 19:17:23.782: W/RcsClientLib(6690): 	at java.util.concurrent.Executors$RunnableAdapter.call(Executors.java:463)
10-15 19:17:23.782: W/RcsClientLib(6690): 	at bsej.a(PG:1)
10-15 19:17:23.782: W/RcsClientLib(6690): 	at bsdl.run(PG:4)
10-15 19:17:23.782: W/RcsClientLib(6690): 	at bsek.run(PG:1)
10-15 19:17:23.782: W/RcsClientLib(6690): 	at bcfr.run(PG:1)
10-15 19:17:23.782: W/RcsClientLib(6690): 	at java.util.concurrent.ThreadPoolExecutor.runWorker(ThreadPoolExecutor.java:1137)
10-15 19:17:23.782: W/RcsClientLib(6690): 	at java.util.concurrent.ThreadPoolExecutor$Worker.run(ThreadPoolExecutor.java:637)
10-15 19:17:23.782: W/RcsClientLib(6690): 	at bcex.run(PG:2)
10-15 19:17:23.782: W/RcsClientLib(6690): 	at bcfd.run(PG:4)
10-15 19:17:23.782: W/RcsClientLib(6690): 	at java.lang.Thread.run(Thread.java:1012)
10-15 19:17:23.782: I/RcsClientLib(6690): Disconnecting RcsMessagingService
10-15 19:17:23.782: W/RcsClientLib(6690): Unexpected error when trying to unbind com.google.android.rcs.client.messaging.IMessaging: Service not registered: blew@1d2fc56
10-15 19:17:23.782: W/RcsClientLib(6690): java.lang.IllegalArgumentException: Service not registered: blew@1d2fc56
10-15 19:17:23.782: W/RcsClientLib(6690): 	at android.app.LoadedApk.forgetServiceDispatcher(LoadedApk.java:1991)
10-15 19:17:23.782: W/RcsClientLib(6690): 	at android.app.ContextImpl.unbindService(ContextImpl.java:2076)
10-15 19:17:23.782: W/RcsClientLib(6690): 	at android.content.ContextWrapper.unbindService(ContextWrapper.java:889)
10-15 19:17:23.782: W/RcsClientLib(6690): 	at blet.g(PG:1)
10-15 19:17:23.782: W/RcsClientLib(6690): 	at blet.disconnect(PG:2)
10-15 19:17:23.782: W/RcsClientLib(6690): 	at aimd.p(PG:9)
10-15 19:17:23.782: W/RcsClientLib(6690): 	at com.google.android.apps.messaging.rcsmigration.RcsStateProvider.lambda$onMigrationComplete$0$com-google-android-apps-messaging-rcsmigration-RcsStateProvider(PG:5)
10-15 19:17:23.782: W/RcsClientLib(6690): 	at rvh.run(Unknown Source:2)
10-15 19:17:23.782: W/RcsClientLib(6690): 	at bnsk.run(PG:2)
10-15 19:17:23.782: W/RcsClientLib(6690): 	at java.util.concurrent.Executors$RunnableAdapter.call(Executors.java:463)
10-15 19:17:23.782: W/RcsClientLib(6690): 	at bsej.a(PG:1)
10-15 19:17:23.782: W/RcsClientLib(6690): 	at bsdl.run(PG:4)
10-15 19:17:23.782: W/RcsClientLib(6690): 	at bsek.run(PG:1)
10-15 19:17:23.782: W/RcsClientLib(6690): 	at bcfr.run(PG:1)
10-15 19:17:23.782: W/RcsClientLib(6690): 	at java.util.concurrent.ThreadPoolExecutor.runWorker(ThreadPoolExecutor.java:1137)
10-15 19:17:23.782: W/RcsClientLib(6690): 	at java.util.concurrent.ThreadPoolExecutor$Worker.run(ThreadPoolExecutor.java:637)
10-15 19:17:23.782: W/RcsClientLib(6690): 	at bcex.run(PG:2)
10-15 19:17:23.782: W/RcsClientLib(6690): 	at bcfd.run(PG:4)
10-15 19:17:23.782: W/RcsClientLib(6690): 	at java.lang.Thread.run(Thread.java:1012)
10-15 19:17:23.782: I/RcsClientLib(6690): Disconnecting TransportControlService
10-15 19:17:23.782: W/RcsClientLib(6690): Unexpected error when trying to unbind com.google.android.ims.rcsservice.transportcontrol.ITransportControl: Service not registered: blew@99d51c4
10-15 19:17:23.782: W/RcsClientLib(6690): java.lang.IllegalArgumentException: Service not registered: blew@99d51c4
10-15 19:17:23.782: W/RcsClientLib(6690): 	at android.app.LoadedApk.forgetServiceDispatcher(LoadedApk.java:1991)
10-15 19:17:23.782: W/RcsClientLib(6690): 	at android.app.ContextImpl.unbindService(ContextImpl.java:2076)
10-15 19:17:23.782: W/RcsClientLib(6690): 	at android.content.ContextWrapper.unbindService(ContextWrapper.java:889)
10-15 19:17:23.782: W/RcsClientLib(6690): 	at blet.g(PG:1)
10-15 19:17:23.782: W/RcsClientLib(6690): 	at blet.disconnect(PG:2)
10-15 19:17:23.782: W/RcsClientLib(6690): 	at aimd.p(PG:10)
10-15 19:17:23.782: W/RcsClientLib(6690): 	at com.google.android.apps.messaging.rcsmigration.RcsStateProvider.lambda$onMigrationComplete$0$com-google-android-apps-messaging-rcsmigration-RcsStateProvider(PG:5)
10-15 19:17:23.782: W/RcsClientLib(6690): 	at rvh.run(Unknown Source:2)
10-15 19:17:23.782: W/RcsClientLib(6690): 	at bnsk.run(PG:2)
10-15 19:17:23.782: W/RcsClientLib(6690): 	at java.util.concurrent.Executors$RunnableAdapter.call(Executors.java:463)
10-15 19:17:23.782: W/RcsClientLib(6690): 	at bsej.a(PG:1)
10-15 19:17:23.782: W/RcsClientLib(6690): 	at bsdl.run(PG:4)
10-15 19:17:23.782: W/RcsClientLib(6690): 	at bsek.run(PG:1)
10-15 19:17:23.782: W/RcsClientLib(6690): 	at bcfr.run(PG:1)
10-15 19:17:23.782: W/RcsClientLib(6690): 	at java.util.concurrent.ThreadPoolExecutor.runWorker(ThreadPoolExecutor.java:1137)
10-15 19:17:23.782: W/RcsClientLib(6690): 	at java.util.concurrent.ThreadPoolExecutor$Worker.run(ThreadPoolExecutor.java:637)
10-15 19:17:23.782: W/RcsClientLib(6690): 	at bcex.run(PG:2)
10-15 19:17:23.782: W/RcsClientLib(6690): 	at bcfd.run(PG:4)
10-15 19:17:23.782: W/RcsClientLib(6690): 	at java.lang.Thread.run(Thread.java:1012)
10-15 19:17:23.782: W/BugleRcs(6690): disconnecting from all Rcs Services
10-15 19:17:23.789: W/MobileDataHub(6011): [Service] appsupload-periodic periodic task disabled
10-15 19:17:23.790: I/RcsClientLib(6690): Disconnecting EventService
10-15 19:17:23.791: W/RcsClientLib(6690): Unexpected error when trying to unbind com.google.android.ims.rcsservice.events.IEvent: Service not registered: blew@781db94
10-15 19:17:23.791: W/RcsClientLib(6690): java.lang.IllegalArgumentException: Service not registered: blew@781db94
10-15 19:17:23.791: W/RcsClientLib(6690): 	at android.app.LoadedApk.forgetServiceDispatcher(LoadedApk.java:1991)
10-15 19:17:23.791: W/RcsClientLib(6690): 	at android.app.ContextImpl.unbindService(ContextImpl.java:2076)
10-15 19:17:23.791: W/RcsClientLib(6690): 	at android.content.ContextWrapper.unbindService(ContextWrapper.java:889)
10-15 19:17:23.791: W/RcsClientLib(6690): 	at blet.g(PG:1)
10-15 19:17:23.791: W/RcsClientLib(6690): 	at blet.disconnect(PG:2)
10-15 19:17:23.791: W/RcsClientLib(6690): 	at com.google.android.rcs.client.events.EventService.disconnect(PG:2)
10-15 19:17:23.791: W/RcsClientLib(6690): 	at aimd.p(PG:2)
10-15 19:17:23.791: W/RcsClientLib(6690): 	at com.google.android.apps.messaging.rcsmigration.RcsStateProvider.lambda$onMigrationComplete$0$com-google-android-apps-messaging-rcsmigration-RcsStateProvider(PG:5)
10-15 19:17:23.791: W/RcsClientLib(6690): 	at rvh.run(Unknown Source:2)
10-15 19:17:23.791: W/RcsClientLib(6690): 	at bnsk.run(PG:2)
10-15 19:17:23.791: W/RcsClientLib(6690): 	at java.util.concurrent.Executors$RunnableAdapter.call(Executors.java:463)
10-15 19:17:23.791: W/RcsClientLib(6690): 	at bsej.a(PG:1)
10-15 19:17:23.791: W/RcsClientLib(6690): 	at bsdl.run(PG:4)
10-15 19:17:23.791: W/RcsClientLib(6690): 	at bsek.run(PG:1)
10-15 19:17:23.791: W/RcsClientLib(6690): 	at bcfr.run(PG:1)
10-15 19:17:23.791: W/RcsClientLib(6690): 	at java.util.concurrent.ThreadPoolExecutor.runWorker(ThreadPoolExecutor.java:1137)
10-15 19:17:23.791: W/RcsClientLib(6690): 	at java.util.concurrent.ThreadPoolExecutor$Worker.run(ThreadPoolExecutor.java:637)
10-15 19:17:23.791: W/RcsClientLib(6690): 	at bcex.run(PG:2)
10-15 19:17:23.791: W/RcsClientLib(6690): 	at bcfd.run(PG:4)
10-15 19:17:23.791: W/RcsClientLib(6690): 	at java.lang.Thread.run(Thread.java:1012)
10-15 19:17:23.791: I/RcsClientLib(6690): Disconnecting ContactsService
10-15 19:17:23.791: W/RcsClientLib(6690): Unexpected error when trying to unbind com.google.android.ims.rcsservice.contacts.IContactsManagement: Service not registered: blew@1de2e32
10-15 19:17:23.802: I/MdiSyncModule(6011): flag handling is skipping irrelevant intent.
10-15 19:17:23.820: W/RcsClientLib(6690): java.lang.IllegalArgumentException: Service not registered: blew@1de2e32
10-15 19:17:23.820: W/RcsClientLib(6690): 	at android.app.LoadedApk.forgetServiceDispatcher(LoadedApk.java:1991)
10-15 19:17:23.820: W/RcsClientLib(6690): 	at android.app.ContextImpl.unbindService(ContextImpl.java:2076)
10-15 19:17:23.820: W/RcsClientLib(6690): 	at android.content.ContextWrapper.unbindService(ContextWrapper.java:889)
10-15 19:17:23.820: W/RcsClientLib(6690): 	at blet.g(PG:1)
10-15 19:17:23.820: W/RcsClientLib(6690): 	at blet.disconnect(PG:2)
10-15 19:17:23.820: W/RcsClientLib(6690): 	at aimd.p(PG:3)
10-15 19:17:23.820: W/RcsClientLib(6690): 	at com.google.android.apps.messaging.rcsmigration.RcsStateProvider.lambda$onMigrationComplete$0$com-google-android-apps-messaging-rcsmigration-RcsStateProvider(PG:5)
10-15 19:17:23.820: W/RcsClientLib(6690): 	at rvh.run(Unknown Source:2)
10-15 19:17:23.820: W/RcsClientLib(6690): 	at bnsk.run(PG:2)
10-15 19:17:23.820: W/RcsClientLib(6690): 	at java.util.concurrent.Executors$RunnableAdapter.call(Executors.java:463)
10-15 19:17:23.820: W/RcsClientLib(6690): 	at bsej.a(PG:1)
10-15 19:17:23.820: W/RcsClientLib(6690): 	at bsdl.run(PG:4)
10-15 19:17:23.820: W/RcsClientLib(6690): 	at bsek.run(PG:1)
10-15 19:17:23.820: W/RcsClientLib(6690): 	at bcfr.run(PG:1)
10-15 19:17:23.820: W/RcsClientLib(6690): 	at java.util.concurrent.ThreadPoolExecutor.runWorker(ThreadPoolExecutor.java:1137)
10-15 19:17:23.820: W/RcsClientLib(6690): 	at java.util.concurrent.ThreadPoolExecutor$Worker.run(ThreadPoolExecutor.java:637)
10-15 19:17:23.820: W/RcsClientLib(6690): 	at bcex.run(PG:2)
10-15 19:17:23.820: W/RcsClientLib(6690): 	at bcfd.run(PG:4)
10-15 19:17:23.820: W/RcsClientLib(6690): 	at java.lang.Thread.run(Thread.java:1012)
10-15 19:17:23.820: I/RcsClientLib(6690): Disconnecting FileTransferService
10-15 19:17:23.820: W/RcsClientLib(6690): Unexpected error when trying to unbind com.google.android.ims.rcsservice.filetransfer.IFileTransfer: Service not registered: blew@f6b1d00
10-15 19:17:23.820: W/RcsClientLib(6690): java.lang.IllegalArgumentException: Service not registered: blew@f6b1d00
10-15 19:17:23.820: W/RcsClientLib(6690): 	at android.app.LoadedApk.forgetServiceDispatcher(LoadedApk.java:1991)
10-15 19:17:23.820: W/RcsClientLib(6690): 	at android.app.ContextImpl.unbindService(ContextImpl.java:2076)
10-15 19:17:23.820: W/RcsClientLib(6690): 	at android.content.ContextWrapper.unbindService(ContextWrapper.java:889)
10-15 19:17:23.820: W/RcsClientLib(6690): 	at blet.g(PG:1)
10-15 19:17:23.820: W/RcsClientLib(6690): 	at blet.disconnect(PG:2)
10-15 19:17:23.820: W/RcsClientLib(6690): 	at aimd.p(PG:4)
10-15 19:17:23.820: W/RcsClientLib(6690): 	at com.google.android.apps.messaging.rcsmigration.RcsStateProvider.lambda$onMigrationComplete$0$com-google-android-apps-messaging-rcsmigration-RcsStateProvider(PG:5)
10-15 19:17:23.820: W/RcsClientLib(6690): 	at rvh.run(Unknown Source:2)
10-15 19:17:23.820: W/RcsClientLib(6690): 	at bnsk.run(PG:2)
10-15 19:17:23.820: W/RcsClientLib(6690): 	at java.util.concurrent.Executors$RunnableAdapter.call(Executors.java:463)
10-15 19:17:23.820: W/RcsClientLib(6690): 	at bsej.a(PG:1)
10-15 19:17:23.820: W/RcsClientLib(6690): 	at bsdl.run(PG:4)
10-15 19:17:23.820: W/RcsClientLib(6690): 	at bsek.run(PG:1)
10-15 19:17:23.820: W/RcsClientLib(6690): 	at bcfr.run(PG:1)
10-15 19:17:23.820: W/RcsClientLib(6690): 	at java.util.concurrent.ThreadPoolExecutor.runWorker(ThreadPoolExecutor.java:1137)
10-15 19:17:23.820: W/RcsClientLib(6690): 	at java.util.concurrent.ThreadPoolExecutor$Worker.run(ThreadPoolExecutor.java:637)
10-15 19:17:23.820: W/RcsClientLib(6690): 	at bcex.run(PG:2)
10-15 19:17:23.820: W/RcsClientLib(6690): 	at bcfd.run(PG:4)
10-15 19:17:23.820: W/RcsClientLib(6690): 	at java.lang.Thread.run(Thread.java:1012)
10-15 19:17:23.820: I/RcsClientLib(6690): Disconnecting LocationSharingService
10-15 19:17:23.820: W/RcsClientLib(6690): Unexpected error when trying to unbind com.google.android.ims.rcsservice.locationsharing.ILocationSharing: Service not registered: blew@3cfb7e
10-15 19:17:23.820: W/RcsClientLib(6690): java.lang.IllegalArgumentException: Service not registered: blew@3cfb7e
10-15 19:17:23.820: W/RcsClientLib(6690): 	at android.app.LoadedApk.forgetServiceDispatcher(LoadedApk.java:1991)
10-15 19:17:23.820: W/RcsClientLib(6690): 	at android.app.ContextImpl.unbindService(ContextImpl.java:2076)
10-15 19:17:23.820: W/RcsClientLib(6690): 	at android.content.ContextWrapper.unbindService(ContextWrapper.java:889)
10-15 19:17:23.820: W/RcsClientLib(6690): 	at blet.g(PG:1)
10-15 19:17:23.820: W/RcsClientLib(6690): 	at blet.disconnect(PG:2)
10-15 19:17:23.820: W/RcsClientLib(6690): 	at aimd.p(PG:5)
10-15 19:17:23.820: W/RcsClientLib(6690): 	at com.google.android.apps.messaging.rcsmigration.RcsStateProvider.lambda$onMigrationComplete$0$com-google-android-apps-messaging-rcsmigration-RcsStateProvider(PG:5)
10-15 19:17:23.820: W/RcsClientLib(6690): 	at rvh.run(Unknown Source:2)
10-15 19:17:23.820: W/RcsClientLib(6690): 	at bnsk.run(PG:2)
10-15 19:17:23.820: W/RcsClientLib(6690): 	at java.util.concurrent.Executors$RunnableAdapter.call(Executors.java:463)
10-15 19:17:23.820: W/RcsClientLib(6690): 	at bsej.a(PG:1)
10-15 19:17:23.820: W/RcsClientLib(6690): 	at bsdl.run(PG:4)
10-15 19:17:23.820: W/RcsClientLib(6690): 	at bsek.run(PG:1)
10-15 19:17:23.820: W/RcsClientLib(6690): 	at bcfr.run(PG:1)
10-15 19:17:23.820: W/RcsClientLib(6690): 	at java.util.concurrent.ThreadPoolExecutor.runWorker(ThreadPoolExecutor.java:1137)
10-15 19:17:23.820: W/RcsClientLib(6690): 	at java.util.concurrent.ThreadPoolExecutor$Worker.run(ThreadPoolExecutor.java:637)
10-15 19:17:23.820: W/RcsClientLib(6690): 	at bcex.run(PG:2)
10-15 19:17:23.820: W/RcsClientLib(6690): 	at bcfd.run(PG:4)
10-15 19:17:23.820: W/RcsClientLib(6690): 	at java.lang.Thread.run(Thread.java:1012)
10-15 19:17:23.820: I/RcsClientLib(6690): Disconnecting ImsConnectionTrackerService
10-15 19:17:23.820: W/RcsClientLib(6690): Unexpected error when trying to unbind com.google.android.ims.rcsservice.ims.IImsConnectionTracker: Service not registered: blew@de5092c
10-15 19:17:23.821: W/RcsClientLib(6690): java.lang.IllegalArgumentException: Service not registered: blew@de5092c
10-15 19:17:23.821: W/RcsClientLib(6690): 	at android.app.LoadedApk.forgetServiceDispatcher(LoadedApk.java:1991)
10-15 19:17:23.821: W/RcsClientLib(6690): 	at android.app.ContextImpl.unbindService(ContextImpl.java:2076)
10-15 19:17:23.821: W/RcsClientLib(6690): 	at android.content.ContextWrapper.unbindService(ContextWrapper.java:889)
10-15 19:17:23.821: W/RcsClientLib(6690): 	at blet.g(PG:1)
10-15 19:17:23.821: W/RcsClientLib(6690): 	at blet.disconnect(PG:2)
10-15 19:17:23.821: W/RcsClientLib(6690): 	at aimd.p(PG:6)
10-15 19:17:23.821: W/RcsClientLib(6690): 	at com.google.android.apps.messaging.rcsmigration.RcsStateProvider.lambda$onMigrationComplete$0$com-google-android-apps-messaging-rcsmigration-RcsStateProvider(PG:5)
10-15 19:17:23.821: W/RcsClientLib(6690): 	at rvh.run(Unknown Source:2)
10-15 19:17:23.821: W/RcsClientLib(6690): 	at bnsk.run(PG:2)
10-15 19:17:23.821: W/RcsClientLib(6690): 	at java.util.concurrent.Executors$RunnableAdapter.call(Executors.java:463)
10-15 19:17:23.821: W/RcsClientLib(6690): 	at bsej.a(PG:1)
10-15 19:17:23.821: W/RcsClientLib(6690): 	at bsdl.run(PG:4)
10-15 19:17:23.821: W/RcsClientLib(6690): 	at bsek.run(PG:1)
10-15 19:17:23.821: W/RcsClientLib(6690): 	at bcfr.run(PG:1)
10-15 19:17:23.821: W/RcsClientLib(6690): 	at java.util.concurrent.ThreadPoolExecutor.runWorker(ThreadPoolExecutor.java:1137)
10-15 19:17:23.821: W/RcsClientLib(6690): 	at java.util.concurrent.ThreadPoolExecutor$Worker.run(ThreadPoolExecutor.java:637)
10-15 19:17:23.821: W/RcsClientLib(6690): 	at bcex.run(PG:2)
10-15 19:17:23.821: W/RcsClientLib(6690): 	at bcfd.run(PG:4)
10-15 19:17:23.821: W/RcsClientLib(6690): 	at java.lang.Thread.run(Thread.java:1012)
10-15 19:17:23.821: I/RcsClientLib(6690): Disconnecting RcsProfileService
10-15 19:17:23.821: W/RcsClientLib(6690): Unexpected error when trying to unbind com.google.android.ims.rcsservice.profile.IRcsProfile: Service not registered: blew@429518a
10-15 19:17:23.821: W/RcsClientLib(6690): java.lang.IllegalArgumentException: Service not registered: blew@429518a
10-15 19:17:23.821: W/RcsClientLib(6690): 	at android.app.LoadedApk.forgetServiceDispatcher(LoadedApk.java:1991)
10-15 19:17:23.821: W/RcsClientLib(6690): 	at android.app.ContextImpl.unbindService(ContextImpl.java:2076)
10-15 19:17:23.821: W/RcsClientLib(6690): 	at android.content.ContextWrapper.unbindService(ContextWrapper.java:889)
10-15 19:17:23.821: W/RcsClientLib(6690): 	at blet.g(PG:1)
10-15 19:17:23.821: W/RcsClientLib(6690): 	at blet.disconnect(PG:2)
10-15 19:17:23.821: W/RcsClientLib(6690): 	at aimd.p(PG:7)
10-15 19:17:23.821: W/RcsClientLib(6690): 	at com.google.android.apps.messaging.rcsmigration.RcsStateProvider.lambda$onMigrationComplete$0$com-google-android-apps-messaging-rcsmigration-RcsStateProvider(PG:5)
10-15 19:17:23.821: W/RcsClientLib(6690): 	at rvh.run(Unknown Source:2)
10-15 19:17:23.821: W/RcsClientLib(6690): 	at bnsk.run(PG:2)
10-15 19:17:23.821: W/RcsClientLib(6690): 	at java.util.concurrent.Executors$RunnableAdapter.call(Executors.java:463)
10-15 19:17:23.821: W/RcsClientLib(6690): 	at bsej.a(PG:1)
10-15 19:17:23.821: W/RcsClientLib(6690): 	at bsdl.run(PG:4)
10-15 19:17:23.821: W/RcsClientLib(6690): 	at bsek.run(PG:1)
10-15 19:17:23.821: W/RcsClientLib(6690): 	at bcfr.run(PG:1)
10-15 19:17:23.821: W/RcsClientLib(6690): 	at java.util.concurrent.ThreadPoolExecutor.runWorker(ThreadPoolExecutor.java:1137)
10-15 19:17:23.821: W/RcsClientLib(6690): 	at java.util.concurrent.ThreadPoolExecutor$Worker.run(ThreadPoolExecutor.java:637)
10-15 19:17:23.821: W/RcsClientLib(6690): 	at bcex.run(PG:2)
10-15 19:17:23.821: W/RcsClientLib(6690): 	at bcfd.run(PG:4)
10-15 19:17:23.821: W/RcsClientLib(6690): 	at java.lang.Thread.run(Thread.java:1012)
10-15 19:17:23.821: I/RcsClientLib(6690): Disconnecting BusinessInfoService
10-15 19:17:23.821: W/RcsClientLib(6690): Unexpected error when trying to unbind com.google.android.ims.rcsservice.businessinfo.IBusinessInfo: Service not registered: blew@12f8c18
10-15 19:17:23.821: W/RcsClientLib(6690): java.lang.IllegalArgumentException: Service not registered: blew@12f8c18
10-15 19:17:23.821: W/RcsClientLib(6690): 	at android.app.LoadedApk.forgetServiceDispatcher(LoadedApk.java:1991)
10-15 19:17:23.821: W/RcsClientLib(6690): 	at android.app.ContextImpl.unbindService(ContextImpl.java:2076)
10-15 19:17:23.821: W/RcsClientLib(6690): 	at android.content.ContextWrapper.unbindService(ContextWrapper.java:889)
10-15 19:17:23.821: W/RcsClientLib(6690): 	at blet.g(PG:1)
10-15 19:17:23.821: W/RcsClientLib(6690): 	at blet.disconnect(PG:2)
10-15 19:17:23.821: W/RcsClientLib(6690): 	at aimd.p(PG:8)
10-15 19:17:23.821: W/RcsClientLib(6690): 	at com.google.android.apps.messaging.rcsmigration.RcsStateProvider.lambda$onMigrationComplete$0$com-google-android-apps-messaging-rcsmigration-RcsStateProvider(PG:5)
10-15 19:17:23.821: W/RcsClientLib(6690): 	at rvh.run(Unknown Source:2)
10-15 19:17:23.821: W/RcsClientLib(6690): 	at bnsk.run(PG:2)
10-15 19:17:23.821: W/RcsClientLib(6690): 	at java.util.concurrent.Executors$RunnableAdapter.call(Executors.java:463)
10-15 19:17:23.821: W/RcsClientLib(6690): 	at bsej.a(PG:1)
10-15 19:17:23.821: W/RcsClientLib(6690): 	at bsdl.run(PG:4)
10-15 19:17:23.821: W/RcsClientLib(6690): 	at bsek.run(PG:1)
10-15 19:17:23.821: W/RcsClientLib(6690): 	at bcfr.run(PG:1)
10-15 19:17:23.821: W/RcsClientLib(6690): 	at java.util.concurrent.ThreadPoolExecutor.runWorker(ThreadPoolExecutor.java:1137)
10-15 19:17:23.821: W/RcsClientLib(6690): 	at java.util.concurrent.ThreadPoolExecutor$Worker.run(ThreadPoolExecutor.java:637)
10-15 19:17:23.821: W/RcsClientLib(6690): 	at bcex.run(PG:2)
10-15 19:17:23.821: W/RcsClientLib(6690): 	at bcfd.run(PG:4)
10-15 19:17:23.821: W/RcsClientLib(6690): 	at java.lang.Thread.run(Thread.java:1012)
10-15 19:17:23.821: I/RcsClientLib(6690): Disconnecting RcsMessagingService
10-15 19:17:23.821: W/RcsClientLib(6690): Unexpected error when trying to unbind com.google.android.rcs.client.messaging.IMessaging: Service not registered: blew@1d2fc56
10-15 19:17:23.821: W/RcsClientLib(6690): java.lang.IllegalArgumentException: Service not registered: blew@1d2fc56
10-15 19:17:23.821: W/RcsClientLib(6690): 	at android.app.LoadedApk.forgetServiceDispatcher(LoadedApk.java:1991)
10-15 19:17:23.821: W/RcsClientLib(6690): 	at android.app.ContextImpl.unbindService(ContextImpl.java:2076)
10-15 19:17:23.821: W/RcsClientLib(6690): 	at android.content.ContextWrapper.unbindService(ContextWrapper.java:889)
10-15 19:17:23.821: W/RcsClientLib(6690): 	at blet.g(PG:1)
10-15 19:17:23.821: W/RcsClientLib(6690): 	at blet.disconnect(PG:2)
10-15 19:17:23.821: W/RcsClientLib(6690): 	at aimd.p(PG:9)
10-15 19:17:23.821: W/RcsClientLib(6690): 	at com.google.android.apps.messaging.rcsmigration.RcsStateProvider.lambda$onMigrationComplete$0$com-google-android-apps-messaging-rcsmigration-RcsStateProvider(PG:5)
10-15 19:17:23.821: W/RcsClientLib(6690): 	at rvh.run(Unknown Source:2)
10-15 19:17:23.821: W/RcsClientLib(6690): 	at bnsk.run(PG:2)
10-15 19:17:23.821: W/RcsClientLib(6690): 	at java.util.concurrent.Executors$RunnableAdapter.call(Executors.java:463)
10-15 19:17:23.821: W/RcsClientLib(6690): 	at bsej.a(PG:1)
10-15 19:17:23.821: W/RcsClientLib(6690): 	at bsdl.run(PG:4)
10-15 19:17:23.821: W/RcsClientLib(6690): 	at bsek.run(PG:1)
10-15 19:17:23.821: W/RcsClientLib(6690): 	at bcfr.run(PG:1)
10-15 19:17:23.821: W/RcsClientLib(6690): 	at java.util.concurrent.ThreadPoolExecutor.runWorker(ThreadPoolExecutor.java:1137)
10-15 19:17:23.821: W/RcsClientLib(6690): 	at java.util.concurrent.ThreadPoolExecutor$Worker.run(ThreadPoolExecutor.java:637)
10-15 19:17:23.821: W/RcsClientLib(6690): 	at bcex.run(PG:2)
10-15 19:17:23.821: W/RcsClientLib(6690): 	at bcfd.run(PG:4)
10-15 19:17:23.821: W/RcsClientLib(6690): 	at java.lang.Thread.run(Thread.java:1012)
10-15 19:17:23.821: I/RcsClientLib(6690): Disconnecting TransportControlService
10-15 19:17:23.821: W/RcsClientLib(6690): Unexpected error when trying to unbind com.google.android.ims.rcsservice.transportcontrol.ITransportControl: Service not registered: blew@99d51c4
10-15 19:17:23.821: W/RcsClientLib(6690): java.lang.IllegalArgumentException: Service not registered: blew@99d51c4
10-15 19:17:23.821: W/RcsClientLib(6690): 	at android.app.LoadedApk.forgetServiceDispatcher(LoadedApk.java:1991)
10-15 19:17:23.821: W/RcsClientLib(6690): 	at android.app.ContextImpl.unbindService(ContextImpl.java:2076)
10-15 19:17:23.821: W/RcsClientLib(6690): 	at android.content.ContextWrapper.unbindService(ContextWrapper.java:889)
10-15 19:17:23.821: W/RcsClientLib(6690): 	at blet.g(PG:1)
10-15 19:17:23.821: W/RcsClientLib(6690): 	at blet.disconnect(PG:2)
10-15 19:17:23.821: W/RcsClientLib(6690): 	at aimd.p(PG:10)
10-15 19:17:23.821: W/RcsClientLib(6690): 	at com.google.android.apps.messaging.rcsmigration.RcsStateProvider.lambda$onMigrationComplete$0$com-google-android-apps-messaging-rcsmigration-RcsStateProvider(PG:5)
10-15 19:17:23.821: W/RcsClientLib(6690): 	at rvh.run(Unknown Source:2)
10-15 19:17:23.821: W/RcsClientLib(6690): 	at bnsk.run(PG:2)
10-15 19:17:23.821: W/RcsClientLib(6690): 	at java.util.concurrent.Executors$RunnableAdapter.call(Executors.java:463)
10-15 19:17:23.821: W/RcsClientLib(6690): 	at bsej.a(PG:1)
10-15 19:17:23.821: W/RcsClientLib(6690): 	at bsdl.run(PG:4)
10-15 19:17:23.821: W/RcsClientLib(6690): 	at bsek.run(PG:1)
10-15 19:17:23.821: W/RcsClientLib(6690): 	at bcfr.run(PG:1)
10-15 19:17:23.821: W/RcsClientLib(6690): 	at java.util.concurrent.ThreadPoolExecutor.runWorker(ThreadPoolExecutor.java:1137)
10-15 19:17:23.821: W/RcsClientLib(6690): 	at java.util.concurrent.ThreadPoolExecutor$Worker.run(ThreadPoolExecutor.java:637)
10-15 19:17:23.821: W/RcsClientLib(6690): 	at bcex.run(PG:2)
10-15 19:17:23.821: W/RcsClientLib(6690): 	at bcfd.run(PG:4)
10-15 19:17:23.821: W/RcsClientLib(6690): 	at java.lang.Thread.run(Thread.java:1012)
10-15 19:17:23.821: W/BugleRcs(6690): disconnecting from all Rcs Services
10-15 19:17:23.823: I/RcsProvisioning(6690): Failed to read config: no config found /data/user/0/com.google.android.apps.messaging/files/rcsconfig: open failed: ENOENT (No such file or directory)
10-15 19:17:23.831: I/MS_Utils(6011): version of com.google.android.apps.maps = 1066652632
10-15 19:17:23.832: I/BugleRcsEngine(6690): [76] RcsStateProvider.lambda$onMigrationComplete$0$com-google-android-apps-messaging-rcsmigration-RcsStateProvider: JibeService stopped: false
10-15 19:17:23.832: I/RcsClientLib(6690): Connecting ChatSessionService
10-15 19:17:23.833: I/BugleRcsEngine(6690): [77] RcsStateProvider.lambda$onMigrationComplete$0$com-google-android-apps-messaging-rcsmigration-RcsStateProvider: JibeService stopped: false
10-15 19:17:23.833: I/RcsClientLib(6690): Connecting ChatSessionService
10-15 19:17:23.854: I/GmsSyncPolicyEngine(6011): Periodic sync 1 disabled by policy, cancelled.
10-15 19:17:23.858: I/GmsSyncPolicyEngine(6011): Periodic sync 2 disabled by policy, cancelled.
10-15 19:17:23.878: I/SystemUpdate(6011): [Installation,ReceiverIntentOperation] Received intent: Intent { act=com.google.gservices.intent.action.GSERVICES_CHANGED flg=0x1000010 pkg=com.google.android.gms cmp=com.google.android.gms/.chimera.GmsIntentOperationService$SharedUidReceiver }.
10-15 19:17:23.917: I/RcsClientLib(6690): shouldUseCarrierServicesJibeService: true, CarrierServices rcs service found: true
10-15 19:17:23.922: I/RcsClientLib(6690): shouldUseCarrierServicesJibeService: true, CarrierServices rcs service found: true
10-15 19:17:23.940: I/RcsClientLib(6690): com.google.android.rcs.client.chatsession.ChatSessionService connected
10-15 19:17:23.952: I/RcsClientLib(6690): Connecting EventService
10-15 19:17:23.957: I/RcsClientLib(6690): Connecting EventService
10-15 19:17:24.006: I/RcsClientLib(6690): shouldUseCarrierServicesJibeService: true, CarrierServices rcs service found: true
10-15 19:17:24.007: I/RcsClientLib(6690): shouldUseCarrierServicesJibeService: true, CarrierServices rcs service found: true
10-15 19:17:24.008: I/RcsClientLib(6690): com.google.android.rcs.client.events.EventService connected
10-15 19:17:24.010: I/RcsClientLib(6690): Connecting ContactsService
10-15 19:17:24.013: I/RcsClientLib(6690): Connecting ContactsService
10-15 19:17:24.037: I/RcsProvisioning(6690): Failed to read config: no config found /data/user/0/com.google.android.apps.messaging/files/rcsconfig: open failed: ENOENT (No such file or directory)
10-15 19:17:24.046: I/RcsClientLib(6690): shouldUseCarrierServicesJibeService: true, CarrierServices rcs service found: true
10-15 19:17:24.053: I/SystemUpdate(6011): [Execution,InstallationEventIntentOperation] Handling event of type 2.
10-15 19:17:24.055: I/RcsClientLib(6690): com.google.android.rcs.client.contacts.ContactsService connected
10-15 19:17:24.056: I/RcsClientLib(6690): shouldUseCarrierServicesJibeService: true, CarrierServices rcs service found: true
10-15 19:17:24.066: I/RcsClientLib(6690): Connecting FileTransferService
10-15 19:17:24.077: I/SystemUpdate(6011): [Execution,InstallationIntentOperation] Received intent: Intent { act=com.google.android.gms.update.INSTALL_UPDATE cat=[targeted_intent_op_prefix:.update.execution.InstallationIntentOperation] cmp=com.google.android.gms/.chimera.GmsIntentOperationService }.
10-15 19:17:24.079: I/RcsClientLib(6690): Connecting FileTransferService
10-15 19:17:24.080: I/SystemUpdate(6011): [Execution,ExecutionManager] Action finished-execution executed for 0.00 seconds.
10-15 19:17:24.104: I/RcsClientLib(6690): shouldUseCarrierServicesJibeService: true, CarrierServices rcs service found: true
10-15 19:17:24.106: I/RcsClientLib(6690): com.google.android.rcs.client.filetransfer.FileTransferService connected
10-15 19:17:24.106: I/RcsClientLib(6690): Connecting LocationSharingService
10-15 19:17:24.114: W/SystemServiceRegistry(2367): No service published for: persistent_data_block
10-15 19:17:24.132: I/RcsClientLib(6690): shouldUseCarrierServicesJibeService: true, CarrierServices rcs service found: true
10-15 19:17:24.141: I/CarrierServices(1765): [69] RcsStateSaver.saveRcsState:57 Saving RCS State
10-15 19:17:24.141: I/CarrierServices(1765): [69] RcsStateSaver.saveRcsState:66 Old operation mode: 2
10-15 19:17:24.150: I/CarrierServices(1765): [69] RcsStateSaver.saveRcsState:71 New operation mode: 2
10-15 19:17:24.160: I/RcsClientLib(6690): com.google.android.rcs.client.locationsharing.LocationSharingService connected
10-15 19:17:24.166: I/RcsClientLib(6690): Connecting ImsConnectionTrackerService
10-15 19:17:24.166: I/CarrierServices(1765): [2] RcsStateFetcher$1.onPostExecute:175 Finalizing migration for RCS state: Operation mode FULL STACK
10-15 19:17:24.167: I/BugleRcsEngine(6690): [73] RcsStateProvider.onMigrationComplete: Migration complete.
10-15 19:17:24.167: I/CarrierServices(1765): [2] dsz.b: EngineBroadcaster: Broadcasting provisioning intent rcs.intent.action.csApkInitialized to Bugle with extras redacted-pii:[null]
10-15 19:17:24.170: W/PackageManager(605): Intent does not match component's intent filter: Intent { act=rcs.intent.action.csApkInitialized flg=0x10 cmp=com.google.android.apps.messaging/.rcsprovisioning.RcsProvisioningBroadcastReceiver (has extras) }
10-15 19:17:24.170: W/PackageManager(605): Access blocked: ComponentInfo{com.google.android.apps.messaging/com.google.android.apps.messaging.rcsprovisioning.RcsProvisioningBroadcastReceiver}
10-15 19:17:24.195: I/Backup(6011): [GmsBackupStatusChangeReceiver] Going to enable gms backup transport.
10-15 19:17:24.202: I/BugleRcsEngine(6690): [79] RcsStateProvider.lambda$onMigrationComplete$0$com-google-android-apps-messaging-rcsmigration-RcsStateProvider: Rcs Engine should be running in cs.apk. Stopping JibeService.
10-15 19:17:24.202: I/RcsClientLib(6690): Disconnecting ChatSessionService
10-15 19:17:24.202: I/RcsClientLib(6690): shouldUseCarrierServicesJibeService: true, CarrierServices rcs service found: true
10-15 19:17:24.206: I/CarrierServices(1765): [2] RcsStateFetcher$GetRcsStateConnection.onFinish:148 Unbinding RcsMigrationService
10-15 19:17:24.206: I/RcsClientLib(6690): Disconnecting EventService
10-15 19:17:24.208: W/PrereqChecker(6011): CPU ABIs [x86_64, ] are not supported.
10-15 19:17:24.215: I/OcrModelUpStIntentOp(6011): Downloading text recognizer
10-15 19:17:24.227: I/RcsClientLib(6690): com.google.android.rcs.client.ims.ImsConnectionTrackerService connected
10-15 19:17:24.229: I/RcsClientLib(6690): Connecting RcsProfileService
10-15 19:17:24.233: I/RcsClientLib(6690): Disconnecting ContactsService
10-15 19:17:24.238: W/NetworkScheduler(1299): The extras of the task (com.google.android.gms.ocr.service.ModelCleanUpTaskService:type_[2]) are not valid to be persisted so that the task is not persisted [CONTEXT service_id=218 ]
10-15 19:17:24.238: W/NetworkScheduler(1299): java.lang.IllegalArgumentException: Only the following extra parameter types are supported: Integer, Long, Double, String, Boolean, and nested Bundles with the same restrictions.
10-15 19:17:24.238: W/NetworkScheduler(1299): 	at amrs.f(:com.google.android.gms@221821047@22.18.21 (190800-453244992):6)
10-15 19:17:24.238: W/NetworkScheduler(1299): 	at bdet.g(:com.google.android.gms@221821047@22.18.21 (190800-453244992):37)
10-15 19:17:24.238: W/NetworkScheduler(1299): 	at bddm.n(:com.google.android.gms@221821047@22.18.21 (190800-453244992):3)
10-15 19:17:24.238: W/NetworkScheduler(1299): 	at bddm.u(:com.google.android.gms@221821047@22.18.21 (190800-453244992):20)
10-15 19:17:24.238: W/NetworkScheduler(1299): 	at bddm.h(:com.google.android.gms@221821047@22.18.21 (190800-453244992):3)
10-15 19:17:24.238: W/NetworkScheduler(1299): 	at bcze.run(:com.google.android.gms@221821047@22.18.21 (190800-453244992):9)
10-15 19:17:24.238: W/NetworkScheduler(1299): 	at wwq.c(:com.google.android.gms@221821047@22.18.21 (190800-453244992):6)
10-15 19:17:24.238: W/NetworkScheduler(1299): 	at wwq.run(:com.google.android.gms@221821047@22.18.21 (190800-453244992):7)
10-15 19:17:24.238: W/NetworkScheduler(1299): 	at java.util.concurrent.ThreadPoolExecutor.runWorker(ThreadPoolExecutor.java:1137)
10-15 19:17:24.238: W/NetworkScheduler(1299): 	at java.util.concurrent.ThreadPoolExecutor$Worker.run(ThreadPoolExecutor.java:637)
10-15 19:17:24.238: W/NetworkScheduler(1299): 	at xbv.run(:com.google.android.gms@221821047@22.18.21 (190800-453244992):0)
10-15 19:17:24.238: W/NetworkScheduler(1299): 	at java.lang.Thread.run(Thread.java:1012)
10-15 19:17:24.255: I/RcsClientLib(6690): Disconnecting FileTransferService
10-15 19:17:24.268: I/RcsClientLib(6690): Disconnecting LocationSharingService
10-15 19:17:24.288: I/RcsClientLib(6690): Disconnecting ImsConnectionTrackerService
10-15 19:17:24.291: I/RcsClientLib(6690): Disconnecting RcsProfileService
10-15 19:17:24.292: W/RcsClientLib(6690): Unexpected error when trying to unbind com.google.android.ims.rcsservice.profile.IRcsProfile: Service not registered: blew@429518a
10-15 19:17:24.292: W/RcsClientLib(6690): java.lang.IllegalArgumentException: Service not registered: blew@429518a
10-15 19:17:24.292: W/RcsClientLib(6690): 	at android.app.LoadedApk.forgetServiceDispatcher(LoadedApk.java:1991)
10-15 19:17:24.292: W/RcsClientLib(6690): 	at android.app.ContextImpl.unbindService(ContextImpl.java:2076)
10-15 19:17:24.292: W/RcsClientLib(6690): 	at android.content.ContextWrapper.unbindService(ContextWrapper.java:889)
10-15 19:17:24.292: W/RcsClientLib(6690): 	at blet.g(PG:1)
10-15 19:17:24.292: W/RcsClientLib(6690): 	at blet.disconnect(PG:2)
10-15 19:17:24.292: W/RcsClientLib(6690): 	at aimd.p(PG:7)
10-15 19:17:24.292: W/RcsClientLib(6690): 	at com.google.android.apps.messaging.rcsmigration.RcsStateProvider.lambda$onMigrationComplete$0$com-google-android-apps-messaging-rcsmigration-RcsStateProvider(PG:5)
10-15 19:17:24.292: W/RcsClientLib(6690): 	at rvh.run(Unknown Source:2)
10-15 19:17:24.292: W/RcsClientLib(6690): 	at bnsk.run(PG:2)
10-15 19:17:24.292: W/RcsClientLib(6690): 	at java.util.concurrent.Executors$RunnableAdapter.call(Executors.java:463)
10-15 19:17:24.292: W/RcsClientLib(6690): 	at bsej.a(PG:1)
10-15 19:17:24.292: W/RcsClientLib(6690): 	at bsdl.run(PG:4)
10-15 19:17:24.292: W/RcsClientLib(6690): 	at bsek.run(PG:1)
10-15 19:17:24.292: W/RcsClientLib(6690): 	at bcfr.run(PG:1)
10-15 19:17:24.292: W/RcsClientLib(6690): 	at java.util.concurrent.ThreadPoolExecutor.runWorker(ThreadPoolExecutor.java:1137)
10-15 19:17:24.292: W/RcsClientLib(6690): 	at java.util.concurrent.ThreadPoolExecutor$Worker.run(ThreadPoolExecutor.java:637)
10-15 19:17:24.292: W/RcsClientLib(6690): 	at bcex.run(PG:2)
10-15 19:17:24.292: W/RcsClientLib(6690): 	at bcfd.run(PG:4)
10-15 19:17:24.292: W/RcsClientLib(6690): 	at java.lang.Thread.run(Thread.java:1012)
10-15 19:17:24.292: I/RcsClientLib(6690): Disconnecting BusinessInfoService
10-15 19:17:24.292: W/RcsClientLib(6690): Unexpected error when trying to unbind com.google.android.ims.rcsservice.businessinfo.IBusinessInfo: Service not registered: blew@12f8c18
