10-15 19:16:52.982: V/installd(460): Running /apex/com.android.art/bin/dex2oat64 in=base.apk out=/data/app/~~2hWHPIuNbyTXIF2UNfUQ0g==/com.google.android.apps.auth.test.support-BnZA6fco4vhKt1rJeAQ3tw==/oat/x86_64/base.odex
10-15 19:16:53.027: W/ChimeraUtils(1299): Module com.google.android.gms.nearby_en has empty metadata display_name_string_id
10-15 19:16:53.031: I/Fitness(1299): FitCleanupIntentOperation received Intent android.intent.action.PACKAGE_CHANGED [CONTEXT service_id=17 ]
10-15 19:16:53.031: W/dex2oat64(6153): Unexpected CPU variant for x86: x86_64.
10-15 19:16:53.031: W/dex2oat64(6153): Known variants: atom, sandybridge, silvermont, kabylake, default
10-15 19:16:53.037: W/dex2oat64(6153): Mismatch between dex2oat instruction set features to use (ISA: X86_64 Feature string: -ssse3,-sse4.1,-sse4.2,-avx,-avx2,-popcnt) and those from CPP defines (ISA: X86_64 Feature string: ssse3,sse4.1,sse4.2,-avx,-avx2,popcnt) for the command line:
10-15 19:16:53.037: W/dex2oat64(6153): /apex/com.android.art/bin/dex2oat64 --zip-fd=8 --zip-location=base.apk --oat-fd=9 --oat-location=/data/app/~~2hWHPIuNbyTXIF2UNfUQ0g==/com.google.android.apps.auth.test.support-BnZA6fco4vhKt1rJeAQ3tw==/oat/x86_64/base.odex --input-vdex-fd=-1 --output-vdex-fd=10 --swap-fd=11 --classpath-dir=/data/app/~~2hWHPIuNbyTXIF2UNfUQ0g==/com.google.android.apps.auth.test.support-BnZA6fco4vhKt1rJeAQ3tw== --class-loader-context=PCL[]{PCL[/system/framework/android.test.base.jar]#PCL[/system/framework/org.apache.http.legacy.jar]} --compact-dex-level=none --instruction-set=x86_64 --instruction-set-features=default --instruction-set-variant=x86_64 --compiler-filter=speed-profile --compilation-reason=install --max-image-block-size=524288 --resolve-startup-const-strings=true --generate-mini-debug-info --runtime-arg -Xhidden-api-policy:enabled --runtime-arg -Xms64m --runtime-arg -Xmx512m
10-15 19:16:53.041: I/dex2oat64(6153): /apex/com.android.art/bin/dex2oat64 --input-vdex-fd=-1 --output-vdex-fd=10 --classpath-dir=/data/app/~~2hWHPIuNbyTXIF2UNfUQ0g==/com.google.android.apps.auth.test.support-BnZA6fco4vhKt1rJeAQ3tw== --class-loader-context=PCL[]{PCL[/system/framework/android.test.base.jar]#PCL[/system/framework/org.apache.http.legacy.jar]} --compact-dex-level=none --compiler-filter=speed-profile --compilation-reason=install --max-image-block-size=524288 --resolve-startup-const-strings=true --generate-mini-debug-info
10-15 19:16:53.052: I/Icing(6011): Indexing com.google.android.gms-apps from com.google.android.gms
10-15 19:16:53.057: W/ChimeraUtils(1299): Module com.google.android.gms.nearby_en has empty metadata display_name_string_id
10-15 19:16:53.091: I/GmsDebugLogger(6011): [73] 1801
10-15 19:16:53.112: I/GmsDebugLogger(6011): [30] [Pay.optional:221821100000]
10-15 19:16:53.120: W/ChimeraConfigService(6011): Retry attempt was throttled. [CONTEXT service_id=264 ]
10-15 19:16:53.120: I/GmsDebugLogger(6011): [83] 1 [pay]
10-15 19:16:53.199: W/ChimeraUtils(1299): Module com.google.android.gms.nearby_en has empty metadata display_name_string_id
10-15 19:16:53.221: I/Icing(6011): Indexing done com.google.android.gms-apps
10-15 19:16:53.232: W/ChimeraUtils(1299): Module com.google.android.gms.nearby_en has empty metadata display_name_string_id
10-15 19:16:53.308: I/system_server(605): Background concurrent copying GC freed 344112(16MB) AllocSpace objects, 11(332KB) LOS objects, 50% free, 21MB/43MB, paused 2.402ms,78us total 935.980ms
10-15 19:16:53.312: D/EGL_emulation(1250): app_time_stats: avg=925754.25ms min=925754.25ms max=925754.25ms count=1
10-15 19:16:53.322: W/ChimeraUtils(1299): Module com.google.android.gms.nearby_en has empty metadata display_name_string_id
10-15 19:16:53.381: W/PackageManager(605): Failed registering loading progress callback. Package is fully loaded.
10-15 19:16:53.525: I/dex2oat64(6153): dex2oat took 498.331ms (214.469ms cpu) (threads: 2) arena alloc=0B (0B) java alloc=343KB (351328B) native alloc=835KB (855184B) free=1152KB (1180288B)
10-15 19:16:53.531: V/installd(460): DexInv: --- END '/data/app/~~2hWHPIuNbyTXIF2UNfUQ0g==/com.google.android.apps.auth.test.support-BnZA6fco4vhKt1rJeAQ3tw==/base.apk' (success) ---
10-15 19:16:53.556: I/RoleService(605): Granting default roles...
10-15 19:16:53.573: I/AiAiEcho(1507): EchoSearch: WidgetFetcherImpl is initialized with [23] widgets [reason=package added for userId: 0]
10-15 19:16:53.580: W/Role(1112): Cannot get ApplicationInfo for default holder: com.google.android.contacts
10-15 19:16:53.595: W/Role(1112): Default holder doesn't have required signing certificate: com.google.android.apps.work.clouddpc:23962F4B43B9857638EA66F4D419518EAE282491ACDA4B94707BD59003C45E58
10-15 19:16:53.604: V/BackupManagerService(605): [UserID:0] restoreAtInstall pkg=com.google.android.apps.auth.test.support token=3 restoreSet=0
10-15 19:16:53.605: V/BackupManagerService(605): [UserID:0] Finishing install immediately
10-15 19:16:53.628: D/PackageInstallerSession(605): Marking session 486402601 as applied
10-15 19:16:53.638: E/installd(460): Couldn't opendir /data/app/vmdl486402601.tmp: No such file or directory
10-15 19:16:53.638: E/installd(460): Failed to delete /data/app/vmdl486402601.tmp: No such file or directory
10-15 19:16:53.644: D/CompatibilityChangeReporter(605): Compat change id reported: 168419799; UID 10169; state: DISABLED
10-15 19:16:53.667: I/AiAiEcho(1507): EchoSearch: AppFetcherImpl is initialized with [19] apps [time=18, reason=com.google.android.apps.mtaas.backdrop is added]
10-15 19:16:53.680: I/MediaProvider(1503): Invalidating LocalCallingIdentity cache for package com.google.android.apps.auth.test.support. Reason: package android.intent.action.PACKAGE_ADDED
10-15 19:16:53.680: D/CompatibilityChangeReporter(605): Compat change id reported: 218533173; UID 10169; state: DISABLED
10-15 19:16:53.682: I/Telecom(605): DefaultDialerCache: Refreshing default dialer for user 0: now com.google.android.dialer: DDC.oR@AO0
10-15 19:16:53.686: I/GsaVoiceInteractionSrv(1602): O received Intent { act=android.intent.action.PACKAGE_ADDED dat=package: flg=0x4000010 (has extras) }
10-15 19:16:53.691: I/PermissionControllerServiceImpl(1112): Updating user sensitive for uid 10169
10-15 19:16:53.693: I/InputReader(605): Reconfiguring input devices, changes=KEYBOARD_LAYOUTS | 
10-15 19:16:53.870: W/BroadcastQueue(605): Background execution not allowed: receiving Intent { act=android.intent.action.PACKAGE_ADDED dat=package: flg=0x4000010 (has extras) } to com.google.android.packageinstaller/com.android.packageinstaller.PackageInstalledReceiver
10-15 19:16:53.875: W/BroadcastQueue(605): Background execution not allowed: receiving Intent { act=android.intent.action.PACKAGE_ADDED dat=package: flg=0x4000010 (has extras) } to com.google.android.gms/.games.chimera.GamesSystemBroadcastReceiverProxy
10-15 19:16:53.876: W/BroadcastQueue(605): Background execution not allowed: receiving Intent { act=android.intent.action.PACKAGE_ADDED dat=package: flg=0x4000010 (has extras) } to com.google.android.gms/.gass.chimera.PackageChangeBroadcastReceiver
10-15 19:16:53.877: W/BroadcastQueue(605): Background execution not allowed: receiving Intent { act=android.intent.action.PACKAGE_ADDED dat=package: flg=0x4000010 (has extras) } to com.google.android.gms/.chimera.GmsIntentOperationService$PersistentTrustedReceiver
10-15 19:16:53.878: W/BroadcastQueue(605): Background execution not allowed: receiving Intent { act=android.intent.action.PACKAGE_ADDED dat=package: flg=0x4000010 (has extras) } to com.google.android.googlequicksearchbox/com.google.android.apps.gsa.googlequicksearchbox.GelStubAppWatcher
10-15 19:16:53.949: I/Auth(6011): [SupervisedAccountIntentOperation] onHandleIntent(): android.intent.action.PACKAGE_ADDED
10-15 19:16:53.952: I/PackageIntentOperation(6011): Feature flags not enabled, skipping. [CONTEXT service_id=258 ]
10-15 19:16:53.954: I/Dck(6011): doesDeviceHaveSupportedWirelessCapabilities: wccSysProp:0, wccMendel:1, deviceWccOverride:false [CONTEXT service_id=289 ]
10-15 19:16:53.955: I/Dck(6011): isDckModuleEligible: isAtLeastR:true, hasWccSupport:false, downloadAllowed:false, featureEnabled:true [CONTEXT service_id=289 ]
10-15 19:16:53.956: W/Dck(6011): Dck module not eligible for asynchronous downloading [CONTEXT service_id=289 ]
10-15 19:16:53.985: I/ogle.android.as(1507): Background young concurrent copying GC freed 83024(4084KB) AllocSpace objects, 4(136KB) LOS objects, 40% free, 5938KB/10036KB, paused 154us,33us total 444.046ms
10-15 19:16:54.029: V/BackupManagerConstants(605): getFullBackupIntervalMilliseconds(...) returns 86400000
10-15 19:16:54.029: V/BackupManagerConstants(605): getFullBackupRequiredNetworkType(...) returns 2
10-15 19:16:54.030: V/BackupManagerConstants(605): getFullBackupRequireCharging(...) returns true
10-15 19:16:54.047: W/Looper(605): Slow dispatch took 364ms main h=android.app.ActivityThread$H c=android.app.LoadedApk$ReceiverDispatcher$Args$$ExternalSyntheticLambda0@96335a1 m=0
10-15 19:16:54.048: W/Looper(605): Slow delivery took 369ms main h=com.android.server.alarm.AlarmManagerService$AlarmHandler c=null m=11
10-15 19:16:54.063: W/Looper(605): Slow dispatch took 101ms android.fg h=android.os.Handler c=<recycled PooledLambda@db1ef87> m=0
10-15 19:16:54.068: D/CarrierSvcBindHelper(1038): onPackageAdded: com.google.android.apps.auth.test.support
10-15 19:16:54.070: D/CarrierSvcBindHelper(1038): No carrier app for: 0
10-15 19:16:54.100: D/BoundBrokerSvc(6011): onBind: Intent { act=com.google.android.gms.common.BIND_SHARED_PREFS pkg=com.google.android.gms }
10-15 19:16:54.100: D/BoundBrokerSvc(6011): Loading bound service for intent: Intent { act=com.google.android.gms.common.BIND_SHARED_PREFS pkg=com.google.android.gms }
10-15 19:16:54.115: D/BoundBrokerSvc(6011): onUnbind: Intent { act=com.google.android.gms.common.BIND_SHARED_PREFS pkg=com.google.android.gms }
10-15 19:16:54.175: E/VerityUtils(605): Failed to measure fs-verity, errno 1: /data/app/~~2hWHPIuNbyTXIF2UNfUQ0g==/com.google.android.apps.auth.test.support-BnZA6fco4vhKt1rJeAQ3tw==/base.apk
10-15 19:16:54.226: W/GCM(1299): Unexpected forwarded intent: Intent { act=android.intent.action.PACKAGE_ADDED dat=package: flg=0x4000010 pkg=com.google.android.gms cmp=com.google.android.gms/.chimera.PersistentIntentOperationService (has extras) }
10-15 19:16:54.226: W/GCM(1299): Unexpected forwarded intent: Intent { act=android.intent.action.PACKAGE_ADDED dat=package: flg=0x4000010 pkg=com.google.android.gms cmp=com.google.android.gms/.chimera.PersistentIntentOperationService (has extras) }
10-15 19:16:54.264: W/Looper(605): Slow dispatch took 175ms main h=android.os.Handler c=null m=1
10-15 19:16:54.317: W/Looper(605): Slow dispatch took 226ms android.fg h=android.os.Handler c=<recycled PooledLambda@d8b99e0> m=0
10-15 19:16:54.318: I/Telecom(605): DefaultDialerCache: Refreshing default dialer for user 0: now com.google.android.dialer: DDC.oR@APA
10-15 19:16:54.319: W/Looper(605): Drained
10-15 19:16:54.322: W/BackupTransportManager(605): Package com.google.android.apps.auth.test.support enabled setting: 0
10-15 19:16:54.326: W/Looper(605): Slow delivery took 349ms android.fg h=android.os.Handler c=<recycled PooledLambda@f390401> m=0
10-15 19:16:54.331: I/PermissionControllerServiceImpl(1112): Updating user sensitive for uid 10169
10-15 19:16:54.335: D/ImsResolver(1038): maybeAddedImsService, packageName: com.google.android.apps.auth.test.support
10-15 19:16:54.380: W/Role(1112): Cannot get ApplicationInfo for default holder: com.google.android.odad
10-15 19:16:54.396: W/Looper(605): Drained
10-15 19:16:54.409: I/RoleService(605): Granting default roles...
10-15 19:16:54.425: I/Fitness(1299): OnPackageChangedOperation got intent: Intent { act=android.intent.action.PACKAGE_CHANGED dat=package: flg=0x5000010 pkg=com.google.android.gms cmp=com.google.android.gms/.chimera.PersistentIntentOperationService (has extras) } [CONTEXT service_id=17 ]
10-15 19:16:54.461: D/CarrierSvcBindHelper(1038): onPackageModified: com.google.android.apps.auth.test.support
10-15 19:16:54.461: D/CarrierSvcBindHelper(1038): No carrier app for: 0
10-15 19:16:54.471: D/ImsResolver(1038): maybeAddedImsService, packageName: com.google.android.apps.auth.test.support
10-15 19:16:54.490: W/ChimeraUtils(1299): Module com.google.android.gms.nearby_en has empty metadata display_name_string_id
10-15 19:16:54.524: I/ChimeraConfigurator(6011): Starting update, reason: 4 urgentFeatures: pay:-1
10-15 19:16:54.544: I/Fitness(1299): FitCleanupIntentOperation received Intent android.intent.action.PACKAGE_CHANGED [CONTEXT service_id=17 ]
10-15 19:16:54.545: I/Fitness(1299): OnPackageChangedOperation got intent: Intent { act=android.intent.action.PACKAGE_CHANGED dat=package: flg=0x5000010 pkg=com.google.android.gms cmp=com.google.android.gms/.chimera.PersistentIntentOperationService (has extras) } [CONTEXT service_id=17 ]
10-15 19:16:54.588: I/InputReader(605): Reconfiguring input devices, changes=KEYBOARD_LAYOUTS | 
10-15 19:16:54.594: I/Fitness(1299): FitCleanupIntentOperation received Intent android.intent.action.PACKAGE_CHANGED [CONTEXT service_id=17 ]
10-15 19:16:54.614: W/PackageManager(605): Failed registering loading progress callback. Package is fully loaded.
10-15 19:16:54.688: I/AiAiEcho(1507): EchoSearch: WidgetFetcherImpl is initialized with [23] widgets [reason=package added for userId: 0]
10-15 19:16:54.766: W/ChimeraUtils(1299): Module com.google.android.gms.nearby_en has empty metadata display_name_string_id
10-15 19:16:54.797: I/AiAiEcho(1507): EchoSearch: AppFetcherImpl is initialized with [19] apps [time=93, reason=com.google.android.apps.auth.test.support is added]
10-15 19:16:54.818: I/PackageManager(605): Integrity check passed for file:///data/app/vmdl1802458447.tmp
10-15 19:16:54.847: I/ActivityManager(605): Force stopping androidx.test.orchestrator appid=10165 user=-1: installPackageLI
10-15 19:16:54.850: W/ChimeraUtils(1299): Module com.google.android.gms.nearby_en has empty metadata display_name_string_id
10-15 19:16:54.861: I/GmsDebugLogger(6011): [73] 1801
10-15 19:16:54.881: I/PackageManager(605): Update package androidx.test.orchestrator code path from /data/app/~~4pePSMX1-P6WTmBgOhgJwg==/androidx.test.orchestrator-Lxtb5eQ-1KqFNgYM407XnQ== to /data/app/~~m8sqqW3t3pqI_k-dgF0_aA==/androidx.test.orchestrator-iTwjSA-qqczG9X5Rsj3ifg==; Retain data and using new
10-15 19:16:54.941: D/PackageManager(605): Instant App installer not found with android.intent.action.INSTALL_INSTANT_APP_PACKAGE
10-15 19:16:54.942: D/PackageManager(605): Clear ephemeral installer activity
10-15 19:16:55.042: I/GmsDebugLogger(6011): [30] [Pay.optional:221821100000]
10-15 19:16:55.071: W/ChimeraConfigService(6011): Retry attempt was throttled. [CONTEXT service_id=264 ]
10-15 19:16:55.072: I/GmsDebugLogger(6011): [83] 1 [pay]
10-15 19:16:55.236: W/Looper(605): Slow delivery took 277ms main h=android.app.PropertyInvalidatedCache$AutoCorker$1 c=null m=0
10-15 19:16:55.240: W/ogle.android.as(1507): Long monitor contention with owner aiai-vc-0 (3400) at java.lang.Object dfb.b()(PG:2) waiters=0 in java.lang.Object dfb.b() for 928ms
10-15 19:16:55.252: W/Looper(605): Slow delivery took 293ms android.ui h=com.android.server.am.ActivityManagerService$UiHandler c=null m=31
10-15 19:16:55.256: D/EGL_emulation(1250): app_time_stats: avg=971.65ms min=378.59ms max=1564.71ms count=2
10-15 19:16:55.256: I/Choreographer(1250): Skipped 80 frames!  The application may be doing too much work on its main thread.
10-15 19:16:55.377: W/Looper(605): Drained
10-15 19:16:55.391: I/ActivityManager(605): Force stopping androidx.test.orchestrator appid=10165 user=0: pkg removed
10-15 19:16:55.420: W/Looper(605): Drained
10-15 19:16:55.469: I/OpenGLRenderer(1250): Davey! duration=1379ms; Flags=0, FrameTimelineVsyncId=11150, IntendedVsync=1085054957061, Vsync=1085054957061, InputEventId=0, HandleInputStart=1085055973887, AnimationStart=1085055974678, PerformTraversalsStart=1085056416839, DrawStart=1085057838885, FrameDeadline=1085071623727, FrameInterval=1085055971323, FrameStartTime=16666666, SyncQueued=1085058244172, SyncStart=1085058527492, IssueDrawCommandsStart=1085059680180, SwapBuffers=1086074441567, FrameCompleted=1086434798218, DequeueBufferDuration=4796, QueueBufferDuration=558267, GpuCompleted=1086074441567, SwapBuffersCompleted=1086434798218, DisplayPresentTime=543888888688293, CommandSubmissionCompleted=1086074441567, 
10-15 19:16:55.498: I/system_server(605): Background concurrent copying GC freed 191385(10MB) AllocSpace objects, 7(252KB) LOS objects, 49% free, 24MB/48MB, paused 10.859ms,78us total 1.849s
10-15 19:16:55.521: I/Icing(6011): Indexing com.google.android.gms-apps from com.google.android.gms
10-15 19:16:55.530: W/ChimeraUtils(1299): Module com.google.android.gms.nearby_en has empty metadata display_name_string_id
10-15 19:16:55.593: I/Icing(6011): Indexing done com.google.android.gms-apps
10-15 19:16:55.604: I/Icing(6011): Indexing com.google.android.gms-apps from com.google.android.gms
10-15 19:16:55.606: I/Icing(6011): Indexing done com.google.android.gms-apps
10-15 19:16:55.651: W/system_server(605): Long monitor contention with owner PackageManager (700) at int com.android.server.am.ActivityManagerService$LocalService.broadcastIntent(android.content.Intent, android.content.IIntentReceiver, java.lang.String[], boolean, int, int[], android.os.Bundle)(ActivityManagerService.java:16966) waiters=0 in void com.android.server.am.ActivityManagerService.serviceDoneExecuting(android.os.IBinder, int, int, int) for 222ms
10-15 19:16:55.664: I/MediaProvider(1503): Invalidating LocalCallingIdentity cache for package androidx.test.orchestrator. Reason: package android.intent.action.PACKAGE_REMOVED
10-15 19:16:55.665: W/MediaProvider(1503): WorkProfileOwnerApps cache is empty
10-15 19:16:55.670: W/ChimeraUtils(1299): Module com.google.android.gms.nearby_en has empty metadata display_name_string_id
10-15 19:16:55.719: W/ChimeraUtils(1299): Module com.google.android.gms.nearby_en has empty metadata display_name_string_id
10-15 19:16:55.749: I/GsaVoiceInteractionSrv(1602): O received Intent { act=android.intent.action.PACKAGE_REMOVED dat=package: flg=0x4000010 (has extras) }
10-15 19:16:55.756: W/BroadcastQueue(605): Background execution not allowed: receiving Intent { act=android.intent.action.PACKAGE_REMOVED dat=package: flg=0x4000010 (has extras) } to com.android.musicfx/.Compatibility$Receiver
10-15 19:16:55.793: I/InputReader(605): Reconfiguring input devices, changes=KEYBOARD_LAYOUTS | 
10-15 19:16:55.808: D/CompatibilityChangeReporter(605): Compat change id reported: 135634846; UID 1000; state: DISABLED
10-15 19:16:55.821: D/Zygote(355): Forked child process 6179
10-15 19:16:55.825: W/Looper(605): Slow dispatch took 118ms main h=android.app.ActivityThread$H c=android.app.LoadedApk$ReceiverDispatcher$Args$$ExternalSyntheticLambda0@67bb7a2 m=0
10-15 19:16:55.853: I/ActivityManager(605): Start proc 6179:com.android.keychain/1000 for service {com.android.keychain/com.android.keychain.KeyChainService}
10-15 19:16:55.868: I/Zygote(6179): seccomp disabled by setenforce 0
10-15 19:16:55.884: W/ndroid.keychain(6179): Unexpected CPU variant for x86: x86_64.
10-15 19:16:55.884: W/ndroid.keychain(6179): Known variants: atom, sandybridge, silvermont, kabylake, default
10-15 19:16:55.909: I/adbd(424): jdwp connection from 6179
10-15 19:16:55.942: I/OpenGLRenderer(1250): Davey! duration=1703ms; Flags=0, FrameTimelineVsyncId=11164, IntendedVsync=1085088290393, Vsync=1086421623673, InputEventId=0, HandleInputStart=1086438166769, AnimationStart=1086438168005, PerformTraversalsStart=1086438356280, DrawStart=1086438423814, FrameDeadline=1086671623663, FrameInterval=1086435085199, FrameStartTime=16666666, SyncQueued=1086552493048, SyncStart=1086707734119, IssueDrawCommandsStart=1086711126234, SwapBuffers=1086712401780, FrameCompleted=1086947500099, DequeueBufferDuration=120798632, QueueBufferDuration=770040, GpuCompleted=1086712401780, SwapBuffersCompleted=1086947500099, DisplayPresentTime=0, CommandSubmissionCompleted=1086712401780, 
10-15 19:16:55.947: W/Looper(605): Slow delivery took 221ms main h=android.app.ActivityThread$H c=android.app.LoadedApk$ReceiverDispatcher$Args$$ExternalSyntheticLambda0@a353908 m=0
10-15 19:16:55.988: D/CompatibilityChangeReporter(6179): Compat change id reported: 171979766; UID 1000; state: ENABLED
10-15 19:16:56.013: I/Telecom(605): CarModeTracker: Package androidx.test.orchestrator is not tracked.: SSH.oR@API
10-15 19:16:56.018: I/Telecom(605): InCallController: updateCarModeForConnections: car mode apps: : SSH.oR@API
10-15 19:16:56.025: W/Looper(605): Drained
10-15 19:16:56.036: W/BroadcastQueue(605): Background execution not allowed: receiving Intent { act=android.intent.action.PACKAGE_REMOVED dat=package: flg=0x4000010 (has extras) } to com.google.android.apps.maps/com.google.android.libraries.social.peoplekit.thirdparty.viewcontrollers.ThirdPartyReceiver
10-15 19:16:56.046: D/CompatibilityChangeReporter(605): Compat change id reported: 168419799; UID 10165; state: DISABLED
10-15 19:16:56.057: D/PackageInstallerSession(605): Marking session 1802458447 as applied
10-15 19:16:56.064: E/installd(460): Couldn't opendir /data/app/vmdl1802458447.tmp: No such file or directory
10-15 19:16:56.064: E/installd(460): Failed to delete /data/app/vmdl1802458447.tmp: No such file or directory
10-15 19:16:56.088: I/MediaProvider(1503): Invalidating LocalCallingIdentity cache for package androidx.test.orchestrator. Reason: package android.intent.action.PACKAGE_ADDED
10-15 19:16:56.094: I/Icing(6011): Indexing com.google.android.gms-apps from com.google.android.gms
10-15 19:16:56.100: I/Icing(6011): Indexing done com.google.android.gms-apps
10-15 19:16:56.107: I/Icing(6011): Indexing com.google.android.gms-apps from com.google.android.gms
10-15 19:16:56.111: I/Icing(6011): Indexing done com.google.android.gms-apps
10-15 19:16:56.131: D/CompatibilityChangeReporter(605): Compat change id reported: 171306433; UID 10165; state: DISABLED
10-15 19:16:56.146: I/InputReader(605): Reconfiguring input devices, changes=KEYBOARD_LAYOUTS | 
10-15 19:16:56.148: I/Telecom(605): DefaultDialerCache: Refreshing default dialer for user 0: now com.google.android.dialer: DDC.oR@APM
10-15 19:16:56.161: I/RoleService(605): Granting default roles...
10-15 19:16:56.171: V/BackupManagerConstants(605): getFullBackupIntervalMilliseconds(...) returns 86400000
10-15 19:16:56.171: V/BackupManagerConstants(605): getFullBackupRequiredNetworkType(...) returns 2
10-15 19:16:56.173: V/BackupManagerConstants(605): getFullBackupRequireCharging(...) returns true
10-15 19:16:56.174: D/CompatibilityChangeReporter(605): Compat change id reported: 194532703; UID 1000; state: ENABLED
10-15 19:16:56.192: I/PermissionControllerServiceImpl(1112): Updating user sensitive for uid 10165
10-15 19:16:56.207: I/GsaVoiceInteractionSrv(1602): O received Intent { act=android.intent.action.PACKAGE_ADDED dat=package: flg=0x4000010 (has extras) }
10-15 19:16:56.229: D/CarrierSvcBindHelper(1038): onPackageUpdateFinished: androidx.test.orchestrator
10-15 19:16:56.232: D/CarrierSvcBindHelper(1038): No carrier app for: 0
10-15 19:16:56.232: D/CarrierSvcBindHelper(1038): onPackageModified: androidx.test.orchestrator
10-15 19:16:56.235: I/InputReader(605): Reconfiguring input devices, changes=KEYBOARD_LAYOUTS | 
10-15 19:16:56.235: D/CarrierSvcBindHelper(1038): No carrier app for: 0
10-15 19:16:56.254: D/ImsResolver(1038): maybeAddedImsService, packageName: androidx.test.orchestrator
10-15 19:16:56.256: W/BroadcastQueue(605): Background execution not allowed: receiving Intent { act=android.intent.action.PACKAGE_REMOVED dat=package: flg=0x4000010 (has extras) } to com.google.android.apps.photos/com.google.android.libraries.social.peoplekit.thirdparty.viewcontrollers.ThirdPartyReceiver
10-15 19:16:56.264: W/system_server(605): Long monitor contention with owner ActivityManager (671) at void com.android.server.am.BroadcastQueue.processNextBroadcast(boolean)(BroadcastQueue.java:1140) waiters=1 in void com.android.server.am.ActivityManagerService.serviceDoneExecuting(android.os.IBinder, int, int, int) for 171ms
10-15 19:16:56.284: W/ogle.android.as(1507): Long monitor contention with owner aiai-min-shared-0 (1918) at bnb bqw.c()(PG:10) waiters=0 in bnb bqw.c() for 297ms
10-15 19:16:56.301: I/GsaVoiceInteractionSrv(1602): O received Intent { act=android.intent.action.PACKAGE_REPLACED dat=package: flg=0x4000010 (has extras) }
10-15 19:16:56.309: W/BroadcastQueue(605): Background execution not allowed: receiving Intent { act=android.intent.action.PACKAGE_REMOVED dat=package: flg=0x4000010 (has extras) } to com.google.android.gms/.games.chimera.GamesSystemBroadcastReceiverProxy
10-15 19:16:56.309: W/BroadcastQueue(605): Background execution not allowed: receiving Intent { act=android.intent.action.PACKAGE_REMOVED dat=package: flg=0x4000010 (has extras) } to com.google.android.gms/.chimera.GmsIntentOperationService$PersistentTrustedReceiver
10-15 19:16:56.312: W/BroadcastQueue(605): Background execution not allowed: receiving Intent { act=android.intent.action.PACKAGE_REMOVED dat=package: flg=0x4000010 (has extras) } to com.google.android.googlequicksearchbox/com.google.android.apps.gsa.googlequicksearchbox.GelStubAppWatcher
10-15 19:16:56.312: W/BroadcastQueue(605): Background execution not allowed: receiving Intent { act=android.intent.action.PACKAGE_ADDED dat=package: flg=0x4000010 (has extras) } to com.google.android.packageinstaller/com.android.packageinstaller.PackageInstalledReceiver
10-15 19:16:56.313: W/BroadcastQueue(605): Background execution not allowed: receiving Intent { act=android.intent.action.PACKAGE_ADDED dat=package: flg=0x4000010 (has extras) } to com.android.musicfx/.Compatibility$Receiver
10-15 19:16:56.315: W/BroadcastQueue(605): Background execution not allowed: receiving Intent { act=android.intent.action.PACKAGE_ADDED dat=package: flg=0x4000010 (has extras) } to com.google.android.gms/.games.chimera.GamesSystemBroadcastReceiverProxy
10-15 19:16:56.316: W/BroadcastQueue(605): Background execution not allowed: receiving Intent { act=android.intent.action.PACKAGE_ADDED dat=package: flg=0x4000010 (has extras) } to com.google.android.gms/.gass.chimera.PackageChangeBroadcastReceiver
10-15 19:16:56.317: W/BroadcastQueue(605): Background execution not allowed: receiving Intent { act=android.intent.action.PACKAGE_ADDED dat=package: flg=0x4000010 (has extras) } to com.google.android.gms/.chimera.GmsIntentOperationService$PersistentTrustedReceiver
10-15 19:16:56.317: W/BroadcastQueue(605): Background execution not allowed: receiving Intent { act=android.intent.action.PACKAGE_ADDED dat=package: flg=0x4000010 (has extras) } to com.google.android.googlequicksearchbox/com.google.android.apps.gsa.googlequicksearchbox.GelStubAppWatcher
10-15 19:16:56.319: W/BroadcastQueue(605): Background execution not allowed: receiving Intent { act=android.intent.action.PACKAGE_ADDED dat=package: flg=0x4000010 (has extras) } to com.google.android.ims/.receivers.RcsAutoStartReceiver
10-15 19:16:56.319: W/BroadcastQueue(605): Background execution not allowed: receiving Intent { act=android.intent.action.PACKAGE_REPLACED dat=package: flg=0x4000010 (has extras) } to com.android.musicfx/.Compatibility$Receiver
10-15 19:16:56.321: I/Fitness(1299): FitCleanupIntentOperation received Intent android.intent.action.PACKAGE_REMOVED [CONTEXT service_id=17 ]
10-15 19:16:56.322: W/BroadcastQueue(605): Background execution not allowed: receiving Intent { act=android.intent.action.PACKAGE_REPLACED dat=package: flg=0x4000010 (has extras) } to com.google.android.apps.photos/.account.full.FetchAccountPropertiesAppUpgradeBroadcastReceiver
10-15 19:16:56.323: W/BroadcastQueue(605): Background execution not allowed: receiving Intent { act=android.intent.action.PACKAGE_REPLACED dat=package: flg=0x4000010 (has extras) } to com.google.android.apps.photos/.account.full.SyncAccountsForLoginBroadcastReceiver
10-15 19:16:56.324: W/BroadcastQueue(605): Background execution not allowed: receiving Intent { act=android.intent.action.PACKAGE_REPLACED dat=package: flg=0x4000010 (has extras) } to com.google.android.apps.photos/.notificationchannels.AppUpdateBroadcastReceiver
10-15 19:16:56.326: W/BroadcastQueue(605): Background execution not allowed: receiving Intent { act=android.intent.action.PACKAGE_REPLACED dat=package: flg=0x4000010 (has extras) } to com.google.android.gms/.gass.chimera.PackageChangeBroadcastReceiver
10-15 19:16:56.328: W/BroadcastQueue(605): Background execution not allowed: receiving Intent { act=android.intent.action.PACKAGE_REPLACED dat=package: flg=0x4000010 (has extras) } to com.google.android.gms/.chimera.GmsIntentOperationService$PersistentTrustedReceiver
10-15 19:16:56.329: W/BroadcastQueue(605): Background execution not allowed: receiving Intent { act=android.intent.action.PACKAGE_REPLACED dat=package: flg=0x4000010 (has extras) } to com.google.android.googlequicksearchbox/com.google.android.apps.gsa.googlequicksearchbox.GelStubAppWatcher
10-15 19:16:56.329: W/BroadcastQueue(605): Background execution not allowed: receiving Intent { act=android.intent.action.PACKAGE_REPLACED dat=package: flg=0x4000010 (has extras) } to com.google.android.ims/.receivers.RcsAutoStartReceiver
10-15 19:16:56.354: V/GraphicsEnvironment(6179): ANGLE Developer option for 'com.android.keychain' set to: 'default'
10-15 19:16:56.358: V/GraphicsEnvironment(6179): ANGLE GameManagerService for com.android.keychain: false
10-15 19:16:56.358: V/GraphicsEnvironment(6179): Neither updatable production driver nor prerelease driver is supported.
10-15 19:16:56.384: W/Looper(605): Slow dispatch took 110ms android.fg h=android.os.Handler c=<recycled PooledLambda@e86c539> m=0
10-15 19:16:56.388: D/NetworkSecurityConfig(6179): No Network Security Config specified, using platform default
10-15 19:16:56.391: D/NetworkSecurityConfig(6179): No Network Security Config specified, using platform default
10-15 19:16:56.395: W/SearchServiceCore(1886): Abort, client detached.
10-15 19:16:56.409: I/PackageIntentOperation(6011): Feature flags not enabled, skipping. [CONTEXT service_id=258 ]
10-15 19:16:56.435: I/Icing(6011): Indexing com.google.android.gms-apps from com.google.android.gms
10-15 19:16:56.441: I/Icing(6011): Indexing done com.google.android.gms-apps
10-15 19:16:56.484: I/FontLog(1299): Package androidx.test.orchestrator has no metadata [CONTEXT service_id=132 ]
10-15 19:16:56.516: W/ChimeraUtils(1299): Module com.google.android.gms.nearby_en has empty metadata display_name_string_id
10-15 19:16:56.534: W/KeyChain(6179): Creating new DB.
10-15 19:16:56.543: W/ChimeraUtils(1299): Module com.google.android.gms.nearby_en has empty metadata display_name_string_id
10-15 19:16:56.557: I/Auth(6011): [SupervisedAccountIntentOperation] onHandleIntent(): android.intent.action.PACKAGE_ADDED
10-15 19:16:56.558: I/PackageIntentOperation(6011): Feature flags not enabled, skipping. [CONTEXT service_id=258 ]
10-15 19:16:56.559: W/ChimeraUtils(1299): Module com.google.android.gms.nearby_en has empty metadata display_name_string_id
10-15 19:16:56.637: D/BoundBrokerSvc(6011): onBind: Intent { act=com.google.android.gms.common.BIND_SHARED_PREFS pkg=com.google.android.gms }
10-15 19:16:56.637: D/BoundBrokerSvc(6011): Loading bound service for intent: Intent { act=com.google.android.gms.common.BIND_SHARED_PREFS pkg=com.google.android.gms }
10-15 19:16:56.638: E/VerityUtils(605): Failed to measure fs-verity, errno 1: /data/app/~~m8sqqW3t3pqI_k-dgF0_aA==/androidx.test.orchestrator-iTwjSA-qqczG9X5Rsj3ifg==/base.apk
10-15 19:16:56.706: D/BoundBrokerSvc(6011): onUnbind: Intent { act=com.google.android.gms.common.BIND_SHARED_PREFS pkg=com.google.android.gms }
10-15 19:16:56.723: W/ChimeraUtils(1299): Module com.google.android.gms.nearby_en has empty metadata display_name_string_id
10-15 19:16:56.730: I/PackageManager(605): Integrity check passed for file:///data/app/vmdl1197935049.tmp
10-15 19:16:56.741: I/ActivityManager(605): Force stopping androidx.test.services appid=10163 user=-1: installPackageLI
10-15 19:16:56.754: I/Icing(6011): Indexing com.google.android.gms-apps from com.google.android.gms
10-15 19:16:56.758: I/Icing(6011): Indexing done com.google.android.gms-apps
10-15 19:16:56.759: I/PackageManager(605): Update package androidx.test.services code path from /data/app/~~lwPsovb7Kmvblv6UzwBPbg==/androidx.test.services-VuriKgR0nsGNq1NP3peybQ== to /data/app/~~9e7CbSHlagdTJiqjeHUZWA==/androidx.test.services-ZKdZItF7-Cg-MlywdY5D0A==; Retain data and using new
10-15 19:16:56.774: I/Icing(6011): Indexing com.google.android.gms-apps from com.google.android.gms
10-15 19:16:56.782: W/ChimeraUtils(1299): Module com.google.android.gms.nearby_en has empty metadata display_name_string_id
10-15 19:16:56.792: D/PackageManager(605): Instant App installer not found with android.intent.action.INSTALL_INSTANT_APP_PACKAGE
10-15 19:16:56.792: D/PackageManager(605): Clear ephemeral installer activity
10-15 19:16:56.796: I/Icing(6011): Indexing done com.google.android.gms-apps
10-15 19:16:56.830: W/ChimeraUtils(1299): Module com.google.android.gms.nearby_en has empty metadata display_name_string_id
10-15 19:16:56.850: I/ActivityManager(605): Force stopping androidx.test.services appid=10163 user=0: pkg removed
10-15 19:16:56.856: W/Role(1112): Cannot get ApplicationInfo for default holder: com.google.android.contacts
10-15 19:16:56.864: I/MediaProvider(1503): Invalidating LocalCallingIdentity cache for package androidx.test.services. Reason: package android.intent.action.PACKAGE_REMOVED
10-15 19:16:56.868: W/MediaProvider(1503): WorkProfileOwnerApps cache is empty
10-15 19:16:56.871: W/Role(1112): Default holder doesn't have required signing certificate: com.google.android.apps.work.clouddpc:23962F4B43B9857638EA66F4D419518EAE282491ACDA4B94707BD59003C45E58
10-15 19:16:56.891: E/VerityUtils(605): Failed to measure fs-verity, errno 1: /data/app/~~m8sqqW3t3pqI_k-dgF0_aA==/androidx.test.orchestrator-iTwjSA-qqczG9X5Rsj3ifg==/base.apk
10-15 19:16:56.896: W/SQLiteLog(6011): (28) double-quoted string literal: "androidx.test.orchestrator"
10-15 19:16:56.900: I/InputReader(605): Reconfiguring input devices, changes=KEYBOARD_LAYOUTS | 
10-15 19:16:56.912: I/GsaVoiceInteractionSrv(1602): O received Intent { act=android.intent.action.PACKAGE_REMOVED dat=package: flg=0x4000010 (has extras) }
10-15 19:16:56.917: W/BroadcastQueue(605): Background execution not allowed: receiving Intent { act=android.intent.action.PACKAGE_REMOVED dat=package: flg=0x4000010 (has extras) } to com.android.musicfx/.Compatibility$Receiver
10-15 19:16:56.923: D/CompatibilityChangeReporter(605): Compat change id reported: 168419799; UID 1000; state: DISABLED
10-15 19:16:56.928: I/Telecom(605): CarModeTracker: Package androidx.test.services is not tracked.: SSH.oR@APc
10-15 19:16:56.934: I/Telecom(605): InCallController: updateCarModeForConnections: car mode apps: : SSH.oR@APc
10-15 19:16:56.975: D/CompatibilityChangeReporter(605): Compat change id reported: 168419799; UID 10163; state: DISABLED
10-15 19:16:56.993: D/PackageInstallerSession(605): Marking session 1197935049 as applied
10-15 19:16:57.000: W/ChimeraUtils(1299): Module com.google.android.gms.nearby_en has empty metadata display_name_string_id
10-15 19:16:57.000: W/Role(1112): Cannot get ApplicationInfo for default holder: com.google.android.odad
10-15 19:16:57.008: E/installd(460): Couldn't opendir /data/app/vmdl1197935049.tmp: No such file or directory
10-15 19:16:57.008: E/installd(460): Failed to delete /data/app/vmdl1197935049.tmp: No such file or directory
10-15 19:16:57.025: I/PackageIntentOperation(6011): Feature flags not enabled, skipping. [CONTEXT service_id=258 ]
10-15 19:16:57.042: I/MediaProvider(1503): Invalidating LocalCallingIdentity cache for package androidx.test.services. Reason: package android.intent.action.PACKAGE_ADDED
10-15 19:16:57.054: I/InputReader(605): Reconfiguring input devices, changes=KEYBOARD_LAYOUTS | 
10-15 19:16:57.075: I/Telecom(605): DefaultDialerCache: Refreshing default dialer for user 0: now com.google.android.dialer: DDC.oR@APg
10-15 19:16:57.081: V/BackupManagerConstants(605): getFullBackupIntervalMilliseconds(...) returns 86400000
10-15 19:16:57.081: V/BackupManagerConstants(605): getFullBackupRequiredNetworkType(...) returns 2
10-15 19:16:57.081: V/BackupManagerConstants(605): getFullBackupRequireCharging(...) returns true
10-15 19:16:57.089: I/InputReader(605): Reconfiguring input devices, changes=KEYBOARD_LAYOUTS | 
10-15 19:16:57.093: W/BroadcastQueue(605): Background execution not allowed: receiving Intent { act=android.intent.action.PACKAGE_REMOVED dat=package: flg=0x4000010 (has extras) } to com.google.android.apps.maps/com.google.android.libraries.social.peoplekit.thirdparty.viewcontrollers.ThirdPartyReceiver
10-15 19:16:57.097: W/BroadcastQueue(605): Background execution not allowed: receiving Intent { act=android.intent.action.PACKAGE_REMOVED dat=package: flg=0x4000010 (has extras) } to com.google.android.apps.photos/com.google.android.libraries.social.peoplekit.thirdparty.viewcontrollers.ThirdPartyReceiver
10-15 19:16:57.097: W/BroadcastQueue(605): Background execution not allowed: receiving Intent { act=android.intent.action.PACKAGE_REMOVED dat=package: flg=0x4000010 (has extras) } to com.google.android.gms/.games.chimera.GamesSystemBroadcastReceiverProxy
10-15 19:16:57.097: W/BroadcastQueue(605): Background execution not allowed: receiving Intent { act=android.intent.action.PACKAGE_REMOVED dat=package: flg=0x4000010 (has extras) } to com.google.android.gms/.chimera.GmsIntentOperationService$PersistentTrustedReceiver
10-15 19:16:57.098: W/BroadcastQueue(605): Background execution not allowed: receiving Intent { act=android.intent.action.PACKAGE_REMOVED dat=package: flg=0x4000010 (has extras) } to com.google.android.googlequicksearchbox/com.google.android.apps.gsa.googlequicksearchbox.GelStubAppWatcher
10-15 19:16:57.112: W/BroadcastQueue(605): Background execution not allowed: receiving Intent { act=android.intent.action.PACKAGE_ADDED dat=package: flg=0x4000010 (has extras) } to com.google.android.packageinstaller/com.android.packageinstaller.PackageInstalledReceiver
10-15 19:16:57.114: W/BroadcastQueue(605): Background execution not allowed: receiving Intent { act=android.intent.action.PACKAGE_ADDED dat=package: flg=0x4000010 (has extras) } to com.android.musicfx/.Compatibility$Receiver
10-15 19:16:57.116: W/BroadcastQueue(605): Background execution not allowed: receiving Intent { act=android.intent.action.PACKAGE_ADDED dat=package: flg=0x4000010 (has extras) } to com.google.android.gms/.games.chimera.GamesSystemBroadcastReceiverProxy
10-15 19:16:57.119: W/BroadcastQueue(605): Background execution not allowed: receiving Intent { act=android.intent.action.PACKAGE_ADDED dat=package: flg=0x4000010 (has extras) } to com.google.android.gms/.gass.chimera.PackageChangeBroadcastReceiver
10-15 19:16:57.122: W/ChimeraUtils(1299): Module com.google.android.gms.nearby_en has empty metadata display_name_string_id
10-15 19:16:57.126: W/BroadcastQueue(605): Background execution not allowed: receiving Intent { act=android.intent.action.PACKAGE_ADDED dat=package: flg=0x4000010 (has extras) } to com.google.android.gms/.chimera.GmsIntentOperationService$PersistentTrustedReceiver
10-15 19:16:57.131: W/ChimeraUtils(1299): Module com.google.android.gms.nearby_en has empty metadata display_name_string_id
10-15 19:16:57.132: I/RoleService(605): Granting default roles...
10-15 19:16:57.139: I/GsaVoiceInteractionSrv(1602): O received Intent { act=android.intent.action.PACKAGE_ADDED dat=package: flg=0x4000010 (has extras) }
10-15 19:16:57.141: I/GsaVoiceInteractionSrv(1602): O received Intent { act=android.intent.action.PACKAGE_REPLACED dat=package: flg=0x4000010 (has extras) }
10-15 19:16:57.151: D/CompatibilityChangeReporter(605): Compat change id reported: 171306433; UID 10163; state: DISABLED
10-15 19:16:57.158: D/CarrierSvcBindHelper(1038): onPackageUpdateFinished: androidx.test.services
10-15 19:16:57.168: D/CarrierSvcBindHelper(1038): No carrier app for: 0
10-15 19:16:57.207: W/BroadcastQueue(605): Background execution not allowed: receiving Intent { act=android.intent.action.PACKAGE_ADDED dat=package: flg=0x4000010 (has extras) } to com.google.android.googlequicksearchbox/com.google.android.apps.gsa.googlequicksearchbox.GelStubAppWatcher
10-15 19:16:57.212: W/BroadcastQueue(605): Background execution not allowed: receiving Intent { act=android.intent.action.PACKAGE_ADDED dat=package: flg=0x4000010 (has extras) } to com.google.android.ims/.receivers.RcsAutoStartReceiver
10-15 19:16:57.220: I/Fitness(1299): FitCleanupIntentOperation received Intent android.intent.action.PACKAGE_REMOVED [CONTEXT service_id=17 ]
10-15 19:16:57.223: I/FontLog(1299): Package androidx.test.services has no metadata [CONTEXT service_id=132 ]
10-15 19:16:57.237: W/SearchServiceCore(1886): Abort, client detached.
10-15 19:16:57.237: W/SearchServiceCore(1886): Abort, client detached.
10-15 19:16:57.246: W/BroadcastQueue(605): Background execution not allowed: receiving Intent { act=android.intent.action.PACKAGE_REPLACED dat=package: flg=0x4000010 (has extras) } to com.android.musicfx/.Compatibility$Receiver
10-15 19:16:57.248: W/BroadcastQueue(605): Background execution not allowed: receiving Intent { act=android.intent.action.PACKAGE_REPLACED dat=package: flg=0x4000010 (has extras) } to com.google.android.apps.photos/.account.full.FetchAccountPropertiesAppUpgradeBroadcastReceiver
10-15 19:16:57.249: W/BroadcastQueue(605): Background execution not allowed: receiving Intent { act=android.intent.action.PACKAGE_REPLACED dat=package: flg=0x4000010 (has extras) } to com.google.android.apps.photos/.account.full.SyncAccountsForLoginBroadcastReceiver
10-15 19:16:57.252: W/BroadcastQueue(605): Background execution not allowed: receiving Intent { act=android.intent.action.PACKAGE_REPLACED dat=package: flg=0x4000010 (has extras) } to com.google.android.apps.photos/.notificationchannels.AppUpdateBroadcastReceiver
10-15 19:16:57.254: W/BroadcastQueue(605): Background execution not allowed: receiving Intent { act=android.intent.action.PACKAGE_REPLACED dat=package: flg=0x4000010 (has extras) } to com.google.android.gms/.gass.chimera.PackageChangeBroadcastReceiver
10-15 19:16:57.257: W/BroadcastQueue(605): Background execution not allowed: receiving Intent { act=android.intent.action.PACKAGE_REPLACED dat=package: flg=0x4000010 (has extras) } to com.google.android.gms/.chimera.GmsIntentOperationService$PersistentTrustedReceiver
10-15 19:16:57.261: W/SQLiteLog(6011): (28) double-quoted string literal: "androidx.test.services"
10-15 19:16:57.263: W/BroadcastQueue(605): Background execution not allowed: receiving Intent { act=android.intent.action.PACKAGE_REPLACED dat=package: flg=0x4000010 (has extras) } to com.google.android.googlequicksearchbox/com.google.android.apps.gsa.googlequicksearchbox.GelStubAppWatcher
10-15 19:16:57.265: W/BroadcastQueue(605): Background execution not allowed: receiving Intent { act=android.intent.action.PACKAGE_REPLACED dat=package: flg=0x4000010 (has extras) } to com.google.android.ims/.receivers.RcsAutoStartReceiver
10-15 19:16:57.267: D/CarrierSvcBindHelper(1038): onPackageModified: androidx.test.services
10-15 19:16:57.273: D/CarrierSvcBindHelper(1038): No carrier app for: 0
10-15 19:16:57.279: D/ImsResolver(1038): maybeAddedImsService, packageName: androidx.test.services
10-15 19:16:57.284: W/Looper(605): Slow dispatch took 173ms android.fg h=android.os.Handler c=<recycled PooledLambda@be9eeef> m=0
10-15 19:16:57.286: W/SearchServiceCore(1886): Abort, client detached.
10-15 19:16:57.298: W/Looper(605): Slow delivery took 256ms android.fg h=android.os.Handler c=<recycled PooledLambda@541bdfc> m=0
10-15 19:16:57.303: I/PermissionControllerServiceImpl(1112): Updating user sensitive for uid 10163
10-15 19:16:57.329: E/VerityUtils(605): Failed to measure fs-verity, errno 1: /data/app/~~9e7CbSHlagdTJiqjeHUZWA==/androidx.test.services-ZKdZItF7-Cg-MlywdY5D0A==/base.apk
10-15 19:16:57.355: I/Auth(6011): [SupervisedAccountIntentOperation] onHandleIntent(): android.intent.action.PACKAGE_ADDED
10-15 19:16:57.356: I/PackageIntentOperation(6011): Feature flags not enabled, skipping. [CONTEXT service_id=258 ]
10-15 19:16:57.363: D/BoundBrokerSvc(6011): onBind: Intent { act=com.google.android.gms.common.BIND_SHARED_PREFS pkg=com.google.android.gms }
10-15 19:16:57.363: D/BoundBrokerSvc(6011): Loading bound service for intent: Intent { act=com.google.android.gms.common.BIND_SHARED_PREFS pkg=com.google.android.gms }
10-15 19:16:57.430: D/BoundBrokerSvc(6011): onUnbind: Intent { act=com.google.android.gms.common.BIND_SHARED_PREFS pkg=com.google.android.gms }
10-15 19:16:57.441: I/PackageManager(605): Integrity check passed for file:///data/app/vmdl647543949.tmp
10-15 19:16:57.453: W/Looper(605): Drained
10-15 19:16:57.466: I/Icing(6011): Indexing com.google.android.gms-apps from com.google.android.gms
10-15 19:16:57.467: I/Icing(6011): Indexing done com.google.android.gms-apps
10-15 19:16:57.477: D/PackageManager(605): Instant App installer not found with android.intent.action.INSTALL_INSTANT_APP_PACKAGE
10-15 19:16:57.477: D/PackageManager(605): Clear ephemeral installer activity
10-15 19:16:57.496: E/VerityUtils(605): Failed to measure fs-verity, errno 1: /data/app/~~9e7CbSHlagdTJiqjeHUZWA==/androidx.test.services-ZKdZItF7-Cg-MlywdY5D0A==/base.apk
10-15 19:16:57.504: W/ChimeraUtils(1299): Module com.google.android.gms.nearby_en has empty metadata display_name_string_id
10-15 19:16:57.505: W/ziparchive(605): Unable to open '/data/app/~~oyXxc3C6TLAWXEop1f2CHA==/androidx.test.tools.crawler.stubapp-ncG0eXzA3RzuI0j957Mt_A==/base.dm': No such file or directory
10-15 19:16:57.505: I/PackageDexOptimizer(605): Running dexopt (dexoptNeeded=1) on: /data/app/~~oyXxc3C6TLAWXEop1f2CHA==/androidx.test.tools.crawler.stubapp-ncG0eXzA3RzuI0j957Mt_A==/base.apk pkg=androidx.test.tools.crawler.stubapp isa=x86_64 dexoptFlags=boot_complete,profile_guided,public,enable_hidden_api_checks targetFilter=speed-profile oatDir=/data/app/~~oyXxc3C6TLAWXEop1f2CHA==/androidx.test.tools.crawler.stubapp-ncG0eXzA3RzuI0j957Mt_A==/oat classLoaderContext=PCL[]{PCL[/system/framework/android.test.base.jar]#PCL[/system/framework/org.apache.http.legacy.jar]}
10-15 19:16:57.507: V/installd(460): DexInv: --- BEGIN '/data/app/~~oyXxc3C6TLAWXEop1f2CHA==/androidx.test.tools.crawler.stubapp-ncG0eXzA3RzuI0j957Mt_A==/base.apk' ---
10-15 19:16:57.507: V/installd(460): Running /apex/com.android.art/bin/dex2oat64 in=base.apk out=/data/app/~~oyXxc3C6TLAWXEop1f2CHA==/androidx.test.tools.crawler.stubapp-ncG0eXzA3RzuI0j957Mt_A==/oat/x86_64/base.odex
10-15 19:16:57.546: W/dex2oat64(6241): Unexpected CPU variant for x86: x86_64.
10-15 19:16:57.546: W/dex2oat64(6241): Known variants: atom, sandybridge, silvermont, kabylake, default
10-15 19:16:57.549: W/dex2oat64(6241): Mismatch between dex2oat instruction set features to use (ISA: X86_64 Feature string: -ssse3,-sse4.1,-sse4.2,-avx,-avx2,-popcnt) and those from CPP defines (ISA: X86_64 Feature string: ssse3,sse4.1,sse4.2,-avx,-avx2,popcnt) for the command line:
10-15 19:16:57.549: W/dex2oat64(6241): /apex/com.android.art/bin/dex2oat64 --zip-fd=8 --zip-location=base.apk --oat-fd=9 --oat-location=/data/app/~~oyXxc3C6TLAWXEop1f2CHA==/androidx.test.tools.crawler.stubapp-ncG0eXzA3RzuI0j957Mt_A==/oat/x86_64/base.odex --input-vdex-fd=-1 --output-vdex-fd=10 --swap-fd=11 --classpath-dir=/data/app/~~oyXxc3C6TLAWXEop1f2CHA==/androidx.test.tools.crawler.stubapp-ncG0eXzA3RzuI0j957Mt_A== --class-loader-context=PCL[]{PCL[/system/framework/android.test.base.jar]#PCL[/system/framework/org.apache.http.legacy.jar]} --compact-dex-level=none --instruction-set=x86_64 --instruction-set-features=default --instruction-set-variant=x86_64 --compiler-filter=speed-profile --compilation-reason=install --max-image-block-size=524288 --resolve-startup-const-strings=true --generate-mini-debug-info --runtime-arg -Xtarget-sdk-version:24 --runtime-arg -Xhidden-api-policy:enabled --runtime-arg -Xms64m --runtime-arg -Xmx512m
10-15 19:16:57.550: I/dex2oat64(6241): /apex/com.android.art/bin/dex2oat64 --input-vdex-fd=-1 --output-vdex-fd=10 --classpath-dir=/data/app/~~oyXxc3C6TLAWXEop1f2CHA==/androidx.test.tools.crawler.stubapp-ncG0eXzA3RzuI0j957Mt_A== --class-loader-context=PCL[]{PCL[/system/framework/android.test.base.jar]#PCL[/system/framework/org.apache.http.legacy.jar]} --compact-dex-level=none --compiler-filter=speed-profile --compilation-reason=install --max-image-block-size=524288 --resolve-startup-const-strings=true --generate-mini-debug-info
10-15 19:16:57.562: I/Icing(6011): Indexing com.google.android.gms-apps from com.google.android.gms
10-15 19:16:57.576: I/Icing(6011): Indexing done com.google.android.gms-apps
10-15 19:16:57.582: W/ChimeraUtils(1299): Module com.google.android.gms.nearby_en has empty metadata display_name_string_id
10-15 19:16:57.604: W/ChimeraUtils(1299): Module com.google.android.gms.nearby_en has empty metadata display_name_string_id
10-15 19:16:57.672: W/Role(1112): Cannot get ApplicationInfo for default holder: com.google.android.contacts
10-15 19:16:57.681: W/Role(1112): Default holder doesn't have required signing certificate: com.google.android.apps.work.clouddpc:23962F4B43B9857638EA66F4D419518EAE282491ACDA4B94707BD59003C45E58
10-15 19:16:57.700: I/m.android.phone(1038): JIT allocated 62KB for compiled code of boolean com.android.internal.telephony.ITelephony$Stub.onTransact(int, android.os.Parcel, android.os.Parcel, int)
10-15 19:16:57.715: W/Role(1112): Cannot get ApplicationInfo for default holder: com.google.android.odad
