10-15 19:18:41.833: E/system_server(605): No package ID 7f found for ID 0x7f080271.
10-15 19:18:41.833: E/system_server(605): No package ID 7f found for ID 0x7f130532.
10-15 19:18:41.833: E/system_server(605): No package ID 7f found for ID 0x7f130532.
10-15 19:18:41.833: W/ShortcutService(605): Invalid tag 'capability' found at depth 2
10-15 19:18:41.833: E/ShortcutService(605): Ignoring excessive intent tag.
10-15 19:18:41.833: W/ShortcutService(605): Invalid tag 'parameter' found at depth 4
10-15 19:18:41.833: W/ShortcutService(605): Invalid tag 'capability' found at depth 2
10-15 19:18:41.834: W/ShortcutService(605): Invalid tag 'slice' found at depth 3
10-15 19:18:41.834: W/ShortcutService(605): Invalid tag 'url-template' found at depth 4
10-15 19:18:41.849: I/Fitness(8070): FitCleanupIntentOperation received Intent android.intent.action.PACKAGE_CHANGED [CONTEXT service_id=17 ]
10-15 19:18:41.859: D/SlicesIndexer(7842): Slices already indexed - returning.
10-15 19:18:41.874: D/VolumeSliceHelper(7842): Registering uri for broadcast relay: content://com.android.settings.slices/action/ring_volume
10-15 19:18:41.885: D/BoundBrokerSvc(8076): onBind: Intent { act=com.google.android.gms.pay.service.BIND dat=chimera-action: cmp=com.google.android.gms/.chimera.GmsApiService }
10-15 19:18:41.885: D/BoundBrokerSvc(8076): Loading bound service for intent: Intent { act=com.google.android.gms.pay.service.BIND dat=chimera-action: cmp=com.google.android.gms/.chimera.GmsApiService }
10-15 19:18:41.887: D/SettingsSliceProvider(7842): Built slice (content://com.android.settings.slices/action/ring_volume) in: 28
10-15 19:18:41.900: D/SettingsSliceProvider(7842): Built slice (content://com.android.settings.slices/action/media_volume) in: 163
10-15 19:18:41.901: D/SlicesIndexer(7842): Slices already indexed - returning.
10-15 19:18:41.902: D/VolumeSliceHelper(7842): Registering uri for broadcast relay: content://com.android.settings.slices/action/alarm_volume
10-15 19:18:41.910: D/SettingsSliceProvider(7842): Built slice (content://com.android.settings.slices/action/alarm_volume) in: 9
10-15 19:18:41.934: D/SlicesIndexer(7842): Slices already indexed - returning.
10-15 19:18:41.936: W/SliceData(7842): Highlight menu key res is empty: com.android.settings.deviceinfo.hardwareinfo.DeviceModelPreferenceController
10-15 19:18:41.938: D/SettingsSliceProvider(7842): Built slice (content://com.android.settings.slices/action/hardware_info_device_model) in: 4
10-15 19:18:41.955: W/ChimeraUtils(8070): Module com.google.android.gms.nearby_en has empty metadata display_name_string_id
10-15 19:18:41.965: W/Conscrypt(8076): Could not set socket write timeout: java.net.SocketException: Socket closed
10-15 19:18:41.965: W/Conscrypt(8076): 	at com.google.android.gms.org.conscrypt.Platform.setSocketWriteTimeout(:com.google.android.gms@221821047@22.18.21 (190800-453244992):2)
10-15 19:18:41.965: W/Conscrypt(8076): 	at com.google.android.gms.org.conscrypt.ConscryptFileDescriptorSocket.setSoWriteTimeout(:com.google.android.gms@221821047@22.18.21 (190800-453244992):0)
10-15 19:18:41.976: D/SlicesIndexer(7842): Slices already indexed - returning.
10-15 19:18:41.977: W/SliceData(7842): Highlight menu key res is empty: com.android.settings.deviceinfo.firmwareversion.FirmwareVersionDetailPreferenceController
10-15 19:18:41.978: D/SliceBuilder(7842): Creating slice for: com.android.settings.fuelgauge.SmartBatteryPreferenceController
10-15 19:18:41.986: D/CompatibilityChangeReporter(7842): Compat change id reported: 160794467; UID 1000; state: ENABLED
10-15 19:18:41.992: D/SettingsSliceProvider(7842): Built slice (content://com.android.settings.slices/action/os_firmware_version) in: 16
10-15 19:18:41.999: D/SlicesIndexer(7842): Slices already indexed - returning.
10-15 19:18:42.006: I/Icing(8076): Usage reports ok 0, Failed Usage reports 0, indexed 0, rejected 0
10-15 19:18:42.054: V/SettingsSliceProvider(7842): onBindSlice end
10-15 19:18:42.060: D/SettingsSliceProvider(7842): Built slice (content://com.android.settings.slices/action/auto_rotate) in: 61
10-15 19:18:42.686: W/audit(0): audit_lost=1888 audit_rate_limit=5 audit_backlog_limit=64
10-15 19:18:42.699: E/audit(0): rate limit exceeded
10-15 19:18:42.065: W/droid.apps.docs(9030): Long monitor contention with owner io-2 (9101) at void hgf.b()(PG:7) waiters=0 in java.lang.String hgf.a() for 224ms
10-15 19:18:42.070: W/droid.apps.docs(9030): Long monitor contention with owner io-2 (9101) at void hgf.b()(PG:7) waiters=1 in java.lang.String hgf.a() for 204ms
10-15 19:18:42.078: D/SlicesIndexer(7842): Slices already indexed - returning.
10-15 19:18:42.081: D/SettingsSliceProvider(7842): Built slice (content://com.android.settings.slices/action/screen_magnification_gestures_preference_screen) in: 3
10-15 19:18:42.083: W/DynamiteModule(9030): Local module descriptor class for com.google.android.gms.providerinstaller.dynamite not found.
10-15 19:18:42.092: W/ProviderHelper(8070): Unknown dynamite feature providerinstaller.dynamite
10-15 19:18:42.141: W/Role(8445): Cannot get ApplicationInfo for default holder: com.google.android.odad
10-15 19:18:42.190: D/SliceBroadcastRelay(7842): Registering Uri for broadcast relay: content://com.android.settings.slices/action/mobile_data
10-15 19:18:42.211: D/CompatibilityChangeReporter(8704): Compat change id reported: 150939131; UID 10114; state: ENABLED
10-15 19:18:42.212: D/CompatibilityChangeReporter(8070): Compat change id reported: 150939131; UID 10108; state: ENABLED
10-15 19:18:42.219: D/CompatibilityChangeReporter(7880): Compat change id reported: 150939131; UID 10122; state: ENABLED
10-15 19:18:42.219: D/CompatibilityChangeReporter(8405): Compat change id reported: 150939131; UID 10108; state: ENABLED
10-15 19:18:42.220: D/CompatibilityChangeReporter(8076): Compat change id reported: 150939131; UID 10108; state: ENABLED
10-15 19:18:42.223: D/CompatibilityChangeReporter(8617): Compat change id reported: 150939131; UID 10108; state: ENABLED
10-15 19:18:42.226: D/CompatibilityChangeReporter(7919): Compat change id reported: 150939131; UID 10108; state: ENABLED
10-15 19:18:42.228: W/ChimeraUtils(8070): Module com.google.android.gms.nearby_en has empty metadata display_name_string_id
10-15 19:18:42.229: D/CompatibilityChangeReporter(6948): Compat change id reported: 150939131; UID 10100; state: ENABLED
10-15 19:18:42.229: W/ChimeraUtils(8070): Module com.google.android.gms.nearby_en has empty metadata display_name_string_id
10-15 19:18:42.229: D/CompatibilityChangeReporter(7633): Compat change id reported: 150939131; UID 10119; state: ENABLED
10-15 19:18:42.229: D/CompatibilityChangeReporter(6800): Compat change id reported: 150939131; UID 10132; state: ENABLED
10-15 19:18:42.230: D/CompatibilityChangeReporter(7795): Compat change id reported: 150939131; UID 10096; state: ENABLED
10-15 19:18:42.240: W/ProviderInstaller(9030): Failed to load providerinstaller module: No acceptable module com.google.android.gms.providerinstaller.dynamite found. Local version is 0 and remote version is 0.
10-15 19:18:42.242: D/CompatibilityChangeReporter(5998): Compat change id reported: 150939131; UID 10097; state: ENABLED
10-15 19:18:42.245: D/CompatibilityChangeReporter(9030): Compat change id reported: 150939131; UID 10121; state: ENABLED
10-15 19:18:42.246: D/CompatibilityChangeReporter(7747): Compat change id reported: 150939131; UID 10112; state: ENABLED
10-15 19:18:42.263: I/GservicesProvider(1483): override update completed
10-15 19:18:42.267: W/CarrierServices(1765): [69] bhs.w: Unable to send diagnostic log
10-15 19:18:42.288: D/SettingsSliceProvider(7842): Starting background worker for: content://com.android.settings.slices/action/mobile_data
10-15 19:18:42.288: D/SliceBackgroundWorker(7842): create instance: class com.android.settings.network.telephony.MobileDataSlice$MobileDataWorker
10-15 19:18:42.299: D/nativeloader(9030): classloader namespace configured for unbundled product apk. library_path=/product/priv-app/PrebuiltGmsCore/lib/x86_64:/product/priv-app/PrebuiltGmsCore/PrebuiltGmsCore.apk!/lib/x86_64:/product/lib64:/system/product/lib64
10-15 19:18:42.299: W/BugleRcsEngine(6690): [90] awck.x: Unable to send diagnostic log
10-15 19:18:42.305: D/SlicesIndexer(7842): Slices already indexed - returning.
10-15 19:18:42.307: D/SettingsSliceProvider(7842): Could not create slicedata for uri: content://com.android.settings.slices/intent/wifi_calling
10-15 19:18:42.307: D/SettingsSliceProvider(7842): java.lang.IllegalStateException: Invalid Slices key from path: wifi_calling
10-15 19:18:42.307: D/SettingsSliceProvider(7842): 	at com.android.settings.slices.SlicesDatabaseAccessor.getIndexedSliceData(SlicesDatabaseAccessor.java:132)
10-15 19:18:42.307: D/SettingsSliceProvider(7842): 	at com.android.settings.slices.SlicesDatabaseAccessor.getSliceDataFromUri(SlicesDatabaseAccessor.java:75)
10-15 19:18:42.307: D/SettingsSliceProvider(7842): 	at com.android.settings.slices.SettingsSliceProvider.loadSlice(SettingsSliceProvider.java:395)
10-15 19:18:42.307: D/SettingsSliceProvider(7842): 	at com.android.settings.slices.SettingsSliceProvider.lambda$loadSliceInBackground$5(SettingsSliceProvider.java:426)
10-15 19:18:42.307: D/SettingsSliceProvider(7842): 	at com.android.settings.slices.SettingsSliceProvider.$r8$lambda$IApJtz2y7JXGRdMRCkYjf83H4T4(Unknown Source:0)
10-15 19:18:42.307: D/SettingsSliceProvider(7842): 	at com.android.settings.slices.SettingsSliceProvider$$ExternalSyntheticLambda0.run(Unknown Source:4)
10-15 19:18:42.307: D/SettingsSliceProvider(7842): 	at java.util.concurrent.Executors$RunnableAdapter.call(Executors.java:463)
10-15 19:18:42.307: D/SettingsSliceProvider(7842): 	at java.util.concurrent.FutureTask.run(FutureTask.java:264)
10-15 19:18:42.307: D/SettingsSliceProvider(7842): 	at java.util.concurrent.ThreadPoolExecutor.runWorker(ThreadPoolExecutor.java:1137)
10-15 19:18:42.307: D/SettingsSliceProvider(7842): 	at java.util.concurrent.ThreadPoolExecutor$Worker.run(ThreadPoolExecutor.java:637)
10-15 19:18:42.307: D/SettingsSliceProvider(7842): 	at java.lang.Thread.run(Thread.java:1012)
10-15 19:18:42.311: D/SliceBroadcastRelay(7842): Registering Uri for broadcast relay: content://com.android.settings.slices/action/zen_mode_toggle
10-15 19:18:42.334: D/libEGL(9119): loaded /vendor/lib64/egl/libEGL_emulation.so
10-15 19:18:42.336: D/SlicesIndexer(7842): Slices already indexed - returning.
10-15 19:18:42.337: D/SettingsSliceProvider(7842): Built slice (content://android.settings.slices/action/battery_saver) in: 1
10-15 19:18:42.337: I/FacsCacheGmsModule(8070): Received 'writeDeviceLevelSettings' request from package 'com.google.android.gms'...
10-15 19:18:42.345: I/BugleRcsProvisioning(6690): RcsProvisioningTrigger: onGservicesUpdated
10-15 19:18:42.345: I/BugleRcsProvisioning(6690): RcsProvisioningTrigger: updateRcsAvailability : hint = GSERVICE_UPDATE
10-15 19:18:42.357: V/NativeCrypto(9030): Registering com/google/android/gms/org/conscrypt/NativeCrypto's 295 native methods...
10-15 19:18:42.372: I/Bugle(6690): RcsAvailabilityUtilForProvisioningEngineV2: updateAvailabilityAsync, hint: GSERVICE_UPDATE
10-15 19:18:42.372: I/BugleRcsProvisioning(6690): RcsAvailabilityUpdaterLocal: updateAvailabilityAsync: scheduling updateRcsAvailability call, hint: GSERVICE_UPDATE, enableWelcomePopupWithoutGoogleTos: false, reshowSuccessPopup: false
10-15 19:18:42.384: I/TestSupport(8076): GServices override confirmed: gms:phenotype:phenotype_flag:debug_bypass_phenotype=false [CONTEXT service_id=133 ]
10-15 19:18:42.386: D/SlicesIndexer(7842): Slices already indexed - returning.
10-15 19:18:42.394: W/BugleRcsEngine(6690): [76] axht.b: [SR]: Single Registration is disabled. Skipping Single Registration capability check for subId: 1
10-15 19:18:42.396: D/SettingsSliceProvider(7842): Built slice (content://android.settings.slices/action/airplane_mode) in: 10
10-15 19:18:42.406: I/TestSupport(8076): SetFlagOverridesOperation: com.google.android.gms.auth_account, '', [Flag(auth_sig_override_enabled, true, 2, 0)] [CONTEXT service_id=133 ]
10-15 19:18:42.417: D/CompatibilityChangeReporter(605): Compat change id reported: 161252188; UID 10121; state: DISABLED
10-15 19:18:42.419: D/SliceBuilder(7842): Creating slice for: com.android.settings.gestures.DoubleTapPowerPreferenceController
10-15 19:18:42.432: I/ProviderInstaller(9030): Installed default security provider GmsCore_OpenSSL
10-15 19:18:42.434: D/SliceBroadcastRelay(7842): Registering Uri for broadcast relay: content://android.settings.slices/action/bluetooth
10-15 19:18:42.439: W/droid.apps.docs(9030): Long monitor contention with owner io-0 (9071) at void hgh.e(hgg)(PG:4) waiters=0 in void hgh.e(hgg) for 367ms
10-15 19:18:42.443: W/droid.apps.docs(9030): Long monitor contention with owner io-0 (9071) at void hgh.e(hgg)(PG:4) waiters=1 in void hgh.e(hgg) for 370ms
10-15 19:18:42.445: W/droid.apps.docs(9030): Long monitor contention with owner io-0 (9071) at void hgh.e(hgg)(PG:4) waiters=2 in void hgh.e(hgg) for 372ms
10-15 19:18:42.460: D/TrafficStats(9030): tagSocket(114) with statsTag=0xffffffff, statsUid=-1
10-15 19:18:42.462: D/TrafficStats(9030): tagSocket(113) with statsTag=0xffffffff, statsUid=-1
10-15 19:18:42.463: W/droid.apps.docs(9030): Accessing hidden method Lcom/android/org/conscrypt/ConscryptEngineSocket;->setUseSessionTickets(Z)V (max-target-q,core-platform-api, reflection, denied)
10-15 19:18:42.463: W/droid.apps.docs(9030): Accessing hidden method Lcom/android/org/conscrypt/OpenSSLSocketImpl;->setUseSessionTickets(Z)V (max-target-q,core-platform-api, reflection, denied)
10-15 19:18:42.463: W/droid.apps.docs(9030): Accessing hidden method Lcom/android/org/conscrypt/AbstractConscryptSocket;->setUseSessionTickets(Z)V (max-target-q, reflection, denied)
10-15 19:18:42.463: W/droid.apps.docs(9030): Accessing hidden method Lcom/android/org/conscrypt/ConscryptEngineSocket;->setHostname(Ljava/lang/String;)V (max-target-q,core-platform-api, reflection, denied)
10-15 19:18:42.463: W/droid.apps.docs(9030): Accessing hidden method Lcom/android/org/conscrypt/OpenSSLSocketImpl;->setHostname(Ljava/lang/String;)V (max-target-q,core-platform-api, reflection, denied)
10-15 19:18:42.463: W/droid.apps.docs(9030): Accessing hidden method Lcom/android/org/conscrypt/AbstractConscryptSocket;->setHostname(Ljava/lang/String;)V (max-target-q, reflection, denied)
10-15 19:18:42.464: W/droid.apps.docs(9030): Accessing hidden method Lcom/android/org/conscrypt/OpenSSLSocketImpl;->setAlpnProtocols([B)V (max-target-q,core-platform-api, reflection, denied)
10-15 19:18:42.464: W/droid.apps.docs(9030): Accessing hidden method Lcom/android/org/conscrypt/AbstractConscryptSocket;->setAlpnProtocols([B)V (max-target-q, reflection, denied)
10-15 19:18:42.469: W/droid.apps.docs(9030): Accessing hidden method Lcom/android/org/conscrypt/ConscryptEngineSocket;->setUseSessionTickets(Z)V (max-target-q,core-platform-api, reflection, denied)
10-15 19:18:42.469: W/droid.apps.docs(9030): Accessing hidden method Lcom/android/org/conscrypt/OpenSSLSocketImpl;->setUseSessionTickets(Z)V (max-target-q,core-platform-api, reflection, denied)
10-15 19:18:42.469: W/droid.apps.docs(9030): Accessing hidden method Lcom/android/org/conscrypt/AbstractConscryptSocket;->setUseSessionTickets(Z)V (max-target-q, reflection, denied)
10-15 19:18:42.469: W/droid.apps.docs(9030): Accessing hidden method Lcom/android/org/conscrypt/ConscryptEngineSocket;->setHostname(Ljava/lang/String;)V (max-target-q,core-platform-api, reflection, denied)
10-15 19:18:42.469: W/droid.apps.docs(9030): Accessing hidden method Lcom/android/org/conscrypt/OpenSSLSocketImpl;->setHostname(Ljava/lang/String;)V (max-target-q,core-platform-api, reflection, denied)
10-15 19:18:42.469: W/droid.apps.docs(9030): Accessing hidden method Lcom/android/org/conscrypt/AbstractConscryptSocket;->setHostname(Ljava/lang/String;)V (max-target-q, reflection, denied)
10-15 19:18:42.469: W/droid.apps.docs(9030): Accessing hidden method Lcom/android/org/conscrypt/OpenSSLSocketImpl;->setAlpnProtocols([B)V (max-target-q,core-platform-api, reflection, denied)
10-15 19:18:42.469: W/droid.apps.docs(9030): Accessing hidden method Lcom/android/org/conscrypt/AbstractConscryptSocket;->setAlpnProtocols([B)V (max-target-q, reflection, denied)
10-15 19:18:42.481: D/TrafficStats(9030): tagSocket(115) with statsTag=0xffffffff, statsUid=-1
10-15 19:18:42.486: W/droid.apps.docs(9030): Accessing hidden method Lcom/android/org/conscrypt/ConscryptEngineSocket;->setUseSessionTickets(Z)V (max-target-q,core-platform-api, reflection, denied)
10-15 19:18:42.486: W/droid.apps.docs(9030): Accessing hidden method Lcom/android/org/conscrypt/OpenSSLSocketImpl;->setUseSessionTickets(Z)V (max-target-q,core-platform-api, reflection, denied)
10-15 19:18:42.487: W/droid.apps.docs(9030): Accessing hidden method Lcom/android/org/conscrypt/AbstractConscryptSocket;->setUseSessionTickets(Z)V (max-target-q, reflection, denied)
10-15 19:18:42.487: W/droid.apps.docs(9030): Accessing hidden method Lcom/android/org/conscrypt/ConscryptEngineSocket;->setHostname(Ljava/lang/String;)V (max-target-q,core-platform-api, reflection, denied)
10-15 19:18:42.487: W/droid.apps.docs(9030): Accessing hidden method Lcom/android/org/conscrypt/OpenSSLSocketImpl;->setHostname(Ljava/lang/String;)V (max-target-q,core-platform-api, reflection, denied)
10-15 19:18:42.487: W/droid.apps.docs(9030): Accessing hidden method Lcom/android/org/conscrypt/AbstractConscryptSocket;->setHostname(Ljava/lang/String;)V (max-target-q, reflection, denied)
10-15 19:18:42.487: W/droid.apps.docs(9030): Accessing hidden method Lcom/android/org/conscrypt/OpenSSLSocketImpl;->setAlpnProtocols([B)V (max-target-q,core-platform-api, reflection, denied)
10-15 19:18:42.488: W/droid.apps.docs(9030): Accessing hidden method Lcom/android/org/conscrypt/AbstractConscryptSocket;->setAlpnProtocols([B)V (max-target-q, reflection, denied)
10-15 19:18:42.491: D/TrafficStats(9030): tagSocket(116) with statsTag=0xffffffff, statsUid=-1
10-15 19:18:42.491: I/FacsCacheGmsModule(8070): Operation 'writeDeviceLevelSettings' dispatched!
10-15 19:18:42.495: I/FacsCacheGmsModule(8070): Executing operation 'WriteDeviceLevelSettingsOperation'...
10-15 19:18:42.499: W/droid.apps.docs(9030): Accessing hidden method Lcom/android/org/conscrypt/ConscryptEngineSocket;->setUseSessionTickets(Z)V (max-target-q,core-platform-api, reflection, denied)
10-15 19:18:42.499: W/droid.apps.docs(9030): Accessing hidden method Lcom/android/org/conscrypt/OpenSSLSocketImpl;->setUseSessionTickets(Z)V (max-target-q,core-platform-api, reflection, denied)
10-15 19:18:42.499: W/droid.apps.docs(9030): Accessing hidden method Lcom/android/org/conscrypt/AbstractConscryptSocket;->setUseSessionTickets(Z)V (max-target-q, reflection, denied)
10-15 19:18:42.499: W/droid.apps.docs(9030): Accessing hidden method Lcom/android/org/conscrypt/ConscryptEngineSocket;->setHostname(Ljava/lang/String;)V (max-target-q,core-platform-api, reflection, denied)
10-15 19:18:42.499: W/droid.apps.docs(9030): Accessing hidden method Lcom/android/org/conscrypt/OpenSSLSocketImpl;->setHostname(Ljava/lang/String;)V (max-target-q,core-platform-api, reflection, denied)
10-15 19:18:42.499: W/droid.apps.docs(9030): Accessing hidden method Lcom/android/org/conscrypt/AbstractConscryptSocket;->setHostname(Ljava/lang/String;)V (max-target-q, reflection, denied)
10-15 19:18:42.499: W/droid.apps.docs(9030): Accessing hidden method Lcom/android/org/conscrypt/OpenSSLSocketImpl;->setAlpnProtocols([B)V (max-target-q,core-platform-api, reflection, denied)
10-15 19:18:42.499: W/droid.apps.docs(9030): Accessing hidden method Lcom/android/org/conscrypt/AbstractConscryptSocket;->setAlpnProtocols([B)V (max-target-q, reflection, denied)
10-15 19:18:42.499: E/TraceManager(6690): Duplicate trace
10-15 19:18:42.499: E/TraceManager(6690): bnol: Starting new trace SharedStorageProvider#call when already associated with a trace: . For more help, see http://go/tiktok-tracing#fixing-duplicate-trace-issues
10-15 19:18:42.499: E/TraceManager(6690): 	at bnrz.g(PG:5)
10-15 19:18:42.499: E/TraceManager(6690): 	at bnrz.c(PG:2)
10-15 19:18:42.499: E/TraceManager(6690): 	at bnrz.b(PG:2)
10-15 19:18:42.499: E/TraceManager(6690): 	at bnrm.j(PG:1)
10-15 19:18:42.499: E/TraceManager(6690): 	at abvj.call(PG:7)
10-15 19:18:42.499: E/TraceManager(6690): 	at android.content.ContentProvider.call(ContentProvider.java:2511)
10-15 19:18:42.499: E/TraceManager(6690): 	at abtx.call(PG:2)
10-15 19:18:42.499: E/TraceManager(6690): 	at android.content.ContentProvider$Transport.call(ContentProvider.java:525)
10-15 19:18:42.499: E/TraceManager(6690): 	at android.content.ContentResolver.call(ContentResolver.java:2450)
10-15 19:18:42.499: E/TraceManager(6690): 	at android.content.ContentResolver.call(ContentResolver.java:2430)
10-15 19:18:42.499: E/TraceManager(6690): 	at aylq.h(PG:9)
10-15 19:18:42.499: E/TraceManager(6690): 	at aylq.k(PG:3)
10-15 19:18:42.499: E/TraceManager(6690): 	at aylo.b(PG:1)
10-15 19:18:42.499: E/TraceManager(6690): 	at axrs.d(PG:2)
10-15 19:18:42.499: E/TraceManager(6690): 	at axrs.E(PG:1)
10-15 19:18:42.499: E/TraceManager(6690): 	at agsj.j(PG:25)
10-15 19:18:42.499: E/TraceManager(6690): 	at agsj.i(PG:1)
10-15 19:18:42.499: E/TraceManager(6690): 	at agsf.run(Unknown Source:4)
10-15 19:18:42.499: E/TraceManager(6690): 	at bnsk.run(PG:2)
10-15 19:18:42.499: E/TraceManager(6690): 	at java.util.concurrent.Executors$RunnableAdapter.call(Executors.java:463)
10-15 19:18:42.499: E/TraceManager(6690): 	at bsej.a(PG:1)
10-15 19:18:42.499: E/TraceManager(6690): 	at bsdl.run(PG:4)
10-15 19:18:42.499: E/TraceManager(6690): 	at bsek.run(PG:1)
10-15 19:18:42.499: E/TraceManager(6690): 	at bcfr.run(PG:1)
10-15 19:18:42.499: E/TraceManager(6690): 	at java.util.concurrent.ThreadPoolExecutor.runWorker(ThreadPoolExecutor.java:1137)
10-15 19:18:42.499: E/TraceManager(6690): 	at java.util.concurrent.ThreadPoolExecutor$Worker.run(ThreadPoolExecutor.java:637)
10-15 19:18:42.499: E/TraceManager(6690): 	at bcex.run(PG:2)
10-15 19:18:42.499: E/TraceManager(6690): 	at bcfd.run(PG:4)
10-15 19:18:42.499: E/TraceManager(6690): 	at java.lang.Thread.run(Thread.java:1012)
10-15 19:18:42.499: E/TraceManager(6690): 	Suppressed: bntd: 
10-15 19:18:42.499: E/TraceManager(6690): 		at tk_trace.(Unknown Source:0)
10-15 19:18:42.499: E/TraceManager(6690): 		at tk_trace.Missing root trace(Unknown Source:0)
10-15 19:18:42.499: E/TraceManager(6690): Caused by: bnom
10-15 19:18:42.509: W/droid.apps.docs(9030): Accessing hidden method Lcom/android/org/conscrypt/OpenSSLSocketImpl;->getAlpnSelectedProtocol()[B (max-target-q,core-platform-api, reflection, denied)
10-15 19:18:42.509: W/droid.apps.docs(9030): Accessing hidden method Lcom/android/org/conscrypt/AbstractConscryptSocket;->getAlpnSelectedProtocol()[B (max-target-q, reflection, denied)
10-15 19:18:42.511: I/FacsCacheGmsModule(8070): Operation 'WriteDeviceLevelSettingsOperation' successful!
10-15 19:18:42.525: W/droid.apps.docs(9030): Accessing hidden method Lcom/android/org/conscrypt/OpenSSLSocketImpl;->getAlpnSelectedProtocol()[B (max-target-q,core-platform-api, reflection, denied)
10-15 19:18:42.525: W/droid.apps.docs(9030): Accessing hidden method Lcom/android/org/conscrypt/AbstractConscryptSocket;->getAlpnSelectedProtocol()[B (max-target-q, reflection, denied)
10-15 19:18:42.527: W/droid.apps.docs(9030): Accessing hidden method Lcom/android/org/conscrypt/OpenSSLSocketImpl;->getAlpnSelectedProtocol()[B (max-target-q,core-platform-api, reflection, denied)
10-15 19:18:42.527: W/droid.apps.docs(9030): Accessing hidden method Lcom/android/org/conscrypt/AbstractConscryptSocket;->getAlpnSelectedProtocol()[B (max-target-q, reflection, denied)
10-15 19:18:42.533: W/droid.apps.docs(9030): Accessing hidden method Lcom/android/org/conscrypt/OpenSSLSocketImpl;->getAlpnSelectedProtocol()[B (max-target-q,core-platform-api, reflection, denied)
10-15 19:18:42.533: W/droid.apps.docs(9030): Accessing hidden method Lcom/android/org/conscrypt/AbstractConscryptSocket;->getAlpnSelectedProtocol()[B (max-target-q, reflection, denied)
10-15 19:18:42.540: I/Nearby(8070): [MBleClient] Start ble scanning from NearbyDirect:BluetoothAdapterWrapper, context tag = nearby_messages [CONTEXT service_id=49 ]
10-15 19:18:42.540: D/BluetoothAdapter(8070): isLeEnabled(): ON
10-15 19:18:42.551: D/BtGatt.GattService(973): stopScan() - queue size =3
10-15 19:18:42.554: D/SliceBuilder(7842): Creating slice for: com.android.settings.notification.MediaVolumePreferenceController
10-15 19:18:42.565: D/BoundBrokerSvc(8070): onUnbind: Intent { act=com.google.android.gms.usagereporting.service.START pkg=com.google.android.gms }
10-15 19:18:42.570: D/ActivityAttributionService(973): notifyActivityAttributionInfo UID=1002 packageName=com.android.bluetooth deviceAddress=no_active_device_address
10-15 19:18:42.570: I/bt_btif(973): packages/modules/Bluetooth/system/btif/src/bluetooth.cc:468 get_profile_interface: get_profile_interface: id = activity_attribution
10-15 19:18:42.570: D/libEGL(9119): loaded /vendor/lib64/egl/libGLESv1_CM_emulation.so
10-15 19:18:42.575: D/BtGatt.ScanManager(973): handling stopping scan  [ScanClient scanModeApp 2 scanModeUsed 2 [appScanStats com.google.uid.shared:10108]]
10-15 19:18:42.575: D/BtGatt.ScanManager(973): configureRegularScanParams() - queue=2
10-15 19:18:42.575: I/bt_stack(973): [INFO:le_scanning_manager.cc(151)] Scan in shim layer stopped
10-15 19:18:42.582: D/BtGatt.ScanManager(973): Start gattClientScanNative with old scanMode 2 new scanMode 1 ( in MS: 730 / 183, in scan unit: 1168 / 292 ) [ScanClient scanModeApp 1 scanModeUsed 1 [appScanStats com.google.uid.shared:10108]]
10-15 19:18:42.582: I/bt_stack(973): [INFO:le_scanning_manager.cc(247)] SetScanParameters in shim layer
10-15 19:18:42.582: D/BtGatt.GattService(973): onScanParamSetupCompleted : 0
10-15 19:18:42.582: I/bt_stack(973): [INFO:le_scanning_manager.cc(151)] Scan in shim layer started
10-15 19:18:42.582: I/bluetooth(973): packages/modules/Bluetooth/system/gd/hci/le_scanning_manager.cc:652 stop_scan: Scanning already stopped, return!
10-15 19:18:42.584: D/BtGatt.GattService(973): unregisterScanner() - scannerId=3
10-15 19:18:42.584: I/bt_stack(973): [INFO:le_scanning_manager.cc(145)] Unregister in shim layer, scanner_id:3
10-15 19:18:42.590: I/Nearby(8070): [MBleClient] M hardware scan: 1 clients, scanMode= OPPORTUNISTIC, callback type= ALL_MATCHES [CONTEXT service_id=49 ]
10-15 19:18:42.590: D/BluetoothAdapter(8070): isLeEnabled(): ON
10-15 19:18:42.596: I/GmsCoreXrpcWrapper(8076): Returning a channel provider with trafficStatsTag=12803 trafficStatsUid=-1
10-15 19:18:42.598: D/BtGatt.GattService(973): registerScanner() - UUID=e2a2dfd1-244e-420a-9b97-c04be0316aaa
10-15 19:18:42.599: I/bt_stack(973): [INFO:le_scanning_manager.cc(138)] RegisterScanner in shim layer
10-15 19:18:42.599: D/BtGatt.GattService(973): onScannerRegistered() - UUID=e2a2dfd1-244e-420a-9b97-c04be0316aaa, scannerId=3, status=0
10-15 19:18:42.599: D/BluetoothLeScanner(8070): onScannerRegistered() - status=0 scannerId=3 mScannerId=0
10-15 19:18:42.601: D/BtGatt.GattService(973): start scan with filters
10-15 19:18:42.602: D/BtGatt.GattService(973): enforcePrivilegedPermissionIfNeeded([BluetoothLeScanFilter [mDeviceName=null, mDeviceAddress=null, mUuid=null, mUuidMask=null, mServiceSolicitationUuid=null, mServiceSolicitationUuidMask=null, mServiceDataUuid=null, mServiceData=null, mServiceDataMask=null, mManufacturerId=224, mManufacturerData=[0, 0, 0], mManufacturerDataMask=[0, 0, -1], mAdvertisingDataType=-1, mAdvertisingData=null, mAdvertisingDataMask=null], BluetoothLeScanFilter [mDeviceName=null, mDeviceAddress=null, mUuid=0000fef3-0000-1000-8000-00805f9b34fb, mUuidMask=null, mServiceSolicitationUuid=null, mServiceSolicitationUuidMask=null, mServiceDataUuid=null, mServiceData=null, mServiceDataMask=null, mManufacturerId=-1, mManufacturerData=null, mManufacturerDataMask=null, mAdvertisingDataType=-1, mAdvertisingData=null, mAdvertisingDataMask=null], BluetoothLeScanFilter [mDeviceName=null, mDeviceAddress=null, mUuid=0000feaa-0000-1000-8000-00805f9b34fb, mUuidMask=null, mServiceSolicitationUuid=null, mServiceSolicitationUuidMask=null, mServiceDataUuid=null, mServiceData=null, mServiceDataMask=null, mManufacturerId=-1, mManufacturerData=null, mManufacturerDataMask=null, mAdvertisingDataType=-1, mAdvertisingData=null, mAdvertisingDataMask=null], BluetoothLeScanFilter [mDeviceName=null, mDeviceAddress=null, mUuid=0000fea0-0000-1000-8000-00805f9b34fb, mUuidMask=null, mServiceSolicitationUuid=null, mServiceSolicitationUuidMask=null, mServiceDataUuid=null, mServiceData=null, mServiceDataMask=null, mManufacturerId=-1, mManufacturerData=null, mManufacturerDataMask=null, mAdvertisingDataType=-1, mAdvertisingData=null, mAdvertisingDataMask=null], BluetoothLeScanFilter [mDeviceName=null, mDeviceAddress=null, mUuid=null, mUuidMask=null, mServiceSolicitationUuid=null, mServiceSolicitationUuidMask=null, mServiceDataUuid=null, mServiceData=null, mServiceDataMask=null, mManufacturerId=76, mManufacturerData=[2, 21], mManufacturerDataMask=[-1, -1], mAdvertisingDataType=-1, mAdvertisingData=null, mAdvertisingDataMask=null]])
10-15 19:18:42.624: D/BtGatt.ScanManager(973): startScan()  [ScanClient scanModeApp -1 scanModeUsed -1 [appScanStats com.google.uid.shared:10108]]
10-15 19:18:42.624: D/ActivityAttributionService(973): notifyActivityAttributionInfo UID=1002 packageName=com.android.bluetooth deviceAddress=no_active_device_address
10-15 19:18:42.625: I/bt_btif(973): packages/modules/Bluetooth/system/btif/src/bluetooth.cc:468 get_profile_interface: get_profile_interface: id = activity_attribution
10-15 19:18:42.625: D/BtGatt.ScanManager(973): handling starting scan
10-15 19:18:42.626: D/SettingsSliceProvider(7842): Starting background worker for: content://android.settings.slices/action/wifi
10-15 19:18:42.626: D/SliceBackgroundWorker(7842): create instance: class com.android.settings.wifi.slice.WifiScanWorker
10-15 19:18:42.657: D/WsuServiceClient(7842): Binding to com.google.android.apps.carrier.carrierwifi
10-15 19:18:42.657: D/WsuServiceClient(7842): the specified wsu service is not installed.
10-15 19:18:42.675: I/BugleRcsEngine(6690): [76] axrs.d: No RCS Configuration was found in Bugle for simID: redacted-pii:sim_id[chars:20]
10-15 19:18:42.702: D/BoundBrokerSvc(8070): onBind: Intent { act=com.google.android.gms.clearcut.bootcount.service.START pkg=com.google.android.gms }
10-15 19:18:42.702: D/BoundBrokerSvc(8070): Loading bound service for intent: Intent { act=com.google.android.gms.clearcut.bootcount.service.START pkg=com.google.android.gms }
10-15 19:18:42.710: D/PackageManager(605): Instant App installer not found with android.intent.action.INSTALL_INSTANT_APP_PACKAGE
10-15 19:18:42.710: D/PackageManager(605): Clear ephemeral installer activity
10-15 19:18:42.720: D/libEGL(9119): loaded /vendor/lib64/egl/libGLESv2_emulation.so
10-15 19:18:42.725: D/PackageManager(605): Instant App installer not found with android.intent.action.INSTALL_INSTANT_APP_PACKAGE
10-15 19:18:42.725: D/PackageManager(605): Clear ephemeral installer activity
10-15 19:18:42.737: D/BoundBrokerSvc(8070): onUnbind: Intent { act=com.google.android.gms.clearcut.bootcount.service.START dat=chimera-action: cmp=com.google.android.gms/.chimera.PersistentBoundBrokerService }
10-15 19:18:42.758: D/CompatibilityChangeReporter(9119): Compat change id reported: 160794467; UID 10130; state: ENABLED
10-15 19:18:42.762: D/CompatibilityChangeReporter(9119): Compat change id reported: 183155436; UID 10130; state: ENABLED
10-15 19:18:42.766: D/ConnectivityService(605): requestNetwork for uid/pid:1000/7842 activeRequest: null callbackRequest: 229 [NetworkRequest [ TRACK_SYSTEM_DEFAULT id=229, [ Capabilities: INTERNET&NOT_RESTRICTED&TRUSTED&NOT_VPN&NOT_VCN_MANAGED RequestorUid: 1000 RequestorPkg: com.android.settings UnderlyingNetworks: Null] ]] callback flags: 0 order: 2147483647
10-15 19:18:42.766: D/ConnectivityService(605): NetReassign [no changes]
10-15 19:18:42.775: D/MediaVolumePreCtrl(7842): The slice doesn't support end item
10-15 19:18:42.801: D/ConnectivityService(605): NetReassign [229 : null → 103]
10-15 19:18:42.808: D/VolumeSliceHelper(7842): Unregistering uri broadcast relay: content://com.android.settings.slices/action/media_volume
10-15 19:18:42.808: D/SettingsSliceProvider(7842): Stopping background worker for: content://com.android.settings.slices/action/media_volume
10-15 19:18:42.811: D/CompatibilityChangeReporter(605): Compat change id reported: 161145287; UID 10130; state: DISABLED
10-15 19:18:42.818: I/NetworkScheduler.Stats(8070): Task com.google.android.gms/com.google.android.gms.tapandpay.gcmtask.TapAndPayGcmTaskService finished executing. cause:5 result: 1 elapsed_millis: 1822 uptime_millis: 1822 exec_start_elapsed_seconds: 1191 [CONTEXT service_id=218 ]
10-15 19:18:42.861: W/ziparchive(9119): Unable to open '/data/user_de/0/com.google.android.gms/app_chimera/m/00000002/DynamiteLoader.dm': No such file or directory
10-15 19:18:42.861: W/ziparchive(9119): Unable to open '/data/user_de/0/com.google.android.gms/app_chimera/m/00000002/DynamiteLoader.dm': No such file or directory
10-15 19:18:42.869: D/ConnectivityService(605): requestNetwork for uid/pid:10130/9119 activeRequest: null callbackRequest: 230 [NetworkRequest [ REQUEST id=231, [ Capabilities: INTERNET&NOT_RESTRICTED&TRUSTED&NOT_VCN_MANAGED Uid: 10130 RequestorUid: 10130 RequestorPkg: com.google.android.apps.maps UnderlyingNetworks: Null] ]] callback flags: 0 order: 2147483647
10-15 19:18:42.869: D/ConnectivityService(605): NetReassign [231 : null → 103]
10-15 19:18:42.877: D/WifiNetworkFactory(605): got request NetworkRequest [ REQUEST id=231, [ Capabilities: INTERNET&NOT_RESTRICTED&TRUSTED&NOT_VCN_MANAGED Uid: 10130 RequestorUid: 10130 RequestorPkg: com.google.android.apps.maps UnderlyingNetworks: Null] ]
10-15 19:18:42.877: D/UntrustedWifiNetworkFactory(605): got request NetworkRequest [ REQUEST id=231, [ Capabilities: INTERNET&NOT_RESTRICTED&TRUSTED&NOT_VCN_MANAGED Uid: 10130 RequestorUid: 10130 RequestorPkg: com.google.android.apps.maps UnderlyingNetworks: Null] ]
10-15 19:18:42.877: D/OemPaidWifiNetworkFactory(605): got request NetworkRequest [ REQUEST id=231, [ Capabilities: INTERNET&NOT_RESTRICTED&TRUSTED&NOT_VCN_MANAGED Uid: 10130 RequestorUid: 10130 RequestorPkg: com.google.android.apps.maps UnderlyingNetworks: Null] ]
10-15 19:18:42.877: D/MultiInternetWifiNetworkFactory(605): got request NetworkRequest [ REQUEST id=231, [ Capabilities: INTERNET&NOT_RESTRICTED&TRUSTED&NOT_VCN_MANAGED Uid: 10130 RequestorUid: 10130 RequestorPkg: com.google.android.apps.maps UnderlyingNetworks: Null] ]
10-15 19:18:42.886: I/ProviderInstaller(8704): Installed default security provider GmsCore_OpenSSL
10-15 19:18:42.909: I/ocess.gservices(1483): Background concurrent copying GC freed 58422(2077KB) AllocSpace objects, 0(0B) LOS objects, 49% free, 2828KB/5656KB, paused 41us,25us total 501.569ms
10-15 19:18:42.920: I/BugleRcsProvisioning(6690): RcsAvailabilityUpdaterLocal: [SR]: SingleRegistration configuration, singleRegistrationRcsConfigAvailableAndEnabled: false, simId: redacted-pii:sim_id[chars:20]
10-15 19:18:42.921: E/TraceManager(6690): Duplicate trace
10-15 19:18:42.921: E/TraceManager(6690): bnol: Starting new trace SharedStorageProvider#call when already associated with a trace: . For more help, see http://go/tiktok-tracing#fixing-duplicate-trace-issues
10-15 19:18:42.921: E/TraceManager(6690): 	at bnrz.g(PG:5)
10-15 19:18:42.921: E/TraceManager(6690): 	at bnrz.c(PG:2)
10-15 19:18:42.921: E/TraceManager(6690): 	at bnrz.b(PG:2)
10-15 19:18:42.921: E/TraceManager(6690): 	at bnrm.j(PG:1)
10-15 19:18:42.921: E/TraceManager(6690): 	at abvj.call(PG:7)
10-15 19:18:42.921: E/TraceManager(6690): 	at android.content.ContentProvider.call(ContentProvider.java:2511)
10-15 19:18:42.921: E/TraceManager(6690): 	at abtx.call(PG:2)
10-15 19:18:42.921: E/TraceManager(6690): 	at android.content.ContentProvider$Transport.call(ContentProvider.java:525)
10-15 19:18:42.921: E/TraceManager(6690): 	at android.content.ContentResolver.call(ContentResolver.java:2450)
10-15 19:18:42.921: E/TraceManager(6690): 	at android.content.ContentResolver.call(ContentResolver.java:2430)
10-15 19:18:42.921: E/TraceManager(6690): 	at aylq.h(PG:9)
10-15 19:18:42.921: E/TraceManager(6690): 	at aylq.k(PG:3)
10-15 19:18:42.921: E/TraceManager(6690): 	at aylo.b(PG:1)
10-15 19:18:42.921: E/TraceManager(6690): 	at axrs.d(PG:2)
10-15 19:18:42.921: E/TraceManager(6690): 	at axrs.D(PG:1)
10-15 19:18:42.921: E/TraceManager(6690): 	at agsj.j(PG:32)
10-15 19:18:42.921: E/TraceManager(6690): 	at agsj.i(PG:1)
10-15 19:18:42.921: E/TraceManager(6690): 	at agsf.run(Unknown Source:4)
10-15 19:18:42.921: E/TraceManager(6690): 	at bnsk.run(PG:2)
10-15 19:18:42.921: E/TraceManager(6690): 	at java.util.concurrent.Executors$RunnableAdapter.call(Executors.java:463)
10-15 19:18:42.921: E/TraceManager(6690): 	at bsej.a(PG:1)
10-15 19:18:42.921: E/TraceManager(6690): 	at bsdl.run(PG:4)
10-15 19:18:42.921: E/TraceManager(6690): 	at bsek.run(PG:1)
10-15 19:18:42.921: E/TraceManager(6690): 	at bcfr.run(PG:1)
10-15 19:18:42.921: E/TraceManager(6690): 	at java.util.concurrent.ThreadPoolExecutor.runWorker(ThreadPoolExecutor.java:1137)
10-15 19:18:42.921: E/TraceManager(6690): 	at java.util.concurrent.ThreadPoolExecutor$Worker.run(ThreadPoolExecutor.java:637)
10-15 19:18:42.921: E/TraceManager(6690): 	at bcex.run(PG:2)
10-15 19:18:42.921: E/TraceManager(6690): 	at bcfd.run(PG:4)
10-15 19:18:42.921: E/TraceManager(6690): 	at java.lang.Thread.run(Thread.java:1012)
10-15 19:18:42.921: E/TraceManager(6690): 	Suppressed: bntd: 
10-15 19:18:42.921: E/TraceManager(6690): 		at tk_trace.(Unknown Source:0)
10-15 19:18:42.921: E/TraceManager(6690): 		at tk_trace.Missing root trace(Unknown Source:0)
10-15 19:18:42.921: E/TraceManager(6690): Caused by: bnom
10-15 19:18:42.921: I/BugleRcsEngine(6690): [76] axrs.d: No RCS Configuration was found in Bugle for simID: redacted-pii:sim_id[chars:20]
10-15 19:18:42.945: I/BugleRcsEngine(6690): [76] axtf.b: Using config server URL from awfi
10-15 19:18:42.951: E/TraceManager(6690): Duplicate trace
10-15 19:18:42.951: E/TraceManager(6690): bnol: Starting new trace SharedStorageProvider#call when already associated with a trace: . For more help, see http://go/tiktok-tracing#fixing-duplicate-trace-issues
10-15 19:18:42.951: E/TraceManager(6690): 	at bnrz.g(PG:5)
10-15 19:18:42.951: E/TraceManager(6690): 	at bnrz.c(PG:2)
10-15 19:18:42.951: E/TraceManager(6690): 	at bnrz.b(PG:2)
10-15 19:18:42.951: E/TraceManager(6690): 	at bnrm.j(PG:1)
10-15 19:18:42.951: E/TraceManager(6690): 	at abvj.call(PG:7)
10-15 19:18:42.951: E/TraceManager(6690): 	at android.content.ContentProvider.call(ContentProvider.java:2511)
10-15 19:18:42.951: E/TraceManager(6690): 	at abtx.call(PG:2)
10-15 19:18:42.951: E/TraceManager(6690): 	at android.content.ContentProvider$Transport.call(ContentProvider.java:525)
10-15 19:18:42.951: E/TraceManager(6690): 	at android.content.ContentResolver.call(ContentResolver.java:2450)
10-15 19:18:42.951: E/TraceManager(6690): 	at android.content.ContentResolver.call(ContentResolver.java:2430)
10-15 19:18:42.951: E/TraceManager(6690): 	at aylq.h(PG:9)
10-15 19:18:42.951: E/TraceManager(6690): 	at aylq.k(PG:3)
10-15 19:18:42.951: E/TraceManager(6690): 	at aylo.b(PG:1)
10-15 19:18:42.951: E/TraceManager(6690): 	at axrs.g(PG:2)
10-15 19:18:42.951: E/TraceManager(6690): 	at rwb.b(PG:1)
10-15 19:18:42.951: E/TraceManager(6690): 	at axpd.f(PG:4)
10-15 19:18:42.951: E/TraceManager(6690): 	at axpd.c(PG:1)
10-15 19:18:42.951: E/TraceManager(6690): 	at rvk.a(PG:3)
10-15 19:18:42.951: E/TraceManager(6690): 	at agsj.j(PG:42)
10-15 19:18:42.951: E/TraceManager(6690): 	at agsj.i(PG:1)
10-15 19:18:42.951: E/TraceManager(6690): 	at agsf.run(Unknown Source:4)
10-15 19:18:42.951: E/TraceManager(6690): 	at bnsk.run(PG:2)
10-15 19:18:42.951: E/TraceManager(6690): 	at java.util.concurrent.Executors$RunnableAdapter.call(Executors.java:463)
10-15 19:18:42.951: E/TraceManager(6690): 	at bsej.a(PG:1)
10-15 19:18:42.951: E/TraceManager(6690): 	at bsdl.run(PG:4)
10-15 19:18:42.951: E/TraceManager(6690): 	at bsek.run(PG:1)
10-15 19:18:42.951: E/TraceManager(6690): 	at bcfr.run(PG:1)
10-15 19:18:42.951: E/TraceManager(6690): 	at java.util.concurrent.ThreadPoolExecutor.runWorker(ThreadPoolExecutor.java:1137)
10-15 19:18:42.951: E/TraceManager(6690): 	at java.util.concurrent.ThreadPoolExecutor$Worker.run(ThreadPoolExecutor.java:637)
10-15 19:18:42.951: E/TraceManager(6690): 	at bcex.run(PG:2)
10-15 19:18:42.951: E/TraceManager(6690): 	at bcfd.run(PG:4)
10-15 19:18:42.951: E/TraceManager(6690): 	at java.lang.Thread.run(Thread.java:1012)
10-15 19:18:42.951: E/TraceManager(6690): 	Suppressed: bntd: 
10-15 19:18:42.951: E/TraceManager(6690): 		at tk_trace.(Unknown Source:0)
10-15 19:18:42.951: E/TraceManager(6690): 		at tk_trace.Missing root trace(Unknown Source:0)
10-15 19:18:42.951: E/TraceManager(6690): Caused by: bnom
10-15 19:18:42.952: I/BugleRcsEngine(6690): [76] axrs.g: No RCS Configuration was found in Bugle for simID: redacted-pii:sim_id[chars:20]
10-15 19:18:42.952: I/BugleRcsProvisioning(6690): RcsAvailabilityUpdaterLocal: Provisioning Engine subscription{id:1}, simId: redacted-pii:sim_id[chars:20], sipConnectionType: DUAL_REG
10-15 19:18:42.952: I/BugleRcsProvisioning(6690): RcsAvailabilityUpdaterLocal: updateRcsAvailability, currentAvailability: 10, newAvailability: 10, hint: GSERVICE_UPDATE
10-15 19:18:42.953: I/BugleRcsProvisioning(6690): RcsProvisioningTrigger: onRcsAvailabilityUpdate : availability is updated to Carrier RCS is not set up, lastAvailability is Carrier RCS is not set up, simId hash = -4616184457848549114, isPev3Enabled = true
10-15 19:18:42.956: D/CarrierServices(1765): log_saver already enabled
10-15 19:18:42.968: D/BugleRcsEngine(6690): log_saver already enabled
10-15 19:18:42.972: I/CarrierServices(1765): [69] EventHubProxy.unsubscribe: Removing event listener 224205651 for category 8 for hub ENGINE
10-15 19:18:42.974: I/CarrierServices(1765): [69] EventHubProxy.subscribe: Adding event listener cuz@dbceda8 for category 8 with key 230485416 for hub ENGINE
10-15 19:18:42.992: D/SliceBuilder(7842): Creating slice for: com.android.settings.notification.CallVolumePreferenceController
10-15 19:18:42.993: W/GmsIpProtection(9030): [binder:9030_1] Error changing state for com.google.android.apps.docs.sync.syncadapter.DocsSyncAdapterService
10-15 19:18:43.043: W/GmsIpProtection(9030): [binder:9030_1] Error changing state for com.google.android.apps.docs.drive.directsharing.ChooserTargetService
10-15 19:18:43.047: D/EGL_emulation(7358): app_time_stats: avg=935.86ms min=912.41ms max=959.32ms count=2
10-15 19:18:43.090: D/PackageManager(605): Instant App installer not found with android.intent.action.INSTALL_INSTANT_APP_PACKAGE
10-15 19:18:43.090: D/PackageManager(605): Clear ephemeral installer activity
10-15 19:18:43.148: I/CarrierServices(1765): [69] cva.a: KEY_CONFIG_IMS_PACKAGE_OVERRIDE_STRING: com.google.android.ims
10-15 19:18:43.186: D/VolumeSliceHelper(7842): Unregistering uri broadcast relay: content://com.android.settings.slices/action/call_volume
10-15 19:18:43.203: W/ziparchive(9119): Unable to open '/data/user_de/0/com.google.android.gms/app_chimera/m/00000001/CronetDynamite.dm': No such file or directory
10-15 19:18:43.203: W/ziparchive(9119): Unable to open '/data/user_de/0/com.google.android.gms/app_chimera/m/00000001/CronetDynamite.dm': No such file or directory
10-15 19:18:43.232: D/HostConnection(9119): createUnique: call
10-15 19:18:43.250: D/HostConnection(9119): HostConnection::get() New Host Connection established 0x7b1c624a6710, tid 9183
10-15 19:18:43.254: W/GmsIpProtection(9030): [binder:9030_1] Error changing state for com.google.android.apps.docs.editors.shared.documentcreation.WidgetDocumentCreatorActivity
10-15 19:18:43.255: W/GmsIpProtection(9030): [binder:9030_1] Error changing state for com.google.android.apps.docs.editors.shared.documentcreation.ExternalDocumentCreatorActivity
10-15 19:18:43.258: W/GmsIpProtection(9030): [binder:9030_1] Error changing state for com.google.android.apps.docs.editors.shared.widgets.NewDocumentWidgetActivity
10-15 19:18:43.259: W/GmsIpProtection(9030): [binder:9030_1] Error changing state for com.google.android.apps.docs.editors.shared.export.FileContentProvider
10-15 19:18:43.263: W/GmsIpProtection(9030): [binder:9030_1] Error changing state for com.google.android.apps.docs.editors.shared.copypaste.AndroidClipboardContentProvider
10-15 19:18:43.266: W/GmsIpProtection(9030): [binder:9030_1] Error changing state for com.google.android.apps.docs.editors.shared.copypaste.AndroidImageContentProvider
10-15 19:18:43.281: W/GmsIpProtection(9030): [binder:9030_1] Error changing state for com.google.android.apps.docs.editors.shared.inserttool.clipboard.InsertToolClipboardContentProvider
10-15 19:18:43.282: W/GmsIpProtection(9030): [binder:9030_1] Error changing state for com.google.android.apps.docs.editors.shared.inserttool.clipboard.InsertToolImageContentProvider
10-15 19:18:43.285: W/GmsIpProtection(9030): [binder:9030_1] Error changing state for com.google.android.apps.docs.editors.kix.conversion.KixOnlineImportActivity
10-15 19:18:43.290: W/GmsIpProtection(9030): [binder:9030_1] Error changing state for com.google.android.apps.docs.editors.ritz.conversion.RitzOnlineImportActivity
10-15 19:18:43.301: W/GmsIpProtection(9030): [binder:9030_1] Error changing state for com.google.android.apps.docs.editors.punch.conversion.PunchOnlineImportActivity
10-15 19:18:43.302: D/SliceBuilder(7842): Creating slice for: com.android.settings.notification.RingVolumePreferenceController
10-15 19:18:43.318: W/ScanResultUtil(605): Empty or null ScanResult list
10-15 19:18:43.319: W/WifiService(605): Attempt to retrieve WifiConfiguration with invalid scanResult List
10-15 19:18:43.324: W/ScanResultUtil(605): Empty or null ScanResult list
10-15 19:18:43.324: E/WifiService(605): Attempt to retrieve passpoint with invalid scanResult List
10-15 19:18:43.335: D/HostConnection(9119): HostComposition ext ANDROID_EMU_CHECKSUM_HELPER_v1 ANDROID_EMU_direct_mem ANDROID_EMU_host_composition_v1 ANDROID_EMU_host_composition_v2 ANDROID_EMU_vulkan ANDROID_EMU_deferred_vulkan_commands ANDROID_EMU_vulkan_null_optional_strings ANDROID_EMU_vulkan_create_resources_with_requirements ANDROID_EMU_YUV_Cache ANDROID_EMU_vulkan_ignored_handles ANDROID_EMU_has_shared_slots_host_memory_allocator ANDROID_EMU_vulkan_free_memory_sync ANDROID_EMU_vulkan_shader_float16_int8 ANDROID_EMU_vulkan_async_queue_submit ANDROID_EMU_vulkan_queue_submit_with_commands ANDROID_EMU_sync_buffer_data ANDROID_EMU_vulkan_async_qsri ANDROID_EMU_read_color_buffer_dma ANDROID_EMU_hwc_multi_configs GL_OES_EGL_image_external_essl3 GL_OES_vertex_array_object GL_KHR_texture_compression_astc_ldr ANDROID_EMU_host_side_tracing ANDROID_EMU_gles_max_version_3_0 
10-15 19:18:43.350: I/cr_CronetLibraryLoader(9119): Cronet version: 101.0.4951.41, arch: x86_64
10-15 19:18:43.370: W/ScanResultUtil(605): Empty or null ScanResult list
10-15 19:18:43.370: W/WifiService(605): Attempt to retrieve OsuProviders with invalid scanResult List
10-15 19:18:43.373: D/ConnectivityService(605): requestNetwork for uid/pid:10130/9119 activeRequest: null callbackRequest: 232 [NetworkRequest [ REQUEST id=233, [ Capabilities: INTERNET&NOT_RESTRICTED&TRUSTED&NOT_VCN_MANAGED Uid: 10130 RequestorUid: 10130 RequestorPkg: com.google.android.apps.maps UnderlyingNetworks: Null] ]] callback flags: 0 order: 2147483647
10-15 19:18:43.374: D/ConnectivityService(605): NetReassign [233 : null → 103]
10-15 19:18:43.376: D/WifiNetworkFactory(605): got request NetworkRequest [ REQUEST id=233, [ Capabilities: INTERNET&NOT_RESTRICTED&TRUSTED&NOT_VCN_MANAGED Uid: 10130 RequestorUid: 10130 RequestorPkg: com.google.android.apps.maps UnderlyingNetworks: Null] ]
10-15 19:18:43.376: D/UntrustedWifiNetworkFactory(605): got request NetworkRequest [ REQUEST id=233, [ Capabilities: INTERNET&NOT_RESTRICTED&TRUSTED&NOT_VCN_MANAGED Uid: 10130 RequestorUid: 10130 RequestorPkg: com.google.android.apps.maps UnderlyingNetworks: Null] ]
10-15 19:18:43.376: D/OemPaidWifiNetworkFactory(605): got request NetworkRequest [ REQUEST id=233, [ Capabilities: INTERNET&NOT_RESTRICTED&TRUSTED&NOT_VCN_MANAGED Uid: 10130 RequestorUid: 10130 RequestorPkg: com.google.android.apps.maps UnderlyingNetworks: Null] ]
10-15 19:18:43.376: D/MultiInternetWifiNetworkFactory(605): got request NetworkRequest [ REQUEST id=233, [ Capabilities: INTERNET&NOT_RESTRICTED&TRUSTED&NOT_VCN_MANAGED Uid: 10130 RequestorUid: 10130 RequestorPkg: com.google.android.apps.maps UnderlyingNetworks: Null] ]
10-15 19:18:43.386: D/ConnectivityService(605): NetReassign [no changes]
10-15 19:18:43.431: I/ndroid.settings(7842): Background young concurrent copying GC freed 17891(1092KB) AllocSpace objects, 1(20KB) LOS objects, 47% free, 4289KB/8160KB, paused 58us,21us total 478.014ms
10-15 19:18:43.457: D/EGL_emulation(9119): eglCreateContext: 0x7b1c624a5a50: maj 3 min 0 rcv 3
10-15 19:18:43.462: D/EGL_emulation(9119): eglMakeCurrent: 0x7b1c624a5a50: ver 3 0 (tinfo 0x7b1e7f973080) (first time)
10-15 19:18:43.516: D/VolumeSliceHelper(7842): Unregistering uri broadcast relay: content://com.android.settings.slices/action/ring_volume
10-15 19:18:43.523: D/SliceBuilder(7842): Creating slice for: com.android.settings.notification.AlarmVolumePreferenceController
10-15 19:18:43.537: D/SliceBuilder(7842): Creating slice for: com.android.settings.deviceinfo.hardwareinfo.DeviceModelPreferenceController
10-15 19:18:43.541: D/VolumeSliceHelper(7842): Unregistering uri broadcast relay: content://com.android.settings.slices/action/alarm_volume
