10-15 19:17:59.915: D/TrafficStats(6011): tagSocket(142) with statsTag=0x38005601, statsUid=-1
10-15 19:17:59.924: D/CompatibilityChangeReporter(7633): Compat change id reported: 160794467; UID 10119; state: ENABLED
10-15 19:17:59.951: V/GraphicsEnvironment(7664): ANGLE Developer option for 'com.android.providers.calendar' set to: 'default'
10-15 19:17:59.953: V/GraphicsEnvironment(7664): ANGLE GameManagerService for com.android.providers.calendar: false
10-15 19:17:59.953: V/GraphicsEnvironment(7664): Neither updatable production driver nor prerelease driver is supported.
10-15 19:17:59.969: D/NetworkSecurityConfig(7664): No Network Security Config specified, using platform default
10-15 19:17:59.970: D/NetworkSecurityConfig(7664): No Network Security Config specified, using platform default
10-15 19:17:59.986: D/CompatibilityChangeReporter(605): Compat change id reported: 135634846; UID 10146; state: DISABLED
10-15 19:17:59.986: D/CompatibilityChangeReporter(605): Compat change id reported: 177438394; UID 10146; state: DISABLED
10-15 19:17:59.986: D/CompatibilityChangeReporter(605): Compat change id reported: 135772972; UID 10146; state: DISABLED
10-15 19:17:59.986: D/CompatibilityChangeReporter(605): Compat change id reported: 135754954; UID 10146; state: ENABLED
10-15 19:17:59.992: D/CompatibilityChangeReporter(605): Compat change id reported: 143937733; UID 10146; state: ENABLED
10-15 19:17:59.999: D/Zygote(355): Forked child process 7722
10-15 19:18:00.008: I/ActivityManager(605): Start proc 7722:com.google.android.cellbroadcastreceiver/u0a146 for broadcast {com.google.android.cellbroadcastreceiver/com.android.cellbroadcastreceiver.CellBroadcastReceiver}
10-15 19:18:00.035: I/Zygote(7722): seccomp disabled by setenforce 0
10-15 19:18:00.039: I/AiAiEcho(1507): Predicting[0]: 
10-15 19:18:00.040: I/AiAiEcho(1507): Ranked targets strategy: SORT, count: 0, ranking metadata: 
10-15 19:18:00.045: I/AiAiEcho(1507): #postPredictionTargets: Sending updates to UISurface lockscreen with targets# 0
10-15 19:18:00.046: I/AiAiEcho(1507): #postPredictionTargets: Sending updates to UISurface home with targets# 0
10-15 19:18:00.047: I/AiAiEcho(1507): #postPredictionTargets: Sending updates to UISurface media_data_manager with targets# 0
10-15 19:18:00.055: W/oadcastreceiver(7722): Unexpected CPU variant for x86: x86_64.
10-15 19:18:00.055: W/oadcastreceiver(7722): Known variants: atom, sandybridge, silvermont, kabylake, default
10-15 19:18:00.055: D/EGL_emulation(7358): app_time_stats: avg=947.21ms min=885.14ms max=1009.27ms count=2
10-15 19:18:00.126: E/bjxf(1299): Timed out or interrupted while getting SettingsStore instance.
10-15 19:18:00.126: E/bjxf(1299): java.util.concurrent.TimeoutException
10-15 19:18:00.126: E/bjxf(1299): 	at java.util.concurrent.FutureTask.get(FutureTask.java:204)
10-15 19:18:00.126: E/bjxf(1299): 	at bjxf.c(:com.google.android.gms@221821047@22.18.21 (190800-453244992):3)
10-15 19:18:00.126: E/bjxf(1299): 	at bjxf.a(:com.google.android.gms@221821047@22.18.21 (190800-453244992):1)
10-15 19:18:00.126: E/bjxf(1299): 	at bjsr.b(:com.google.android.gms@221821047@22.18.21 (190800-453244992):5)
10-15 19:18:00.126: E/bjxf(1299): 	at bjsr.f(:com.google.android.gms@221821047@22.18.21 (190800-453244992):11)
10-15 19:18:00.126: E/bjxf(1299): 	at agfo.el(:com.google.android.gms@221821047@22.18.21 (190800-453244992):1)
10-15 19:18:00.126: E/bjxf(1299): 	at agfu.run(:com.google.android.gms@221821047@22.18.21 (190800-453244992):11)
10-15 19:18:00.126: E/bjxf(1299): 	at cdgo.run(:com.google.android.gms@221821047@22.18.21 (190800-453244992):2)
10-15 19:18:00.126: E/bjxf(1299): 	at wwq.c(:com.google.android.gms@221821047@22.18.21 (190800-453244992):6)
10-15 19:18:00.126: E/bjxf(1299): 	at wwq.run(:com.google.android.gms@221821047@22.18.21 (190800-453244992):7)
10-15 19:18:00.126: E/bjxf(1299): 	at java.util.concurrent.ThreadPoolExecutor.runWorker(ThreadPoolExecutor.java:1137)
10-15 19:18:00.126: E/bjxf(1299): 	at java.util.concurrent.ThreadPoolExecutor$Worker.run(ThreadPoolExecutor.java:637)
10-15 19:18:00.126: E/bjxf(1299): 	at xbv.run(:com.google.android.gms@221821047@22.18.21 (190800-453244992):0)
10-15 19:18:00.126: E/bjxf(1299): 	at java.lang.Thread.run(Thread.java:1012)
10-15 19:18:00.165: I/adbd(424): jdwp connection from 7722
10-15 19:18:00.224: I/c.abhj(7633): Obtained writable database SQLiteDatabase/170535752 instance with path /data/user/0/com.google.android.calendar/databases/cal_v2a
10-15 19:18:00.227: I/c.abfr(7633): The schema version is 19, the database version is 19, and there are 0 migrations
10-15 19:18:00.280: W/Conscrypt(1299): Could not set socket write timeout: java.net.SocketException: Socket closed
10-15 19:18:00.301: D/EGL_emulation(879): app_time_stats: avg=487.95ms min=123.64ms max=751.23ms count=3
10-15 19:18:00.412: W/Looper(605): Slow dispatch took 103ms android.ui h=com.android.server.am.ActivityManagerService$UiHandler c=null m=31
10-15 19:18:00.457: E/BcSmartspaceCard(1250): No tap action can be set up
10-15 19:18:00.513: I/cr_CronetUrlRequestContext(6011): destroyNativeStreamLocked org.chromium.net.impl.CronetBidirectionalStream@11e5e26
10-15 19:18:00.529: I/rkstack.process(951): Background young concurrent copying GC freed 17303(981KB) AllocSpace objects, 4(240KB) LOS objects, 26% free, 3846KB/5198KB, paused 43us,32us total 309.287ms
10-15 19:18:00.532: D/CompatibilityChangeReporter(7722): Compat change id reported: 171979766; UID 10146; state: ENABLED
10-15 19:18:00.552: I/ActivityManager(605): Killing 2918:com.google.android.projection.gearhead:shared/u0a95 (adj 985): empty #17
10-15 19:18:00.574: W/Conscrypt(1299): 	at com.google.android.gms.org.conscrypt.Platform.setSocketWriteTimeout(:com.google.android.gms@221821047@22.18.21 (190800-453244992):2)
10-15 19:18:00.599: I/libprocessgroup(605): Successfully killed process cgroup uid 10095 pid 2918 in 5ms
10-15 19:18:00.615: D/CompatibilityChangeReporter(605): Compat change id reported: 161145287; UID 10059; state: DISABLED
10-15 19:18:00.616: W/Conscrypt(1299): 	at com.google.android.gms.org.conscrypt.ConscryptFileDescriptorSocket.setSoWriteTimeout(:com.google.android.gms@221821047@22.18.21 (190800-453244992):0)
10-15 19:18:00.619: I/CalendarProvider2(7664): Created com.android.providers.calendar.CalendarAlarmManager@1732fff(com.android.providers.calendar.CalendarProvider2@4e551cc)
10-15 19:18:00.631: W/ndroid.calendar(7633): Long monitor contention with owner AsyncQueryWorker (7661) at android.content.IContentProvider android.app.ActivityThread.acquireProvider(android.content.Context, java.lang.String, int, boolean)(ActivityThread.java:7021) waiters=0 in android.content.IContentProvider android.app.ActivityThread.acquireProvider(android.content.Context, java.lang.String, int, boolean) for 579ms
10-15 19:18:00.655: D/CompatibilityChangeReporter(7664): Compat change id reported: 183155436; UID 10059; state: ENABLED
10-15 19:18:00.692: I/Zygote(355): Process 2918 exited due to signal 9 (Killed)
10-15 19:18:00.709: V/GraphicsEnvironment(7722): ANGLE Developer option for 'com.google.android.cellbroadcastreceiver' set to: 'default'
10-15 19:18:00.719: V/GraphicsEnvironment(7722): ANGLE GameManagerService for com.google.android.cellbroadcastreceiver: false
10-15 19:18:00.719: V/GraphicsEnvironment(7722): Neither updatable production driver nor prerelease driver is supported.
10-15 19:18:00.722: D/CompatibilityChangeReporter(605): Compat change id reported: 143231523; UID 10119; state: DISABLED
10-15 19:18:00.724: D/NetworkSecurityConfig(7722): No Network Security Config specified, using platform default
10-15 19:18:00.724: D/NetworkSecurityConfig(7722): No Network Security Config specified, using platform default
10-15 19:18:00.729: D/CompatibilityChangeReporter(605): Compat change id reported: 143231523; UID 10119; state: DISABLED
10-15 19:18:00.729: D/CompatibilityChangeReporter(605): Compat change id reported: 143231523; UID 10059; state: DISABLED
10-15 19:18:00.752: D/CellBroadcastReceiver(7722): onReceive Intent { act=android.intent.action.LOCALE_CHANGED flg=0x1200810 cmp=com.google.android.cellbroadcastreceiver/com.android.cellbroadcastreceiver.CellBroadcastReceiver }
10-15 19:18:00.774: D/CompatibilityChangeReporter(605): Compat change id reported: 171306433; UID 10119; state: ENABLED
10-15 19:18:00.774: D/CompatibilityChangeReporter(605): Compat change id reported: 226439802; UID 10119; state: DISABLED
10-15 19:18:00.778: D/CompatibilityChangeReporter(605): Compat change id reported: 218533173; UID 10119; state: DISABLED
10-15 19:18:00.804: D/CompatibilityChangeReporter(605): Compat change id reported: 135634846; UID 10112; state: DISABLED
10-15 19:18:00.804: D/CompatibilityChangeReporter(605): Compat change id reported: 177438394; UID 10112; state: DISABLED
10-15 19:18:00.805: D/CompatibilityChangeReporter(605): Compat change id reported: 135772972; UID 10112; state: DISABLED
10-15 19:18:00.805: D/CompatibilityChangeReporter(605): Compat change id reported: 135754954; UID 10112; state: ENABLED
10-15 19:18:00.805: D/CompatibilityChangeReporter(605): Compat change id reported: 143937733; UID 10112; state: ENABLED
10-15 19:18:00.805: I/ActivityManager(605): Killing 6179:com.android.keychain/1000 (adj 975): empty #17
10-15 19:18:00.812: D/Zygote(355): Forked child process 7747
10-15 19:18:00.812: I/ActivityManager(605): Start proc 7747:com.google.android.deskclock/u0a112 for broadcast {com.google.android.deskclock/com.android.deskclock.AlarmInitReceiver}
10-15 19:18:00.822: I/Zygote(7747): seccomp disabled by setenforce 0
10-15 19:18:00.828: W/droid.deskclock(7747): Unexpected CPU variant for x86: x86_64.
10-15 19:18:00.828: W/droid.deskclock(7747): Known variants: atom, sandybridge, silvermont, kabylake, default
10-15 19:18:00.839: W/Conscrypt(1299): Could not set socket write timeout: java.net.SocketException: Socket closed
10-15 19:18:00.839: W/Conscrypt(1299): 	at com.google.android.gms.org.conscrypt.Platform.setSocketWriteTimeout(:com.google.android.gms@221821047@22.18.21 (190800-453244992):2)
10-15 19:18:00.839: W/Conscrypt(1299): 	at com.google.android.gms.org.conscrypt.ConscryptFileDescriptorSocket.setSoWriteTimeout(:com.google.android.gms@221821047@22.18.21 (190800-453244992):0)
10-15 19:18:00.841: I/Zygote(355): Process 6179 exited due to signal 9 (Killed)
10-15 19:18:00.858: I/libprocessgroup(605): Successfully killed process cgroup uid 1000 pid 6179 in 45ms
10-15 19:18:00.937: I/adbd(424): jdwp connection from 7747
10-15 19:18:01.044: W/ActivityManager(605): Slow operation: 109ms so far, now at attachApplicationLocked: after sendPendingBroadcastsLocked
10-15 19:18:01.045: W/system_server(605): Long monitor contention with owner binder:605_10 (1705) at void com.android.server.am.ActivityManagerService.attachApplication(android.app.IApplicationThread, long)(ActivityManagerService.java:5024) waiters=0 in void com.android.server.am.BroadcastQueue.processNextBroadcast(boolean) for 103ms
10-15 19:18:01.078: D/CompatibilityChangeReporter(7747): Compat change id reported: 171979766; UID 10112; state: ENABLED
10-15 19:18:01.117: W/BatteryExternalStatsWorker(605): error reading Bluetooth stats: 11
10-15 19:18:01.169: D/EGL_emulation(7358): app_time_stats: avg=1113.96ms min=1113.96ms max=1113.96ms count=1
10-15 19:18:01.170: W/bjxf(1299): Empty content. Thus might mean that the settings are not synced down.
10-15 19:18:01.187: W/bjxf(1299): Empty content. Thus might mean that the settings are not synced down.
10-15 19:18:01.193: D/nativeloader(7747): classloader namespace configured for unbundled product apk. library_path=/product/app/PrebuiltDeskClockGoogle/lib/x86_64:/product/lib64:/system/product/lib64
10-15 19:18:01.197: D/MainContentCaptureSession(1250): Flushing 10 event(s) for act:com.google.android.apps.nexuslauncher/.NexusLauncherActivity [state=2 (ACTIVE), disabled=false], reason=TEXT_CHANGE
10-15 19:18:01.217: W/Looper(605): Slow dispatch took 174ms android.ui h=com.android.server.am.ActivityManagerService$UiHandler c=com.android.server.am.UidObserverController$$ExternalSyntheticLambda0@43c3aeb m=0
10-15 19:18:01.277: V/GraphicsEnvironment(7747): ANGLE Developer option for 'com.google.android.deskclock' set to: 'default'
10-15 19:18:01.281: V/GraphicsEnvironment(7747): ANGLE GameManagerService for com.google.android.deskclock: false
10-15 19:18:01.281: V/GraphicsEnvironment(7747): Neither updatable production driver nor prerelease driver is supported.
10-15 19:18:01.297: D/NetworkSecurityConfig(7747): No Network Security Config specified, using platform default
10-15 19:18:01.297: D/NetworkSecurityConfig(7747): No Network Security Config specified, using platform default
10-15 19:18:01.303: D/AlarmClock(7747): ClockSliceProvider: Creating slice provider. Granting read permissions to packages.
10-15 19:18:01.318: W/Looper(605): Slow delivery took 274ms main h=com.android.server.job.JobSchedulerService$JobHandler c=null m=4
10-15 19:18:01.320: W/Looper(605): Drained
10-15 19:18:01.439: D/CompatibilityChangeReporter(605): Compat change id reported: 161145287; UID 10112; state: DISABLED
10-15 19:18:01.450: D/PrimesApiImpl(7747): Primes instant initialization
10-15 19:18:01.456: D/TrafficStats(6011): tagSocket(-1) with statsTag=0x5601, statsUid=-1
10-15 19:18:01.456: I/TrafficStats(6011): tagSocketFd(-1, 22017, -1) failed with errno-9
10-15 19:18:01.456: D/TrafficStats(6011): tagSocket(143) with statsTag=0x5601, statsUid=-1
10-15 19:18:01.456: D/TrafficStats(6011): tagSocket(-1) with statsTag=0x5601, statsUid=-1
10-15 19:18:01.456: I/TrafficStats(6011): tagSocketFd(-1, 22017, -1) failed with errno-9
10-15 19:18:01.456: D/TrafficStats(6011): tagSocket(145) with statsTag=0x5601, statsUid=-1
10-15 19:18:01.468: D/CompatibilityChangeReporter(7747): Compat change id reported: 183155436; UID 10112; state: DISABLED
10-15 19:18:01.470: I/Auth(1299): [GaiaIdSync] successfully updated accountId and email [CONTEXT service_id=153 ]
10-15 19:18:01.471: I/FontLog(1299): Received query Google Sans, URI content://com.google.android.gms.fonts [CONTEXT service_id=132 ]
10-15 19:18:01.471: I/FontLog(1299): Query [Google Sans] resolved to {Google Sans, wdth 100.0, wght 400, ital 0.0, bestEffort false} [CONTEXT service_id=132 ]
10-15 19:18:01.471: D/EGL_emulation(879): app_time_stats: avg=292.21ms min=165.16ms max=463.05ms count=4
10-15 19:18:01.501: I/FontLog(1299): Font PFD returned from cache for {Google Sans, wdth 100.0, wght 400, ital 0.0, bestEffort false} [CONTEXT service_id=132 ]
10-15 19:18:01.502: I/FontLog(1299): Fetch {Google Sans, wdth 100.0, wght 400, ital 0.0, bestEffort false} end status Status{statusCode=SUCCESS, resolution=null} [CONTEXT service_id=132 ]
10-15 19:18:01.580: I/GAv4(7747): Google Analytics 214.0.10 is starting up. To enable debug logging on a device run:
10-15 19:18:01.580: I/GAv4(7747):   adb shell setprop log.tag.GAv4 DEBUG
10-15 19:18:01.580: I/GAv4(7747):   adb logcat -s GAv4
10-15 19:18:01.600: I/AlarmClock(7747): AlarmInitReceiver android.intent.action.LOCALE_CHANGED
10-15 19:18:01.609: W/system_server(605): Long monitor contention with owner binder:605_10 (1705) at boolean android.os.MessageQueue.enqueueMessage(android.os.Message, long)(MessageQueue.java:600) waiters=0 in android.os.Message android.os.MessageQueue.next() for 137ms
10-15 19:18:01.630: I/ActivityManager(605): Killing 6251:com.google.android.settings.intelligence/u0a96 (adj 985): empty #17
10-15 19:18:01.631: I/FontLog(1299): Pulling font file for id = 13, cache size = 7 [CONTEXT service_id=132 ]
10-15 19:18:01.643: I/libprocessgroup(605): Successfully killed process cgroup uid 10096 pid 6251 in 10ms
10-15 19:18:01.649: I/DialerNotificationChannelUpdateReceiver(1367): com.android.dialer.notification.channel.NotificationChannelUpdateReceiver.onReceive:51 Updating notification channels
10-15 19:18:01.652: D/CompatibilityChangeReporter(7747): Compat change id reported: 160794467; UID 10112; state: ENABLED
10-15 19:18:01.772: D/BufferPoolAccessor2.0(463): bufferpool2 0x7fbed1fd2318 : 0(0 size) total buffers - 0(0 size) used buffers - 96/104 (recycle/alloc) - 8/198 (fetch/transfer)
10-15 19:18:01.772: D/BufferPoolAccessor2.0(463): evictor expired: 1, evicted: 1
10-15 19:18:01.772: D/BufferPoolAccessor2.0(469): bufferpool2 0x77a90f4e1288 : 0(0 size) total buffers - 0(0 size) used buffers - 93/97 (recycle/alloc) - 4/96 (fetch/transfer)
10-15 19:18:01.772: D/BufferPoolAccessor2.0(469): evictor expired: 1, evicted: 1
10-15 19:18:01.798: I/Zygote(355): Process 6251 exited due to signal 9 (Killed)
10-15 19:18:01.829: I/Telecom(605): PhoneAccountRegistrar: getSimCallManager: SimCallManager for subId 1 queried, returning: null: TSI.gDOPA(cgad)@AR8
10-15 19:18:01.848: W/.gms.persistent(1299): Long monitor contention with owner GoogleApiHandler (1524) at boolean android.os.MessageQueue.enqueueMessage(android.os.Message, long)(MessageQueue.java:600) waiters=0 in android.os.Message android.os.MessageQueue.next() for 188ms
10-15 19:18:01.866: I/FontLog(1299): Received query Google Sans Text, URI content://com.google.android.gms.fonts [CONTEXT service_id=132 ]
10-15 19:18:01.866: I/FontLog(1299): Query [Google Sans Text] resolved to {Google Sans Text, wdth 100.0, wght 400, ital 0.0, bestEffort false} [CONTEXT service_id=132 ]
10-15 19:18:01.868: I/FontLog(1299): Font PFD returned from cache for {Google Sans Text, wdth 100.0, wght 400, ital 0.0, bestEffort false} [CONTEXT service_id=132 ]
10-15 19:18:01.868: I/FontLog(1299): Fetch {Google Sans Text, wdth 100.0, wght 400, ital 0.0, bestEffort false} end status Status{statusCode=SUCCESS, resolution=null} [CONTEXT service_id=132 ]
10-15 19:18:01.923: W/GAv4(7747): AnalyticsReceiver is not registered or is disabled. Register the receiver for reliable dispatching on non-Google Play devices. See http://goo.gl/8Rd3yj for instructions.
10-15 19:18:01.927: W/GAv4(7747): CampaignTrackingReceiver is not registered, not exported or is disabled. Installation campaign tracking is not possible. See http://goo.gl/8Rd3yj for instructions.
10-15 19:18:01.931: W/GAv4(7747): AnalyticsService not registered in the app manifest. Hits might not be delivered reliably. See http://goo.gl/8Rd3yj for instructions.
10-15 19:18:01.958: I/PackageManager(605): Integrity check passed for file:///data/app/vmdl39979032.tmp
10-15 19:18:02.561: W/audit(0): audit_lost=1858 audit_rate_limit=5 audit_backlog_limit=64
10-15 19:18:02.607: E/audit(0): rate limit exceeded
10-15 19:18:01.971: I/FontLog(1299): Pulling font file for id = 14, cache size = 8 [CONTEXT service_id=132 ]
10-15 19:18:02.138: I/FontLog(1299): Received query Google Sans:500, URI content://com.google.android.gms.fonts [CONTEXT service_id=132 ]
10-15 19:18:02.138: I/FontLog(1299): Query [Google Sans:500] resolved to {Google Sans, wdth 100.0, wght 500, ital 0.0, bestEffort false} [CONTEXT service_id=132 ]
10-15 19:18:02.141: I/FontLog(1299): Font PFD returned from cache for {Google Sans, wdth 100.0, wght 500, ital 0.0, bestEffort false} [CONTEXT service_id=132 ]
10-15 19:18:02.141: I/FontLog(1299): Fetch {Google Sans, wdth 100.0, wght 500, ital 0.0, bestEffort false} end status Status{statusCode=SUCCESS, resolution=null} [CONTEXT service_id=132 ]
10-15 19:18:02.147: I/PackageParsing(605): Parse times for '/data/app/vmdl39979032.tmp': parse=142ms, update_cache=0 ms
10-15 19:18:02.411: I/FontLog(1299): Pulling font file for id = 15, cache size = 9 [CONTEXT service_id=132 ]
10-15 19:18:02.560: D/PackageManager(605): Instant App installer not found with android.intent.action.INSTALL_INSTANT_APP_PACKAGE
10-15 19:18:02.561: D/PackageManager(605): Clear ephemeral installer activity
10-15 19:18:02.567: W/system_server(605): Long monitor contention with owner PackageManager (700) at void com.android.server.pm.InstallPackageHelper.commitPackageSettings(com.android.server.pm.parsing.pkg.AndroidPackage, com.android.server.pm.parsing.pkg.AndroidPackage, com.android.server.pm.PackageSetting, com.android.server.pm.PackageSetting, int, boolean, com.android.server.pm.ReconciledPackage)(InstallPackageHelper.java:512) waiters=0 in com.android.server.pm.Computer com.android.server.pm.PackageManagerService.snapshotComputer() for 311ms
10-15 19:18:02.570: W/system_server(605): Long monitor contention with owner binder:605_4 (788) at com.android.server.pm.Computer com.android.server.pm.PackageManagerService.snapshotComputer()(PackageManagerService.java:1110) waiters=0 in com.android.server.pm.Computer com.android.server.pm.PackageManagerService.snapshotComputer() for 310ms
10-15 19:18:02.573: W/system_server(605): Long monitor contention with owner binder:605_4 (788) at com.android.server.pm.Computer com.android.server.pm.PackageManagerService.snapshotComputer()(PackageManagerService.java:1110) waiters=2 in com.android.server.pm.Computer com.android.server.pm.PackageManagerService.snapshotComputer() for 236ms
10-15 19:18:02.578: W/system_server(605): Long monitor contention with owner binder:605_4 (788) at com.android.server.pm.Computer com.android.server.pm.PackageManagerService.snapshotComputer()(PackageManagerService.java:1110) waiters=6 in com.android.server.pm.Computer com.android.server.pm.PackageManagerService.snapshotComputer() for 162ms
10-15 19:18:02.579: W/Looper(605): Slow dispatch took 236ms main h=android.os.Handler c=null m=1
10-15 19:18:02.579: W/Looper(605): Slow delivery took 236ms main h=android.os.Handler c=null m=1
10-15 19:18:02.586: I/FontLog(1299): Received query Google Sans Display, URI content://com.google.android.gms.fonts [CONTEXT service_id=132 ]
10-15 19:18:02.588: W/Looper(605): Slow dispatch took 236ms android.fg h=android.os.Handler c=<recycled PooledLambda@43b1f7c> m=0
10-15 19:18:02.596: D/CompatibilityChangeReporter(605): Compat change id reported: 168419799; UID 10117; state: DISABLED
10-15 19:18:02.610: D/CompatibilityChangeReporter(7314): Compat change id reported: 194532703; UID 10117; state: DISABLED
10-15 19:18:02.610: D/CompatibilityChangeReporter(605): Compat change id reported: 194532703; UID 10117; state: DISABLED
10-15 19:18:02.621: I/FontLog(1299): Query [Google Sans Display] resolved to {Google Sans Display, wdth 100.0, wght 400, ital 0.0, bestEffort false} [CONTEXT service_id=132 ]
10-15 19:18:02.629: W/Looper(605): Drained
10-15 19:18:02.638: W/ziparchive(605): Unable to open '/data/app/~~FsyZXQQlM9eYhPySGw3sgw==/com.kbwtf.yiqiwan.android-HdlgKx2YB0bk3vulQukIhg==/base.dm': No such file or directory
10-15 19:18:02.638: I/PackageDexOptimizer(605): Running dexopt (dexoptNeeded=1) on: /data/app/~~FsyZXQQlM9eYhPySGw3sgw==/com.kbwtf.yiqiwan.android-HdlgKx2YB0bk3vulQukIhg==/base.apk pkg=com.kbwtf.yiqiwan.android isa=x86_64 dexoptFlags=boot_complete,profile_guided,public,enable_hidden_api_checks targetFilter=speed-profile oatDir=/data/app/~~FsyZXQQlM9eYhPySGw3sgw==/com.kbwtf.yiqiwan.android-HdlgKx2YB0bk3vulQukIhg==/oat classLoaderContext=PCL[]{}
10-15 19:18:02.640: V/installd(460): DexInv: --- BEGIN '/data/app/~~FsyZXQQlM9eYhPySGw3sgw==/com.kbwtf.yiqiwan.android-HdlgKx2YB0bk3vulQukIhg==/base.apk' ---
10-15 19:18:02.640: V/installd(460): Running /apex/com.android.art/bin/dex2oat64 in=base.apk out=/data/app/~~FsyZXQQlM9eYhPySGw3sgw==/com.kbwtf.yiqiwan.android-HdlgKx2YB0bk3vulQukIhg==/oat/x86_64/base.odex
10-15 19:18:02.649: I/FontLog(1299): Font PFD returned from cache for {Google Sans Display, wdth 100.0, wght 400, ital 0.0, bestEffort false} [CONTEXT service_id=132 ]
10-15 19:18:02.649: I/FontLog(1299): Fetch {Google Sans Display, wdth 100.0, wght 400, ital 0.0, bestEffort false} end status Status{statusCode=SUCCESS, resolution=null} [CONTEXT service_id=132 ]
10-15 19:18:02.689: W/dex2oat64(7789): Unexpected CPU variant for x86: x86_64.
10-15 19:18:02.689: W/dex2oat64(7789): Known variants: atom, sandybridge, silvermont, kabylake, default
10-15 19:18:02.691: W/dex2oat64(7789): Mismatch between dex2oat instruction set features to use (ISA: X86_64 Feature string: -ssse3,-sse4.1,-sse4.2,-avx,-avx2,-popcnt) and those from CPP defines (ISA: X86_64 Feature string: ssse3,sse4.1,sse4.2,-avx,-avx2,popcnt) for the command line:
10-15 19:18:02.691: W/dex2oat64(7789): /apex/com.android.art/bin/dex2oat64 --zip-fd=8 --zip-location=base.apk --oat-fd=9 --oat-location=/data/app/~~FsyZXQQlM9eYhPySGw3sgw==/com.kbwtf.yiqiwan.android-HdlgKx2YB0bk3vulQukIhg==/oat/x86_64/base.odex --input-vdex-fd=-1 --output-vdex-fd=10 --swap-fd=11 --classpath-dir=/data/app/~~FsyZXQQlM9eYhPySGw3sgw==/com.kbwtf.yiqiwan.android-HdlgKx2YB0bk3vulQukIhg== --class-loader-context=PCL[]{} --compact-dex-level=none --instruction-set=x86_64 --instruction-set-features=default --instruction-set-variant=x86_64 --compiler-filter=speed-profile --compilation-reason=install --max-image-block-size=524288 --resolve-startup-const-strings=true --generate-mini-debug-info --runtime-arg -Xtarget-sdk-version:31 --runtime-arg -Xhidden-api-policy:enabled --runtime-arg -Xms64m --runtime-arg -Xmx512m
10-15 19:18:02.691: I/dex2oat64(7789): /apex/com.android.art/bin/dex2oat64 --input-vdex-fd=-1 --output-vdex-fd=10 --classpath-dir=/data/app/~~FsyZXQQlM9eYhPySGw3sgw==/com.kbwtf.yiqiwan.android-HdlgKx2YB0bk3vulQukIhg== --class-loader-context=PCL[]{} --compact-dex-level=none --compiler-filter=speed-profile --compilation-reason=install --max-image-block-size=524288 --resolve-startup-const-strings=true --generate-mini-debug-info
10-15 19:18:02.723: I/FontLog(1299): Pulling font file for id = 16, cache size = 10 [CONTEXT service_id=132 ]
10-15 19:18:02.724: W/NearbyShared(1299): BTConnStateMgr: proxy reconnect failed.
10-15 19:18:02.724: W/NearbyShared(1299): java.util.concurrent.TimeoutException: Waited 3000 milliseconds (plus 2 milliseconds, 773688 nanoseconds delay) for adb@4aadc37[status=PENDING, info=[tag=[BluetoothDeviceConnectionStateManager:tryReconnectProxy]]]
10-15 19:18:02.724: W/NearbyShared(1299): 	at acx.get(:com.google.android.gms@221821047@22.18.21 (190800-453244992):34)
10-15 19:18:02.724: W/NearbyShared(1299): 	at adc.get(:com.google.android.gms@221821047@22.18.21 (190800-453244992):2)
10-15 19:18:02.724: W/NearbyShared(1299): 	at cowh.j(:com.google.android.gms@221821047@22.18.21 (190800-453244992):8)
10-15 19:18:02.724: W/NearbyShared(1299): 	at cowh.c(:com.google.android.gms@221821047@22.18.21 (190800-453244992):0)
10-15 19:18:02.724: W/NearbyShared(1299): 	at atds.run(:com.google.android.gms@221821047@22.18.21 (190800-453244992):3)
10-15 19:18:02.724: W/NearbyShared(1299): 	at aqkv.run(:com.google.android.gms@221821047@22.18.21 (190800-453244992):3)
10-15 19:18:02.724: W/NearbyShared(1299): 	at java.util.concurrent.Executors$RunnableAdapter.call(Executors.java:463)
10-15 19:18:02.724: W/NearbyShared(1299): 	at java.util.concurrent.FutureTask.run(FutureTask.java:264)
10-15 19:18:02.724: W/NearbyShared(1299): 	at wwq.c(:com.google.android.gms@221821047@22.18.21 (190800-453244992):6)
10-15 19:18:02.724: W/NearbyShared(1299): 	at wwq.run(:com.google.android.gms@221821047@22.18.21 (190800-453244992):8)
10-15 19:18:02.724: W/NearbyShared(1299): 	at java.util.concurrent.ThreadPoolExecutor.runWorker(ThreadPoolExecutor.java:1137)
10-15 19:18:02.724: W/NearbyShared(1299): 	at java.util.concurrent.ThreadPoolExecutor$Worker.run(ThreadPoolExecutor.java:637)
10-15 19:18:02.724: W/NearbyShared(1299): 	at xbv.run(:com.google.android.gms@221821047@22.18.21 (190800-453244992):0)
10-15 19:18:02.724: W/NearbyShared(1299): 	at java.lang.Thread.run(Thread.java:1012)
10-15 19:18:02.724: W/NearbyFastPair(1299): NearbyDeviceManager: Failed to get profile proxy for 1 [CONTEXT service_id=265 ]
10-15 19:18:02.724: I/NearbyShared(1299): BTConnStateMgr: tryReconnectProxy called but proxy is not connected, try reconnect and wait.
10-15 19:18:02.727: D/BluetoothA2dp(1299): Binding service...
10-15 19:18:02.789: D/CompatibilityChangeReporter(605): Compat change id reported: 161252188; UID 10115; state: ENABLED
10-15 19:18:02.798: D/CompatibilityChangeReporter(605): Compat change id reported: 161252188; UID 10129; state: ENABLED
10-15 19:18:02.809: D/CompatibilityChangeReporter(605): Compat change id reported: 161252188; UID 10105; state: ENABLED
10-15 19:18:02.832: I/A(1886): updateAppflow-HW_ENROLLMENT_STATE LANGUAGE_CHANGED handleLanguageChange cmn-Hans-CN
10-15 19:18:02.833: W/A(1886): voiceMatchDisabledSource: LANGUAGE_CHANGED handleLanguageChange cmn-Hans-CN
10-15 19:18:02.834: D/CompatibilityChangeReporter(605): Compat change id reported: 161252188; UID 1000; state: ENABLED
10-15 19:18:02.896: D/CompatibilityChangeReporter(605): Compat change id reported: 161252188; UID 10130; state: ENABLED
10-15 19:18:02.924: I/A(1886): Using proto config with mendel
10-15 19:18:02.928: I/BgTaskExecutorImpl(1886): Starting EXCLUSIVE background task CHIME_REGISTRATION.
10-15 19:18:02.932: D/CompatibilityChangeReporter(605): Compat change id reported: 135634846; UID 10096; state: DISABLED
10-15 19:18:02.933: W/gle.android.gms(6011): Long monitor contention with owner [com.google.android.gms.chimera.container.intentoperation.GmsIntentOperationChimeraService-Executor] idle (7792) at void ewd.run()(:com.google.android.gms@221821047@22.18.21 (190800-453244992):3) waiters=0 in void ewd.run() for 146ms
10-15 19:18:02.933: D/CompatibilityChangeReporter(605): Compat change id reported: 177438394; UID 10096; state: DISABLED
10-15 19:18:02.934: D/CompatibilityChangeReporter(605): Compat change id reported: 135772972; UID 10096; state: DISABLED
10-15 19:18:02.934: D/CompatibilityChangeReporter(605): Compat change id reported: 135754954; UID 10096; state: ENABLED
10-15 19:18:02.934: D/CompatibilityChangeReporter(605): Compat change id reported: 143937733; UID 10096; state: ENABLED
10-15 19:18:02.940: D/Zygote(355): Forked child process 7795
10-15 19:18:02.944: I/ActivityManager(605): Start proc 7795:com.google.android.settings.intelligence/u0a96 for broadcast {com.google.android.settings.intelligence/com.google.android.settings.intelligence.modules.search.indexing.backend.IndexingBroadcastReceiver}
10-15 19:18:02.952: I/A(1886): Using proto config with mendel
10-15 19:18:02.952: I/A(1886): Merging legacy hotword config map with new proto.
10-15 19:18:02.952: I/A(1886): Skipping. Expected model: 1 Found: 2
10-15 19:18:02.952: I/A(1886): Skipping. Expected model: 1 Found: 2
10-15 19:18:02.953: I/A(1886): Skipping. Expected model: 1 Found: 2
10-15 19:18:02.953: I/A(1886): Adding from config to map. Locale: ro-RO modelPrefix: okgoogle Location:b051c93dce7bb4dcb5d9ddcbbb2ca760Test isSpeakerIdSupported: false
10-15 19:18:02.953: I/A(1886): Skipping. Expected model: 1 Found: 2
10-15 19:18:02.953: I/A(1886): Using proto config with mendel
10-15 19:18:02.953: I/A(1886): Using proto config with mendel
10-15 19:18:02.954: I/A(1886): Using proto config with mendel
10-15 19:18:02.955: I/MicroDetectionWorker(1886): Initializing MicroDataManager InitializeType-1, isForced-false, isActivePhoneEnrollment-false isActiveGoogleHomeEnrollment-false
10-15 19:18:02.955: I/A(1886): Using proto config with mendel
10-15 19:18:02.956: I/MediaProvider(1503): Begin Intent { act=android.intent.action.LOCALE_CHANGED flg=0x1200810 cmp=com.google.android.providers.media.module/com.android.providers.media.MediaService }
10-15 19:18:02.964: I/Zygote(7795): seccomp disabled by setenforce 0
10-15 19:18:02.968: W/gs.intelligence(7795): Unexpected CPU variant for x86: x86_64.
10-15 19:18:02.968: W/gs.intelligence(7795): Known variants: atom, sandybridge, silvermont, kabylake, default
10-15 19:18:02.975: I/adbd(424): jdwp connection from 7795
10-15 19:18:02.975: I/BgTaskExecutorImpl(1886): Starting EXCLUSIVE background task UPDATE_HOTWORD_MODELS.
10-15 19:18:02.988: I/MicroDetectionState(1886): Should stop hotword detection immediately - true
10-15 19:18:02.997: I/A(1886): Using proto config with mendel
10-15 19:18:02.997: I/A(1886): Using proto config with mendel
10-15 19:18:03.032: D/CompatibilityChangeReporter(605): Compat change id reported: 161252188; UID 10132; state: ENABLED
10-15 19:18:03.044: D/CompatibilityChangeReporter(605): Compat change id reported: 161252188; UID 10119; state: DISABLED
10-15 19:18:03.048: D/EGL_emulation(7358): app_time_stats: avg=939.16ms min=903.31ms max=975.00ms count=2
10-15 19:18:03.052: D/CompatibilityChangeReporter(605): Compat change id reported: 161252188; UID 10112; state: DISABLED
10-15 19:18:03.056: D/CompatibilityChangeReporter(7795): Compat change id reported: 171979766; UID 10096; state: ENABLED
10-15 19:18:03.093: I/A(1886): Using proto config with mendel
10-15 19:18:03.093: I/A(1886): Merging legacy hotword config map with new proto.
10-15 19:18:03.093: I/A(1886): Skipping. Expected model: 1 Found: 2
10-15 19:18:03.093: I/A(1886): Skipping. Expected model: 1 Found: 2
10-15 19:18:03.094: I/A(1886): Skipping. Expected model: 1 Found: 2
10-15 19:18:03.099: I/A(1886): Creating cross-process transport to AndroidComponentAddress[Intent { act=grpc.io.action.BIND cmp=com.google.android.googlequicksearchbox/com.google.frameworks.client.data.android.server.tiktok.InteractorProcessEndpointService }]
10-15 19:18:03.101: I/A(1886): Adding from config to map. Locale: ro-RO modelPrefix: okgoogle Location:b051c93dce7bb4dcb5d9ddcbbb2ca760Test isSpeakerIdSupported: false
10-15 19:18:03.101: I/A(1886): Skipping. Expected model: 1 Found: 2
10-15 19:18:03.101: I/MicroDataManager(1886): Location for model with model type: 1 and locale: cmn-Hans-CN, is : https://www.gstatic.com/android-search/hotword/x_google/4e7cae00daee30ec565c34e3aa67a51f/hotword.data
10-15 19:18:03.101: I/MicroModelsUtil(1886): #getHotwordModel [locale: cmn-Hans-CN, modelType: 1]
10-15 19:18:03.115: E/MicroModelsUtil(1886): Hotword file group is null with group name: hotword_model_cmn-Hans-CN_okg, locale: cmn-Hans-CN
10-15 19:18:03.122: D/CompatibilityChangeReporter(605): Compat change id reported: 161252188; UID 10117; state: DISABLED
10-15 19:18:03.134: D/CompatibilityChangeReporter(605): Compat change id reported: 161252188; UID 10122; state: DISABLED
10-15 19:18:03.167: D/nativeloader(7795): classloader namespace configured for unbundled product apk. library_path=/product/priv-app/SettingsIntelligenceGooglePrebuilt/lib/x86_64:/product/lib64:/system/product/lib64
10-15 19:18:03.169: W/MicroModelsUtil(1886): Returning null hotword model because MDD did not contain a valid URI. This can indicate that the model download did not finish or that it was not downloaded at all.
10-15 19:18:03.185: W/system_server(605): Long monitor contention with owner binder:605_E (1457) at boolean android.os.MessageQueue.enqueueMessage(android.os.Message, long)(MessageQueue.java:600) waiters=0 in android.os.Message android.os.MessageQueue.next() for 126ms
10-15 19:18:03.202: I/A(1886): Using proto config with mendel
10-15 19:18:03.202: I/ModelDownloadController(1886): requestHotwordModelUpdate modelType-1 modelLocale-cmn-Hans-CN
10-15 19:18:03.214: I/A(1602): Created gRPC endpoint to "interactor" for service class com.google.frameworks.client.data.android.server.tiktok.InteractorProcessEndpointService
10-15 19:18:03.227: I/A(1886): Using proto config with mendel
10-15 19:18:03.233: W/SearchServiceCore(1886): Abort, client detached.
10-15 19:18:03.233: W/MicroDataManager(1886): Locale cmn-Hans-CN unrecognized. hotword detection will likely fail.
10-15 19:18:03.233: W/MicroDataManager(1886): MicroDataManager using no hotword model for locale: cmn-Hans-CN, type: OK_GOOGLE!
10-15 19:18:03.234: I/MicroDataManager(1886): MicroDataManager InitializationTask. googleHotwordData is null: true, hotwordModel is null: false , sourceLocationOfCurrentHotwordModel https://www.gstatic.com/android-search/hotword/x_google/4e7cae00daee30ec565c34e3aa67a51f/hotword.data
10-15 19:18:03.264: E/android.hardware.power.stats@1.0-service-mock(400): Failed to getEnergyData
10-15 19:18:03.268: W/JobScheduler(605): Job didn't exist in JobStore: f1f5e83 #u0a107/-377 com.google.android.googlequicksearchbox/com.google.android.apps.gsa.tasks.BackgroundTasksJobService
10-15 19:18:03.272: V/GraphicsEnvironment(7795): ANGLE Developer option for 'com.google.android.settings.intelligence' set to: 'default'
10-15 19:18:03.279: V/GraphicsEnvironment(7795): ANGLE GameManagerService for com.google.android.settings.intelligence: false
10-15 19:18:03.279: V/GraphicsEnvironment(7795): Neither updatable production driver nor prerelease driver is supported.
10-15 19:18:03.450: D/EGL_emulation(879): app_time_stats: avg=229.34ms min=5.17ms max=1007.65ms count=7
10-15 19:18:03.459: I/A(1886): Using proto config with mendel
10-15 19:18:03.459: I/A(1886): Merging legacy hotword config map with new proto.
10-15 19:18:03.460: I/A(1886): Skipping. Expected model: 1 Found: 2
10-15 19:18:03.460: I/A(1886): Skipping. Expected model: 1 Found: 2
10-15 19:18:03.460: I/A(1886): Skipping. Expected model: 1 Found: 2
10-15 19:18:03.460: I/A(1886): Adding from config to map. Locale: ro-RO modelPrefix: okgoogle Location:b051c93dce7bb4dcb5d9ddcbbb2ca760Test isSpeakerIdSupported: false
10-15 19:18:03.460: I/A(1886): Skipping. Expected model: 1 Found: 2
10-15 19:18:03.460: I/ModelDownloadController(1886): #maybeDownloadHotwordModelWithMDD with locale: cmn-Hans-CN, modelType: 1.
10-15 19:18:03.460: I/A(1886): Using proto config with mendel
10-15 19:18:03.460: I/A(1886): Merging legacy hotword config map with new proto.
10-15 19:18:03.460: I/A(1886): Skipping. Expected model: 1 Found: 2
10-15 19:18:03.460: I/A(1886): Skipping. Expected model: 1 Found: 2
10-15 19:18:03.460: I/A(1886): Skipping. Expected model: 1 Found: 2
10-15 19:18:03.460: I/A(1886): Adding from config to map. Locale: ro-RO modelPrefix: okgoogle Location:b051c93dce7bb4dcb5d9ddcbbb2ca760Test isSpeakerIdSupported: false
10-15 19:18:03.461: I/A(1886): Skipping. Expected model: 1 Found: 2
10-15 19:18:03.461: W/earchbox:search(1886): Long monitor contention with owner BG Thread #3 (2053) at com.google.common.b.hq com.google.android.apps.gsa.speech.n.d.l()(PG:3) waiters=0 in java.lang.String com.google.android.apps.gsa.speech.n.d.p() for 227ms
10-15 19:18:03.461: I/A(1886): Using proto config with mendel
10-15 19:18:03.461: W/A(1602): Receive an config update when there's no subscriber. Ignore the request!
10-15 19:18:03.461: I/A(1886): Using proto config with mendel
10-15 19:18:03.461: I/A(1886): Merging legacy hotword config map with new proto.
10-15 19:18:03.461: I/A(1886): Skipping. Expected model: 1 Found: 2
10-15 19:18:03.461: I/A(1886): Skipping. Expected model: 1 Found: 2
10-15 19:18:03.462: I/A(1886): Skipping. Expected model: 1 Found: 2
10-15 19:18:03.462: I/A(1886): Adding from config to map. Locale: ro-RO modelPrefix: okgoogle Location:b051c93dce7bb4dcb5d9ddcbbb2ca760Test isSpeakerIdSupported: false
10-15 19:18:03.462: I/A(1886): Skipping. Expected model: 1 Found: 2
10-15 19:18:03.462: I/MicroDetectionState(1886): Should stop hotword detection immediately - true
10-15 19:18:03.475: D/NetworkSecurityConfig(7795): No Network Security Config specified, using platform default
10-15 19:18:03.481: D/NetworkSecurityConfig(7795): No Network Security Config specified, using platform default
10-15 19:18:03.507: I/A(1886): Using proto config with mendel
10-15 19:18:03.508: I/A(1886): Using proto config with mendel
10-15 19:18:03.515: I/MediaProvider(1503): End Intent { act=android.intent.action.LOCALE_CHANGED flg=0x1200810 cmp=com.google.android.providers.media.module/com.android.providers.media.MediaService }
10-15 19:18:03.551: W/gs.intelligence(7795): Accessing hidden field Ljava/util/Collections$SynchronizedCollection;->mutex:Ljava/lang/Object; (max-target-o, reflection, denied)
10-15 19:18:03.551: W/gs.intelligence(7795): Accessing hidden method Ljava/util/Collections$SynchronizedSet;-><init>(Ljava/util/Set;Ljava/lang/Object;)V (max-target-o, reflection, denied)
10-15 19:18:03.551: W/gs.intelligence(7795): Accessing hidden method Ljava/util/Collections$SynchronizedCollection;-><init>(Ljava/util/Collection;Ljava/lang/Object;)V (max-target-o, reflection, denied)
10-15 19:18:03.555: I/A(1886): Removing enrollment utterances : Locale changed
10-15 19:18:03.556: E/A(1886): Called deleteEnrollmentUtterances for null account
10-15 19:18:03.570: D/CompatibilityChangeReporter(7795): Compat change id reported: 183155436; UID 10096; state: ENABLED
10-15 19:18:03.574: W/BatterySettingsContentProvider(7795): create content provider from null
10-15 19:18:03.594: I/A(1886): Using proto config with mendel
10-15 19:18:03.595: I/A(1886): Using proto config with mendel
10-15 19:18:03.595: I/A(1886): Merging legacy hotword config map with new proto.
10-15 19:18:03.595: I/A(1886): Skipping. Expected model: 1 Found: 2
10-15 19:18:03.595: I/A(1886): Skipping. Expected model: 1 Found: 2
10-15 19:18:03.595: I/A(1886): Skipping. Expected model: 1 Found: 2
10-15 19:18:03.595: I/A(1886): Adding from config to map. Locale: ro-RO modelPrefix: okgoogle Location:b051c93dce7bb4dcb5d9ddcbbb2ca760Test isSpeakerIdSupported: false
10-15 19:18:03.595: I/A(1886): Skipping. Expected model: 1 Found: 2
10-15 19:18:03.595: I/HotwordModelPopulator(1886): #updateHotwordFileGroup group name: hotword_model_cmn-Hans-CN_okg, raw locale: cmn-Hans-CN, locale: cmn-Hans-CN
10-15 19:18:03.596: I/A(1886): Using proto config with mendel
10-15 19:18:03.596: I/A(1886): Using proto config with mendel
10-15 19:18:03.596: I/A(1886): Merging legacy hotword config map with new proto.
10-15 19:18:03.596: I/A(1886): Adding from config to map. Locale: cmn-Hant-TW modelPrefix: x_google Location:4e7cae00daee30ec565c34e3aa67a51f isSpeakerIdSupported: true
10-15 19:18:03.596: I/A(1886): Adding from config to map. Locale: id-ID modelPrefix: x_google Location:cfffcc1a4c1c084c003c8eb27f73d770 isSpeakerIdSupported: true
10-15 19:18:03.597: I/A(1886): Adding from config to map. Locale: ko-KR modelPrefix: x_google Location:0b132163a2eb2c1194b202067475724b isSpeakerIdSupported: true
10-15 19:18:03.597: I/A(1886): Skipping. Expected model: 2 Found: 1
10-15 19:18:03.597: I/A(1886): Adding from config to map. Locale: zh-TW modelPrefix: x_google Location:4e7cae00daee30ec565c34e3aa67a51f isSpeakerIdSupported: true
10-15 19:18:03.643: D/CompatibilityChangeReporter(605): Compat change id reported: 161252188; UID 10107; state: DISABLED
10-15 19:18:03.681: I/A(1886): Using proto config with mendel
10-15 19:18:03.681: I/A(1886): Using proto config with mendel
10-15 19:18:03.681: I/A(1886): Merging legacy hotword config map with new proto.
10-15 19:18:03.681: I/A(1886): Skipping. Expected model: 1 Found: 2
10-15 19:18:03.681: I/A(1886): Skipping. Expected model: 1 Found: 2
10-15 19:18:03.681: I/A(1886): Skipping. Expected model: 1 Found: 2
10-15 19:18:03.681: I/A(1886): Adding from config to map. Locale: ro-RO modelPrefix: okgoogle Location:b051c93dce7bb4dcb5d9ddcbbb2ca760Test isSpeakerIdSupported: false
10-15 19:18:03.681: I/A(1886): Skipping. Expected model: 1 Found: 2
10-15 19:18:03.682: I/A(1886): Using proto config with mendel
10-15 19:18:03.682: I/A(1886): Using proto config with mendel
10-15 19:18:03.682: I/A(1886): Merging legacy hotword config map with new proto.
10-15 19:18:03.682: I/A(1886): Skipping. Expected model: 1 Found: 2
10-15 19:18:03.682: I/A(1886): Skipping. Expected model: 1 Found: 2
10-15 19:18:03.682: I/A(1886): Skipping. Expected model: 1 Found: 2
10-15 19:18:03.682: I/A(1886): Adding from config to map. Locale: ro-RO modelPrefix: okgoogle Location:b051c93dce7bb4dcb5d9ddcbbb2ca760Test isSpeakerIdSupported: false
10-15 19:18:03.682: I/A(1886): Skipping. Expected model: 1 Found: 2
10-15 19:18:03.682: I/A(1886): hasHotwordEverywhere-true
10-15 19:18:03.715: D/CompatibilityChangeReporter(7795): Compat change id reported: 160794467; UID 10096; state: ENABLED
10-15 19:18:03.736: D/CompatibilityChangeReporter(7795): Compat change id reported: 194532703; UID 10096; state: ENABLED
10-15 19:18:03.742: D/CompatibilityChangeReporter(605): Compat change id reported: 194532703; UID 10096; state: ENABLED
10-15 19:18:03.751: D/CompatibilityChangeReporter(605): Compat change id reported: 161252188; UID 10168; state: DISABLED
10-15 19:18:03.753: I/s.messaging:rcs(6948): Background concurrent copying GC freed 23488(1738KB) AllocSpace objects, 12(240KB) LOS objects, 49% free, 3229KB/6458KB, paused 60us,23us total 1.010s
10-15 19:18:03.779: D/CompatibilityChangeReporter(605): Compat change id reported: 161145287; UID 10096; state: DISABLED
10-15 19:18:03.795: D/CompatibilityChangeReporter(605): Compat change id reported: 161252188; UID 10171; state: DISABLED
10-15 19:18:03.804: D/CompatibilityChangeReporter(605): Compat change id reported: 161252188; UID 10175; state: DISABLED
10-15 19:18:03.824: I/A(1886): Using proto config with mendel
10-15 19:18:03.824: D/CompatibilityChangeReporter(605): Compat change id reported: 135634846; UID 10111; state: DISABLED
10-15 19:18:03.824: I/A(1886): Using proto config with mendel
10-15 19:18:03.824: I/A(1886): Merging legacy hotword config map with new proto.
10-15 19:18:03.825: D/CompatibilityChangeReporter(605): Compat change id reported: 143937733; UID 10111; state: ENABLED
10-15 19:18:03.833: D/Zygote(355): Forked child process 7820
10-15 19:18:03.839: I/A(1886): Skipping. Expected model: 1 Found: 2
10-15 19:18:03.839: I/A(1886): Skipping. Expected model: 1 Found: 2
10-15 19:18:03.839: I/A(1886): Skipping. Expected model: 1 Found: 2
10-15 19:18:03.839: I/A(1886): Adding from config to map. Locale: ro-RO modelPrefix: okgoogle Location:b051c93dce7bb4dcb5d9ddcbbb2ca760Test isSpeakerIdSupported: false
10-15 19:18:03.839: I/A(1886): Skipping. Expected model: 1 Found: 2
10-15 19:18:03.840: I/A(1886): Using proto config with mendel
10-15 19:18:03.850: I/ActivityManager(605): Start proc 7820:com.google.android.tts/u0a111 for broadcast {com.google.android.tts/com.google.android.apps.speech.tts.googletts.local.voicepack.VoicepackUpdater_Receiver}
10-15 19:18:03.869: I/Zygote(7820): seccomp disabled by setenforce 0
10-15 19:18:03.874: W/gle.android.tts(7820): Unexpected CPU variant for x86: x86_64.
10-15 19:18:03.874: W/gle.android.tts(7820): Known variants: atom, sandybridge, silvermont, kabylake, default
10-15 19:18:03.880: I/adbd(424): jdwp connection from 7820
10-15 19:18:03.910: D/CompatibilityChangeReporter(605): Compat change id reported: 135634846; UID 1000; state: DISABLED
10-15 19:18:03.935: D/Zygote(355): Forked child process 7842
10-15 19:18:03.940: I/ActivityManager(605): Start proc 7842:com.android.settings/1000 for content provider {com.android.settings/com.android.settings.search.SettingsSearchIndexablesProvider}
10-15 19:18:03.949: I/Zygote(7842): seccomp disabled by setenforce 0
10-15 19:18:03.955: W/ndroid.settings(7842): Unexpected CPU variant for x86: x86_64.
10-15 19:18:03.955: W/ndroid.settings(7842): Known variants: atom, sandybridge, silvermont, kabylake, default
10-15 19:18:03.964: I/BistoSettingsListener(1886): listener created
10-15 19:18:03.971: I/adbd(424): jdwp connection from 7842
10-15 19:18:03.972: W/SearchServiceCore(1886): Abort, client detached.
10-15 19:18:03.973: W/SearchServiceCore(1886): Abort, client detached.
10-15 19:18:03.997: I/ModelDownloadController(1886): Hotword models associated with downloaded MDD filegroups: [hotword_model_en-US_okhey, hotword_model_en-US_okg], pending groups: []
10-15 19:18:04.051: D/EGL_emulation(7358): app_time_stats: avg=1001.87ms min=1001.87ms max=1001.87ms count=1
10-15 19:18:04.056: E/HotwordModelPopulator(1886): HotwordLocaleConfig does not exist for model cmn-Hans-CN, type OK_HEY_GOOGLE! This model will not be downloaded or updated; please ensure that hotword config flags contain URLs for all supported assistant locales.
10-15 19:18:04.073: I/ActivityManager(605): Killing 6012:com.google.android.packageinstaller/u0a73 (adj 985): empty #17
10-15 19:18:04.099: I/libprocessgroup(605): Successfully killed process cgroup uid 10073 pid 6012 in 0ms
10-15 19:18:04.123: I/Zygote(355): Process 6012 exited due to signal 9 (Killed)
10-15 19:18:04.128: D/CompatibilityChangeReporter(7820): Compat change id reported: 171979766; UID 10111; state: ENABLED
10-15 19:18:04.162: I/BgTaskExecutorImpl(1886): Starting EXCLUSIVE background task SEND_GSA_HOME_REQUEST.
10-15 19:18:04.182: D/nativeloader(7820): classloader namespace configured for unbundled product apk. library_path=/product/app/GoogleTTS/lib/x86_64:/product/app/GoogleTTS/GoogleTTS.apk!/lib/x86_64:/product/lib64:/system/product/lib64
10-15 19:18:04.253: V/GraphicsEnvironment(7820): ANGLE Developer option for 'com.google.android.tts' set to: 'default'
10-15 19:18:04.270: I/.gms.persistent(1299): Background young concurrent copying GC freed 180837(10MB) AllocSpace objects, 33(3016KB) LOS objects, 18% free, 23MB/28MB, paused 118us,61us total 1.456s
10-15 19:18:04.271: V/GraphicsEnvironment(7820): ANGLE GameManagerService for com.google.android.tts: false
10-15 19:18:04.272: V/GraphicsEnvironment(7820): Neither updatable production driver nor prerelease driver is supported.
10-15 19:18:04.273: D/NetworkSecurityConfig(7820): No Network Security Config specified, using platform default
10-15 19:18:04.273: D/NetworkSecurityConfig(7820): No Network Security Config specified, using platform default
10-15 19:18:04.279: I/MultiDex(7820): VM with version 2.1.0 has multidex support
10-15 19:18:04.279: I/MultiDex(7820): Installing application
10-15 19:18:04.279: I/MultiDex(7820): VM has multidex support, MultiDex support library is disabled.
10-15 19:18:04.279: I/MultiDex(7820): Installing application
10-15 19:18:04.279: I/MultiDex(7820): VM has multidex support, MultiDex support library is disabled.
10-15 19:18:04.394: V/ClearcutMetricXmitter(6690): Transmission is done.
