10-15 19:17:26.260: I/SystemUpdate(6011): [Execution,InstallationIntentOperation] Received intent: Intent { act=com.google.android.gms.update.INSTALL_UPDATE cat=[targeted_intent_op_prefix:.update.execution.InstallationIntentOperation] cmp=com.google.android.gms/.chimera.GmsIntentOperationService }.
10-15 19:17:26.265: W/NetworkScheduler(1299): The extras of the task (com.google.android.gms.ocr.service.ModelCleanUpTaskService:type_[2]) are not valid to be persisted so that the task is not persisted [CONTEXT service_id=218 ]
10-15 19:17:26.265: W/NetworkScheduler(1299): java.lang.IllegalArgumentException: Only the following extra parameter types are supported: Integer, Long, Double, String, Boolean, and nested Bundles with the same restrictions.
10-15 19:17:26.265: W/NetworkScheduler(1299): 	at amrs.f(:com.google.android.gms@221821047@22.18.21 (190800-453244992):6)
10-15 19:17:26.265: W/NetworkScheduler(1299): 	at bdet.g(:com.google.android.gms@221821047@22.18.21 (190800-453244992):37)
10-15 19:17:26.265: W/NetworkScheduler(1299): 	at bddm.n(:com.google.android.gms@221821047@22.18.21 (190800-453244992):3)
10-15 19:17:26.265: W/NetworkScheduler(1299): 	at bddm.u(:com.google.android.gms@221821047@22.18.21 (190800-453244992):20)
10-15 19:17:26.265: W/NetworkScheduler(1299): 	at bddm.h(:com.google.android.gms@221821047@22.18.21 (190800-453244992):3)
10-15 19:17:26.265: W/NetworkScheduler(1299): 	at bcze.run(:com.google.android.gms@221821047@22.18.21 (190800-453244992):9)
10-15 19:17:26.265: W/NetworkScheduler(1299): 	at wwq.c(:com.google.android.gms@221821047@22.18.21 (190800-453244992):6)
10-15 19:17:26.265: W/NetworkScheduler(1299): 	at wwq.run(:com.google.android.gms@221821047@22.18.21 (190800-453244992):8)
10-15 19:17:26.265: W/NetworkScheduler(1299): 	at java.util.concurrent.ThreadPoolExecutor.runWorker(ThreadPoolExecutor.java:1137)
10-15 19:17:26.265: W/NetworkScheduler(1299): 	at java.util.concurrent.ThreadPoolExecutor$Worker.run(ThreadPoolExecutor.java:637)
10-15 19:17:26.265: W/NetworkScheduler(1299): 	at xbv.run(:com.google.android.gms@221821047@22.18.21 (190800-453244992):0)
10-15 19:17:26.265: W/NetworkScheduler(1299): 	at java.lang.Thread.run(Thread.java:1012)
10-15 19:17:26.266: I/SystemUpdate(6011): [Execution,ExecutionManager] Action finished-execution executed for 0.00 seconds.
10-15 19:17:26.273: I/RecoverableKeyStoreGms(6011): [EnrollmentManager] Recovery service is initialized.
10-15 19:17:26.285: E/RecoverySnapshotStorage(605): Error reading snapshot for 10108 from disk
10-15 19:17:26.285: E/RecoverySnapshotStorage(605): java.io.FileNotFoundException: /data/system/recoverablekeystore/snapshots/10108.xml: open failed: ENOENT (No such file or directory)
10-15 19:17:26.285: E/RecoverySnapshotStorage(605): 	at libcore.io.IoBridge.open(IoBridge.java:574)
10-15 19:17:26.285: E/RecoverySnapshotStorage(605): 	at java.io.FileInputStream.<init>(FileInputStream.java:160)
10-15 19:17:26.285: E/RecoverySnapshotStorage(605): 	at com.android.server.locksettings.recoverablekeystore.storage.RecoverySnapshotStorage.readFromDisk(RecoverySnapshotStorage.java:152)
10-15 19:17:26.285: E/RecoverySnapshotStorage(605): 	at com.android.server.locksettings.recoverablekeystore.storage.RecoverySnapshotStorage.get(RecoverySnapshotStorage.java:104)
10-15 19:17:26.285: E/RecoverySnapshotStorage(605): 	at com.android.server.locksettings.recoverablekeystore.RecoverableKeyStoreManager.getKeyChainSnapshot(RecoverableKeyStoreManager.java:342)
10-15 19:17:26.285: E/RecoverySnapshotStorage(605): 	at com.android.server.locksettings.LockSettingsService.getKeyChainSnapshot(LockSettingsService.java:2587)
10-15 19:17:26.285: E/RecoverySnapshotStorage(605): 	at com.android.internal.widget.ILockSettings$Stub.onTransact(ILockSettings.java:786)
10-15 19:17:26.285: E/RecoverySnapshotStorage(605): 	at android.os.Binder.execTransactInternal(Binder.java:1280)
10-15 19:17:26.285: E/RecoverySnapshotStorage(605): 	at android.os.Binder.execTransact(Binder.java:1244)
10-15 19:17:26.285: E/RecoverySnapshotStorage(605): Caused by: android.system.ErrnoException: open failed: ENOENT (No such file or directory)
10-15 19:17:26.285: E/RecoverySnapshotStorage(605): 	at libcore.io.Linux.open(Native Method)
10-15 19:17:26.285: E/RecoverySnapshotStorage(605): 	at libcore.io.ForwardingOs.open(ForwardingOs.java:563)
10-15 19:17:26.285: E/RecoverySnapshotStorage(605): 	at libcore.io.BlockGuardOs.open(BlockGuardOs.java:274)
10-15 19:17:26.285: E/RecoverySnapshotStorage(605): 	at libcore.io.IoBridge.open(IoBridge.java:560)
10-15 19:17:26.285: E/RecoverySnapshotStorage(605): 	... 8 more
10-15 19:17:26.293: W/PlatformKeyManager(605): Platform generation ID was 0 but no entry was present in AndroidKeyStore. Generating fresh key.
10-15 19:17:26.294: E/keystore2(236): keystore2::error: In import_key.
10-15 19:17:26.294: E/keystore2(236): Caused by:
10-15 19:17:26.294: E/keystore2(236):     0: In store_new_key.
10-15 19:17:26.294: E/keystore2(236):     1: In store_new_key. Failed to handle super encryption.
10-15 19:17:26.294: E/keystore2(236):     2: In handle_super_encryption_on_key_init: User ECDH key missing.
10-15 19:17:26.294: E/keystore2(236):     3: Error::Rc(ResponseCode(4))
10-15 19:17:26.294: I/RcsClientLib(6690): shouldUseCarrierServicesJibeService: true, CarrierServices rcs service found: true
10-15 19:17:26.299: I/CarrierServices(1765): [69] RcsStateSaver.saveRcsState:57 Saving RCS State
10-15 19:17:26.299: I/CarrierServices(1765): [69] RcsStateSaver.saveRcsState:66 Old operation mode: 2
10-15 19:17:26.300: I/CarrierServices(1765): [69] RcsStateSaver.saveRcsState:71 New operation mode: 2
10-15 19:17:26.300: I/CarrierServices(1765): [2] RcsStateFetcher$1.onPostExecute:175 Finalizing migration for RCS state: Operation mode FULL STACK
10-15 19:17:26.304: I/BugleRcsEngine(6690): [72] RcsStateProvider.onMigrationComplete: Migration complete.
10-15 19:17:26.305: I/CarrierServices(1765): [2] dsz.b: EngineBroadcaster: Broadcasting provisioning intent rcs.intent.action.csApkInitialized to Bugle with extras redacted-pii:[null]
10-15 19:17:26.317: I/RcsClientLib(6690): com.google.android.rcs.client.businessinfo.BusinessInfoService connected
10-15 19:17:26.317: W/PackageManager(605): Intent does not match component's intent filter: Intent { act=rcs.intent.action.csApkInitialized flg=0x10 cmp=com.google.android.apps.messaging/.rcsprovisioning.RcsProvisioningBroadcastReceiver (has extras) }
10-15 19:17:26.317: W/PackageManager(605): Access blocked: ComponentInfo{com.google.android.apps.messaging/com.google.android.apps.messaging.rcsprovisioning.RcsProvisioningBroadcastReceiver}
10-15 19:17:26.337: I/CarrierServices(1765): [2] RcsStateFetcher$GetRcsStateConnection.onFinish:148 Unbinding RcsMigrationService
10-15 19:17:26.338: I/RcsClientLib(6690): Connecting RcsMessagingService
10-15 19:17:26.357: I/RcsClientLib(6690): shouldUseCarrierServicesJibeService: true, CarrierServices rcs service found: true
10-15 19:17:26.358: I/RcsClientLib(6690): Connecting TransportControlService
10-15 19:17:26.362: I/RcsClientLib(6690): com.google.android.rcs.client.messaging.RcsMessagingService connected
10-15 19:17:26.376: I/RcsClientLib(6690): shouldUseCarrierServicesJibeService: true, CarrierServices rcs service found: true
10-15 19:17:26.382: I/RcsClientLib(6690): com.google.android.rcs.client.transportcontrol.TransportControlService connected
10-15 19:17:26.383: I/BugleRcs(6690): connecting to 10 Rcs Services
10-15 19:17:26.388: I/RcsProvisioning(6690): Failed to read config: no config found /data/user/0/com.google.android.apps.messaging/files/rcsconfig: open failed: ENOENT (No such file or directory)
10-15 19:17:26.400: I/BugleRcsEngine(6690): [77] RcsStateProvider.lambda$onMigrationComplete$0$com-google-android-apps-messaging-rcsmigration-RcsStateProvider: Rcs Engine should be running in cs.apk. Stopping JibeService.
10-15 19:17:26.400: I/RcsClientLib(6690): Disconnecting ChatSessionService
10-15 19:17:26.408: I/RcsClientLib(6690): Disconnecting EventService
10-15 19:17:26.411: I/RcsClientLib(6690): Disconnecting ContactsService
10-15 19:17:26.417: I/RcsClientLib(6690): Disconnecting FileTransferService
10-15 19:17:26.426: I/ChimeraConfigurator(6011): Starting update, reason: 4 urgentFeatures: vision.ocr:-1
10-15 19:17:26.434: I/RcsClientLib(6690): Disconnecting LocationSharingService
10-15 19:17:26.441: I/RcsClientLib(6690): Disconnecting ImsConnectionTrackerService
10-15 19:17:26.458: I/RcsClientLib(6690): Disconnecting RcsProfileService
10-15 19:17:26.461: I/RcsClientLib(6690): Disconnecting BusinessInfoService
10-15 19:17:26.472: I/GmsDebugLogger(6011): [73] 1801
10-15 19:17:26.478: I/RcsClientLib(6690): Disconnecting RcsMessagingService
10-15 19:17:26.485: I/GmsDebugLogger(6011): [30] [VisionOcr.optional:221821100800]
10-15 19:17:26.492: I/RcsClientLib(6690): Disconnecting TransportControlService
10-15 19:17:26.500: W/ChimeraConfigService(6011): Retry attempt was throttled. [CONTEXT service_id=264 ]
10-15 19:17:26.500: I/GmsDebugLogger(6011): [83] 1 [vision.ocr]
10-15 19:17:26.507: W/BugleRcs(6690): disconnecting from all Rcs Services
10-15 19:17:26.508: I/BugleRcsEngine(6690): [77] RcsStateProvider.lambda$onMigrationComplete$0$com-google-android-apps-messaging-rcsmigration-RcsStateProvider: JibeService stopped: false
10-15 19:17:26.508: I/RcsClientLib(6690): Connecting ChatSessionService
10-15 19:17:26.520: W/Vision(6011): Request for optional module download of ocr failed. Request again.
10-15 19:17:26.520: I/Vision(6011): Schedule retrying download ocr at 1117699 with backoff 10 seconds
10-15 19:17:26.538: I/BugleRcsEngine(6690): [78] aycj.b: Deleted transfers file: false
10-15 19:17:26.547: I/RcsProvisioning(6690): Failed to read config: no config found /data/user/0/com.google.android.apps.messaging/files/rcsconfig: open failed: ENOENT (No such file or directory)
10-15 19:17:26.570: I/RcsClientLib(6690): shouldUseCarrierServicesJibeService: true, CarrierServices rcs service found: true
10-15 19:17:26.574: I/RcsClientLib(6690): com.google.android.rcs.client.chatsession.ChatSessionService connected
10-15 19:17:26.574: I/RcsClientLib(6690): Connecting EventService
10-15 19:17:26.587: I/RcsClientLib(6690): shouldUseCarrierServicesJibeService: true, CarrierServices rcs service found: true
10-15 19:17:26.592: I/RcsClientLib(6690): com.google.android.rcs.client.events.EventService connected
10-15 19:17:26.592: I/RcsClientLib(6690): Connecting ContactsService
10-15 19:17:26.612: I/RcsClientLib(6690): shouldUseCarrierServicesJibeService: true, CarrierServices rcs service found: true
10-15 19:17:26.618: I/RcsClientLib(6690): com.google.android.rcs.client.contacts.ContactsService connected
10-15 19:17:26.618: I/RcsClientLib(6690): Connecting FileTransferService
10-15 19:17:26.635: I/RcsClientLib(6690): shouldUseCarrierServicesJibeService: true, CarrierServices rcs service found: true
10-15 19:17:26.639: I/RcsClientLib(6690): com.google.android.rcs.client.filetransfer.FileTransferService connected
10-15 19:17:26.641: I/RcsClientLib(6690): Connecting LocationSharingService
10-15 19:17:26.652: I/RcsClientLib(6690): shouldUseCarrierServicesJibeService: true, CarrierServices rcs service found: true
10-15 19:17:26.656: I/RcsClientLib(6690): com.google.android.rcs.client.locationsharing.LocationSharingService connected
10-15 19:17:26.658: I/RcsClientLib(6690): Connecting ImsConnectionTrackerService
10-15 19:17:26.659: D/StrictMode(6690): StrictMode policy violation: android.os.strictmode.UnbufferedIoViolation
10-15 19:17:26.659: D/StrictMode(6690): 	at android.os.StrictMode$AndroidBlockGuardPolicy.onUnbufferedIO(StrictMode.java:1647)
10-15 19:17:26.659: D/StrictMode(6690): 	at libcore.io.IoTracker.trackIo(IoTracker.java:35)
10-15 19:17:26.659: D/StrictMode(6690): 	at libcore.io.IoTracker.trackIo(IoTracker.java:45)
10-15 19:17:26.659: D/StrictMode(6690): 	at java.io.FileOutputStream.write(FileOutputStream.java:398)
10-15 19:17:26.659: D/StrictMode(6690): 	at java.io.ObjectOutputStream$BlockDataOutputStream.write(ObjectOutputStream.java:1934)
10-15 19:17:26.659: D/StrictMode(6690): 	at java.io.ObjectOutputStream.defaultWriteFields(ObjectOutputStream.java:1590)
10-15 19:17:26.659: D/StrictMode(6690): 	at java.io.ObjectOutputStream.writeSerialData(ObjectOutputStream.java:1565)
10-15 19:17:26.659: D/StrictMode(6690): 	at java.io.ObjectOutputStream.writeOrdinaryObject(ObjectOutputStream.java:1488)
10-15 19:17:26.659: D/StrictMode(6690): 	at java.io.ObjectOutputStream.writeObject0(ObjectOutputStream.java:1234)
10-15 19:17:26.659: D/StrictMode(6690): 	at java.io.ObjectOutputStream.writeObject(ObjectOutputStream.java:354)
10-15 19:17:26.659: D/StrictMode(6690): 	at java.util.HashMap.internalWriteEntries(HashMap.java:1789)
10-15 19:17:26.659: D/StrictMode(6690): 	at java.util.HashMap.writeObject(HashMap.java:1366)
10-15 19:17:26.659: D/StrictMode(6690): 	at java.lang.reflect.Method.invoke(Native Method)
10-15 19:17:26.659: D/StrictMode(6690): 	at java.io.ObjectStreamClass.invokeWriteObject(ObjectStreamClass.java:1036)
10-15 19:17:26.659: D/StrictMode(6690): 	at java.io.ObjectOutputStream.writeSerialData(ObjectOutputStream.java:1552)
10-15 19:17:26.659: D/StrictMode(6690): 	at java.io.ObjectOutputStream.writeOrdinaryObject(ObjectOutputStream.java:1488)
10-15 19:17:26.659: D/StrictMode(6690): 	at java.io.ObjectOutputStream.writeObject0(ObjectOutputStream.java:1234)
10-15 19:17:26.659: D/StrictMode(6690): 	at java.io.ObjectOutputStream.writeObject(ObjectOutputStream.java:354)
10-15 19:17:26.659: D/StrictMode(6690): 	at aylf.run(PG:15)
10-15 19:17:26.659: D/StrictMode(6690): 	at aylh.a(PG:17)
10-15 19:17:26.659: D/StrictMode(6690): 	at aylj.f(PG:5)
10-15 19:17:26.659: D/StrictMode(6690): 	at aycj.b(PG:17)
10-15 19:17:26.659: D/StrictMode(6690): 	at com.google.android.apps.messaging.rcsmigration.RcsStateProvider.lambda$onMigrationComplete$0$com-google-android-apps-messaging-rcsmigration-RcsStateProvider(PG:10)
10-15 19:17:26.659: D/StrictMode(6690): 	at rvh.run(Unknown Source:2)
10-15 19:17:26.659: D/StrictMode(6690): 	at bnsk.run(PG:2)
10-15 19:17:26.659: D/StrictMode(6690): 	at java.util.concurrent.Executors$RunnableAdapter.call(Executors.java:463)
10-15 19:17:26.659: D/StrictMode(6690): 	at bsej.a(PG:1)
10-15 19:17:26.659: D/StrictMode(6690): 	at bsdl.run(PG:4)
10-15 19:17:26.659: D/StrictMode(6690): 	at bsek.run(PG:1)
10-15 19:17:26.659: D/StrictMode(6690): 	at bcfr.run(PG:1)
10-15 19:17:26.659: D/StrictMode(6690): 	at java.util.concurrent.ThreadPoolExecutor.runWorker(ThreadPoolExecutor.java:1137)
10-15 19:17:26.659: D/StrictMode(6690): 	at java.util.concurrent.ThreadPoolExecutor$Worker.run(ThreadPoolExecutor.java:637)
10-15 19:17:26.659: D/StrictMode(6690): 	at bcex.run(PG:2)
10-15 19:17:26.659: D/StrictMode(6690): 	at bcfd.run(PG:4)
10-15 19:17:26.659: D/StrictMode(6690): 	at java.lang.Thread.run(Thread.java:1012)
10-15 19:17:26.661: D/StrictMode(6690): StrictMode policy violation: android.os.strictmode.UnbufferedIoViolation
10-15 19:17:26.661: D/StrictMode(6690): 	at android.os.StrictMode$AndroidBlockGuardPolicy.onUnbufferedIO(StrictMode.java:1647)
10-15 19:17:26.661: D/StrictMode(6690): 	at libcore.io.IoTracker.trackIo(IoTracker.java:35)
10-15 19:17:26.661: D/StrictMode(6690): 	at libcore.io.IoTracker.trackIo(IoTracker.java:45)
10-15 19:17:26.661: D/StrictMode(6690): 	at java.io.FileOutputStream.write(FileOutputStream.java:398)
10-15 19:17:26.661: D/StrictMode(6690): 	at java.io.ObjectOutputStream$BlockDataOutputStream.write(ObjectOutputStream.java:1934)
10-15 19:17:26.661: D/StrictMode(6690): 	at java.io.ObjectOutputStream.defaultWriteFields(ObjectOutputStream.java:1590)
10-15 19:17:26.661: D/StrictMode(6690): 	at java.io.ObjectOutputStream.writeSerialData(ObjectOutputStream.java:1565)
10-15 19:17:26.661: D/StrictMode(6690): 	at java.io.ObjectOutputStream.writeOrdinaryObject(ObjectOutputStream.java:1488)
10-15 19:17:26.661: D/StrictMode(6690): 	at java.io.ObjectOutputStream.writeObject0(ObjectOutputStream.java:1234)
10-15 19:17:26.661: D/StrictMode(6690): 	at java.io.ObjectOutputStream.writeObject(ObjectOutputStream.java:354)
10-15 19:17:26.661: D/StrictMode(6690): 	at java.util.HashMap.internalWriteEntries(HashMap.java:1789)
10-15 19:17:26.661: D/StrictMode(6690): 	at java.util.HashMap.writeObject(HashMap.java:1366)
10-15 19:17:26.661: D/StrictMode(6690): 	at java.lang.reflect.Method.invoke(Native Method)
10-15 19:17:26.661: D/StrictMode(6690): 	at java.io.ObjectStreamClass.invokeWriteObject(ObjectStreamClass.java:1036)
10-15 19:17:26.661: D/StrictMode(6690): 	at java.io.ObjectOutputStream.writeSerialData(ObjectOutputStream.java:1552)
10-15 19:17:26.661: D/StrictMode(6690): 	at java.io.ObjectOutputStream.writeOrdinaryObject(ObjectOutputStream.java:1488)
10-15 19:17:26.661: D/StrictMode(6690): 	at java.io.ObjectOutputStream.writeObject0(ObjectOutputStream.java:1234)
10-15 19:17:26.661: D/StrictMode(6690): 	at java.io.ObjectOutputStream.writeObject(ObjectOutputStream.java:354)
10-15 19:17:26.661: D/StrictMode(6690): 	at aylf.run(PG:15)
10-15 19:17:26.661: D/StrictMode(6690): 	at aylh.a(PG:17)
10-15 19:17:26.661: D/StrictMode(6690): 	at aylj.f(PG:5)
10-15 19:17:26.661: D/StrictMode(6690): 	at aycj.b(PG:18)
10-15 19:17:26.661: D/StrictMode(6690): 	at com.google.android.apps.messaging.rcsmigration.RcsStateProvider.lambda$onMigrationComplete$0$com-google-android-apps-messaging-rcsmigration-RcsStateProvider(PG:10)
10-15 19:17:26.661: D/StrictMode(6690): 	at rvh.run(Unknown Source:2)
10-15 19:17:26.661: D/StrictMode(6690): 	at bnsk.run(PG:2)
10-15 19:17:26.661: D/StrictMode(6690): 	at java.util.concurrent.Executors$RunnableAdapter.call(Executors.java:463)
10-15 19:17:26.661: D/StrictMode(6690): 	at bsej.a(PG:1)
10-15 19:17:26.661: D/StrictMode(6690): 	at bsdl.run(PG:4)
10-15 19:17:26.661: D/StrictMode(6690): 	at bsek.run(PG:1)
10-15 19:17:26.661: D/StrictMode(6690): 	at bcfr.run(PG:1)
10-15 19:17:26.661: D/StrictMode(6690): 	at java.util.concurrent.ThreadPoolExecutor.runWorker(ThreadPoolExecutor.java:1137)
10-15 19:17:26.661: D/StrictMode(6690): 	at java.util.concurrent.ThreadPoolExecutor$Worker.run(ThreadPoolExecutor.java:637)
10-15 19:17:26.661: D/StrictMode(6690): 	at bcex.run(PG:2)
10-15 19:17:26.661: D/StrictMode(6690): 	at bcfd.run(PG:4)
10-15 19:17:26.661: D/StrictMode(6690): 	at java.lang.Thread.run(Thread.java:1012)
10-15 19:17:26.669: I/RcsClientLib(6690): shouldUseCarrierServicesJibeService: true, CarrierServices rcs service found: true
10-15 19:17:26.676: I/RcsClientLib(6690): com.google.android.rcs.client.ims.ImsConnectionTrackerService connected
10-15 19:17:26.678: I/RcsClientLib(6690): Connecting RcsProfileService
10-15 19:17:26.693: I/RcsClientLib(6690): shouldUseCarrierServicesJibeService: true, CarrierServices rcs service found: true
10-15 19:17:26.696: I/RcsClientLib(6690): com.google.android.rcs.client.profile.RcsProfileService connected
10-15 19:17:26.697: I/RcsClientLib(6690): Connecting BusinessInfoService
10-15 19:17:26.714: I/RcsClientLib(6690): shouldUseCarrierServicesJibeService: true, CarrierServices rcs service found: true
10-15 19:17:26.717: I/RcsClientLib(6690): com.google.android.rcs.client.businessinfo.BusinessInfoService connected
10-15 19:17:26.718: I/RcsClientLib(6690): Connecting RcsMessagingService
10-15 19:17:26.735: I/RcsClientLib(6690): shouldUseCarrierServicesJibeService: true, CarrierServices rcs service found: true
10-15 19:17:26.739: I/RcsClientLib(6690): com.google.android.rcs.client.messaging.RcsMessagingService connected
10-15 19:17:26.740: I/RcsClientLib(6690): Connecting TransportControlService
10-15 19:17:26.752: I/RcsClientLib(6690): shouldUseCarrierServicesJibeService: true, CarrierServices rcs service found: true
10-15 19:17:26.757: I/RcsClientLib(6690): com.google.android.rcs.client.transportcontrol.TransportControlService connected
10-15 19:17:26.757: I/BugleRcs(6690): connecting to 10 Rcs Services
10-15 19:17:26.761: I/RcsProvisioning(6690): Failed to read config: no config found /data/user/0/com.google.android.apps.messaging/files/rcsconfig: open failed: ENOENT (No such file or directory)
10-15 19:17:26.873: I/BugleRcsEngine(6690): [77] aycj.b: Deleted transfers file: false
10-15 19:17:26.884: I/RcsProvisioning(6690): Failed to read config: no config found /data/user/0/com.google.android.apps.messaging/files/rcsconfig: open failed: ENOENT (No such file or directory)
10-15 19:17:26.956: D/WifiNl80211Manager(605): Scan result ready event
10-15 19:17:26.956: D/WifiNative(605): Scan result ready event
10-15 19:17:28.210: I/baog(1299): Scheduling Phenotype for a PhenotypeSyncImmediately(6, com.google.android.gms.testsupport) one off with window [1, 2] in seconds [CONTEXT service_id=51 ]
10-15 19:17:28.222: W/NetworkScheduler(1299): Error inserting flex_time=1000 extras={"fetchReason":{"6":0},"fetchPackage":{"com.google.android.gms.testsupport":4}} job_id=-1 period=2000 source=16 requires_charging=0 preferred_network_type=1 target_class=com.google.android.gms.phenotype.service.sync.PhenotypeConfigurator user_id=0 target_package=com.google.android.gms tag=PhenotypeSyncImmediately task_type=0 required_idleness_state=0 service_kind=0 source_version=221821000 persistence_level=1 required_network_type=0 runtime=1665886648220 retry_strategy={"maximum_backoff_seconds":{"3600":0},"initial_backoff_seconds":{"30":0},"retry_policy":{"0":0}} last_runtime=0, error message: UNIQUE constraint failed: pending_ops.tag, pending_ops.target_class, pending_ops.target_package, pending_ops.user_id (code 2067 SQLITE_CONSTRAINT_UNIQUE) [CONTEXT service_id=218 ]
10-15 19:17:28.338: I/TestSupport(6011): AwaitCommitOperation - committing current configuration [CONTEXT service_id=133 ]
10-15 19:17:28.396: I/TestSupport(6011): Committed FlagOverride(com.google.android.gms.autofill, , Flag(autofill_enabled, false, 2, 0), true) [CONTEXT service_id=133 ]
10-15 19:17:28.428: I/ExperimentPackageManage(1299): Package com.android.refreshratecontrol name not found! Using module version.
10-15 19:17:28.444: I/PTCommittedOperation(1299): Receive new configuration for com.google.android.gms.autofill
10-15 19:17:28.452: W/ModuleInitIntentOp(6011): Dropping unexpected action com.google.android.gms.phenotype.COMMITTED
10-15 19:17:28.453: I/ExperimentPackageManage(1299): Package com.google.oslo name not found! Using module version.
10-15 19:17:28.453: I/SyncIntentOperation(6011): Handling the intent: Intent { act=com.google.android.gms.phenotype.COMMITTED flg=0x10 pkg=com.google.android.gms cmp=com.google.android.gms/.chimera.GmsIntentOperationService (has extras) }. [CONTEXT service_id=80 ]
10-15 19:17:28.457: I/MdiSyncModule(6011): flag handling is skipping irrelevant intent.
10-15 19:17:28.467: W/ModuleInitIntentOp(6011): Dropping unexpected action com.google.android.gms.phenotype.COMMITTED
10-15 19:17:28.466: I/ExperimentPackageManage(1299): Package com.android.media name not found! Using module version.
10-15 19:17:28.469: I/ExperimentPackageManage(1299): Package com.android.media.swcodec name not found! Using module version.
10-15 19:17:28.469: I/ExperimentPackageManage(1299): Package com.android.appsearch name not found! Using module version.
10-15 19:17:28.469: I/ExperimentPackageManage(1299): Package com.android.neuralnetworks name not found! Using module version.
10-15 19:17:28.470: I/ExperimentPackageManage(1299): Package com.google.android.odad name not found! Using module version.
10-15 19:17:28.470: I/GmsSyncPolicyEngine(6011): Periodic sync 1 disabled by policy, cancelled.
10-15 19:17:28.470: I/ExperimentPackageManage(1299): Package com.android.media name not found! Using module version.
10-15 19:17:28.470: I/GmsSyncPolicyEngine(6011): Periodic sync 2 disabled by policy, cancelled.
10-15 19:17:28.472: I/ExperimentPackageManage(1299): Package 1 name not found! Using module version.
10-15 19:17:28.478: W/PhenotypeConfigurationU(1299): Update for unknown DeviceConfig package com.google.android.gms.autofill [CONTEXT service_id=204 ]
10-15 19:17:28.478: W/PhenotypeConfigurationU(1299): bapv: No package exists for config package: com.google.android.gms.autofill
10-15 19:17:28.478: W/PhenotypeConfigurationU(1299): 	at com.google.android.gms.platformconfigurator.PhenotypeConfigurationUpdateListener.a(:com.google.android.gms@221821047@22.18.21 (190800-453244992):7)
10-15 19:17:28.478: W/PhenotypeConfigurationU(1299): 	at com.google.android.gms.platformconfigurator.PhenotypeConfigurationUpdateListener.onHandleIntent(:com.google.android.gms@221821047@22.18.21 (190800-453244992):5)
10-15 19:17:28.478: W/PhenotypeConfigurationU(1299): 	at com.google.android.chimera.IntentOperation.onHandleIntent(:com.google.android.gms@221821047@22.18.21 (190800-453244992):2)
10-15 19:17:28.478: W/PhenotypeConfigurationU(1299): 	at uim.onHandleIntent(:com.google.android.gms@221821047@22.18.21 (190800-453244992):4)
10-15 19:17:28.478: W/PhenotypeConfigurationU(1299): 	at ewd.run(:com.google.android.gms@221821047@22.18.21 (190800-453244992):3)
10-15 19:17:28.478: W/PhenotypeConfigurationU(1299): 	at ewc.run(:com.google.android.gms@221821047@22.18.21 (190800-453244992):11)
10-15 19:17:28.478: W/PhenotypeConfigurationU(1299): 	at cdgo.run(:com.google.android.gms@221821047@22.18.21 (190800-453244992):2)
10-15 19:17:28.478: W/PhenotypeConfigurationU(1299): 	at java.util.concurrent.ThreadPoolExecutor.runWorker(ThreadPoolExecutor.java:1137)
10-15 19:17:28.478: W/PhenotypeConfigurationU(1299): 	at java.util.concurrent.ThreadPoolExecutor$Worker.run(ThreadPoolExecutor.java:637)
10-15 19:17:28.478: W/PhenotypeConfigurationU(1299): 	at java.lang.Thread.run(Thread.java:1012)
10-15 19:17:28.481: I/TestSupport(6011): AwaitCommitOperation - committing current configuration [CONTEXT service_id=133 ]
10-15 19:17:28.484: V/Backup(6011): [PhenotypeConfigIO] Phenotype broadcast received for different package
10-15 19:17:28.490: I/LocationHistory(6011): [IntentOperation] Module is disabled [CONTEXT service_id=314 ]
10-15 19:17:28.493: I/GmsSyncPolicyEngine(6011): Periodic sync 4 disabled by policy, cancelled.
10-15 19:17:28.536: I/BugleRcsProvisioning(6690): BugleSystemBindingManager: onBuglePhenotypeFlagChanged
10-15 19:17:28.536: I/BugleRcsProvisioning(6690): BugleSystemBindingManager: onCsLibPhenotypeUpdated
10-15 19:17:28.541: I/TestSupport(6011): Committed FlagOverride(com.google.android.gms.autofill, , Flag(autofill_enabled, false, 2, 0), true) [CONTEXT service_id=133 ]
10-15 19:17:28.548: I/BugleRcsEngine(6690): [79] anpa.b: SystemBindingManager: force P/H Flag update scheduled and start updateBinding
10-15 19:17:28.554: W/BugleRcsEngine(6690): [83] awck.x: Unable to send diagnostic log
10-15 19:17:28.566: E/TraceManager(6690): Duplicate trace
10-15 19:17:28.566: E/TraceManager(6690): bnol: Starting new trace SharedStorageProvider#call when already associated with a trace. For more help, see http://go/tiktok-tracing#fixing-duplicate-trace-issues
10-15 19:17:28.566: E/TraceManager(6690): 	at bnrz.g(PG:6)
10-15 19:17:28.566: E/TraceManager(6690): 	at bnrz.c(PG:2)
10-15 19:17:28.566: E/TraceManager(6690): 	at bnrz.b(PG:2)
10-15 19:17:28.566: E/TraceManager(6690): 	at bnrm.j(PG:1)
10-15 19:17:28.566: E/TraceManager(6690): 	at abvj.call(PG:7)
10-15 19:17:28.566: E/TraceManager(6690): 	at android.content.ContentProvider.call(ContentProvider.java:2511)
10-15 19:17:28.566: E/TraceManager(6690): 	at abtx.call(PG:2)
10-15 19:17:28.566: E/TraceManager(6690): 	at android.content.ContentProvider$Transport.call(ContentProvider.java:525)
10-15 19:17:28.566: E/TraceManager(6690): 	at android.content.ContentResolver.call(ContentResolver.java:2450)
10-15 19:17:28.566: E/TraceManager(6690): 	at android.content.ContentResolver.call(ContentResolver.java:2430)
10-15 19:17:28.566: E/TraceManager(6690): 	at aylq.h(PG:9)
10-15 19:17:28.566: E/TraceManager(6690): 	at aylq.k(PG:3)
10-15 19:17:28.566: E/TraceManager(6690): 	at aylo.b(PG:1)
10-15 19:17:28.566: E/TraceManager(6690): 	at agrf.aE(PG:5)
10-15 19:17:28.566: E/TraceManager(6690): 	at agrf.K(PG:2)
10-15 19:17:28.566: E/TraceManager(6690): 	at afch.e(PG:1)
10-15 19:17:28.566: E/TraceManager(6690): 	at afcd.call(Unknown Source:2)
10-15 19:17:28.566: E/TraceManager(6690): 	at bnuh.a(PG:1)
10-15 19:17:28.566: E/TraceManager(6690): 	at bnsn.a(PG:2)
10-15 19:17:28.566: E/TraceManager(6690): 	at bsei.a(PG:1)
10-15 19:17:28.566: E/TraceManager(6690): 	at bsdl.run(PG:4)
10-15 19:17:28.566: E/TraceManager(6690): 	at bsek.run(PG:1)
10-15 19:17:28.566: E/TraceManager(6690): 	at bcfr.run(PG:1)
10-15 19:17:28.566: E/TraceManager(6690): 	at java.util.concurrent.ThreadPoolExecutor.runWorker(ThreadPoolExecutor.java:1137)
10-15 19:17:28.566: E/TraceManager(6690): 	at java.util.concurrent.ThreadPoolExecutor$Worker.run(ThreadPoolExecutor.java:637)
10-15 19:17:28.566: E/TraceManager(6690): 	at bcev.run(PG:2)
10-15 19:17:28.566: E/TraceManager(6690): 	at bcfd.run(PG:4)
10-15 19:17:28.566: E/TraceManager(6690): 	at java.lang.Thread.run(Thread.java:1012)
10-15 19:17:28.566: E/TraceManager(6690): 	Suppressed: bntd: 
10-15 19:17:28.566: E/TraceManager(6690): 		at tk_trace.PhenotypeHelper#onBuglePhenotypeChanged(Unknown Source:0)
10-15 19:17:28.566: E/TraceManager(6690): 		at tk_trace.PhenotypeHelper#registerPhenotype(Unknown Source:0)
10-15 19:17:28.566: E/TraceManager(6690): 		at tk_trace.PhoneAsyncAppCreateStartupTask(Unknown Source:0)
10-15 19:17:28.566: E/TraceManager(6690): 		at tk_trace.StartupHandlerImpl#onApplicationCreatedInternal(Unknown Source:0)
10-15 19:17:28.566: E/TraceManager(6690): 		at tk_trace.StartupHandlerImpl#onApplicationCreated(Unknown Source:0)
10-15 19:17:28.566: E/TraceManager(6690): 		at tk_trace.Application.onCreate(Unknown Source:0)
10-15 19:17:28.566: E/TraceManager(6690): 		at tk_trace.Application creation(Unknown Source:0)
10-15 19:17:28.566: E/TraceManager(6690): 		at tk_trace.BuglePhoneApplicationBase#fetchDarkMode(Unknown Source:0)
10-15 19:17:28.567: I/BugleRcsEngine(6690): [79] awpg.l: Reinitialize CSLib Flags: com.google.android.ims.library
10-15 19:17:28.575: D/PackageManager(605): Instant App installer not found with android.intent.action.INSTALL_INSTANT_APP_PACKAGE
10-15 19:17:28.575: D/PackageManager(605): Clear ephemeral installer activity
10-15 19:17:28.580: W/BugleAction(6690): Null config in BugleSharedPrefs
10-15 19:17:28.580: W/BugleAction(6690): Failed to get msisdn from Bugle
10-15 19:17:28.583: I/BugleRcsEngine(6690): [77] avzb.run: SystemBindingManager: SystemBinding enabled: true
10-15 19:17:28.585: I/BugleRcsEngine(6690): [77] avzc.b: System Binding updated
10-15 19:17:28.588: W/BugleRcsEngine(6690): [85] awck.x: Unable to send diagnostic log
10-15 19:17:28.594: I/BugleRcsEngine(6690): [78] awpg.l: Reinitialize CSLib Flags: com.google.android.ims.library
10-15 19:17:28.608: I/BugleRcsEngine(6690): [76] axrs.g: No RCS Configuration was found in Bugle for simID: redacted-pii:sim_id[chars:20]
10-15 19:17:28.616: D/CompatibilityChangeReporter(6690): Compat change id reported: 160794467; UID 10100; state: ENABLED
10-15 19:17:28.617: I/TSDRIVER(6660): Handled command: PACKAGE
10-15 19:17:28.640: W/BugleRcsEngine(6690): [78] axht.b: [SR]: Single Registration is disabled. Skipping Single Registration capability check for subId: 1
10-15 19:17:28.645: I/BugleRcsEngine(6690): [78] axrs.d: No RCS Configuration was found in Bugle for simID: redacted-pii:sim_id[chars:20]
10-15 19:17:28.655: I/BugleRcsProvisioning(6690): RcsAvailabilityUpdaterLocal: [SR]: SingleRegistration configuration, singleRegistrationRcsConfigAvailableAndEnabled: false, simId: redacted-pii:sim_id[chars:20]
10-15 19:17:28.656: I/BugleRcsEngine(6690): [78] axrs.d: No RCS Configuration was found in Bugle for simID: redacted-pii:sim_id[chars:20]
10-15 19:17:28.656: I/BugleRcsProvisioning(6690): RcsAvailabilityUpdaterLocal: updateRcsAvailability, currentAvailability: 1, newAvailability: 9, hint: NO_HINT
10-15 19:17:28.657: E/TraceManager(6690): Duplicate trace
10-15 19:17:28.657: E/TraceManager(6690): bnol: Starting new trace SharedStorageProvider#call when already associated with a trace. For more help, see http://go/tiktok-tracing#fixing-duplicate-trace-issues
10-15 19:17:28.657: E/TraceManager(6690): 	at bnrz.g(PG:6)
10-15 19:17:28.657: E/TraceManager(6690): 	at bnrz.c(PG:2)
10-15 19:17:28.657: E/TraceManager(6690): 	at bnrz.b(PG:2)
10-15 19:17:28.657: E/TraceManager(6690): 	at bnrm.j(PG:1)
10-15 19:17:28.657: E/TraceManager(6690): 	at abvj.call(PG:7)
10-15 19:17:28.657: E/TraceManager(6690): 	at android.content.ContentProvider.call(ContentProvider.java:2511)
10-15 19:17:28.657: E/TraceManager(6690): 	at abtx.call(PG:2)
10-15 19:17:28.657: E/TraceManager(6690): 	at android.content.ContentProvider$Transport.call(ContentProvider.java:525)
10-15 19:17:28.657: E/TraceManager(6690): 	at android.content.ContentProviderNative.onTransact(ContentProviderNative.java:295)
10-15 19:17:28.657: E/TraceManager(6690): 	at android.os.Binder.execTransactInternal(Binder.java:1280)
10-15 19:17:28.657: E/TraceManager(6690): 	at android.os.Binder.execTransact(Binder.java:1244)
10-15 19:17:28.657: E/TraceManager(6690): 	at android.os.BinderProxy.transactNative(Native Method)
10-15 19:17:28.657: E/TraceManager(6690): 	at android.os.BinderProxy.transact(BinderProxy.java:584)
10-15 19:17:28.657: E/TraceManager(6690): 	at com.google.android.aidl.BaseProxy.transactAndReadException(PG:2)
10-15 19:17:28.657: E/TraceManager(6690): 	at com.google.android.ims.rcsservice.profile.IRcsProfile$Stub$Proxy.getValue(PG:3)
10-15 19:17:28.657: E/TraceManager(6690): 	at com.google.android.rcs.client.profile.RcsProfileService.g(PG:3)
10-15 19:17:28.657: E/TraceManager(6690): 	at com.google.android.rcs.client.profile.RcsProfileService.getMsisdn(PG:1)
10-15 19:17:28.657: E/TraceManager(6690): 	at agrf.aE(PG:16)
10-15 19:17:28.657: E/TraceManager(6690): 	at agrf.K(PG:2)
10-15 19:17:28.657: E/TraceManager(6690): 	at afch.e(PG:1)
10-15 19:17:28.657: E/TraceManager(6690): 	at afcd.call(Unknown Source:2)
10-15 19:17:28.657: E/TraceManager(6690): 	at bnuh.a(PG:1)
10-15 19:17:28.657: E/TraceManager(6690): 	at bnsn.a(PG:2)
10-15 19:17:28.657: E/TraceManager(6690): 	at bsei.a(PG:1)
10-15 19:17:28.657: E/TraceManager(6690): 	at bsdl.run(PG:4)
10-15 19:17:28.657: E/TraceManager(6690): 	at bsek.run(PG:1)
10-15 19:17:28.657: E/TraceManager(6690): 	at bcfr.run(PG:1)
10-15 19:17:28.657: E/TraceManager(6690): 	at java.util.concurrent.ThreadPoolExecutor.runWorker(ThreadPoolExecutor.java:1137)
10-15 19:17:28.657: E/TraceManager(6690): 	at java.util.concurrent.ThreadPoolExecutor$Worker.run(ThreadPoolExecutor.java:637)
10-15 19:17:28.657: E/TraceManager(6690): 	at bcev.run(PG:2)
10-15 19:17:28.657: E/TraceManager(6690): 	at bcfd.run(PG:4)
10-15 19:17:28.657: E/TraceManager(6690): 	at java.lang.Thread.run(Thread.java:1012)
10-15 19:17:28.657: E/TraceManager(6690): 	Suppressed: bntd: 
10-15 19:17:28.657: E/TraceManager(6690): 		at tk_trace.PhenotypeHelper#onBuglePhenotypeChanged(Unknown Source:0)
10-15 19:17:28.657: E/TraceManager(6690): 		at tk_trace.PhenotypeHelper#registerPhenotype(Unknown Source:0)
10-15 19:17:28.657: E/TraceManager(6690): 		at tk_trace.PhoneAsyncAppCreateStartupTask(Unknown Source:0)
10-15 19:17:28.657: E/TraceManager(6690): 		at tk_trace.StartupHandlerImpl#onApplicationCreatedInternal(Unknown Source:0)
10-15 19:17:28.657: E/TraceManager(6690): 		at tk_trace.StartupHandlerImpl#onApplicationCreated(Unknown Source:0)
10-15 19:17:28.657: E/TraceManager(6690): 		at tk_trace.Application.onCreate(Unknown Source:0)
10-15 19:17:28.657: E/TraceManager(6690): 		at tk_trace.Application creation(Unknown Source:0)
10-15 19:17:28.657: E/TraceManager(6690): 		at tk_trace.BuglePhoneApplicationBase#fetchDarkMode(Unknown Source:0)
10-15 19:17:28.666: E/TraceManager(6690): Duplicate trace
10-15 19:17:28.666: E/TraceManager(6690): bnol: Starting new trace SharedStorageProvider#call when already associated with a trace. For more help, see http://go/tiktok-tracing#fixing-duplicate-trace-issues
10-15 19:17:28.666: E/TraceManager(6690): 	at bnrz.g(PG:6)
10-15 19:17:28.666: E/TraceManager(6690): 	at bnrz.c(PG:2)
10-15 19:17:28.666: E/TraceManager(6690): 	at bnrz.b(PG:2)
10-15 19:17:28.666: E/TraceManager(6690): 	at bnrm.j(PG:1)
10-15 19:17:28.666: E/TraceManager(6690): 	at abvj.call(PG:7)
10-15 19:17:28.666: E/TraceManager(6690): 	at android.content.ContentProvider.call(ContentProvider.java:2511)
10-15 19:17:28.666: E/TraceManager(6690): 	at abtx.call(PG:2)
10-15 19:17:28.666: E/TraceManager(6690): 	at android.content.ContentProvider$Transport.call(ContentProvider.java:525)
10-15 19:17:28.666: E/TraceManager(6690): 	at android.content.ContentProviderNative.onTransact(ContentProviderNative.java:295)
10-15 19:17:28.666: E/TraceManager(6690): 	at android.os.Binder.execTransactInternal(Binder.java:1280)
10-15 19:17:28.666: E/TraceManager(6690): 	at android.os.Binder.execTransact(Binder.java:1244)
10-15 19:17:28.666: E/TraceManager(6690): 	at android.os.BinderProxy.transactNative(Native Method)
10-15 19:17:28.666: E/TraceManager(6690): 	at android.os.BinderProxy.transact(BinderProxy.java:584)
10-15 19:17:28.666: E/TraceManager(6690): 	at com.google.android.aidl.BaseProxy.transactAndReadException(PG:2)
10-15 19:17:28.666: E/TraceManager(6690): 	at com.google.android.ims.rcsservice.profile.IRcsProfile$Stub$Proxy.getValue(PG:3)
10-15 19:17:28.666: E/TraceManager(6690): 	at com.google.android.rcs.client.profile.RcsProfileService.g(PG:3)
10-15 19:17:28.666: E/TraceManager(6690): 	at com.google.android.rcs.client.profile.RcsProfileService.getMsisdn(PG:1)
10-15 19:17:28.666: E/TraceManager(6690): 	at agrf.aE(PG:16)
10-15 19:17:28.666: E/TraceManager(6690): 	at agrf.K(PG:2)
10-15 19:17:28.666: E/TraceManager(6690): 	at afch.e(PG:1)
10-15 19:17:28.666: E/TraceManager(6690): 	at afcd.call(Unknown Source:2)
10-15 19:17:28.666: E/TraceManager(6690): 	at bnuh.a(PG:1)
10-15 19:17:28.666: E/TraceManager(6690): 	at bnsn.a(PG:2)
10-15 19:17:28.666: E/TraceManager(6690): 	at bsei.a(PG:1)
10-15 19:17:28.666: E/TraceManager(6690): 	at bsdl.run(PG:4)
10-15 19:17:28.666: E/TraceManager(6690): 	at bsek.run(PG:1)
10-15 19:17:28.666: E/TraceManager(6690): 	at bcfr.run(PG:1)
10-15 19:17:28.666: E/TraceManager(6690): 	at java.util.concurrent.ThreadPoolExecutor.runWorker(ThreadPoolExecutor.java:1137)
10-15 19:17:28.666: E/TraceManager(6690): 	at java.util.concurrent.ThreadPoolExecutor$Worker.run(ThreadPoolExecutor.java:637)
10-15 19:17:28.666: E/TraceManager(6690): 	at bcev.run(PG:2)
10-15 19:17:28.666: E/TraceManager(6690): 	at bcfd.run(PG:4)
10-15 19:17:28.666: E/TraceManager(6690): 	at java.lang.Thread.run(Thread.java:1012)
10-15 19:17:28.666: E/TraceManager(6690): 	Suppressed: bntd: 
10-15 19:17:28.666: E/TraceManager(6690): 		at tk_trace.PhenotypeHelper#onBuglePhenotypeChanged(Unknown Source:0)
10-15 19:17:28.666: E/TraceManager(6690): 		at tk_trace.PhenotypeHelper#registerPhenotype(Unknown Source:0)
10-15 19:17:28.666: E/TraceManager(6690): 		at tk_trace.PhoneAsyncAppCreateStartupTask(Unknown Source:0)
10-15 19:17:28.666: E/TraceManager(6690): 		at tk_trace.StartupHandlerImpl#onApplicationCreatedInternal(Unknown Source:0)
10-15 19:17:28.666: E/TraceManager(6690): 		at tk_trace.StartupHandlerImpl#onApplicationCreated(Unknown Source:0)
10-15 19:17:28.666: E/TraceManager(6690): 		at tk_trace.Application.onCreate(Unknown Source:0)
10-15 19:17:28.666: E/TraceManager(6690): 		at tk_trace.Application creation(Unknown Source:0)
10-15 19:17:28.666: E/TraceManager(6690): 		at tk_trace.BuglePhoneApplicationBase#fetchDarkMode(Unknown Source:0)
10-15 19:17:28.669: I/CarrierServices(1765): [72] cvv.f: No RCS Configuration was found in Bugle for simID: redacted-pii:sim_id[chars:20]
10-15 19:17:28.669: I/BugleTransport(6690): isChatAvailable: RcsAvailability is DISABLED_SIM_ABSENT (RCS is disabled due to SIM absent)
10-15 19:17:28.669: W/BugleRcsEngine(6690): [93] RcsProfileService.g: Result is null when getting value for id:4
10-15 19:17:28.670: W/Bugle(6690): SubscriptionMetadataUtils get: invalid subId = -2
10-15 19:17:28.672: I/Bugle(6690): TelephonyManagerFactory: Returning per-subscription TelephonyManager (>= N) subscription{id:-1}
10-15 19:17:28.675: W/Bugle(6690): SubscriptionMetadataUtils get: invalid subId = -2
10-15 19:17:28.677: I/BugleBackup(6690): Registering preference change listener for "buglesub_-1".
10-15 19:17:28.678: W/Bugle(6690): SubscriptionMetadataUtils get: invalid subId = -2
10-15 19:17:28.684: W/Bugle(6690): SubscriptionMetadataUtils get: invalid subId = -2
10-15 19:17:28.685: W/Bugle(6690): SubscriptionUtilsAsOfLMR1: getSelfRawNumber: subInfo is null for subscription{id:-1}
10-15 19:17:28.694: I/BugleBackup(6690): Registering preference change listener for "buglesub_1".
10-15 19:17:28.698: W/BugleAction(6690): No default number, returning empty msisdn
10-15 19:17:28.702: E/TraceManager(6690): Duplicate trace
10-15 19:17:28.702: E/TraceManager(6690): bnol: Starting new trace SharedStorageProvider#call when already associated with a trace. For more help, see http://go/tiktok-tracing#fixing-duplicate-trace-issues
10-15 19:17:28.702: E/TraceManager(6690): 	at bnrz.g(PG:6)
10-15 19:17:28.702: E/TraceManager(6690): 	at bnrz.c(PG:2)
10-15 19:17:28.702: E/TraceManager(6690): 	at bnrz.b(PG:2)
10-15 19:17:28.702: E/TraceManager(6690): 	at bnrm.j(PG:1)
10-15 19:17:28.702: E/TraceManager(6690): 	at abvj.call(PG:7)
10-15 19:17:28.702: E/TraceManager(6690): 	at android.content.ContentProvider.call(ContentProvider.java:2511)
10-15 19:17:28.702: E/TraceManager(6690): 	at abtx.call(PG:2)
10-15 19:17:28.702: E/TraceManager(6690): 	at android.content.ContentProvider$Transport.call(ContentProvider.java:525)
10-15 19:17:28.702: E/TraceManager(6690): 	at android.content.ContentResolver.call(ContentResolver.java:2450)
10-15 19:17:28.702: E/TraceManager(6690): 	at android.content.ContentResolver.call(ContentResolver.java:2430)
10-15 19:17:28.702: E/TraceManager(6690): 	at aylq.h(PG:9)
10-15 19:17:28.702: E/TraceManager(6690): 	at aylq.k(PG:3)
10-15 19:17:28.702: E/TraceManager(6690): 	at aylo.b(PG:1)
10-15 19:17:28.702: E/TraceManager(6690): 	at axrs.g(PG:2)
10-15 19:17:28.702: E/TraceManager(6690): 	at rwb.b(PG:1)
10-15 19:17:28.702: E/TraceManager(6690): 	at axpd.f(PG:4)
10-15 19:17:28.702: E/TraceManager(6690): 	at axpd.c(PG:1)
10-15 19:17:28.702: E/TraceManager(6690): 	at akmf.f(PG:5)
10-15 19:17:28.702: E/TraceManager(6690): 	at akmf.e(PG:7)
10-15 19:17:28.702: E/TraceManager(6690): 	at aklu.a(PG:3)
10-15 19:17:28.702: E/TraceManager(6690): 	at bnsn.a(PG:2)
10-15 19:17:28.702: E/TraceManager(6690): 	at bsbr.a(PG:1)
10-15 19:17:28.702: E/TraceManager(6690): 	at bsdl.run(PG:4)
10-15 19:17:28.702: E/TraceManager(6690): 	at bcfr.run(PG:1)
10-15 19:17:28.702: E/TraceManager(6690): 	at java.util.concurrent.ThreadPoolExecutor.runWorker(ThreadPoolExecutor.java:1137)
10-15 19:17:28.702: E/TraceManager(6690): 	at java.util.concurrent.ThreadPoolExecutor$Worker.run(ThreadPoolExecutor.java:637)
10-15 19:17:28.702: E/TraceManager(6690): 	at bcex.run(PG:2)
10-15 19:17:28.702: E/TraceManager(6690): 	at bcfd.run(PG:4)
10-15 19:17:28.702: E/TraceManager(6690): 	at java.lang.Thread.run(Thread.java:1012)
10-15 19:17:28.702: E/TraceManager(6690): 	Suppressed: bntd: 
10-15 19:17:28.702: E/TraceManager(6690): 		at tk_trace.PhenotypeHelper#onBuglePhenotypeChanged(Unknown Source:0)
10-15 19:17:28.702: E/TraceManager(6690): 		at tk_trace.PhenotypeHelper#registerPhenotype(Unknown Source:0)
10-15 19:17:28.702: E/TraceManager(6690): 		at tk_trace.PhoneAsyncAppCreateStartupTask(Unknown Source:0)
10-15 19:17:28.702: E/TraceManager(6690): 		at tk_trace.StartupHandlerImpl#onApplicationCreatedInternal(Unknown Source:0)
10-15 19:17:28.702: E/TraceManager(6690): 		at tk_trace.StartupHandlerImpl#onApplicationCreated(Unknown Source:0)
10-15 19:17:28.702: E/TraceManager(6690): 		at tk_trace.Application.onCreate(Unknown Source:0)
10-15 19:17:28.702: E/TraceManager(6690): 		at tk_trace.Application creation(Unknown Source:0)
10-15 19:17:28.702: E/TraceManager(6690): 		at tk_trace.BuglePhoneApplicationBase#fetchDarkMode(Unknown Source:0)
10-15 19:17:28.710: I/BugleRcsEngine(6690): [79] axrs.g: No RCS Configuration was found in Bugle for simID: redacted-pii:sim_id[chars:20]
10-15 19:17:28.711: D/CompatibilityChangeReporter(605): Compat change id reported: 168419799; UID 10174; state: DISABLED
10-15 19:17:28.714: I/BugleTransport(6690): Not using Tachygram because it is disabled by RCS Configuration
10-15 19:17:28.715: I/BugleTransport(6690): isChatAvailable: false, enabledTransport: 1
10-15 19:17:28.728: I/TSDRIVER(6660): CommandService onHandleIntent()
10-15 19:17:28.729: I/TSDRIVER(6660): Got command: PACKAGE
10-15 19:17:28.729: I/TSDRIVER(6660): flag package: EiNjb20uZ29vZ2xlLmFuZHJvaWQuZ21zLmF1dGhfYWNjb3VudBodChlhdXRoX3NpZ19vdmVycmlkZV9lbmFibGVkGAA
10-15 19:17:28.729: I/TSDRIVER(6660): flag package: com.google.android.gms.auth_account
10-15 19:17:28.739: I/TestSupport(6011): SetFlagOverridesOperation: com.google.android.gms.auth_account, '', [Flag(auth_sig_override_enabled, false, 2, 0)] [CONTEXT service_id=133 ]
10-15 19:17:28.786: I/RcsClientLib(6690): Connecting RcsEngineLifecycleService
10-15 19:17:28.794: I/TestSupport(6011): AwaitCommitOperation - committing current configuration [CONTEXT service_id=133 ]
10-15 19:17:28.804: I/RcsClientLib(6690): shouldUseCarrierServicesJibeService: true, CarrierServices rcs service found: true
10-15 19:17:28.809: I/RcsClientLib(6690): com.google.android.rcs.client.lifecycle.RcsEngineLifecycleService connected
10-15 19:17:28.816: I/TestSupport(6011): Committed FlagOverride(com.google.android.gms.auth_account, , Flag(auth_sig_override_enabled, false, 2, 0), true) [CONTEXT service_id=133 ]
10-15 19:17:28.820: I/CarrierServices(1765): [57] czj.handleMessage: RCS engine STOP RCS stack
10-15 19:17:28.824: I/CarrierServices(1765): [57] cvv.f: No RCS Configuration was found in Bugle for simID: redacted-pii:sim_id[chars:20]
10-15 19:17:28.826: I/RcsClientLib(6690): Disconnecting RcsEngineLifecycleService
10-15 19:17:28.834: I/ExperimentPackageManage(1299): Package com.android.refreshratecontrol name not found! Using module version.
10-15 19:17:28.841: I/ExperimentPackageManage(1299): Package com.google.oslo name not found! Using module version.
10-15 19:17:28.845: W/ModuleInitIntentOp(6011): Dropping unexpected action com.google.android.gms.phenotype.COMMITTED
10-15 19:17:28.847: V/Backup(6011): [PhenotypeConfigIO] Phenotype broadcast received for different package
10-15 19:17:28.849: I/SyncIntentOperation(6011): Handling the intent: Intent { act=com.google.android.gms.phenotype.COMMITTED flg=0x10 pkg=com.google.android.gms cmp=com.google.android.gms/.chimera.GmsIntentOperationService (has extras) }. [CONTEXT service_id=80 ]
10-15 19:17:28.856: I/MdiSyncModule(6011): flag handling is skipping irrelevant intent.
10-15 19:17:28.861: W/ModuleInitIntentOp(6011): Dropping unexpected action com.google.android.gms.phenotype.COMMITTED
10-15 19:17:28.864: I/PTCommittedOperation(1299): Receive new configuration for com.google.android.gms.auth_account
10-15 19:17:28.864: I/GmsSyncPolicyEngine(6011): Periodic sync 1 disabled by policy, cancelled.
10-15 19:17:28.868: I/GmsSyncPolicyEngine(6011): Periodic sync 2 disabled by policy, cancelled.
10-15 19:17:28.869: I/LocationHistory(6011): [IntentOperation] Module is disabled [CONTEXT service_id=314 ]
10-15 19:17:28.870: I/ExperimentPackageManage(1299): Package com.android.media name not found! Using module version.
10-15 19:17:28.877: I/ExperimentPackageManage(1299): Package com.android.media.swcodec name not found! Using module version.
10-15 19:17:28.883: I/ExperimentPackageManage(1299): Package com.android.appsearch name not found! Using module version.
10-15 19:17:28.885: I/ExperimentPackageManage(1299): Package com.android.neuralnetworks name not found! Using module version.
10-15 19:17:28.887: I/ExperimentPackageManage(1299): Package com.google.android.odad name not found! Using module version.
10-15 19:17:28.889: I/ExperimentPackageManage(1299): Package com.android.media name not found! Using module version.
10-15 19:17:28.893: I/ExperimentPackageManage(1299): Package 1 name not found! Using module version.
10-15 19:17:28.896: W/PhenotypeConfigurationU(1299): Update for unknown DeviceConfig package com.google.android.gms.auth_account [CONTEXT service_id=204 ]
10-15 19:17:28.896: W/PhenotypeConfigurationU(1299): bapv: No package exists for config package: com.google.android.gms.auth_account
10-15 19:17:28.896: W/PhenotypeConfigurationU(1299): 	at com.google.android.gms.platformconfigurator.PhenotypeConfigurationUpdateListener.a(:com.google.android.gms@221821047@22.18.21 (190800-453244992):7)
10-15 19:17:28.896: W/PhenotypeConfigurationU(1299): 	at com.google.android.gms.platformconfigurator.PhenotypeConfigurationUpdateListener.onHandleIntent(:com.google.android.gms@221821047@22.18.21 (190800-453244992):5)
10-15 19:17:28.896: W/PhenotypeConfigurationU(1299): 	at com.google.android.chimera.IntentOperation.onHandleIntent(:com.google.android.gms@221821047@22.18.21 (190800-453244992):2)
10-15 19:17:28.896: W/PhenotypeConfigurationU(1299): 	at uim.onHandleIntent(:com.google.android.gms@221821047@22.18.21 (190800-453244992):4)
10-15 19:17:28.896: W/PhenotypeConfigurationU(1299): 	at ewd.run(:com.google.android.gms@221821047@22.18.21 (190800-453244992):3)
10-15 19:17:28.896: W/PhenotypeConfigurationU(1299): 	at ewc.run(:com.google.android.gms@221821047@22.18.21 (190800-453244992):11)
10-15 19:17:28.896: W/PhenotypeConfigurationU(1299): 	at cdgo.run(:com.google.android.gms@221821047@22.18.21 (190800-453244992):2)
10-15 19:17:28.896: W/PhenotypeConfigurationU(1299): 	at java.util.concurrent.ThreadPoolExecutor.runWorker(ThreadPoolExecutor.java:1137)
10-15 19:17:28.896: W/PhenotypeConfigurationU(1299): 	at java.util.concurrent.ThreadPoolExecutor$Worker.run(ThreadPoolExecutor.java:637)
