10-15 19:18:04.410: W/system_server(605): Long monitor contention with owner binder:605_7 (1028) at int com.android.server.am.ActivityManagerService.bindServiceInstance(android.app.IApplicationThread, android.os.IBinder, android.content.Intent, java.lang.String, android.app.IServiceConnection, int, java.lang.String, boolean, int, java.lang.String, java.lang.String, int)(ActivityManagerService.java:12643) waiters=0 in void com.android.server.am.ContentProviderHelper.publishContentProviders(android.app.IApplicationThread, java.util.List) for 128ms
10-15 19:18:04.429: W/gle.android.gms(6011): Long monitor contention with owner GoogleApiHandler (6098) at boolean whp.e(who, android.content.ServiceConnection, java.lang.String, java.util.concurrent.Executor)(:com.google.android.gms@221821047@22.18.21 (190800-453244992):10) waiters=0 in boolean whr.handleMessage(android.os.Message) for 212ms
10-15 19:18:04.434: I/ActivityManager(605): Killing 6555:com.google.process.gapps/u0a108 (adj 985): empty #17
10-15 19:18:04.445: D/CompatibilityChangeReporter(7842): Compat change id reported: 171979766; UID 1000; state: ENABLED
10-15 19:18:04.449: I/A(1886): Using proto config with mendel
10-15 19:18:04.449: I/A(1886): Using proto config with mendel
10-15 19:18:04.449: I/A(1886): Using proto config with mendel
10-15 19:18:04.449: I/A(1886): Using proto config with mendel
10-15 19:18:04.450: I/A(1886): Using proto config with mendel
10-15 19:18:04.450: I/A(1886): Merging legacy hotword config map with new proto.
10-15 19:18:04.450: I/A(1886): Skipping. Expected model: 1 Found: 2
10-15 19:18:04.450: I/A(1886): Skipping. Expected model: 1 Found: 2
10-15 19:18:04.450: I/A(1886): Skipping. Expected model: 1 Found: 2
10-15 19:18:04.450: I/A(1886): Adding from config to map. Locale: ro-RO modelPrefix: okgoogle Location:b051c93dce7bb4dcb5d9ddcbbb2ca760Test isSpeakerIdSupported: false
10-15 19:18:04.450: I/A(1886): Skipping. Expected model: 1 Found: 2
10-15 19:18:04.450: I/A(1886): Using proto config with mendel
10-15 19:18:04.450: I/A(1886): Using proto config with mendel
10-15 19:18:04.472: I/libprocessgroup(605): Successfully killed process cgroup uid 10108 pid 6555 in 33ms
10-15 19:18:04.472: I/A(1886): Using proto config with mendel
10-15 19:18:04.473: I/A(1886): Using proto config with mendel
10-15 19:18:04.473: I/A(1886): Using proto config with mendel
10-15 19:18:04.473: I/A(1886): Using proto config with mendel
10-15 19:18:04.474: I/MicroDetectionState(1886): Should stop hotword detection immediately - true
10-15 19:18:04.491: W/dex2oat64(7789): Method com.bytedance.sdk.openadsdk.core.h.d com.bytedance.sdk.openadsdk.core.h.d.a(com.bytedance.sdk.openadsdk.core.h.b) failed lock verification and will run slower.
10-15 19:18:04.491: W/dex2oat64(7789): Common causes for lock verification issues are non-optimized dex code
10-15 19:18:04.491: W/dex2oat64(7789): and incorrect proguard optimizations.
10-15 19:18:04.516: W/JobScheduler(605): Job didn't exist in JobStore: 984d937 #u0a107/-183 com.google.android.googlequicksearchbox/com.google.android.apps.gsa.tasks.BackgroundTasksJobService
10-15 19:18:04.541: I/ModelDownloadController(1886): Fetching and maybe downloading FileGroup with name: hotword_model_cmn-Hans-CN_okg, locale: cmn-Hans-CN
10-15 19:18:04.548: I/A(1886): Using proto config with mendel
10-15 19:18:04.548: I/A(1886): Using proto config with mendel
10-15 19:18:04.548: I/A(1886): Using proto config with mendel
10-15 19:18:04.548: I/A(1886): Using proto config with mendel
10-15 19:18:04.550: I/A(1886): Using proto config with mendel
10-15 19:18:04.550: I/A(1886): Merging legacy hotword config map with new proto.
10-15 19:18:04.550: I/A(1886): Skipping. Expected model: 1 Found: 2
10-15 19:18:04.551: I/A(1886): Skipping. Expected model: 1 Found: 2
10-15 19:18:04.551: I/A(1886): Skipping. Expected model: 1 Found: 2
10-15 19:18:04.568: I/elg(7820): SslGuard completed installation.
10-15 19:18:04.573: V/GraphicsEnvironment(7842): ANGLE Developer option for 'com.android.settings' set to: 'default'
10-15 19:18:04.577: I/Zygote(355): Process 6555 exited due to signal 9 (Killed)
10-15 19:18:04.578: V/GraphicsEnvironment(7842): ANGLE GameManagerService for com.android.settings: false
10-15 19:18:04.578: V/GraphicsEnvironment(7842): Neither updatable production driver nor prerelease driver is supported.
10-15 19:18:04.582: D/NetworkSecurityConfig(7842): No Network Security Config specified, using platform default
10-15 19:18:04.582: D/NetworkSecurityConfig(7842): No Network Security Config specified, using platform default
10-15 19:18:04.603: D/CompatibilityChangeReporter(605): Compat change id reported: 161145287; UID 10111; state: DISABLED
10-15 19:18:04.606: I/GoogleTTSApplication(7820): Beginning load of tts_android...
10-15 19:18:04.616: I/A(1886): Adding from config to map. Locale: ro-RO modelPrefix: okgoogle Location:b051c93dce7bb4dcb5d9ddcbbb2ca760Test isSpeakerIdSupported: false
10-15 19:18:04.616: I/A(1886): Skipping. Expected model: 1 Found: 2
10-15 19:18:04.617: I/A(1886): Using proto config with mendel
10-15 19:18:04.617: I/A(1886): Using proto config with mendel
10-15 19:18:04.617: I/A(1886): Using proto config with mendel
10-15 19:18:04.617: I/A(1886): Using proto config with mendel
10-15 19:18:04.618: I/A(1886): Using proto config with mendel
10-15 19:18:04.618: I/A(1886): Merging legacy hotword config map with new proto.
10-15 19:18:04.618: I/A(1886): Skipping. Expected model: 1 Found: 2
10-15 19:18:04.618: I/A(1886): Skipping. Expected model: 1 Found: 2
10-15 19:18:04.618: I/A(1886): Skipping. Expected model: 1 Found: 2
10-15 19:18:04.618: I/A(1886): Adding from config to map. Locale: ro-RO modelPrefix: okgoogle Location:b051c93dce7bb4dcb5d9ddcbbb2ca760Test isSpeakerIdSupported: false
10-15 19:18:04.618: I/A(1886): Skipping. Expected model: 1 Found: 2
10-15 19:18:04.618: I/A(1886): Using proto config with mendel
10-15 19:18:04.618: I/A(1886): Using proto config with mendel
10-15 19:18:04.645: I/GoogleTTSApplication(7820): tts_android (null) was loaded normally!
10-15 19:18:04.650: V/BatteryUsageContentProvider(7842): initialize provider
10-15 19:18:04.659: I/Analytics(7820): Running on TYPE_PHONE
10-15 19:18:04.665: D/CompatibilityChangeReporter(7820): Compat change id reported: 183155436; UID 10111; state: ENABLED
10-15 19:18:04.671: W/gle.android.tts(7820): Accessing hidden field Ljava/util/Collections$SynchronizedCollection;->mutex:Ljava/lang/Object; (max-target-o, reflection, denied)
10-15 19:18:04.671: W/gle.android.tts(7820): Accessing hidden method Ljava/util/Collections$SynchronizedSet;-><init>(Ljava/util/Set;Ljava/lang/Object;)V (max-target-o, reflection, denied)
10-15 19:18:04.671: W/gle.android.tts(7820): Accessing hidden method Ljava/util/Collections$SynchronizedCollection;-><init>(Ljava/util/Collection;Ljava/lang/Object;)V (max-target-o, reflection, denied)
10-15 19:18:04.707: I/A(1886): Using proto config with mendel
10-15 19:18:04.707: I/A(1886): Using proto config with mendel
10-15 19:18:04.707: I/A(1886): Using proto config with mendel
10-15 19:18:04.707: I/A(1886): Merging legacy hotword config map with new proto.
10-15 19:18:04.707: I/A(1886): Skipping. Expected model: 1 Found: 2
10-15 19:18:04.707: I/A(1886): Skipping. Expected model: 1 Found: 2
10-15 19:18:04.707: I/A(1886): Skipping. Expected model: 1 Found: 2
10-15 19:18:04.707: I/A(1886): Adding from config to map. Locale: ro-RO modelPrefix: okgoogle Location:b051c93dce7bb4dcb5d9ddcbbb2ca760Test isSpeakerIdSupported: false
10-15 19:18:04.707: I/A(1886): Skipping. Expected model: 1 Found: 2
10-15 19:18:04.708: I/Icing(6011): IndexChimeraService.getServiceInterface callingPackage=com.google.android.gms componentName=AppsCorpus serviceId=32
10-15 19:18:04.722: I/A(1886): Removing enrollment utterances : Locale changed
10-15 19:18:04.722: E/A(1886): Called deleteEnrollmentUtterances for null account
10-15 19:18:04.723: I/OpaEligibilityChecker(1886): send OpaEligibilityChange broadcast to CommonBroadcastReceiver
10-15 19:18:04.731: I/MicroDetectionState(1886): Should stop hotword detection immediately - true
10-15 19:18:04.732: I/A(1886): Using proto config with mendel
10-15 19:18:04.732: I/A(1886): Using proto config with mendel
10-15 19:18:04.733: I/A(1886): Using proto config with mendel
10-15 19:18:04.733: I/A(1886): Using proto config with mendel
10-15 19:18:04.737: I/VoiceDataDownloader(7820): fetchVoiceInternal en-us
10-15 19:18:04.741: D/PackageManager(605): Instant App installer not found with android.intent.action.INSTALL_INSTANT_APP_PACKAGE
10-15 19:18:04.741: D/PackageManager(605): Clear ephemeral installer activity
10-15 19:18:04.755: I/VoiceDataDownloader(7820): Not already initialized. Initializing Superpacks.
10-15 19:18:04.780: I/VoiceDataDownloader(7820): Superpack object built.
10-15 19:18:04.781: I/VoiceDataDownloader(7820): Superpack slicing strategy registered
10-15 19:18:04.782: I/VoiceDataDownloader(7820): Superpack quota set for all voices.
10-15 19:18:04.784: I/VoiceDataDownloader(7820): Got bundled voice en-us-x-multi-r47
10-15 19:18:04.821: D/CompatibilityChangeReporter(605): Compat change id reported: 135634846; UID 10122; state: DISABLED
10-15 19:18:04.822: I/ActivityManager(605): Killing 6691:com.google.android.partnersetup/u0a94 (adj 985): empty #17
10-15 19:18:04.824: D/EGL_emulation(879): app_time_stats: avg=1373.57ms min=1373.57ms max=1373.57ms count=1
10-15 19:18:04.868: D/SettingsSliceProvider(7842): init
10-15 19:18:04.868: D/SettingsSliceProvider(7842): onCreateSliceProvider
10-15 19:18:04.882: I/libprocessgroup(605): Successfully killed process cgroup uid 10094 pid 6691 in 30ms
10-15 19:18:04.903: E/MicroModelsUtil(1886): Hotword file group is null with group name: hotword_model_cmn-Hans-CN_okg, locale: cmn-Hans-CN
10-15 19:18:04.904: I/ActivityManager(605): Background started FGS: Allowed [callingPackage: com.google.android.googlequicksearchbox; callingUid: 10107; uidState: BFGS; intent: Intent { cmp=com.google.android.googlequicksearchbox/com.google.android.libraries.mdi.download.foreground.sting.ForegroundDownloadService (has extras) }; code:ACTIVITY_STARTER; tempAllowListReason:<broadcast:1000:android.intent.action.LOCALE_CHANGED,reason:,reasonCode:LOCALE_CHANGED,duration:20000,callingUid:1000>; targetSdkVersion:31; callerTargetSdkVersion:31; startForegroundCount:0; bindFromPackage:null]
10-15 19:18:04.914: W/ProcessStats(605): Tracking association SourceState{6d6c157 com.google.android.apps.messaging:rcs/10100 BTopFgs #11647} whose proc state 2 is better than process ProcessState{d4a77a0 com.google.android.gms.persistent/10108 pkg=com.google.android.gms} proc state 3 (0 skipped)
10-15 19:18:04.935: W/dex2oat64(7789): Verification of com.google.android.gms.common.m com.google.android.gms.common.j.f(java.lang.String, com.google.android.gms.common.f, boolean, boolean) took 110.067ms (890.36 bytecodes/s) (3696B approximate peak alloc)
10-15 19:18:04.936: W/dex2oat64(7789): Verification of java.lang.Object com.google.android.gms.common.server.response.FastJsonResponse.getFieldValue(com.google.android.gms.common.server.response.FastJsonResponse$Field) took 110.412ms (914.75 bytecodes/s) (3328B approximate peak alloc)
10-15 19:18:04.951: W/ActivityManager(605): Slow operation: 130ms so far, now at startProcess: asking zygote to start proc
10-15 19:18:04.951: D/CompatibilityChangeReporter(605): Compat change id reported: 143937733; UID 10122; state: ENABLED
10-15 19:18:04.961: D/Zygote(355): Forked child process 7880
10-15 19:18:04.962: W/ActivityManager(605): Slow operation: 140ms so far, now at startProcess: returned from zygote!
10-15 19:18:04.962: I/A(1886): Using proto config with mendel
10-15 19:18:04.962: I/Zygote(355): Process 6691 exited due to signal 9 (Killed)
10-15 19:18:04.962: I/A(1886): Using proto config with mendel
10-15 19:18:04.963: I/A(1886): Using proto config with mendel
10-15 19:18:04.963: I/A(1886): Using proto config with mendel
10-15 19:18:04.963: I/HotwordService(1886): Model ID: 
10-15 19:18:04.963: I/HotwordService(1886): hotwordModelLocation is null true, locale is cmn-Hant-TW, re-mapped Chinese locale 
10-15 19:18:04.963: I/A(1886): Using proto config with mendel
10-15 19:18:04.963: I/A(1886): Using proto config with mendel
10-15 19:18:04.964: I/A(1886): Using proto config with mendel
10-15 19:18:04.964: I/A(1886): Using proto config with mendel
10-15 19:18:04.964: I/A(1886): Using proto config with mendel
10-15 19:18:04.964: I/A(1886): Merging legacy hotword config map with new proto.
10-15 19:18:04.964: I/A(1886): Skipping. Expected model: 1 Found: 2
10-15 19:18:04.964: I/A(1886): Skipping. Expected model: 1 Found: 2
10-15 19:18:04.964: I/A(1886): Skipping. Expected model: 1 Found: 2
10-15 19:18:04.964: I/A(1886): Adding from config to map. Locale: ro-RO modelPrefix: okgoogle Location:b051c93dce7bb4dcb5d9ddcbbb2ca760Test isSpeakerIdSupported: false
10-15 19:18:04.964: I/A(1886): Skipping. Expected model: 1 Found: 2
10-15 19:18:04.971: I/Zygote(7880): seccomp disabled by setenforce 0
10-15 19:18:04.975: W/android.youtube(7880): Unexpected CPU variant for x86: x86_64.
10-15 19:18:04.975: W/android.youtube(7880): Known variants: atom, sandybridge, silvermont, kabylake, default
10-15 19:18:04.977: W/gle.android.tts(7820): Long monitor contention with owner GoogleApiHandler (7873) at void cby.C(int, android.os.IInterface)(PG:24) waiters=0 in void ccj.onServiceConnected(android.content.ComponentName, android.os.IBinder) for 163ms
10-15 19:18:04.981: I/adbd(424): jdwp connection from 7880
10-15 19:18:04.987: W/gs.intelligence(7795): Long monitor contention with owner pool-3-thread-4 (7838) at android.content.IContentProvider android.app.ActivityThread.acquireProvider(android.content.Context, java.lang.String, int, boolean)(ActivityThread.java:7021) waiters=0 in android.content.IContentProvider android.app.ActivityThread.acquireProvider(android.content.Context, java.lang.String, int, boolean) for 1.079s
10-15 19:18:05.077: D/EGL_emulation(7358): app_time_stats: avg=1025.94ms min=1025.94ms max=1025.94ms count=1
10-15 19:18:05.089: I/Icing(6011): Query from package: com.google.android.gms, component: AppsCorpus, restrict package: com.google.android.gms, start: 0, num: 100
10-15 19:18:05.127: W/ContentProviderHelper(605): Slow operation: 56ms so far, now at getContentProviderImpl: done!
10-15 19:18:05.127: W/system_server(605): Long monitor contention with owner binder:605_3 (742) at void com.android.server.am.ActivityManagerService.setServiceForeground(android.content.ComponentName, android.os.IBinder, int, android.app.Notification, int, int)(ActivityManagerService.java:12521) waiters=1 in void com.android.server.am.ActiveServices.updateForegroundApps(com.android.server.am.ActiveServices$ServiceMap) for 200ms
10-15 19:18:05.253: W/gs.intelligence(7795): Long monitor contention with owner pool-3-thread-4 (7838) at android.content.IContentProvider android.app.ActivityThread.acquireProvider(android.content.Context, java.lang.String, int, boolean)(ActivityThread.java:7021) waiters=1 in android.content.IContentProvider android.app.ActivityThread.acquireProvider(android.content.Context, java.lang.String, int, boolean) for 1.344s
10-15 19:18:05.254: D/ActivityEmbeddingUtils(7842): isFlagEnabled = true
10-15 19:18:05.254: D/ActivityEmbeddingUtils(7842): isSplitSupported = true
10-15 19:18:05.277: W/ActivityManager(605): Slow operation: 455ms so far, now at startProcess: done updating battery stats
10-15 19:18:05.277: W/ActivityManager(605): Slow operation: 455ms so far, now at startProcess: building log message
10-15 19:18:05.277: I/ActivityManager(605): Start proc 7880:com.google.android.youtube/u0a122 for broadcast {com.google.android.youtube/com.google.android.apps.youtube.app.application.system.LocaleUpdatedReceiver}
10-15 19:18:05.277: W/ActivityManager(605): Slow operation: 455ms so far, now at startProcess: starting to update pids map
10-15 19:18:05.277: W/ActivityManager(605): Slow operation: 455ms so far, now at startProcess: done updating pids map
10-15 19:18:05.279: W/gs.intelligence(7795): Long monitor contention with owner pool-3-thread-4 (7838) at android.content.IContentProvider android.app.ActivityThread.acquireProvider(android.content.Context, java.lang.String, int, boolean)(ActivityThread.java:7021) waiters=2 in android.content.IContentProvider android.app.ActivityThread.acquireProvider(android.content.Context, java.lang.String, int, boolean) for 1.371s
10-15 19:18:05.303: I/SP(7820): Registering ttsvoices.1538, url: null, constraints: *:*:*:*, flags: *, requested: 1538, current: 1538
10-15 19:18:05.310: I/Icing(6011): IndexChimeraService.getServiceInterface callingPackage=com.google.android.gms componentName=AppsCorpus serviceId=36
10-15 19:18:05.310: W/gs.intelligence(7795): Long monitor contention with owner pool-3-thread-4 (7838) at android.content.IContentProvider android.app.ActivityThread.acquireProvider(android.content.Context, java.lang.String, int, boolean)(ActivityThread.java:7021) waiters=3 in android.content.IContentProvider android.app.ActivityThread.acquireProvider(android.content.Context, java.lang.String, int, boolean) for 1.402s
10-15 19:18:05.323: W/gs.intelligence(7795): Long monitor contention with owner pool-3-thread-4 (7838) at android.content.IContentProvider android.app.ActivityThread.acquireProvider(android.content.Context, java.lang.String, int, boolean)(ActivityThread.java:7021) waiters=4 in android.content.IContentProvider android.app.ActivityThread.acquireProvider(android.content.Context, java.lang.String, int, boolean) for 1.415s
10-15 19:18:05.332: D/PrefCtrlListHelper(7842): Could not find Context-only controller for pref: com.android.settings.display.AutoRotateSwitchBarController
10-15 19:18:05.351: D/CompatibilityChangeReporter(7880): Compat change id reported: 171979766; UID 10122; state: ENABLED
10-15 19:18:05.361: E/HotwordModelPopulator(1886): Failed to add hotword file group for 'hotword_model_cmn-Hans-CN_okg' from location: https://www.gstatic.com/android-search/hotword/x_google/4e7cae00daee30ec565c34e3aa67a51f/hotword.data
10-15 19:18:05.369: I/A(1886): Using proto config with mendel
10-15 19:18:05.369: I/A(1886): Using proto config with mendel
10-15 19:18:05.369: I/A(1886): Using proto config with mendel
10-15 19:18:05.369: I/A(1886): Using proto config with mendel
10-15 19:18:05.370: I/A(1886): Using proto config with mendel
10-15 19:18:05.370: I/A(1886): Merging legacy hotword config map with new proto.
10-15 19:18:05.370: I/A(1886): Skipping. Expected model: 1 Found: 2
10-15 19:18:05.370: I/A(1886): Skipping. Expected model: 1 Found: 2
10-15 19:18:05.370: I/A(1886): Skipping. Expected model: 1 Found: 2
10-15 19:18:05.370: I/A(1886): Adding from config to map. Locale: ro-RO modelPrefix: okgoogle Location:b051c93dce7bb4dcb5d9ddcbbb2ca760Test isSpeakerIdSupported: false
10-15 19:18:05.370: I/A(1886): Skipping. Expected model: 1 Found: 2
10-15 19:18:05.374: E/GsaVoiceInteractionSrv(1602): modelLocation is null: true isAlwaysOnEnabled is false: true isFromAnyScreenEnabled is false: true
10-15 19:18:05.386: W/hbox:interactor(1602): Long monitor contention with owner BG Thread #1 (2051) at void com.google.android.voiceinteraction.j.run()(PG:7) waiters=0 in void com.google.android.voiceinteraction.e.run() for 1.626s
10-15 19:18:05.397: W/hbox:interactor(1602): Long monitor contention with owner BG Thread #1 (2051) at void com.google.android.voiceinteraction.j.run()(PG:7) waiters=1 in void com.google.android.voiceinteraction.e.run() for 667ms
10-15 19:18:05.407: W/hbox:interactor(1602): Long monitor contention with owner BG Thread #1 (2051) at void com.google.android.voiceinteraction.j.run()(PG:7) waiters=2 in void com.google.android.voiceinteraction.e.run() for 676ms
10-15 19:18:05.407: D/CompatibilityChangeReporter(7842): Compat change id reported: 183155436; UID 1000; state: ENABLED
10-15 19:18:05.418: D/PrefCtrlListHelper(7842): Could not find Context-only controller for pref: com.android.settings.display.AutoRotatePreferenceController
10-15 19:18:05.418: D/PrefCtrlListHelper(7842): Could not find Context-only controller for pref: com.android.settings.display.SmartAutoRotatePermissionController
10-15 19:18:05.432: V/SettingsSearchProvider(7842): com.android.settings.connecteddevice.NfcAndPaymentFragment$1@74cb076 tried to add an empty non-indexable key
10-15 19:18:05.432: D/PrefCtrlListHelper(7842): Could not find Context-only controller for pref: com.android.settings.gestures.LongPressPowerIllustrationPreferenceController
10-15 19:18:05.432: D/PrefCtrlListHelper(7842): Could not find Context-only controller for pref: com.android.settings.gestures.LongPressPowerForPowerMenuPreferenceController
10-15 19:18:05.433: D/PrefCtrlListHelper(7842): Could not find Context-only controller for pref: com.android.settings.gestures.LongPressPowerForAssistantPreferenceController
10-15 19:18:05.433: D/PrefCtrlListHelper(7842): Could not find Context-only controller for pref: com.android.settings.gestures.LongPressPowerSensitivityPreferenceController
10-15 19:18:05.433: D/PrefCtrlListHelper(7842): Could not find Context-only controller for pref: com.android.settings.gestures.LongPressPowerFooterPreferenceController
10-15 19:18:06.060: W/audit(0): audit_lost=1862 audit_rate_limit=5 audit_backlog_limit=64
10-15 19:18:06.084: E/audit(0): rate limit exceeded
10-15 19:18:05.441: D/PrefCtrlListHelper(7842): Could not find Context-only controller for pref: com.android.settings.display.SmartAutoRotateCameraStateController
10-15 19:18:05.468: D/PrefCtrlListHelper(7842): Could not find Context-only controller for pref: com.android.settings.fuelgauge.batterysaver.BatterySaverButtonPreferenceController
10-15 19:18:05.472: D/PrefCtrlListHelper(7842): Could not find Context-only controller for pref: com.android.settings.display.SmartAutoRotateBatterySaverController
10-15 19:18:05.479: D/PrefCtrlListHelper(7842): Could not find Context-only controller for pref: com.android.settings.display.SmartAutoRotateController
10-15 19:18:05.480: I/BistoHotwordHelper(1602): getHotwordActive::active query: null, watch: false, devices connected: []
10-15 19:18:05.480: E/HwDetectorWithState(1602): a: 3
10-15 19:18:05.480: I/GsaVoiceInteractionSrv(1602): #checkDspStatus
10-15 19:18:05.480: I/BistoHotwordHelper(1602): setting speaker id present: false
10-15 19:18:05.481: I/BistoHotwordHelper(1602): setting hotword model of size: 0 bytes
10-15 19:18:05.481: I/BistoHotwordHelper(1602): setting modeltype: Ok Google
10-15 19:18:05.481: I/BistoHotwordHelper(1602): setHotwordVoiceLocale: prev: en-US, new: cmn-Hant-TW
10-15 19:18:05.485: W/KeyphraseEnrollmentInfo(1602): No enrollment application supports the given keyphrase/locale: 'X Google'/cmn_TW_#Hant
10-15 19:18:05.485: I/GsaVoiceInteractionSrv(1602): Creating AOHD: Keyphrase - Ok Google, Locale - cmn-Hant-TW/yue-Hant-HK
10-15 19:18:05.488: D/PrefCtrlListHelper(7842): Could not find Context-only controller for pref: com.android.settings.fuelgauge.batterysaver.BatterySaverStickyPreferenceController
10-15 19:18:05.504: D/PrefCtrlListHelper(7842): Could not find Context-only controller for pref: com.google.android.settings.fuelgauge.reversecharging.ReverseChargingSwitchPreferenceController
10-15 19:18:05.505: W/NotificationHistory(605): Attempted to add notif for locked/gone/disabled user 0
10-15 19:18:05.514: D/PrefCtrlListHelper(7842): Could not find Context-only controller for pref: com.android.settings.fuelgauge.batterysaver.BatterySaverButtonPreferenceController
10-15 19:18:05.515: D/PrefCtrlListHelper(7842): Could not find Context-only controller for pref: com.android.settings.fuelgauge.batterysaver.BatterySaverStickyPreferenceController
10-15 19:18:05.515: D/PrefCtrlListHelper(7842): Could not find Context-only controller for pref: com.google.android.settings.fuelgauge.reversecharging.ReverseChargingTopIntroController
10-15 19:18:05.516: D/PrefCtrlListHelper(7842): Could not find Context-only controller for pref: com.google.android.settings.fuelgauge.reversecharging.ReverseChargingSeekBarController
10-15 19:18:05.516: D/PrefCtrlListHelper(7842): Could not find Context-only controller for pref: com.android.settings.notification.BubbleNotificationPreferenceController
10-15 19:18:05.531: D/PrefCtrlListHelper(7842): Could not find Context-only controller for pref: com.android.settings.accessibility.AccessibilityButtonPreferenceController
10-15 19:18:05.531: D/PrefCtrlListHelper(7842): Could not find Context-only controller for pref: com.android.settings.accessibility.AccessibilityShortcutPreferenceController
10-15 19:18:05.557: D/PrefCtrlListHelper(7842): Could not find Context-only controller for pref: com.android.settings.network.EraseEuiccDataController
10-15 19:18:05.562: I/VoiceDataDownloader(7820): Superpacks created and default voices checked.
10-15 19:18:05.563: I/VoiceDataDownloader(7820): Download of en-us started.
10-15 19:18:05.563: I/VoiceDataDownloader(7820): Registered slicing strategy for en-us
10-15 19:18:05.564: I/VoiceDataDownloader(7820): Getting pack name en-us-x-multi-r47
10-15 19:18:05.564: I/VoiceDataDownloader(7820): Adding pack en-us-x-multi-r47 to superpack.
10-15 19:18:05.564: I/VoiceDataDownloader(7820): Getting pack name en-us-x-multi-seanet-r47
10-15 19:18:05.564: I/VoiceDataDownloader(7820): Adding pack en-us-x-multi-seanet-r47 to superpack.
10-15 19:18:05.564: I/VoiceDataDownloader(7820): Getting pack name en-us-x-afh-r47
10-15 19:18:05.564: I/VoiceDataDownloader(7820): Adding pack en-us-x-afh-r47 to superpack.
10-15 19:18:05.564: I/VoiceDataDownloader(7820): Getting pack name en-us-x-fis-r47
10-15 19:18:05.565: I/VoiceDataDownloader(7820): Adding pack en-us-x-fis-r47 to superpack.
10-15 19:18:05.565: I/VoiceDataDownloader(7820): Getting pack name en-us-x-multi-wavernn-r47
10-15 19:18:05.565: I/VoiceDataDownloader(7820): Adding pack en-us-x-multi-wavernn-r47 to superpack.
10-15 19:18:05.565: I/VoiceDataDownloader(7820): Getting pack name en-us-x-multi-darwinn-wavernn-r47
10-15 19:18:05.565: I/VoiceDataDownloader(7820): Adding pack en-us-x-multi-darwinn-wavernn-r47 to superpack.
10-15 19:18:05.565: I/VoiceDataDownloader(7820): Syncing superpack en-us
10-15 19:18:05.572: D/PrefCtrlListHelper(7842): Could not find Context-only controller for pref: com.google.android.settings.fuelgauge.health.HealthStatusPreferenceController
10-15 19:18:05.572: D/PrefCtrlListHelper(7842): Could not find Context-only controller for pref: com.google.android.settings.fuelgauge.health.HealthWarningsPreferenceController
10-15 19:18:05.573: D/PrefCtrlListHelper(7842): Could not find Context-only controller for pref: com.android.settings.fuelgauge.health.HealthCapacityPreferenceController
10-15 19:18:05.573: W/PrefCtrlListHelper(7842): Cannot instantiate controller from reflection: com.android.settings.fuelgauge.health.HealthCapacityPreferenceController
10-15 19:18:05.573: D/PrefCtrlListHelper(7842): Could not find Context-only controller for pref: com.android.settings.fuelgauge.health.HealthConditionPreferenceController
10-15 19:18:05.573: W/PrefCtrlListHelper(7842): Cannot instantiate controller from reflection: com.android.settings.fuelgauge.health.HealthConditionPreferenceController
10-15 19:18:05.574: D/PrefCtrlListHelper(7842): Could not find Context-only controller for pref: com.android.settings.applications.managedomainurls.WebActionCategoryController
10-15 19:18:05.574: D/PrefCtrlListHelper(7842): Could not find Context-only controller for pref: com.android.settings.applications.managedomainurls.InstantAppWebActionPreferenceController
10-15 19:18:05.574: D/PrefCtrlListHelper(7842): Could not find Context-only controller for pref: com.android.settings.applications.managedomainurls.InstantAppAccountPreferenceController
10-15 19:18:05.583: I/SP(7820): Registering en-us.47, url: null, constraints: *:*:*:*, flags: *, requested: 47, current: 47
10-15 19:18:05.594: D/PrefCtrlListHelper(7842): Could not find Context-only controller for pref: com.android.settings.applications.managedomainurls.DomainAppPreferenceController
10-15 19:18:05.605: D/PrefCtrlListHelper(7842): Could not find Context-only controller for pref: com.android.settings.accessibility.CaptionFooterPreferenceController
10-15 19:18:05.623: D/PrefCtrlListHelper(7842): Could not find Context-only controller for pref: com.android.settings.notification.ConversationListSummaryPreferenceController
10-15 19:18:05.626: D/SlicesDatabaseHelper(7842): Created databases
10-15 19:18:05.628: D/PrefCtrlListHelper(7842): Could not find Context-only controller for pref: com.android.settings.notification.BubbleSummaryNotificationPreferenceController
10-15 19:18:05.632: D/PrefCtrlListHelper(7842): Could not find Context-only controller for pref: com.android.settings.applications.specialaccess.notificationaccess.NotificationAccessController
10-15 19:18:05.632: D/PrefCtrlListHelper(7842): Could not find Context-only controller for pref: com.android.settings.notification.RedactNotificationPreferenceController
10-15 19:18:05.641: D/PrefCtrlListHelper(7842): Could not find Context-only controller for pref: com.android.settings.notification.RedactNotificationPreferenceController
10-15 19:18:05.651: D/PrefCtrlListHelper(7842): Could not find Context-only controller for pref: com.android.settings.biometrics.face.FaceSettingsLockscreenBypassPreferenceController
10-15 19:18:05.695: D/PrefCtrlListHelper(7842): Could not find Context-only controller for pref: com.android.settings.notification.zen.ZenModePreferenceController
10-15 19:18:05.695: D/PrefCtrlListHelper(7842): Could not find Context-only controller for pref: com.android.settings.notification.SnoozeNotificationPreferenceController
10-15 19:18:05.695: D/PrefCtrlListHelper(7842): Could not find Context-only controller for pref: com.android.settings.notification.BadgingNotificationPreferenceController
10-15 19:18:05.695: D/PrefCtrlListHelper(7842): Could not find Context-only controller for pref: com.android.settings.notification.PulseNotificationPreferenceController
10-15 19:18:05.720: D/nativeloader(7880): classloader namespace configured for unbundled product apk. library_path=/product/app/YouTube/lib/x86_64:/product/app/YouTube/YouTube.apk!/lib/x86_64:/product/lib64:/system/product/lib64
10-15 19:18:05.739: W/MetricsFeatureProvider(7795): Disabled westworld logs writing!!!
10-15 19:18:05.739: D/HighlightableMenu(7842): add menu key: top_level_wellbeing
10-15 19:18:05.769: E/SoundTriggerMiddlewareLogging(605): listModules[this=com.android.server.soundtrigger_middleware.SoundTriggerMiddlewareImpl@59f227d, client=android.media.permission.Identity{uid: 10107, pid: 1602, packageName: com.google.android.googlequicksearchbox, attributionTag: null}]() threw
10-15 19:18:05.769: E/SoundTriggerMiddlewareLogging(605): java.lang.SecurityException: Failed to obtain permission android.permission.RECORD_AUDIO for identity android.media.permission.Identity{uid: 10107, pid: 1602, packageName: com.google.android.googlequicksearchbox, attributionTag: null}
10-15 19:18:05.769: E/SoundTriggerMiddlewareLogging(605): 	at com.android.server.soundtrigger_middleware.SoundTriggerMiddlewarePermission.enforcePermissionForPreflight(SoundTriggerMiddlewarePermission.java:191)
10-15 19:18:05.769: E/SoundTriggerMiddlewareLogging(605): 	at com.android.server.soundtrigger_middleware.SoundTriggerMiddlewarePermission.enforcePermissionsForPreflight(SoundTriggerMiddlewarePermission.java:119)
10-15 19:18:05.769: E/SoundTriggerMiddlewareLogging(605): 	at com.android.server.soundtrigger_middleware.SoundTriggerMiddlewarePermission.listModules(SoundTriggerMiddlewarePermission.java:82)
10-15 19:18:05.769: E/SoundTriggerMiddlewareLogging(605): 	at com.android.server.soundtrigger_middleware.SoundTriggerMiddlewareLogging.listModules(SoundTriggerMiddlewareLogging.java:77)
10-15 19:18:05.769: E/SoundTriggerMiddlewareLogging(605): 	at com.android.server.soundtrigger_middleware.SoundTriggerMiddlewareService.listModulesAsMiddleman(SoundTriggerMiddlewareService.java:94)
10-15 19:18:05.769: E/SoundTriggerMiddlewareLogging(605): 	at android.hardware.soundtrigger.SoundTrigger.listModulesAsMiddleman(SoundTrigger.java:2093)
10-15 19:18:05.769: E/SoundTriggerMiddlewareLogging(605): 	at com.android.server.soundtrigger.SoundTriggerService$1.listModuleProperties(SoundTriggerService.java:227)
10-15 19:18:05.769: E/SoundTriggerMiddlewareLogging(605): 	at com.android.server.soundtrigger.SoundTriggerHelper.<init>(SoundTriggerHelper.java:151)
10-15 19:18:05.769: E/SoundTriggerMiddlewareLogging(605): 	at com.android.server.soundtrigger.SoundTriggerService.newSoundTriggerHelper(SoundTriggerService.java:223)
10-15 19:18:05.769: E/SoundTriggerMiddlewareLogging(605): 	at com.android.server.soundtrigger.SoundTriggerService.-$$Nest$mnewSoundTriggerHelper(Unknown Source:0)
10-15 19:18:05.769: E/SoundTriggerMiddlewareLogging(605): 	at com.android.server.soundtrigger.SoundTriggerService$LocalSoundTriggerService.attach(SoundTriggerService.java:1621)
10-15 19:18:05.769: E/SoundTriggerMiddlewareLogging(605): 	at com.android.server.voiceinteraction.VoiceInteractionManagerService$VoiceInteractionManagerServiceStub.createSoundTriggerSessionAsOriginator(VoiceInteractionManagerService.java:391)
10-15 19:18:05.769: E/SoundTriggerMiddlewareLogging(605): 	at com.android.internal.app.IVoiceInteractionManagerService$Stub.onTransact(IVoiceInteractionManagerService.java:860)
10-15 19:18:05.769: E/SoundTriggerMiddlewareLogging(605): 	at com.android.server.voiceinteraction.VoiceInteractionManagerService$VoiceInteractionManagerServiceStub.onTransact(VoiceInteractionManagerService.java:472)
10-15 19:18:05.769: E/SoundTriggerMiddlewareLogging(605): 	at android.os.Binder.execTransactInternal(Binder.java:1280)
10-15 19:18:05.769: E/SoundTriggerMiddlewareLogging(605): 	at android.os.Binder.execTransact(Binder.java:1244)
10-15 19:18:05.769: W/SoundTrigger(605): Exception caught
10-15 19:18:05.769: W/SoundTrigger(605): java.lang.SecurityException: Failed to obtain permission android.permission.RECORD_AUDIO for identity android.media.permission.Identity{uid: 10107, pid: 1602, packageName: com.google.android.googlequicksearchbox, attributionTag: null}
10-15 19:18:05.769: W/SoundTrigger(605): 	at com.android.server.soundtrigger_middleware.SoundTriggerMiddlewarePermission.enforcePermissionForPreflight(SoundTriggerMiddlewarePermission.java:191)
10-15 19:18:05.769: W/SoundTrigger(605): 	at com.android.server.soundtrigger_middleware.SoundTriggerMiddlewarePermission.enforcePermissionsForPreflight(SoundTriggerMiddlewarePermission.java:119)
10-15 19:18:05.769: W/SoundTrigger(605): 	at com.android.server.soundtrigger_middleware.SoundTriggerMiddlewarePermission.listModules(SoundTriggerMiddlewarePermission.java:82)
10-15 19:18:05.769: W/SoundTrigger(605): 	at com.android.server.soundtrigger_middleware.SoundTriggerMiddlewareLogging.listModules(SoundTriggerMiddlewareLogging.java:77)
10-15 19:18:05.769: W/SoundTrigger(605): 	at com.android.server.soundtrigger_middleware.SoundTriggerMiddlewareService.listModulesAsMiddleman(SoundTriggerMiddlewareService.java:94)
10-15 19:18:05.769: W/SoundTrigger(605): 	at android.hardware.soundtrigger.SoundTrigger.listModulesAsMiddleman(SoundTrigger.java:2093)
10-15 19:18:05.769: W/SoundTrigger(605): 	at com.android.server.soundtrigger.SoundTriggerService$1.listModuleProperties(SoundTriggerService.java:227)
10-15 19:18:05.769: W/SoundTrigger(605): 	at com.android.server.soundtrigger.SoundTriggerHelper.<init>(SoundTriggerHelper.java:151)
10-15 19:18:05.769: W/SoundTrigger(605): 	at com.android.server.soundtrigger.SoundTriggerService.newSoundTriggerHelper(SoundTriggerService.java:223)
10-15 19:18:05.769: W/SoundTrigger(605): 	at com.android.server.soundtrigger.SoundTriggerService.-$$Nest$mnewSoundTriggerHelper(Unknown Source:0)
10-15 19:18:05.769: W/SoundTrigger(605): 	at com.android.server.soundtrigger.SoundTriggerService$LocalSoundTriggerService.attach(SoundTriggerService.java:1621)
10-15 19:18:05.769: W/SoundTrigger(605): 	at com.android.server.voiceinteraction.VoiceInteractionManagerService$VoiceInteractionManagerServiceStub.createSoundTriggerSessionAsOriginator(VoiceInteractionManagerService.java:391)
10-15 19:18:05.769: W/SoundTrigger(605): 	at com.android.internal.app.IVoiceInteractionManagerService$Stub.onTransact(IVoiceInteractionManagerService.java:860)
10-15 19:18:05.769: W/SoundTrigger(605): 	at com.android.server.voiceinteraction.VoiceInteractionManagerService$VoiceInteractionManagerServiceStub.onTransact(VoiceInteractionManagerService.java:472)
10-15 19:18:05.769: W/SoundTrigger(605): 	at android.os.Binder.execTransactInternal(Binder.java:1280)
10-15 19:18:05.769: W/SoundTrigger(605): 	at android.os.Binder.execTransact(Binder.java:1244)
10-15 19:18:05.769: W/SoundTriggerHelper(605): listModules status=-1, # of modules=0
10-15 19:18:05.773: D/NuPlayerDriver(463): NuPlayerDriver(0x7fbeb1fcc610) created, clientPid(879)
10-15 19:18:05.775: D/HighlightableMenu(7842): add menu key: top_level_google
10-15 19:18:05.776: D/PrefCtrlListHelper(7842): Could not find Context-only controller for pref: com.android.settings.emergency.MoreSettingsPreferenceController
10-15 19:18:05.793: W/NearbyShared(1299): BTConnStateMgr: proxy reconnect failed.
10-15 19:18:05.793: W/NearbyShared(1299): java.util.concurrent.TimeoutException: Waited 3000 milliseconds (plus 28 milliseconds, 929493 nanoseconds delay) for adb@91906c3[status=PENDING, info=[tag=[BluetoothDeviceConnectionStateManager:tryReconnectProxy]]]
10-15 19:18:05.793: W/NearbyShared(1299): 	at acx.get(:com.google.android.gms@221821047@22.18.21 (190800-453244992):34)
10-15 19:18:05.793: W/NearbyShared(1299): 	at adc.get(:com.google.android.gms@221821047@22.18.21 (190800-453244992):2)
10-15 19:18:05.793: W/NearbyShared(1299): 	at cowh.j(:com.google.android.gms@221821047@22.18.21 (190800-453244992):8)
10-15 19:18:05.793: W/NearbyShared(1299): 	at cowh.c(:com.google.android.gms@221821047@22.18.21 (190800-453244992):0)
10-15 19:18:05.793: W/NearbyShared(1299): 	at atds.run(:com.google.android.gms@221821047@22.18.21 (190800-453244992):3)
10-15 19:18:05.793: W/NearbyShared(1299): 	at aqkv.run(:com.google.android.gms@221821047@22.18.21 (190800-453244992):3)
10-15 19:18:05.793: W/NearbyShared(1299): 	at java.util.concurrent.Executors$RunnableAdapter.call(Executors.java:463)
10-15 19:18:05.793: W/NearbyShared(1299): 	at java.util.concurrent.FutureTask.run(FutureTask.java:264)
10-15 19:18:05.793: W/NearbyShared(1299): 	at wwq.c(:com.google.android.gms@221821047@22.18.21 (190800-453244992):6)
10-15 19:18:05.793: W/NearbyShared(1299): 	at wwq.run(:com.google.android.gms@221821047@22.18.21 (190800-453244992):8)
10-15 19:18:05.793: W/NearbyShared(1299): 	at java.util.concurrent.ThreadPoolExecutor.runWorker(ThreadPoolExecutor.java:1137)
10-15 19:18:05.793: W/NearbyShared(1299): 	at java.util.concurrent.ThreadPoolExecutor$Worker.run(ThreadPoolExecutor.java:637)
10-15 19:18:05.793: W/NearbyShared(1299): 	at xbv.run(:com.google.android.gms@221821047@22.18.21 (190800-453244992):0)
10-15 19:18:05.793: W/NearbyShared(1299): 	at java.lang.Thread.run(Thread.java:1012)
10-15 19:18:05.793: W/NearbyFastPair(1299): NearbyDeviceManager: Failed to get profile proxy for 2 [CONTEXT service_id=265 ]
10-15 19:18:05.793: I/NearbyShared(1299): BTConnStateMgr: tryReconnectProxy called but proxy is not connected, try reconnect and wait.
10-15 19:18:05.794: I/hwservicemanager(216): getTransport: Cannot find entry android.hardware.media.omx@1.0::IOmx/default in either framework or device VINTF manifest.
10-15 19:18:05.794: D/MediaPlayerService(463): OMX service is not available
10-15 19:18:05.794: W/AlwaysOnHotwordDetector(1602): Received message: 1 for an invalid detector
10-15 19:18:05.801: D/PrefCtrlListHelper(7842): Could not find Context-only controller for pref: com.android.settings.emergency.EmergencyGestureEntrypointPreferenceController
10-15 19:18:05.801: W/gle.android.gms(6011): Long monitor contention with owner lowpool[3] (6104) at boolean android.os.MessageQueue.enqueueMessage(android.os.Message, long)(MessageQueue.java:600) waiters=0 in android.os.Message android.os.MessageQueue.next() for 323ms
10-15 19:18:05.803: W/SliceDataConverter(7842): Get slice data from XML failed 
10-15 19:18:05.803: W/SliceDataConverter(7842): java.lang.IllegalStateException: Invalid preference controller: com.android.settings.fuelgauge.health.HealthCapacityPreferenceController
10-15 19:18:05.803: W/SliceDataConverter(7842): 	at com.android.settings.core.BasePreferenceController.createInstance(BasePreferenceController.java:146)
10-15 19:18:05.803: W/SliceDataConverter(7842): 	at com.android.settings.slices.SliceBuilderUtils.getPreferenceController(SliceBuilderUtils.java:362)
10-15 19:18:05.803: W/SliceDataConverter(7842): 	at com.android.settings.slices.SliceDataConverter.getSliceDataFromXML(SliceDataConverter.java:203)
10-15 19:18:05.803: W/SliceDataConverter(7842): 	at com.android.settings.slices.SliceDataConverter.getSliceDataFromProvider(SliceDataConverter.java:148)
10-15 19:18:05.803: W/SliceDataConverter(7842): 	at com.android.settings.slices.SliceDataConverter.getSliceData(SliceDataConverter.java:118)
10-15 19:18:05.803: W/SliceDataConverter(7842): 	at com.android.settings.slices.SlicesIndexer.getSliceData(SlicesIndexer.java:94)
10-15 19:18:05.803: W/SliceDataConverter(7842): 	at com.android.settings.slices.SlicesIndexer.indexSliceData(SlicesIndexer.java:75)
10-15 19:18:05.803: W/SliceDataConverter(7842): 	at com.android.settings.slices.SlicesFeatureProviderImpl.indexSliceData(SlicesFeatureProviderImpl.java:63)
10-15 19:18:05.803: W/SliceDataConverter(7842): 	at com.android.settings.slices.SlicesDatabaseAccessor.verifyIndexing(SlicesDatabaseAccessor.java:194)
10-15 19:18:05.803: W/SliceDataConverter(7842): 	at com.android.settings.slices.SlicesDatabaseAccessor.getSliceUris(SlicesDatabaseAccessor.java:96)
10-15 19:18:05.803: W/SliceDataConverter(7842): 	at com.android.settings.slices.SettingsSliceProvider.onGetSliceDescendants(SettingsSliceProvider.java:302)
10-15 19:18:05.803: W/SliceDataConverter(7842): 	at androidx.slice.compat.SliceProviderWrapperContainer$SliceProviderWrapper.onGetSliceDescendants(SliceProviderWrapperContainer.java:165)
10-15 19:18:05.803: W/SliceDataConverter(7842): 	at android.app.slice.SliceProvider.handleGetDescendants(SliceProvider.java:425)
10-15 19:18:05.803: W/SliceDataConverter(7842): 	at android.app.slice.SliceProvider.call(SliceProvider.java:406)
10-15 19:18:05.803: W/SliceDataConverter(7842): 	at androidx.slice.compat.SliceProviderWrapperContainer$SliceProviderWrapper.call(SliceProviderWrapperContainer.java:122)
10-15 19:18:05.803: W/SliceDataConverter(7842): 	at android.content.ContentProvider.call(ContentProvider.java:2511)
10-15 19:18:05.803: W/SliceDataConverter(7842): 	at android.content.ContentProvider$Transport.call(ContentProvider.java:525)
10-15 19:18:05.803: W/SliceDataConverter(7842): 	at android.content.ContentProviderClient.call(ContentProviderClient.java:601)
10-15 19:18:05.803: W/SliceDataConverter(7842): 	at android.content.ContentProviderClient.call(ContentProviderClient.java:589)
10-15 19:18:05.803: W/SliceDataConverter(7842): 	at android.app.slice.SliceManager.getSliceDescendants(SliceManager.java:232)
10-15 19:18:05.803: W/SliceDataConverter(7842): 	at androidx.slice.SliceViewManagerWrapper.getSliceDescendants(SliceViewManagerWrapper.java:158)
10-15 19:18:05.803: W/SliceDataConverter(7842): 	at com.android.settings.search.SettingsSearchIndexablesProvider.querySliceUriPairs(SettingsSearchIndexablesProvider.java:261)
10-15 19:18:05.803: W/SliceDataConverter(7842): 	at android.provider.SearchIndexablesProvider.query(SearchIndexablesProvider.java:131)
10-15 19:18:05.803: W/SliceDataConverter(7842): 	at android.content.ContentProvider.query(ContentProvider.java:1455)
10-15 19:18:05.803: W/SliceDataConverter(7842): 	at android.content.ContentProvider.query(ContentProvider.java:1551)
10-15 19:18:05.803: W/SliceDataConverter(7842): 	at android.content.ContentProvider$Transport.query(ContentProvider.java:285)
10-15 19:18:05.803: W/SliceDataConverter(7842): 	at android.content.ContentProviderNative.onTransact(ContentProviderNative.java:107)
10-15 19:18:05.803: W/SliceDataConverter(7842): 	at android.os.Binder.execTransactInternal(Binder.java:1280)
10-15 19:18:05.803: W/SliceDataConverter(7842): 	at android.os.Binder.execTransact(Binder.java:1244)
10-15 19:18:05.803: W/SliceDataConverter(7842): Caused by: java.lang.ClassNotFoundException: com.android.settings.fuelgauge.health.HealthCapacityPreferenceController
10-15 19:18:05.803: W/SliceDataConverter(7842): 	at java.lang.Class.classForName(Native Method)
10-15 19:18:05.803: W/SliceDataConverter(7842): 	at java.lang.Class.forName(Class.java:454)
10-15 19:18:05.803: W/SliceDataConverter(7842): 	at java.lang.Class.forName(Class.java:379)
10-15 19:18:05.803: W/SliceDataConverter(7842): 	at com.android.settings.core.BasePreferenceController.createInstance(BasePreferenceController.java:139)
10-15 19:18:05.803: W/SliceDataConverter(7842): 	... 28 more
10-15 19:18:05.803: W/SliceDataConverter(7842): Caused by: java.lang.ClassNotFoundException: com.android.settings.fuelgauge.health.HealthCapacityPreferenceController
10-15 19:18:05.803: W/SliceDataConverter(7842): 	... 32 more
10-15 19:18:05.815: D/PrefCtrlListHelper(7842): Could not find Context-only controller for pref: com.android.settings.widget.VideoPreferenceController
10-15 19:18:05.815: D/PrefCtrlListHelper(7842): Could not find Context-only controller for pref: com.android.settings.gestures.DoubleTapScreenPreferenceController
10-15 19:18:05.815: D/PrefCtrlListHelper(7842): Could not find Context-only controller for pref: com.android.settings.accessibility.DaltonizerPreferenceController
10-15 19:18:05.816: D/PrefCtrlListHelper(7842): Could not find Context-only controller for pref: com.android.settings.accessibility.ColorInversionPreferenceController
10-15 19:18:05.816: D/PrefCtrlListHelper(7842): Could not find Context-only controller for pref: com.android.settings.display.DarkUIPreferenceController
10-15 19:18:05.826: D/PrefCtrlListHelper(7842): Could not find Context-only controller for pref: com.android.settings.accessibility.DisableAnimationsPreferenceController
10-15 19:18:05.827: D/PrefCtrlListHelper(7842): Could not find Context-only controller for pref: com.android.settings.accessibility.LargePointerIconPreferenceController
10-15 19:18:05.837: D/PrefCtrlListHelper(7842): Could not find Context-only controller for pref: com.android.settings.deviceinfo.hardwareinfo.DeviceModelPreferenceController
10-15 19:18:05.837: D/PrefCtrlListHelper(7842): Could not find Context-only controller for pref: com.android.settings.deviceinfo.hardwareinfo.SerialNumberPreferenceController
10-15 19:18:05.837: D/PrefCtrlListHelper(7842): Could not find Context-only controller for pref: com.android.settings.deviceinfo.hardwareinfo.HardwareRevisionPreferenceController
10-15 19:18:05.850: W/UnsafeUtil(7842): platform method missing - proto runtime falling back to safer methods: java.lang.NoSuchMethodException: sun.misc.Unsafe.copyMemory [class java.lang.Object, long, class java.lang.Object, long, long]
10-15 19:18:05.851: I/GsaVoiceInteractionSrv(1602): onAvailabilityChanged -2
10-15 19:18:05.852: W/KeyphraseEnrollmentInfo(1602): No enrollment application supports the given keyphrase/locale: 'X Google'/cmn_TW_#Hant
10-15 19:18:05.852: W/KeyphraseEnrollmentInfo(1602): No enrollment application supports the given keyphrase/locale: 'X Google'/yue_HK_#Hant
10-15 19:18:05.853: D/PrefCtrlListHelper(7842): Could not find Context-only controller for pref: com.android.settings.gestures.GestureNavigationSettingsAssistController
10-15 19:18:05.853: D/PrefCtrlListHelper(7842): Could not find Context-only controller for pref: com.android.settings.accessibility.TextReadingFragmentForA11ySettingsController
10-15 19:18:05.854: D/PrefCtrlListHelper(7842): Could not find Context-only controller for pref: com.android.settings.accessibility.ReduceBrightColorsPreferenceController
10-15 19:18:05.854: D/PrefCtrlListHelper(7842): Could not find Context-only controller for pref: com.android.settings.accessibility.MagnificationPreferenceController
10-15 19:18:05.854: D/PrefCtrlListHelper(7842): Could not find Context-only controller for pref: com.android.settings.accessibility.VibrationPreferenceController
10-15 19:18:05.857: D/PrefCtrlListHelper(7842): Could not find Context-only controller for pref: com.android.settings.accessibility.LiveCaptionPreferenceController
10-15 19:18:05.859: D/PrefCtrlListHelper(7842): Could not find Context-only controller for pref: com.android.settings.accessibility.CaptioningPreferenceController
10-15 19:18:05.861: D/PrefCtrlListHelper(7842): Could not find Context-only controller for pref: com.android.settings.accessibility.RTTSettingPreferenceController
10-15 19:18:05.864: D/RTTSettingsCtr(7842): init controller
10-15 19:18:05.865: D/PrefCtrlListHelper(7842): Could not find Context-only controller for pref: com.android.settings.accessibility.AudioDescriptionPreferenceController
10-15 19:18:05.868: D/PrefCtrlListHelper(7842): Could not find Context-only controller for pref: com.android.settings.accessibility.AccessibilityHearingAidPreferenceController
10-15 19:18:05.884: V/GraphicsEnvironment(7880): ANGLE Developer option for 'com.google.android.youtube' set to: 'default'
10-15 19:18:05.894: V/GraphicsEnvironment(7880): ANGLE GameManagerService for com.google.android.youtube: false
10-15 19:18:05.894: V/GraphicsEnvironment(7880): Neither updatable production driver nor prerelease driver is supported.
10-15 19:18:05.901: D/CompatibilityChangeReporter(605): Compat change id reported: 161145287; UID 1000; state: DISABLED
