10-15 19:18:47.341: I/Icing(8076): Indexing done com.google.android.gms-apps
10-15 19:18:47.369: I/TestSupport(8076): AwaitCommitOperation - committing current configuration [CONTEXT service_id=133 ]
10-15 19:18:47.417: I/Fitness(8070): OnPackageChangedOperation got intent: Intent { act=android.intent.action.PACKAGE_CHANGED dat=package: flg=0x5000010 pkg=com.google.android.gms cmp=com.google.android.gms/.chimera.PersistentIntentOperationService (has extras) } [CONTEXT service_id=17 ]
10-15 19:18:47.427: W/BroadcastQueue(605): Background execution not allowed: receiving Intent { act=android.intent.action.DROPBOX_ENTRY_ADDED flg=0x10 (has extras) } to com.google.android.gms/.stats.service.DropBoxEntryAddedReceiver
10-15 19:18:47.427: W/BroadcastQueue(605): Background execution not allowed: receiving Intent { act=android.intent.action.DROPBOX_ENTRY_ADDED flg=0x10 (has extras) } to com.google.android.gms/.chimera.GmsIntentOperationService$PersistentTrustedReceiver
10-15 19:18:47.436: I/BugleRcsProvisioning(6690): RcsProvisioningEventReceiver: Received ProvisioningEvent: Send Provisioning Session ID
10-15 19:18:47.442: I/Bugle(6690): BroadcastReceiverAsyncWorkTracker: Acknowledging broadcast of com.google.android.apps.messaging.shared.receiver.RcsProvisioningEventReceiver@6c9770a
10-15 19:18:47.454: I/BugleRcsProvisioning(6690): RcsProvisioningEventReceiver: Received ProvisioningEvent: Update provisioning status
10-15 19:18:47.457: I/Bugle(6690): BroadcastReceiverAsyncWorkTracker: Acknowledging broadcast of com.google.android.apps.messaging.shared.receiver.RcsProvisioningEventReceiver@66ded98
10-15 19:18:47.467: I/BugleRcsProvisioning(6690): RcsProvisioningEventReceiver: Received ProvisioningEvent: Show FastTrack UI
10-15 19:18:47.469: I/Bugle(6690): BroadcastReceiverAsyncWorkTracker: Acknowledging broadcast of com.google.android.apps.messaging.shared.receiver.RcsProvisioningEventReceiver@20ff9d6
10-15 19:18:47.483: W/BroadcastQueue(605): Background execution not allowed: receiving Intent { act=android.intent.action.PACKAGE_ADDED dat=package: flg=0x4000010 (has extras) } to com.google.android.packageinstaller/com.android.packageinstaller.PackageInstalledReceiver
10-15 19:18:47.487: I/Vision(8076): Supported ABIS: [x86_64]
10-15 19:18:47.491: W/BroadcastQueue(605): Background execution not allowed: receiving Intent { act=android.intent.action.PACKAGE_ADDED dat=package: flg=0x4000010 (has extras) } to com.google.android.gms/.games.chimera.GamesSystemBroadcastReceiverProxy
10-15 19:18:47.491: W/BroadcastQueue(605): Background execution not allowed: receiving Intent { act=android.intent.action.PACKAGE_ADDED dat=package: flg=0x4000010 (has extras) } to com.google.android.gms/.gass.chimera.PackageChangeBroadcastReceiver
10-15 19:18:47.491: W/BroadcastQueue(605): Background execution not allowed: receiving Intent { act=android.intent.action.PACKAGE_ADDED dat=package: flg=0x4000010 (has extras) } to com.google.android.gms/.chimera.GmsIntentOperationService$PersistentTrustedReceiver
10-15 19:18:47.491: W/BroadcastQueue(605): Background execution not allowed: receiving Intent { act=android.intent.action.PACKAGE_ADDED dat=package: flg=0x4000010 (has extras) } to com.google.android.googlequicksearchbox/com.google.android.apps.gsa.googlequicksearchbox.GelStubAppWatcher
10-15 19:18:47.504: I/Icing(8076): Indexing com.google.android.gms-apps from com.google.android.gms
10-15 19:18:47.511: I/Fitness(8070): FitCleanupIntentOperation received Intent android.intent.action.PACKAGE_CHANGED [CONTEXT service_id=17 ]
10-15 19:18:47.574: D/CompatibilityChangeReporter(605): Compat change id reported: 168419799; UID 10121; state: DISABLED
10-15 19:18:47.584: I/Fitness(8070): OnPackageChangedOperation got intent: Intent { act=android.intent.action.PACKAGE_CHANGED dat=package: flg=0x5000010 pkg=com.google.android.gms cmp=com.google.android.gms/.chimera.PersistentIntentOperationService (has extras) } [CONTEXT service_id=17 ]
10-15 19:18:47.590: I/ChimeraConfigurator(8076): Starting update, reason: 4 urgentFeatures: vision.ocr:-1
10-15 19:18:47.599: D/WifiNl80211Manager(605): Scan result ready event
10-15 19:18:47.601: D/WifiNative(605): Scan result ready event
10-15 19:18:47.612: D/CompatibilityChangeReporter(605): Compat change id reported: 168419799; UID 10130; state: DISABLED
10-15 19:18:47.654: I/Fitness(8070): FitCleanupIntentOperation received Intent android.intent.action.PACKAGE_CHANGED [CONTEXT service_id=17 ]
10-15 19:18:47.749: I/GmsDebugLogger(8076): [73] 1801
10-15 19:18:47.757: I/GmsDebugLogger(8076): [30] [VisionOcr.optional:221821100800]
10-15 19:18:47.765: W/ChimeraConfigService(8076): Retry attempt was throttled. [CONTEXT service_id=264 ]
10-15 19:18:47.773: I/GmsDebugLogger(8076): [83] 1 [vision.ocr]
10-15 19:18:47.790: W/SearchServiceCore(1886): Abort, client detached.
10-15 19:18:47.790: W/SearchServiceCore(1886): Abort, client detached.
10-15 19:18:47.790: W/SearchServiceCore(1886): Abort, client detached.
10-15 19:18:47.790: W/SearchServiceCore(1886): Abort, client detached.
10-15 19:18:47.799: W/Vision(8076): Request for optional module download of ocr failed. Request again.
10-15 19:18:47.803: W/JobScheduler(605): Job didn't exist in JobStore: 1aed318 #u0a107/-377 com.google.android.googlequicksearchbox/com.google.android.apps.gsa.tasks.BackgroundTasksJobService
10-15 19:18:47.808: I/Vision(8076): Schedule retrying download ocr at 1198986 with backoff 40 seconds
10-15 19:18:47.821: I/BgTaskExecutorImpl(1886): Starting EXCLUSIVE background task CLEAR_TRAINING_DATA.
10-15 19:18:47.835: W/SearchServiceCore(1886): Abort, client detached.
10-15 19:18:47.835: W/SearchServiceCore(1886): Abort, client detached.
10-15 19:18:47.835: W/SearchServiceCore(1886): Abort, client detached.
10-15 19:18:47.835: W/SearchServiceCore(1886): Abort, client detached.
10-15 19:18:47.854: W/JobScheduler(605): Job didn't exist in JobStore: 82e3ad4 #u0a107/-27 com.google.android.googlequicksearchbox/com.google.android.apps.gsa.tasks.BackgroundTasksJobService
10-15 19:18:47.859: W/gle.android.gms(8076): Cleared Reference was only reachable from finalizer (only reported once)
10-15 19:18:47.866: E/SyncManager(605): SYNC_OP_STATE_INVALID: account doesn't exist.
10-15 19:18:47.872: I/gle.android.gms(8076): Background young concurrent copying GC freed 131570(7336KB) AllocSpace objects, 47(1900KB) LOS objects, 41% free, 10MB/18MB, paused 2.178ms,58us total 320.174ms
10-15 19:18:47.889: I/BgTaskExecutorImpl(1886): Starting EXCLUSIVE background task PROCESS_ACCOUNT_CHANGE.
10-15 19:18:47.893: I/Search.LoginHelperImpl(1886): #refresh()
10-15 19:18:47.893: I/Search.LoginHelperImpl(1886): Getting accounts.
10-15 19:18:47.983: I/Icing(8076): Indexing done com.google.android.gms-apps
10-15 19:18:47.992: I/Icing(8076): Indexing com.google.android.gms-apps from com.google.android.gms
10-15 19:18:47.998: I/Icing(8076): Indexing done com.google.android.gms-apps
10-15 19:18:48.045: D/EGL_emulation(7358): app_time_stats: avg=906.66ms min=814.66ms max=998.67ms count=2
10-15 19:18:48.225: D/BoundBrokerSvc(8070): onUnbind: Intent { act=com.google.android.gms.herrevad.services.LightweightNetworkQualityAndroidService.START pkg=com.google.android.gms }
10-15 19:18:48.240: V/Backup(8076): [AccountChangedIO] Received intent, action = android.accounts.LOGIN_ACCOUNTS_CHANGED
10-15 19:18:48.246: I/PmtsSwAccountIntentOp(8076): Processing intent action=android.accounts.LOGIN_ACCOUNTS_CHANGED
10-15 19:18:48.246: I/PmtsSwAccountIntentOp(8076): Account added has already been processed
10-15 19:18:48.266: E/Backup(8076): [LegacyBackupAccountManager] Fail to get legacy transport context.
10-15 19:18:48.266: E/Backup(8076): android.content.pm.PackageManager$NameNotFoundException: Application package com.google.android.backup not found
10-15 19:18:48.266: E/Backup(8076): 	at android.app.ContextImpl.createPackageContextAsUser(ContextImpl.java:2587)
10-15 19:18:48.266: E/Backup(8076): 	at android.app.ContextImpl.createPackageContext(ContextImpl.java:2552)
10-15 19:18:48.266: E/Backup(8076): 	at android.content.ContextWrapper.createPackageContext(ContextWrapper.java:1048)
10-15 19:18:48.266: E/Backup(8076): 	at qxk.<init>(:com.google.android.gms@221821047@22.18.21 (190800-453244992):2)
10-15 19:18:48.266: E/Backup(8076): 	at qxg.a(:com.google.android.gms@221821047@22.18.21 (190800-453244992):16)
10-15 19:18:48.266: E/Backup(8076): 	at qum.a(:com.google.android.gms@221821047@22.18.21 (190800-453244992):0)
10-15 19:18:48.266: E/Backup(8076): 	at quo.d(:com.google.android.gms@221821047@22.18.21 (190800-453244992):4)
10-15 19:18:48.266: E/Backup(8076): 	at quo.a(:com.google.android.gms@221821047@22.18.21 (190800-453244992):0)
10-15 19:18:48.266: E/Backup(8076): 	at com.google.android.gms.backup.transport.AccountChangedIntentOperation.a(:com.google.android.gms@221821047@22.18.21 (190800-453244992):11)
10-15 19:18:48.266: E/Backup(8076): 	at qyl.onHandleIntent(:com.google.android.gms@221821047@22.18.21 (190800-453244992):2)
10-15 19:18:48.266: E/Backup(8076): 	at com.google.android.chimera.IntentOperation.onHandleIntent(:com.google.android.gms@221821047@22.18.21 (190800-453244992):2)
10-15 19:18:48.266: E/Backup(8076): 	at uim.onHandleIntent(:com.google.android.gms@221821047@22.18.21 (190800-453244992):4)
10-15 19:18:48.266: E/Backup(8076): 	at ewd.run(:com.google.android.gms@221821047@22.18.21 (190800-453244992):3)
10-15 19:18:48.266: E/Backup(8076): 	at ewc.run(:com.google.android.gms@221821047@22.18.21 (190800-453244992):11)
10-15 19:18:48.266: E/Backup(8076): 	at cdgo.run(:com.google.android.gms@221821047@22.18.21 (190800-453244992):2)
10-15 19:18:48.266: E/Backup(8076): 	at java.util.concurrent.ThreadPoolExecutor.runWorker(ThreadPoolExecutor.java:1137)
10-15 19:18:48.266: E/Backup(8076): 	at java.util.concurrent.ThreadPoolExecutor$Worker.run(ThreadPoolExecutor.java:637)
10-15 19:18:48.266: E/Backup(8076): 	at java.lang.Thread.run(Thread.java:1012)
10-15 19:18:48.297: W/JobScheduler(605): Job didn't exist in JobStore: 6128155 #u0a107/-121 com.google.android.googlequicksearchbox/com.google.android.apps.gsa.tasks.BackgroundTasksJobService
10-15 19:18:48.327: I/GnpSdk(1886): [ChimeBroadcastReceiver] Intent received for action [android.accounts.LOGIN_ACCOUNTS_CHANGED] package [com.google.android.googlequicksearchbox].
10-15 19:18:48.327: I/GnpSdk(1886): [ChimeBroadcastReceiver] Phenotype initialized.
10-15 19:18:48.328: I/GnpSdk(1886): [ChimeBroadcastReceiver] Validation OK for action [android.accounts.LOGIN_ACCOUNTS_CHANGED].
10-15 19:18:48.328: I/GnpSdk(1886): [ChimeExecutorApiImpl-Tiktok] Submitting Broadcast execution [54324298] to tiktok executor.
10-15 19:18:48.328: I/GnpSdk(1886): [ChimeBroadcastReceiver] Executing action in BroadcastReceiver [android.accounts.LOGIN_ACCOUNTS_CHANGED].
10-15 19:18:48.347: I/baog(8070): Scheduling Phenotype for a PhenotypeSyncImmediately(5, null) one off with window [1, 2] in seconds [CONTEXT service_id=51 ]
10-15 19:18:48.351: E/Backup(8076): [LegacyBackupAccountManager] Fail to get legacy transport context.
10-15 19:18:48.351: E/Backup(8076): android.content.pm.PackageManager$NameNotFoundException: Application package com.google.android.backup not found
10-15 19:18:48.351: E/Backup(8076): 	at android.app.ContextImpl.createPackageContextAsUser(ContextImpl.java:2587)
10-15 19:18:48.351: E/Backup(8076): 	at android.app.ContextImpl.createPackageContext(ContextImpl.java:2552)
10-15 19:18:48.351: E/Backup(8076): 	at android.content.ContextWrapper.createPackageContext(ContextWrapper.java:1048)
10-15 19:18:48.351: E/Backup(8076): 	at qxk.<init>(:com.google.android.gms@221821047@22.18.21 (190800-453244992):2)
10-15 19:18:48.351: E/Backup(8076): 	at qxg.a(:com.google.android.gms@221821047@22.18.21 (190800-453244992):16)
10-15 19:18:48.351: E/Backup(8076): 	at qum.a(:com.google.android.gms@221821047@22.18.21 (190800-453244992):0)
10-15 19:18:48.351: E/Backup(8076): 	at quo.d(:com.google.android.gms@221821047@22.18.21 (190800-453244992):4)
10-15 19:18:48.351: E/Backup(8076): 	at quo.a(:com.google.android.gms@221821047@22.18.21 (190800-453244992):0)
10-15 19:18:48.351: E/Backup(8076): 	at sie.c(:com.google.android.gms@221821047@22.18.21 (190800-453244992):1)
10-15 19:18:48.351: E/Backup(8076): 	at qya.g(:com.google.android.gms@221821047@22.18.21 (190800-453244992):2)
10-15 19:18:48.351: E/Backup(8076): 	at com.google.android.gms.backup.transport.AccountChangedIntentOperation.a(:com.google.android.gms@221821047@22.18.21 (190800-453244992):14)
10-15 19:18:48.351: E/Backup(8076): 	at qyl.onHandleIntent(:com.google.android.gms@221821047@22.18.21 (190800-453244992):2)
10-15 19:18:48.351: E/Backup(8076): 	at com.google.android.chimera.IntentOperation.onHandleIntent(:com.google.android.gms@221821047@22.18.21 (190800-453244992):2)
10-15 19:18:48.351: E/Backup(8076): 	at uim.onHandleIntent(:com.google.android.gms@221821047@22.18.21 (190800-453244992):4)
10-15 19:18:48.351: E/Backup(8076): 	at ewd.run(:com.google.android.gms@221821047@22.18.21 (190800-453244992):3)
10-15 19:18:48.351: E/Backup(8076): 	at ewc.run(:com.google.android.gms@221821047@22.18.21 (190800-453244992):11)
10-15 19:18:48.351: E/Backup(8076): 	at cdgo.run(:com.google.android.gms@221821047@22.18.21 (190800-453244992):2)
10-15 19:18:48.351: E/Backup(8076): 	at java.util.concurrent.ThreadPoolExecutor.runWorker(ThreadPoolExecutor.java:1137)
10-15 19:18:48.351: E/Backup(8076): 	at java.util.concurrent.ThreadPoolExecutor$Worker.run(ThreadPoolExecutor.java:637)
10-15 19:18:48.351: E/Backup(8076): 	at java.lang.Thread.run(Thread.java:1012)
10-15 19:18:48.366: V/Backup(8076): [AccountChangedIO] currentDestinationString: Account {name=7KDDC2NOC5PSJIMXYMRPD6Z44Y-00@cloudtestlabaccounts.com, type=com.google}
10-15 19:18:48.385: I/GnpSdk(1886): [ChimeExecutorApiImpl-Tiktok] Finished Broadcast execution [54324298].
10-15 19:18:48.441: W/tfr(7314): Toggling Chat components off.
10-15 19:18:48.459: I/TestSupport(8076): Committed FlagOverride(com.google.android.gms.auth_account, , Flag(auth_sig_override_target_uid, 10175, 1, 0), true) [CONTEXT service_id=133 ]
10-15 19:18:48.459: I/Icing(8076): Indexing com.google.android.gms-apps from com.google.android.gms
10-15 19:18:48.471: W/BroadcastQueue(605): Background execution not allowed: receiving Intent { act=android.intent.action.DROPBOX_ENTRY_ADDED flg=0x10 (has extras) } to com.google.android.gms/.stats.service.DropBoxEntryAddedReceiver
10-15 19:18:48.478: W/BroadcastQueue(605): Background execution not allowed: receiving Intent { act=android.intent.action.DROPBOX_ENTRY_ADDED flg=0x10 (has extras) } to com.google.android.gms/.chimera.GmsIntentOperationService$PersistentTrustedReceiver
10-15 19:18:48.495: E/GnpSdk(1886): [ScheduledTaskServiceHandler] Job finished with TRANSIENT_FAILURE. Job ID: '2000001001', key: 'RPC_STORE_TARGET'
10-15 19:18:48.495: E/GnpSdk(1886): com.google.android.libraries.notifications.g.d.c.b: Registration ID not found.
10-15 19:18:48.495: E/GnpSdk(1886): 	at com.google.android.libraries.notifications.g.d.c.a.b.c(PG:4)
10-15 19:18:48.495: E/GnpSdk(1886): 	at com.google.android.libraries.notifications.f.g.a.ac.a(PG:8)
10-15 19:18:48.495: E/GnpSdk(1886): 	at com.google.android.libraries.notifications.f.g.a.d.h(PG:8)
10-15 19:18:48.495: E/GnpSdk(1886): 	at com.google.android.libraries.notifications.f.h.a.t.a(PG:6)
10-15 19:18:48.495: E/GnpSdk(1886): 	at com.google.android.libraries.notifications.f.h.a.q.e(PG:8)
10-15 19:18:48.495: E/GnpSdk(1886): 	at com.google.android.libraries.notifications.entrypoints.scheduled.a.run(PG:1)
10-15 19:18:48.495: E/GnpSdk(1886): 	at com.google.apps.tiktok.tracing.ei.run(PG:2)
10-15 19:18:48.495: E/GnpSdk(1886): 	at com.google.android.libraries.i.ae.run(PG:1)
10-15 19:18:48.495: E/GnpSdk(1886): 	at java.util.concurrent.ThreadPoolExecutor.runWorker(ThreadPoolExecutor.java:1137)
10-15 19:18:48.495: E/GnpSdk(1886): 	at java.util.concurrent.ThreadPoolExecutor$Worker.run(ThreadPoolExecutor.java:637)
10-15 19:18:48.495: E/GnpSdk(1886): 	at com.google.android.libraries.i.i.run(PG:2)
10-15 19:18:48.495: E/GnpSdk(1886): 	at com.google.android.libraries.i.p.run(PG:4)
10-15 19:18:48.495: E/GnpSdk(1886): 	at java.lang.Thread.run(Thread.java:1012)
10-15 19:18:48.495: E/GnpSdk(1886): Caused by: java.io.IOException: TOO_MANY_REGISTRATIONS
10-15 19:18:48.495: E/GnpSdk(1886): 	at com.google.firebase.iid.i.a(PG:15)
10-15 19:18:48.495: E/GnpSdk(1886): 	at com.google.android.gms.tasks.f.run(PG:2)
10-15 19:18:48.495: E/GnpSdk(1886): 	at com.google.firebase.iid.a.execute(Unknown Source:0)
10-15 19:18:48.495: E/GnpSdk(1886): 	at com.google.android.gms.tasks.g.a(PG:1)
10-15 19:18:48.495: E/GnpSdk(1886): 	at com.google.android.gms.tasks.ad.b(PG:5)
10-15 19:18:48.495: E/GnpSdk(1886): 	at com.google.android.gms.tasks.aj.t(PG:3)
10-15 19:18:48.495: E/GnpSdk(1886): 	at com.google.android.gms.tasks.f.run(PG:7)
10-15 19:18:48.495: E/GnpSdk(1886): 	at com.google.android.gms.cloudmessaging.u.execute(Unknown Source:0)
10-15 19:18:48.495: E/GnpSdk(1886): 	at com.google.android.gms.tasks.g.a(PG:1)
10-15 19:18:48.495: E/GnpSdk(1886): 	at com.google.android.gms.tasks.ad.b(PG:5)
10-15 19:18:48.495: E/GnpSdk(1886): 	at com.google.android.gms.tasks.aj.t(PG:3)
10-15 19:18:48.495: E/GnpSdk(1886): 	at com.google.android.gms.cloudmessaging.m.b(PG:4)
10-15 19:18:48.495: E/GnpSdk(1886): 	at com.google.android.gms.cloudmessaging.e.handleMessage(PG:14)
10-15 19:18:48.495: E/GnpSdk(1886): 	at android.os.Handler.dispatchMessage(Handler.java:102)
10-15 19:18:48.495: E/GnpSdk(1886): 	at android.os.Looper.loopOnce(Looper.java:201)
10-15 19:18:48.495: E/GnpSdk(1886): 	at android.os.Looper.loop(Looper.java:288)
10-15 19:18:48.495: E/GnpSdk(1886): 	at android.app.ActivityThread.main(ActivityThread.java:7866)
10-15 19:18:48.495: E/GnpSdk(1886): 	at java.lang.reflect.Method.invoke(Native Method)
10-15 19:18:48.495: E/GnpSdk(1886): 	at com.android.internal.os.RuntimeInit$MethodAndArgsCaller.run(RuntimeInit.java:548)
10-15 19:18:48.495: E/GnpSdk(1886): 	at com.android.internal.os.ZygoteInit.main(ZygoteInit.java:936)
10-15 19:18:48.514: I/Icing(8076): Indexing done com.google.android.gms-apps
10-15 19:18:48.549: W/BroadcastQueue(605): Background execution not allowed: receiving Intent { act=com.google.android.location.internal.server.ACTION_RESTARTED flg=0x10 (has extras) } to com.google.android.gms/.chimera.GmsIntentOperationService$PersistentInternalReceiver
10-15 19:18:48.556: I/TestSupport(8076): SetFlagOverridesOperation: com.google.android.gms.auth_account, '', [Flag(auth_sig_override_sha1, '9d6e5aea13f4e466838dee1242affaea15b88aea', 4, 0)] [CONTEXT service_id=133 ]
10-15 19:18:48.574: I/GCM(8076): Message from 745476177629
10-15 19:18:48.583: I/NetworkScheduler.Stats(8070): Task com.google.android.gms/com.google.android.gms.gcm.gmsproc.GcmInGmsTaskService finished executing. cause:5 result: 1 elapsed_millis: 2155 uptime_millis: 2155 exec_start_elapsed_seconds: 1197 [CONTEXT service_id=218 ]
10-15 19:18:48.614: I/GcmReceiverService(8076): received gcm message from server. action: com.google.android.c2dm.intent.RECEIVE [CONTEXT service_id=104 ]
10-15 19:18:48.615: I/GcmReceiverService(8076): received tickle 3 from the server [CONTEXT service_id=104 ]
10-15 19:18:48.625: I/Authzen(8076): [SyncManager] Sync requested for event 100, account <ELLIDED:97487448>, and components 2, with reason 10
10-15 19:18:48.667: I/TestSupport(8076): AwaitCommitOperation - committing current configuration [CONTEXT service_id=133 ]
10-15 19:18:48.672: I/Icing(8076): Indexing com.google.android.gms-apps from com.google.android.gms
10-15 19:18:48.675: I/Icing(8076): Indexing done com.google.android.gms-apps
10-15 19:18:48.678: I/Icing(8076): Indexing com.google.android.gms-apps from com.google.android.gms
10-15 19:18:48.681: I/Icing(8076): Indexing done com.google.android.gms-apps
10-15 19:18:48.687: D/BoundBrokerSvc(8076): onBind: Intent { act=com.google.android.mobstore.service.START dat=chimera-action: cmp=com.google.android.gms/.chimera.GmsBoundBrokerService }
10-15 19:18:48.687: D/BoundBrokerSvc(8076): Loading bound service for intent: Intent { act=com.google.android.mobstore.service.START dat=chimera-action: cmp=com.google.android.gms/.chimera.GmsBoundBrokerService }
10-15 19:18:48.695: D/BoundBrokerSvc(8076): onBind: Intent { act=com.google.android.mdd.service.START dat=chimera-action: cmp=com.google.android.gms/.chimera.GmsBoundBrokerService }
10-15 19:18:48.695: D/BoundBrokerSvc(8076): Loading bound service for intent: Intent { act=com.google.android.mdd.service.START dat=chimera-action: cmp=com.google.android.gms/.chimera.GmsBoundBrokerService }
10-15 19:18:48.754: I/TestSupport(8076): Committed FlagOverride(com.google.android.gms.auth_account, , Flag(auth_sig_override_sha1, '9d6e5aea13f4e466838dee1242affaea15b88aea', 4, 0), true) [CONTEXT service_id=133 ]
10-15 19:18:48.773: I/ContentCaptureHelper(1886): Setting logging level to DEBUG
10-15 19:18:48.789: D/EGL_emulation(879): app_time_stats: avg=1463.86ms min=212.45ms max=2715.28ms count=2
10-15 19:18:48.853: I/TestSupport(8076): AwaitCommitOperation - committing current configuration [CONTEXT service_id=133 ]
10-15 19:18:48.943: D/BoundBrokerSvc(8076): onUnbind: Intent { act=com.google.android.gms.measurement.START pkg=com.google.android.gms }
10-15 19:18:48.948: I/A(1886): Geller-AiAi egress is not enabled
10-15 19:18:48.948: I/A(1886): Geller-AiAi egress is not enabled
10-15 19:18:48.948: I/A(1886): Geller-AiAi egress is not enabled
10-15 19:18:48.948: I/A(1886): Geller-AiAi egress is not enabled
10-15 19:18:48.948: I/A(1886): Geller-AiAi egress is not enabled
10-15 19:18:48.949: E/m(1886): Got more than one input Future failure. Logging failures after the first
10-15 19:18:48.949: E/m(1886): com.google.android.libraries.geller.d.f: Geller AiAi data share is not enabled
10-15 19:18:48.949: E/m(1886): 	at com.google.android.apps.search.assistant.libraries.c.a.f.c(PG:2)
10-15 19:18:48.949: E/m(1886): 	at com.google.android.apps.search.assistant.libraries.c.a.f.b(PG:1)
10-15 19:18:48.949: E/m(1886): 	at com.google.android.apps.search.assistant.libraries.c.a.a.c.apply(PG:3)
10-15 19:18:48.949: E/m(1886): 	at com.google.apps.tiktok.tracing.eo.apply(PG:2)
10-15 19:18:48.949: E/m(1886): 	at com.google.common.util.concurrent.h.e(PG:2)
10-15 19:18:48.949: E/m(1886): 	at com.google.common.util.concurrent.j.run(PG:9)
10-15 19:18:48.949: E/m(1886): 	at com.google.android.libraries.i.ae.run(PG:1)
10-15 19:18:48.949: E/m(1886): 	at java.util.concurrent.ThreadPoolExecutor.runWorker(ThreadPoolExecutor.java:1137)
10-15 19:18:48.949: E/m(1886): 	at java.util.concurrent.ThreadPoolExecutor$Worker.run(ThreadPoolExecutor.java:637)
10-15 19:18:48.949: E/m(1886): 	at com.google.android.libraries.i.k.run(PG:2)
10-15 19:18:48.949: E/m(1886): 	at com.google.android.libraries.i.p.run(PG:4)
10-15 19:18:48.949: E/m(1886): 	at java.lang.Thread.run(Thread.java:1012)
10-15 19:18:48.949: E/m(1886): Got more than one input Future failure. Logging failures after the first
10-15 19:18:48.949: E/m(1886): com.google.android.libraries.geller.d.f: Geller AiAi data share is not enabled
10-15 19:18:48.949: E/m(1886): 	at com.google.android.apps.search.assistant.libraries.c.a.f.c(PG:2)
10-15 19:18:48.949: E/m(1886): 	at com.google.android.apps.search.assistant.libraries.c.a.f.b(PG:1)
10-15 19:18:48.949: E/m(1886): 	at com.google.android.apps.search.assistant.libraries.c.a.a.c.apply(PG:3)
10-15 19:18:48.949: E/m(1886): 	at com.google.apps.tiktok.tracing.eo.apply(PG:2)
10-15 19:18:48.949: E/m(1886): 	at com.google.common.util.concurrent.h.e(PG:2)
10-15 19:18:48.949: E/m(1886): 	at com.google.common.util.concurrent.j.run(PG:9)
10-15 19:18:48.949: E/m(1886): 	at com.google.android.libraries.i.ae.run(PG:1)
10-15 19:18:48.949: E/m(1886): 	at java.util.concurrent.ThreadPoolExecutor.runWorker(ThreadPoolExecutor.java:1137)
10-15 19:18:48.949: E/m(1886): 	at java.util.concurrent.ThreadPoolExecutor$Worker.run(ThreadPoolExecutor.java:637)
10-15 19:18:48.949: E/m(1886): 	at com.google.android.libraries.i.k.run(PG:2)
10-15 19:18:48.949: E/m(1886): 	at com.google.android.libraries.i.p.run(PG:4)
10-15 19:18:48.949: E/m(1886): 	at java.lang.Thread.run(Thread.java:1012)
10-15 19:18:48.949: E/m(1886): Got more than one input Future failure. Logging failures after the first
10-15 19:18:48.949: E/m(1886): com.google.android.libraries.geller.d.f: Geller AiAi data share is not enabled
10-15 19:18:48.949: E/m(1886): 	at com.google.android.apps.search.assistant.libraries.c.a.f.c(PG:2)
10-15 19:18:48.949: E/m(1886): 	at com.google.android.apps.search.assistant.libraries.c.a.f.b(PG:1)
10-15 19:18:48.949: E/m(1886): 	at com.google.android.apps.search.assistant.libraries.c.a.a.c.apply(PG:3)
10-15 19:18:48.949: E/m(1886): 	at com.google.apps.tiktok.tracing.eo.apply(PG:2)
10-15 19:18:48.949: E/m(1886): 	at com.google.common.util.concurrent.h.e(PG:2)
10-15 19:18:48.949: E/m(1886): 	at com.google.common.util.concurrent.j.run(PG:9)
10-15 19:18:48.949: E/m(1886): 	at com.google.android.libraries.i.ae.run(PG:1)
10-15 19:18:48.949: E/m(1886): 	at java.util.concurrent.ThreadPoolExecutor.runWorker(ThreadPoolExecutor.java:1137)
10-15 19:18:48.949: E/m(1886): 	at java.util.concurrent.ThreadPoolExecutor$Worker.run(ThreadPoolExecutor.java:637)
10-15 19:18:48.949: E/m(1886): 	at com.google.android.libraries.i.k.run(PG:2)
10-15 19:18:48.949: E/m(1886): 	at com.google.android.libraries.i.p.run(PG:4)
10-15 19:18:48.949: E/m(1886): 	at java.lang.Thread.run(Thread.java:1012)
10-15 19:18:48.949: E/m(1886): Got more than one input Future failure. Logging failures after the first
10-15 19:18:48.949: E/m(1886): com.google.android.libraries.geller.d.f: Geller AiAi data share is not enabled
10-15 19:18:48.949: E/m(1886): 	at com.google.android.apps.search.assistant.libraries.c.a.f.c(PG:2)
10-15 19:18:48.949: E/m(1886): 	at com.google.android.apps.search.assistant.libraries.c.a.f.b(PG:1)
10-15 19:18:48.949: E/m(1886): 	at com.google.android.apps.search.assistant.libraries.c.a.a.c.apply(PG:3)
10-15 19:18:48.949: E/m(1886): 	at com.google.apps.tiktok.tracing.eo.apply(PG:2)
10-15 19:18:48.949: E/m(1886): 	at com.google.common.util.concurrent.h.e(PG:2)
10-15 19:18:48.949: E/m(1886): 	at com.google.common.util.concurrent.j.run(PG:9)
10-15 19:18:48.949: E/m(1886): 	at com.google.android.libraries.i.ae.run(PG:1)
10-15 19:18:48.949: E/m(1886): 	at java.util.concurrent.ThreadPoolExecutor.runWorker(ThreadPoolExecutor.java:1137)
10-15 19:18:48.949: E/m(1886): 	at java.util.concurrent.ThreadPoolExecutor$Worker.run(ThreadPoolExecutor.java:637)
10-15 19:18:48.949: E/m(1886): 	at com.google.android.libraries.i.k.run(PG:2)
10-15 19:18:48.949: E/m(1886): 	at com.google.android.libraries.i.p.run(PG:4)
10-15 19:18:48.949: E/m(1886): 	at java.lang.Thread.run(Thread.java:1012)
10-15 19:18:48.956: E/A(1886): Failed to share Geller data for the new default Assistant account to AiAi.
10-15 19:18:48.956: E/A(1886): com.google.android.libraries.geller.d.f: Geller AiAi data share is not enabled
10-15 19:18:48.956: E/A(1886): 	at com.google.android.apps.search.assistant.libraries.c.a.f.c(PG:2)
10-15 19:18:48.956: E/A(1886): 	at com.google.android.apps.search.assistant.libraries.c.a.f.b(PG:1)
10-15 19:18:48.956: E/A(1886): 	at com.google.android.apps.search.assistant.libraries.c.a.a.c.apply(PG:3)
10-15 19:18:48.956: E/A(1886): 	at com.google.apps.tiktok.tracing.eo.apply(PG:2)
10-15 19:18:48.956: E/A(1886): 	at com.google.common.util.concurrent.h.e(PG:2)
10-15 19:18:48.956: E/A(1886): 	at com.google.common.util.concurrent.j.run(PG:9)
10-15 19:18:48.956: E/A(1886): 	at com.google.android.libraries.i.ae.run(PG:1)
10-15 19:18:48.956: E/A(1886): 	at java.util.concurrent.ThreadPoolExecutor.runWorker(ThreadPoolExecutor.java:1137)
10-15 19:18:48.956: E/A(1886): 	at java.util.concurrent.ThreadPoolExecutor$Worker.run(ThreadPoolExecutor.java:637)
10-15 19:18:48.956: E/A(1886): 	at com.google.android.libraries.i.k.run(PG:2)
10-15 19:18:48.956: E/A(1886): 	at com.google.android.libraries.i.p.run(PG:4)
10-15 19:18:48.956: E/A(1886): 	at java.lang.Thread.run(Thread.java:1012)
10-15 19:18:48.962: I/NetworkScheduler.Stats(8070): Task com.google.android.gms/com.google.android.gms.languageprofile.GcmTaskService started execution. cause:5 exec_start_elapsed_seconds: 1199 [CONTEXT service_id=218 ]
10-15 19:18:49.031: I/A(1602): On input(m@18fe30a); context([subscription=@bc4e4f1, lifecycles=[]]).
10-15 19:18:49.031: I/A(1602): Destroying apa pinning lifecycles([]).
10-15 19:18:49.053: D/EGL_emulation(7358): app_time_stats: avg=1007.60ms min=1007.60ms max=1007.60ms count=1
10-15 19:18:49.061: I/A(1602): Creating apa pinning lifecycles([]).
10-15 19:18:49.072: I/A(1602): After input(m@18fe30a): context([subscription=@bc4e4f1, lifecycles=[]]).
10-15 19:18:49.073: I/A(1602): Unsubscribed to apa or classic variant change.
10-15 19:18:49.160: I/A(1886): The GellerConfig is not present, defaulting isUploadEnabled for corpus APP_SHORTCUTS to true.
10-15 19:18:49.161: I/A(1886): The GellerConfig is not present, defaulting isUploadEnabled for corpus GELLER_CONFIG to true.
10-15 19:18:49.161: I/A(1886): The GellerConfig is not present, defaulting isUploadEnabled for corpus PRIVACY_SETTINGS to true.
10-15 19:18:49.166: I/A(1886): There are 0 elements to be updated on the server for corpus APP_SHORTCUTS.
10-15 19:18:49.166: I/A(1886): There are 0 elements to delete from the server for corpus APP_SHORTCUTS.
10-15 19:18:49.166: I/A(1886): There are 0 elements to be updated on the server for corpus GELLER_CONFIG.
10-15 19:18:49.166: I/A(1886): There are 0 elements to delete from the server for corpus GELLER_CONFIG.
10-15 19:18:49.166: I/A(1886): There are 0 elements to be updated on the server for corpus PRIVACY_SETTINGS.
10-15 19:18:49.166: I/A(1886): There are 0 elements to delete from the server for corpus PRIVACY_SETTINGS.
10-15 19:18:49.193: I/TestSupport(8076): Committed FlagOverride(com.google.android.gms.auth_account, , Flag(auth_sig_override_enabled, true, 2, 0), true) [CONTEXT service_id=133 ]
10-15 19:18:49.193: I/TestSupport(8076): Committed FlagOverride(com.google.android.gms.auth_account, , Flag(auth_sig_override_sha1, '9d6e5aea13f4e466838dee1242affaea15b88aea', 4, 0), true) [CONTEXT service_id=133 ]
10-15 19:18:49.194: I/TestSupport(8076): Committed FlagOverride(com.google.android.gms.auth_account, , Flag(auth_sig_override_target_uid, 10175, 1, 0), true) [CONTEXT service_id=133 ]
10-15 19:18:49.199: I/A(1886): No previous syncToken for corpus APP_SHORTCUTS found.
10-15 19:18:49.199: I/A(1886): No previous syncToken for corpus GELLER_CONFIG found.
10-15 19:18:49.199: I/A(1886): No previous syncToken for corpus PRIVACY_SETTINGS found.
10-15 19:18:49.219: D/TrafficStats(1886): tagSocket(88) with statsTag=0x0, statsUid=-1
10-15 19:18:49.270: I/TSDRIVER(8891): Handled command: PACKAGE
10-15 19:18:49.285: I/ActivityManager(605): Killing 7722:com.google.android.cellbroadcastreceiver/u0a146 (adj 975): empty #17
10-15 19:18:49.290: I/libprocessgroup(605): Successfully killed process cgroup uid 10146 pid 7722 in 0ms
10-15 19:18:49.290: D/TrafficStats(8704): tagSocket(117) with statsTag=0xffffffff, statsUid=-1
10-15 19:18:49.308: I/Zygote(355): Process 7722 exited due to signal 9 (Killed)
10-15 19:18:49.319: W/SQLiteOpenHelper(1602): Opened portable_geller_7KDDC2NOC5PSJIMXYMRPD6Z44Y-00@cloudtestlabaccounts.com.db in read-only mode
10-15 19:18:49.320: I/A(1602): Setting isLegacySQLite mode to false.
10-15 19:18:49.358: I/A(1886): Writing with GellerWriteParams:
10-15 19:18:49.358: I/A(1886):  # com.google.protos.f.m.a.bd@26aec6cc
10-15 19:18:49.358: I/A(1886): Writing data of size=128 bytes with N=1 keys to Geller corpus APP_SHORTCUTS at ts=1665886731543048
10-15 19:18:49.371: I/A(1886): Writing metadata key: _sync_timestamp_micros, corpus: APP_SHORTCUTS
10-15 19:18:49.375: I/A(1886): Writing metadata key: _sync_token, corpus: APP_SHORTCUTS
10-15 19:18:49.379: I/A(1886): asr: 2
10-15 19:18:49.385: I/A(1886): Writing with GellerWriteParams:
10-15 19:18:49.385: I/A(1886):  # com.google.protos.f.m.a.bd@1f452be2
10-15 19:18:49.385: I/A(1886): Writing data of size=2082 bytes with N=1 keys to Geller corpus GELLER_CONFIG at ts=1665886731543048
10-15 19:18:49.393: I/A(1886): Writing metadata key: _sync_timestamp_micros, corpus: GELLER_CONFIG
10-15 19:18:49.396: I/A(1886): Writing metadata key: _sync_token, corpus: GELLER_CONFIG
10-15 19:18:49.399: I/A(1886): Writing with GellerWriteParams:
10-15 19:18:49.399: I/A(1886):  # com.google.protos.f.m.a.bd@311277af
10-15 19:18:49.400: I/A(1886): Writing data of size=121 bytes with N=1 keys to Geller corpus PRIVACY_SETTINGS at ts=1665886731543048
10-15 19:18:49.403: I/NetworkScheduler.Stats(8070): Task com.google.android.gms/com.google.android.gms.languageprofile.GcmTaskService finished executing. cause:5 result: 1 elapsed_millis: 625 uptime_millis: 625 exec_start_elapsed_seconds: 1199 [CONTEXT service_id=218 ]
10-15 19:18:49.407: I/A(1886): Writing data of size=109 bytes with N=1 keys to Geller corpus PRIVACY_SETTINGS at ts=1665886731543048
10-15 19:18:49.411: I/A(1886): Writing data of size=114 bytes with N=1 keys to Geller corpus PRIVACY_SETTINGS at ts=1665886731543048
10-15 19:18:49.414: I/A(1886): Writing data of size=118 bytes with N=1 keys to Geller corpus PRIVACY_SETTINGS at ts=1665886731543048
10-15 19:18:49.425: I/A(1886): Writing data of size=107 bytes with N=1 keys to Geller corpus PRIVACY_SETTINGS at ts=1665886731543048
10-15 19:18:49.429: I/A(1886): Writing data of size=108 bytes with N=1 keys to Geller corpus PRIVACY_SETTINGS at ts=1665886731543048
10-15 19:18:49.440: I/A(1886): Writing data of size=117 bytes with N=1 keys to Geller corpus PRIVACY_SETTINGS at ts=1665886731543048
10-15 19:18:49.443: I/A(1886): Writing data of size=118 bytes with N=1 keys to Geller corpus PRIVACY_SETTINGS at ts=1665886731543048
10-15 19:18:49.446: I/A(1886): Writing data of size=127 bytes with N=1 keys to Geller corpus PRIVACY_SETTINGS at ts=1665886731543048
10-15 19:18:49.449: I/A(1886): Writing data of size=114 bytes with N=1 keys to Geller corpus PRIVACY_SETTINGS at ts=1665886731543048
10-15 19:18:49.452: I/A(1886): Writing data of size=105 bytes with N=1 keys to Geller corpus PRIVACY_SETTINGS at ts=1665886731543048
10-15 19:18:49.455: I/A(1886): Writing metadata key: _sync_timestamp_micros, corpus: PRIVACY_SETTINGS
10-15 19:18:49.457: I/A(1886): Writing metadata key: _sync_token, corpus: PRIVACY_SETTINGS
10-15 19:18:49.484: I/A(1886): There are 0 elements to be updated on the server for corpus APP_SHORTCUTS.
10-15 19:18:49.484: I/A(1886): There are 0 elements to delete from the server for corpus APP_SHORTCUTS.
10-15 19:18:49.484: I/A(1886): There are 0 elements to be updated on the server for corpus GELLER_CONFIG.
10-15 19:18:49.484: I/A(1886): There are 0 elements to delete from the server for corpus GELLER_CONFIG.
10-15 19:18:49.485: I/A(1886): There are 0 elements to be updated on the server for corpus PRIVACY_SETTINGS.
10-15 19:18:49.485: I/A(1886): There are 0 elements to delete from the server for corpus PRIVACY_SETTINGS.
10-15 19:18:49.490: D/TrafficStats(8704): tagSocket(129) with statsTag=0xffffffff, statsUid=-1
10-15 19:18:49.490: W/BroadcastQueue(605): Background execution not allowed: receiving Intent { act=com.google.android.gms.location.reporting.SETTINGS_CHANGED flg=0x10 } to com.google.android.gms/.chimera.GmsIntentOperationService$PersistentInternalReceiver
10-15 19:18:49.502: I/A(1886): PR status onSyncCompleted called in TNG
10-15 19:18:49.502: I/A(1886): Using proto config with mendel
10-15 19:18:49.502: I/A(1886): Using proto config with mendel
10-15 19:18:49.503: I/A(1886): Using proto config with mendel
10-15 19:18:49.513: W/BroadcastQueue(605): Background execution not allowed: receiving Intent { act=com.google.android.gms.location.reporting.SETTINGS_CHANGED flg=0x10 } to com.google.android.googlequicksearchbox/com.google.android.apps.gsa.search.core.udc.UdcSettingBroadcastReceiver
10-15 19:18:49.514: W/BroadcastQueue(605): Background execution not allowed: receiving Intent { act=com.google.android.gms.location.reporting.SETTINGS_CHANGED flg=0x10 } to com.google.android.googlequicksearchbox/com.google.android.libraries.search.udcdataservice.ulr.UlrBroadcastReceiver_Receiver
10-15 19:18:49.544: I/ActivityManager(605): Killing 7747:com.google.android.deskclock/u0a112 (adj 975): empty #17
10-15 19:18:49.547: I/A(1886): Using proto config with mendel
10-15 19:18:49.548: I/A(1886): Geller-AiAi egress is not enabled
10-15 19:18:49.564: I/libprocessgroup(605): Successfully killed process cgroup uid 10112 pid 7747 in 12ms
10-15 19:18:49.558: E/A(1886): Failed to share GELLER_CONFIG data to AiAi.
10-15 19:18:49.558: E/A(1886): com.google.android.libraries.geller.d.f: Geller AiAi data share is not enabled
10-15 19:18:49.558: E/A(1886): 	at com.google.android.apps.search.assistant.libraries.c.a.f.c(PG:2)
10-15 19:18:49.558: E/A(1886): 	at com.google.android.apps.search.assistant.libraries.c.a.f.b(PG:1)
10-15 19:18:49.558: E/A(1886): 	at com.google.android.apps.search.assistant.libraries.c.a.a.d.a(PG:4)
10-15 19:18:49.558: E/A(1886): 	at com.google.apps.tiktok.tracing.em.a(PG:2)
10-15 19:18:49.558: E/A(1886): 	at com.google.common.util.concurrent.bb.a(PG:1)
10-15 19:18:49.558: E/A(1886): 	at com.google.common.util.concurrent.cv.run(PG:4)
10-15 19:18:49.558: E/A(1886): 	at com.google.android.libraries.i.ae.run(PG:1)
10-15 19:18:49.558: E/A(1886): 	at java.util.concurrent.ThreadPoolExecutor.runWorker(ThreadPoolExecutor.java:1137)
10-15 19:18:49.558: E/A(1886): 	at java.util.concurrent.ThreadPoolExecutor$Worker.run(ThreadPoolExecutor.java:637)
10-15 19:18:49.558: E/A(1886): 	at com.google.android.libraries.i.k.run(PG:2)
10-15 19:18:49.558: E/A(1886): 	at com.google.android.libraries.i.p.run(PG:4)
10-15 19:18:49.558: E/A(1886): 	at java.lang.Thread.run(Thread.java:1012)
10-15 19:18:49.573: I/A(1886): Geller-AiAi egress is not enabled
10-15 19:18:49.573: E/A(1886): Failed to share PRIVACY_SETTINGS data to AiAi.
10-15 19:18:49.573: E/A(1886): com.google.android.libraries.geller.d.f: Geller AiAi data share is not enabled
10-15 19:18:49.573: E/A(1886): 	at com.google.android.apps.search.assistant.libraries.c.a.f.c(PG:2)
10-15 19:18:49.573: E/A(1886): 	at com.google.android.apps.search.assistant.libraries.c.a.f.b(PG:1)
10-15 19:18:49.573: E/A(1886): 	at com.google.android.apps.search.assistant.libraries.c.a.a.d.a(PG:4)
10-15 19:18:49.573: E/A(1886): 	at com.google.apps.tiktok.tracing.em.a(PG:2)
10-15 19:18:49.573: E/A(1886): 	at com.google.common.util.concurrent.bb.a(PG:1)
10-15 19:18:49.573: E/A(1886): 	at com.google.common.util.concurrent.cv.run(PG:4)
10-15 19:18:49.573: E/A(1886): 	at com.google.android.libraries.i.ae.run(PG:1)
10-15 19:18:49.573: E/A(1886): 	at java.util.concurrent.ThreadPoolExecutor.runWorker(ThreadPoolExecutor.java:1137)
10-15 19:18:49.573: E/A(1886): 	at java.util.concurrent.ThreadPoolExecutor$Worker.run(ThreadPoolExecutor.java:637)
10-15 19:18:49.573: E/A(1886): 	at com.google.android.libraries.i.k.run(PG:2)
10-15 19:18:49.573: E/A(1886): 	at com.google.android.libraries.i.p.run(PG:4)
10-15 19:18:49.573: E/A(1886): 	at java.lang.Thread.run(Thread.java:1012)
10-15 19:18:49.586: I/A(1886): Using proto config with mendel
10-15 19:18:49.586: I/A(1886): Merging legacy hotword config map with new proto.
10-15 19:18:49.586: I/A(1886): Skipping. Expected model: 1 Found: 2
10-15 19:18:49.586: I/A(1886): Skipping. Expected model: 1 Found: 2
10-15 19:18:49.586: I/A(1886): Skipping. Expected model: 1 Found: 2
10-15 19:18:49.587: I/A(1886): Adding from config to map. Locale: ro-RO modelPrefix: okgoogle Location:b051c93dce7bb4dcb5d9ddcbbb2ca760Test isSpeakerIdSupported: false
10-15 19:18:49.588: I/A(1886): Skipping. Expected model: 1 Found: 2
10-15 19:18:49.589: I/A(1886): Using proto config with mendel
10-15 19:18:49.589: I/A(1886): Using proto config with mendel
10-15 19:18:49.590: I/A(1886): Using proto config with mendel
10-15 19:18:49.590: I/A(1886): Using proto config with mendel
10-15 19:18:49.590: I/A(1886): Using proto config with mendel
10-15 19:18:49.590: I/A(1886): Merging legacy hotword config map with new proto.
10-15 19:18:49.590: I/A(1886): Skipping. Expected model: 1 Found: 2
10-15 19:18:49.590: I/A(1886): Skipping. Expected model: 1 Found: 2
10-15 19:18:49.590: I/A(1886): Skipping. Expected model: 1 Found: 2
10-15 19:18:49.590: I/A(1886): Adding from config to map. Locale: ro-RO modelPrefix: okgoogle Location:b051c93dce7bb4dcb5d9ddcbbb2ca760Test isSpeakerIdSupported: false
10-15 19:18:49.590: I/A(1886): Skipping. Expected model: 1 Found: 2
10-15 19:18:49.594: I/Zygote(355): Process 7747 exited due to signal 9 (Killed)
10-15 19:18:49.599: I/A(1886): PR status onSyncCompleted called
10-15 19:18:49.600: I/A(1886): Starting batch sync for corpora: [21]
10-15 19:18:49.616: I/A(1886): Setting isLegacySQLite mode to false.
10-15 19:18:49.644: I/A(1886): PR status returns the default value
10-15 19:18:49.652: I/A(1886): PR status onSyncCompleted updated to true
10-15 19:18:49.675: I/NetworkScheduler.Stats(8070): Task com.google.android.gms/com.google.android.gms.tapandpay.gcmtask.TapAndPayGcmTaskService started execution. cause:5 exec_start_elapsed_seconds: 1200 [CONTEXT service_id=218 ]
10-15 19:18:49.677: W/SearchServiceCore(1886): Abort, client detached.
10-15 19:18:49.677: W/SearchServiceCore(1886): Abort, client detached.
10-15 19:18:49.678: W/SearchServiceCore(1886): Abort, client detached.
10-15 19:18:49.678: W/SearchServiceCore(1886): Abort, client detached.
10-15 19:18:49.685: I/A(1886): PR status onSyncCompleted updated in TNG to true
10-15 19:18:49.694: W/A(1886): Failed to handle FACS broadcast.
10-15 19:18:49.694: W/A(1886): com.google.apps.tiktok.account.data.at: This is not a google account
10-15 19:18:49.694: W/A(1886): 	at com.google.android.libraries.search.udcdataservice.ulr.j.apply(PG:2)
10-15 19:18:49.694: W/A(1886): 	at com.google.apps.tiktok.tracing.eo.apply(PG:2)
10-15 19:18:49.694: W/A(1886): 	at com.google.common.util.concurrent.h.e(PG:2)
10-15 19:18:49.694: W/A(1886): 	at com.google.common.util.concurrent.j.run(PG:9)
10-15 19:18:49.694: W/A(1886): 	at com.google.android.libraries.i.ae.run(PG:1)
10-15 19:18:49.694: W/A(1886): 	at java.util.concurrent.ThreadPoolExecutor.runWorker(ThreadPoolExecutor.java:1137)
10-15 19:18:49.694: W/A(1886): 	at java.util.concurrent.ThreadPoolExecutor$Worker.run(ThreadPoolExecutor.java:637)
10-15 19:18:49.694: W/A(1886): 	at com.google.android.libraries.i.k.run(PG:2)
10-15 19:18:49.694: W/A(1886): 	at com.google.android.libraries.i.p.run(PG:4)
10-15 19:18:49.694: W/A(1886): 	at java.lang.Thread.run(Thread.java:1012)
10-15 19:18:49.700: I/A(1886): NGA disabled due to not being eligible.
10-15 19:18:49.710: W/JobScheduler(605): Job didn't exist in JobStore: f1bdd61 #u0a107/-369 com.google.android.googlequicksearchbox/com.google.android.apps.gsa.tasks.BackgroundTasksJobService
10-15 19:18:49.732: I/DeviceCapHelper(1886): Adding surface identity to the device capabilities for surface OPA_AGSA.
10-15 19:18:49.739: I/NetworkScheduler.Stats(8070): Task com.google.android.gms/com.google.android.gms.tapandpay.gcmtask.TapAndPayGcmTaskService finished executing. cause:5 result: 1 elapsed_millis: 171 uptime_millis: 171 exec_start_elapsed_seconds: 1200 [CONTEXT service_id=218 ]
10-15 19:18:49.771: W/BroadcastQueue(605): Background execution not allowed: receiving Intent { act=android.intent.action.PACKAGE_ADDED dat=package: flg=0x4000010 (has extras) } to com.google.android.packageinstaller/com.android.packageinstaller.PackageInstalledReceiver
10-15 19:18:49.773: W/BroadcastQueue(605): Background execution not allowed: receiving Intent { act=android.intent.action.PACKAGE_ADDED dat=package: flg=0x4000010 (has extras) } to com.google.android.gms/.games.chimera.GamesSystemBroadcastReceiverProxy
10-15 19:18:49.773: W/BroadcastQueue(605): Background execution not allowed: receiving Intent { act=android.intent.action.PACKAGE_ADDED dat=package: flg=0x4000010 (has extras) } to com.google.android.gms/.gass.chimera.PackageChangeBroadcastReceiver
10-15 19:18:49.773: W/BroadcastQueue(605): Background execution not allowed: receiving Intent { act=android.intent.action.PACKAGE_ADDED dat=package: flg=0x4000010 (has extras) } to com.google.android.gms/.chimera.GmsIntentOperationService$PersistentTrustedReceiver
10-15 19:18:49.774: W/BroadcastQueue(605): Background execution not allowed: receiving Intent { act=android.intent.action.PACKAGE_ADDED dat=package: flg=0x4000010 (has extras) } to com.google.android.googlequicksearchbox/com.google.android.apps.gsa.googlequicksearchbox.GelStubAppWatcher
10-15 19:18:49.793: D/CompatibilityChangeReporter(605): Compat change id reported: 168419799; UID 10073; state: DISABLED
10-15 19:18:49.824: D/TrafficStats(8704): tagSocket(132) with statsTag=0xffffffff, statsUid=-1
10-15 19:18:49.856: I/.gms.persistent(8070): Background young concurrent copying GC freed 260135(14MB) AllocSpace objects, 14(376KB) LOS objects, 48% free, 15MB/30MB, paused 102us,43us total 280.704ms
10-15 19:18:49.863: I/Fitness(8070): OnPackageChangedOperation got intent: Intent { act=android.intent.action.PACKAGE_CHANGED dat=package: flg=0x5000010 pkg=com.google.android.gms cmp=com.google.android.gms/.chimera.PersistentIntentOperationService (has extras) } [CONTEXT service_id=17 ]
10-15 19:18:49.886: I/Fitness(8070): FitCleanupIntentOperation received Intent android.intent.action.PACKAGE_CHANGED [CONTEXT service_id=17 ]
10-15 19:18:49.898: W/BroadcastQueue(605): Background execution not allowed: receiving Intent { act=com.google.android.gms.location.reporting.SETTINGS_CHANGED flg=0x10 } to com.google.android.gms/.chimera.GmsIntentOperationService$PersistentInternalReceiver
10-15 19:18:49.903: W/BroadcastQueue(605): Background execution not allowed: receiving Intent { act=com.google.android.gms.location.reporting.SETTINGS_CHANGED flg=0x10 } to com.google.android.googlequicksearchbox/com.google.android.apps.gsa.search.core.udc.UdcSettingBroadcastReceiver
10-15 19:18:49.904: W/BroadcastQueue(605): Background execution not allowed: receiving Intent { act=com.google.android.gms.location.reporting.SETTINGS_CHANGED flg=0x10 } to com.google.android.googlequicksearchbox/com.google.android.libraries.search.udcdataservice.ulr.UlrBroadcastReceiver_Receiver
10-15 19:18:49.910: I/A(1886): Refusing EXCLUSIVE task 22, it is already pending. Try again in 308 seconds.
10-15 19:18:49.918: W/A(1886): Failed to handle FACS broadcast.
10-15 19:18:49.918: W/A(1886): com.google.apps.tiktok.account.data.at: This is not a google account
10-15 19:18:49.918: W/A(1886): 	at com.google.android.libraries.search.udcdataservice.ulr.j.apply(PG:2)
10-15 19:18:49.918: W/A(1886): 	at com.google.apps.tiktok.tracing.eo.apply(PG:2)
10-15 19:18:49.918: W/A(1886): 	at com.google.common.util.concurrent.h.e(PG:2)
10-15 19:18:49.918: W/A(1886): 	at com.google.common.util.concurrent.j.run(PG:9)
10-15 19:18:49.918: W/A(1886): 	at com.google.android.libraries.i.ae.run(PG:1)
10-15 19:18:49.918: W/A(1886): 	at java.util.concurrent.ThreadPoolExecutor.runWorker(ThreadPoolExecutor.java:1137)
10-15 19:18:49.918: W/A(1886): 	at java.util.concurrent.ThreadPoolExecutor$Worker.run(ThreadPoolExecutor.java:637)
10-15 19:18:49.918: W/A(1886): 	at com.google.android.libraries.i.k.run(PG:2)
10-15 19:18:49.918: W/A(1886): 	at com.google.android.libraries.i.p.run(PG:4)
10-15 19:18:49.918: W/A(1886): 	at java.lang.Thread.run(Thread.java:1012)
10-15 19:18:49.935: W/ProcessState(9320): Extra binder thread started, but 0 threads requested. Do not use *startThreadPool when zero threads are requested.
10-15 19:18:49.948: I/A(1886): There are 0 elements to be updated on the server for corpus PRIVACY_SETTINGS.
10-15 19:18:49.948: I/A(1886): There are 0 elements to delete from the server for corpus PRIVACY_SETTINGS.
10-15 19:18:49.954: D/goldfish-address-space(379): claimShared: Ask to claim region [0x3f4000000 0x3f47e9000]
10-15 19:18:49.959: I/A(1886): The syncToken for corpus PRIVACY_SETTINGS is EgkIiMT61tfj+gI=.
10-15 19:18:49.962: D/TrafficStats(1886): tagSocket(122) with statsTag=0x0, statsUid=-1
10-15 19:18:49.989: I/SearchWidgetFlow(1886): GsaWidgetProvider:onReceive(Intent { act=update-widget-intent flg=0x10 cmp=com.google.android.googlequicksearchbox/.SearchWidgetProvider }) started
10-15 19:18:49.990: I/SearchWidgetFlow(1886): GsaWidgetSessionController:handleGenericClientEvent
10-15 19:18:49.991: E/GnpSdk(1886): [ScheduledTaskServiceHandler] Job finished with TRANSIENT_FAILURE. Job ID: '2000001001', key: 'RPC_STORE_TARGET'
10-15 19:18:49.991: E/GnpSdk(1886): com.google.android.libraries.notifications.g.d.c.b: Registration ID not found.
10-15 19:18:49.991: E/GnpSdk(1886): 	at com.google.android.libraries.notifications.g.d.c.a.b.c(PG:4)
10-15 19:18:49.991: E/GnpSdk(1886): 	at com.google.android.libraries.notifications.f.g.a.ac.a(PG:8)
10-15 19:18:49.991: E/GnpSdk(1886): 	at com.google.android.libraries.notifications.f.g.a.d.h(PG:8)
10-15 19:18:49.991: E/GnpSdk(1886): 	at com.google.android.libraries.notifications.f.h.a.t.a(PG:6)
10-15 19:18:49.991: E/GnpSdk(1886): 	at com.google.android.libraries.notifications.f.h.a.q.e(PG:8)
10-15 19:18:49.991: E/GnpSdk(1886): 	at com.google.android.libraries.notifications.entrypoints.scheduled.a.run(PG:1)
10-15 19:18:49.991: E/GnpSdk(1886): 	at com.google.apps.tiktok.tracing.ei.run(PG:2)
10-15 19:18:49.991: E/GnpSdk(1886): 	at com.google.android.libraries.i.ae.run(PG:1)
10-15 19:18:49.991: E/GnpSdk(1886): 	at java.util.concurrent.ThreadPoolExecutor.runWorker(ThreadPoolExecutor.java:1137)
10-15 19:18:49.991: E/GnpSdk(1886): 	at java.util.concurrent.ThreadPoolExecutor$Worker.run(ThreadPoolExecutor.java:637)
10-15 19:18:49.991: E/GnpSdk(1886): 	at com.google.android.libraries.i.i.run(PG:2)
