10-15 19:17:28.896: W/PhenotypeConfigurationU(1299): 	at java.lang.Thread.run(Thread.java:1012)
10-15 19:17:28.907: I/TestSupport(6011): AwaitCommitOperation - committing current configuration [CONTEXT service_id=133 ]
10-15 19:17:28.916: I/TestSupport(6011): Committed FlagOverride(com.google.android.gms.auth_account, , Flag(auth_sig_override_enabled, false, 2, 0), true) [CONTEXT service_id=133 ]
10-15 19:17:28.994: I/TSDRIVER(6660): Handled command: PACKAGE
10-15 19:17:29.073: I/TSDRIVER(6660): CommandService onHandleIntent()
10-15 19:17:29.073: I/TSDRIVER(6660): Got command: PACKAGE
10-15 19:17:29.073: I/TSDRIVER(6660): flag package: Eitjb20uZ29vZ2xlLmFuZHJvaWQuZ21zLmF1dGguYXBpLmNyZWRlbnRpYWxzGh4KGlNhdmVTdHJhdGVneV9fZW5hYmxlU2F2aW5nGAA
10-15 19:17:29.073: I/TSDRIVER(6660): flag package: com.google.android.gms.auth.api.credentials
10-15 19:17:29.080: I/TestSupport(6011): SetFlagOverridesOperation: com.google.android.gms.auth.api.credentials, '', [Flag(SaveStrategy__enableSaving, false, 2, 0)] [CONTEXT service_id=133 ]
10-15 19:17:29.091: I/TestSupport(6011): AwaitCommitOperation - committing current configuration [CONTEXT service_id=133 ]
10-15 19:17:29.118: V/ClearcutMetricXmitter(6690): Transmission is done.
10-15 19:17:29.123: I/TestSupport(6011): Committed FlagOverride(com.google.android.gms.auth.api.credentials, , Flag(SaveStrategy__enableSaving, false, 2, 0), true) [CONTEXT service_id=133 ]
10-15 19:17:29.131: V/ClearcutMetricXmitter(6690): Transmission is done.
10-15 19:17:29.139: I/ExperimentPackageManage(1299): Package com.android.refreshratecontrol name not found! Using module version.
10-15 19:17:29.143: I/ExperimentPackageManage(1299): Package com.google.oslo name not found! Using module version.
10-15 19:17:29.148: I/ExperimentPackageManage(1299): Package com.android.media name not found! Using module version.
10-15 19:17:29.151: I/ExperimentPackageManage(1299): Package com.android.media.swcodec name not found! Using module version.
10-15 19:17:29.154: I/ExperimentPackageManage(1299): Package com.android.appsearch name not found! Using module version.
10-15 19:17:29.157: I/ExperimentPackageManage(1299): Package com.android.neuralnetworks name not found! Using module version.
10-15 19:17:29.159: I/ExperimentPackageManage(1299): Package com.google.android.odad name not found! Using module version.
10-15 19:17:29.162: I/ExperimentPackageManage(1299): Package com.android.media name not found! Using module version.
10-15 19:17:29.167: I/ExperimentPackageManage(1299): Package 1 name not found! Using module version.
10-15 19:17:29.171: W/PhenotypeConfigurationU(1299): Update for unknown DeviceConfig package com.google.android.gms.auth.api.credentials [CONTEXT service_id=204 ]
10-15 19:17:29.171: W/PhenotypeConfigurationU(1299): bapv: No package exists for config package: com.google.android.gms.auth.api.credentials
10-15 19:17:29.171: W/PhenotypeConfigurationU(1299): 	at com.google.android.gms.platformconfigurator.PhenotypeConfigurationUpdateListener.a(:com.google.android.gms@221821047@22.18.21 (190800-453244992):7)
10-15 19:17:29.171: W/PhenotypeConfigurationU(1299): 	at com.google.android.gms.platformconfigurator.PhenotypeConfigurationUpdateListener.onHandleIntent(:com.google.android.gms@221821047@22.18.21 (190800-453244992):5)
10-15 19:17:29.171: W/PhenotypeConfigurationU(1299): 	at com.google.android.chimera.IntentOperation.onHandleIntent(:com.google.android.gms@221821047@22.18.21 (190800-453244992):2)
10-15 19:17:29.171: W/PhenotypeConfigurationU(1299): 	at uim.onHandleIntent(:com.google.android.gms@221821047@22.18.21 (190800-453244992):4)
10-15 19:17:29.171: W/PhenotypeConfigurationU(1299): 	at ewd.run(:com.google.android.gms@221821047@22.18.21 (190800-453244992):3)
10-15 19:17:29.171: W/PhenotypeConfigurationU(1299): 	at ewc.run(:com.google.android.gms@221821047@22.18.21 (190800-453244992):11)
10-15 19:17:29.171: W/PhenotypeConfigurationU(1299): 	at cdgo.run(:com.google.android.gms@221821047@22.18.21 (190800-453244992):2)
10-15 19:17:29.171: W/PhenotypeConfigurationU(1299): 	at java.util.concurrent.ThreadPoolExecutor.runWorker(ThreadPoolExecutor.java:1137)
10-15 19:17:29.171: W/PhenotypeConfigurationU(1299): 	at java.util.concurrent.ThreadPoolExecutor$Worker.run(ThreadPoolExecutor.java:637)
10-15 19:17:29.171: W/PhenotypeConfigurationU(1299): 	at java.lang.Thread.run(Thread.java:1012)
10-15 19:17:29.204: I/TestSupport(6011): AwaitCommitOperation - committing current configuration [CONTEXT service_id=133 ]
10-15 19:17:29.209: D/BtGatt.ScanManager(973): uid 10108 isForeground true scanMode 1
10-15 19:17:29.210: D/BtGatt.ScanManager(973): uid 10108 isForeground true scanMode -1
10-15 19:17:29.211: D/BtGatt.ScanManager(973): uid 10108 isForeground true scanMode -1
10-15 19:17:29.222: I/TestSupport(6011): Committed FlagOverride(com.google.android.gms.auth.api.credentials, , Flag(SaveStrategy__enableSaving, false, 2, 0), true) [CONTEXT service_id=133 ]
10-15 19:17:29.297: I/TSDRIVER(6660): Handled command: PACKAGE
10-15 19:17:29.491: D/AndroidRuntime(6918): >>>>>> START com.android.internal.os.RuntimeInit uid 0 <<<<<<
10-15 19:17:29.501: I/AndroidRuntime(6918): Using default boot image
10-15 19:17:29.503: I/AndroidRuntime(6918): Leaving lock profiling enabled
10-15 19:17:29.508: I/app_process(6918): Core platform API reporting enabled, enforcing=false
10-15 19:17:29.588: I/InputReader(605): Reconfiguring input devices, changes=KEYBOARD_LAYOUTS | 
10-15 19:17:29.590: I/Telecom(605): DefaultDialerCache: Refreshing default dialer for user 0: now com.google.android.dialer: DDC.oR@ARQ
10-15 19:17:29.596: I/PermissionControllerServiceImpl(1112): Updating user sensitive for uid 10100
10-15 19:17:29.612: I/Bugle(6690): BroadcastReceiverAsyncWorkTracker: Acknowledging broadcast of amni@cb50988
10-15 19:17:29.632: D/CompatibilityChangeReporter(605): Compat change id reported: 171306433; UID 10100; state: ENABLED
10-15 19:17:29.635: I/CarrierServices(1765): [2] RcsAutoStartReceiver.a: RcsAutoStartReceiver triggered. Fetching RCS State. Action: android.intent.action.PACKAGE_CHANGED
10-15 19:17:29.640: I/CarrierServices(1765): [2] RcsStateFetcher.bindService:94 Migration binding to RcsMigrationService
10-15 19:17:29.662: D/app_process(6918): Time zone APEX ICU file found: /apex/com.android.tzdata/etc/icu/icu_tzdata.dat
10-15 19:17:29.667: I/RoleService(605): Granting default roles...
10-15 19:17:29.670: D/app_process(6918): I18n APEX ICU file found: /apex/com.android.i18n/etc/icu/icudt70l.dat
10-15 19:17:29.673: I/BugleDataModel(6690): RcsMigrationService: Returning RCS state provider.
10-15 19:17:29.686: I/Fitness(1299): OnPackageChangedOperation got intent: Intent { act=android.intent.action.PACKAGE_CHANGED dat=package: flg=0x45000010 pkg=com.google.android.gms cmp=com.google.android.gms/.chimera.PersistentIntentOperationService (has extras) } [CONTEXT service_id=17 ]
10-15 19:17:29.686: W/app_process(6918): Unexpected CPU variant for x86: x86_64.
10-15 19:17:29.686: W/app_process(6918): Known variants: atom, sandybridge, silvermont, kabylake, default
10-15 19:17:29.709: D/CompatibilityChangeReporter(605): Compat change id reported: 226439802; UID 10100; state: DISABLED
10-15 19:17:29.727: E/system_server(605): No package ID 7f found for ID 0x7f080208.
10-15 19:17:29.727: E/system_server(605): No package ID 7f found for ID 0x7f150931.
10-15 19:17:29.727: E/system_server(605): No package ID 7f found for ID 0x7f150931.
10-15 19:17:29.727: E/system_server(605): No package ID 7f found for ID 0x7f150930.
10-15 19:17:29.751: W/Role(1112): Cannot get ApplicationInfo for default holder: com.google.android.contacts
10-15 19:17:29.756: W/ChimeraUtils(1299): Module com.google.android.gms.nearby_en has empty metadata display_name_string_id
10-15 19:17:29.768: D/AndroidRuntime(6918): Calling main entry com.android.commands.am.Am
10-15 19:17:29.774: I/RcsProvisioning(6690): Failed to read config: no config found /data/user/0/com.google.android.apps.messaging/files/rcsconfig: open failed: ENOENT (No such file or directory)
10-15 19:17:29.789: I/ActivityManager(605): Force stopping com.google.android.apps.mtaas.tools appid=10171 user=0: start instr
10-15 19:17:29.794: W/ChimeraUtils(1299): Module com.google.android.gms.nearby_en has empty metadata display_name_string_id
10-15 19:17:29.795: D/CompatibilityChangeReporter(605): Compat change id reported: 135634846; UID 10171; state: DISABLED
10-15 19:17:29.795: D/CompatibilityChangeReporter(605): Compat change id reported: 177438394; UID 10171; state: DISABLED
10-15 19:17:29.796: D/CompatibilityChangeReporter(605): Compat change id reported: 135772972; UID 10171; state: DISABLED
10-15 19:17:29.796: D/CompatibilityChangeReporter(605): Compat change id reported: 135754954; UID 10171; state: DISABLED
10-15 19:17:29.803: W/Role(1112): Default holder doesn't have required signing certificate: com.google.android.apps.work.clouddpc:23962F4B43B9857638EA66F4D419518EAE282491ACDA4B94707BD59003C45E58
10-15 19:17:29.806: D/CompatibilityChangeReporter(605): Compat change id reported: 143937733; UID 10171; state: DISABLED
10-15 19:17:29.812: D/CarrierSvcBindHelper(1038): onPackageModified: com.google.android.apps.messaging
10-15 19:17:29.813: D/CarrierSvcBindHelper(1038): No carrier app for: 0
10-15 19:17:29.814: D/ImsResolver(1038): maybeAddedImsService, packageName: com.google.android.apps.messaging
10-15 19:17:29.820: D/Zygote(355): Forked child process 6932
10-15 19:17:29.823: I/ActivityManager(605): Start proc 6932:com.google.android.apps.mtaas.tools/u0a171 for added application com.google.android.apps.mtaas.tools
10-15 19:17:29.834: I/Zygote(6932): seccomp disabled by setenforce 0
10-15 19:17:29.837: D/BoundBrokerSvc(6011): onBind: Intent { act=com.google.android.gms.feedback.internal.IFeedbackService dat=chimera-action: cmp=com.google.android.gms/.chimera.GmsBoundBrokerService }
10-15 19:17:29.837: D/BoundBrokerSvc(6011): Loading bound service for intent: Intent { act=com.google.android.gms.feedback.internal.IFeedbackService dat=chimera-action: cmp=com.google.android.gms/.chimera.GmsBoundBrokerService }
10-15 19:17:29.842: I/Icing(6011): Indexing com.google.android.gms-apps from com.google.android.gms
10-15 19:17:29.845: W/pps.mtaas.tools(6932): Unexpected CPU variant for x86: x86_64.
10-15 19:17:29.845: W/pps.mtaas.tools(6932): Known variants: atom, sandybridge, silvermont, kabylake, default
10-15 19:17:29.851: I/adbd(424): jdwp connection from 6932
10-15 19:17:29.874: W/ChimeraUtils(1299): Module com.google.android.gms.nearby_en has empty metadata display_name_string_id
10-15 19:17:29.880: I/Fitness(1299): FitCleanupIntentOperation received Intent android.intent.action.PACKAGE_CHANGED [CONTEXT service_id=17 ]
10-15 19:17:29.886: W/Role(1112): Cannot get ApplicationInfo for default holder: com.google.android.odad
10-15 19:17:29.898: D/CompatibilityChangeReporter(605): Compat change id reported: 135634846; UID 10100; state: DISABLED
10-15 19:17:29.899: D/CompatibilityChangeReporter(605): Compat change id reported: 143937733; UID 10100; state: ENABLED
10-15 19:17:29.900: D/CompatibilityChangeReporter(6932): Compat change id reported: 171979766; UID 10171; state: DISABLED
10-15 19:17:29.909: D/Zygote(355): Forked child process 6948
10-15 19:17:29.912: I/ActivityManager(605): Start proc 6948:com.google.android.apps.messaging:rcs/u0a100 for service {com.google.android.apps.messaging/com.google.android.ims.binding.SystemBindingService}
10-15 19:17:29.922: D/ApplicationLoaders(6932): Returning zygote-cached class loader: /system/framework/android.test.base.jar
10-15 19:17:29.937: I/Zygote(6948): seccomp disabled by setenforce 0
10-15 19:17:29.943: I/Icing(6011): Indexing done com.google.android.gms-apps
10-15 19:17:29.954: W/s.messaging:rcs(6948): Unexpected CPU variant for x86: x86_64.
10-15 19:17:29.954: W/s.messaging:rcs(6948): Known variants: atom, sandybridge, silvermont, kabylake, default
10-15 19:17:29.971: I/adbd(424): jdwp connection from 6948
10-15 19:17:29.975: V/GraphicsEnvironment(6932): ANGLE Developer option for 'com.google.android.apps.mtaas.tools' set to: 'default'
10-15 19:17:29.979: V/GraphicsEnvironment(6932): ANGLE GameManagerService for com.google.android.apps.mtaas.tools: false
10-15 19:17:29.981: V/GraphicsEnvironment(6932): Neither updatable production driver nor prerelease driver is supported.
10-15 19:17:30.004: I/RcsProvisioning(6690): Failed to read config: no config found /data/user/0/com.google.android.apps.messaging/files/rcsconfig: open failed: ENOENT (No such file or directory)
10-15 19:17:30.018: D/NetworkSecurityConfig(6932): No Network Security Config specified, using platform default
10-15 19:17:30.023: D/NetworkSecurityConfig(6932): No Network Security Config specified, using platform default
10-15 19:17:30.052: D/CompatibilityChangeReporter(6948): Compat change id reported: 171979766; UID 10100; state: ENABLED
10-15 19:17:30.097: I/ActivityTaskManager(605): Config changes=2004 {1.0 310mcc260mnc [zh] ldltr sw411dp w411dp h707dp 420dpi nrml long port finger qwerty/v/v dpad/v winConfig={ mBounds=Rect(0, 0 - 1080, 1920) mAppBounds=Rect(0, 0 - 1080, 1920) mMaxBounds=Rect(0, 0 - 1080, 1920) mDisplayRotation=ROTATION_0 mWindowingMode=fullscreen mDisplayWindowingMode=fullscreen mActivityType=undefined mAlwaysOnTop=undefined mRotation=ROTATION_0} s.25 fontWeightAdjustment=0}
10-15 19:17:30.104: W/ActivityTaskManager(605): Current config: {1.0 310mcc260mnc [en_US] ldltr sw411dp w411dp h707dp 420dpi nrml long port finger qwerty/v/v dpad/v winConfig={ mBounds=Rect(0, 0 - 1080, 1920) mAppBounds=Rect(0, 0 - 1080, 1920) mMaxBounds=Rect(0, 0 - 1080, 1920) mDisplayRotation=ROTATION_0 mWindowingMode=fullscreen mDisplayWindowingMode=fullscreen mActivityType=undefined mAlwaysOnTop=undefined mRotation=ROTATION_0} s.25 fontWeightAdjustment=0} unchanged for IME proc com.google.android.inputmethod.latin
10-15 19:17:30.116: D/EGL_emulation(1250): app_time_stats: avg=23275.96ms min=23275.96ms max=23275.96ms count=1
10-15 19:17:30.143: D/nativeloader(6948): classloader namespace configured for unbundled product apk. library_path=/product/priv-app/PrebuiltBugle/lib/x86_64:/product/priv-app/PrebuiltBugle/PrebuiltBugle.apk!/lib/x86_64:/product/lib64:/system/product/lib64
10-15 19:17:30.288: I/WindowManager(605): Override config changes=2004 {1.0 310mcc260mnc [zh] ldltr sw411dp w411dp h707dp 420dpi nrml long port finger qwerty/v/v dpad/v winConfig={ mBounds=Rect(0, 0 - 1080, 1920) mAppBounds=Rect(0, 0 - 1080, 1920) mMaxBounds=Rect(0, 0 - 1080, 1920) mDisplayRotation=ROTATION_0 mWindowingMode=fullscreen mDisplayWindowingMode=fullscreen mActivityType=undefined mAlwaysOnTop=undefined mRotation=ROTATION_0} s.25 fontWeightAdjustment=0} for displayId=0
10-15 19:17:30.341: I/CarrierServices(1765): [69] RcsStateSaver.saveRcsState:57 Saving RCS State
10-15 19:17:30.341: I/CarrierServices(1765): [69] RcsStateSaver.saveRcsState:66 Old operation mode: 2
10-15 19:17:30.345: V/ActivityTaskManager(605): Sending to IME proc com.google.android.inputmethod.latin new config {1.0 310mcc260mnc [zh] ldltr sw411dp w411dp h707dp 420dpi nrml long port finger qwerty/v/v dpad/v winConfig={ mBounds=Rect(0, 0 - 1080, 1920) mAppBounds=Rect(0, 0 - 1080, 1920) mMaxBounds=Rect(0, 0 - 1080, 1920) mDisplayRotation=ROTATION_0 mWindowingMode=fullscreen mDisplayWindowingMode=fullscreen mActivityType=undefined mAlwaysOnTop=undefined mRotation=ROTATION_0} s.64 fontWeightAdjustment=0}
10-15 19:17:30.348: I/DeviceModeUtil(1424): DeviceModeUtil.getDeviceMode():117 Get device mode phone by ui mode:1 and smallestScreenWidthDp:411
10-15 19:17:30.359: W/GoogleInputMethodService(1424): GoogleInputMethodService.onConfigurationChanged():1606 onConfigurationChanged() : NewConfig = {1.0 310mcc260mnc [zh] ldltr sw411dp w411dp h707dp 420dpi nrml long port finger qwerty/v/v dpad/v winConfig={ mBounds=Rect(0, 0 - 1080, 1920) mAppBounds=Rect(0, 0 - 1080, 1920) mMaxBounds=Rect(0, 0 - 1080, 1920) mDisplayRotation=ROTATION_0 mWindowingMode=fullscreen mDisplayWindowingMode=fullscreen mActivityType=undefined mAlwaysOnTop=undefined mRotation=ROTATION_0} s.25 fontWeightAdjustment=0}
10-15 19:17:30.365: I/DeviceModeUtil(1424): DeviceModeUtil.getDeviceMode():117 Get device mode phone by ui mode:1 and smallestScreenWidthDp:411
10-15 19:17:30.366: I/NormalModeController(1424): NormalModeController.getKeyboardBodyViewHolderPaddingBottom():111 currentPrimeKeyboardType:HARD_QWERTY systemPaddingBottom:-1
10-15 19:17:30.386: V/GraphicsEnvironment(6948): ANGLE Developer option for 'com.google.android.apps.messaging' set to: 'default'
10-15 19:17:30.386: V/GraphicsEnvironment(6948): ANGLE GameManagerService for com.google.android.apps.messaging: false
10-15 19:17:30.386: V/GraphicsEnvironment(6948): Neither updatable production driver nor prerelease driver is supported.
10-15 19:17:30.396: I/DeviceModeUtil(1424): DeviceModeUtil.getDeviceMode():117 Get device mode phone by ui mode:1 and smallestScreenWidthDp:411
10-15 19:17:30.396: I/DeviceModeUtil(1424): DeviceModeUtil.getDeviceMode():117 Get device mode phone by ui mode:1 and smallestScreenWidthDp:411
10-15 19:17:30.397: I/DeviceModeUtil(1424): DeviceModeUtil.getDeviceMode():117 Get device mode phone by ui mode:1 and smallestScreenWidthDp:411
10-15 19:17:30.397: I/DeviceModeUtil(1424): DeviceModeUtil.getDeviceMode():117 Get device mode phone by ui mode:1 and smallestScreenWidthDp:411
10-15 19:17:30.397: I/GoogleInputMethodService(1424): GoogleInputMethodService.initializeKeyboardTheme():1396 Apply keyboard theme: theme_border_stylesheet_noshadow_gsans_pillkey_silkpopup_materiallight_phone_overlay_builtin_dynamic_color_light_base.binarypb:dynamic-light-fff2f0f4-ffb2c5ff-4dcb274d24a97050f1ef9dca14616c3a_port
10-15 19:17:30.404: D/NetworkSecurityConfig(6948): No Network Security Config specified, using platform default
10-15 19:17:30.404: D/NetworkSecurityConfig(6948): No Network Security Config specified, using platform default
10-15 19:17:30.413: I/MultiDex(6948): VM with version 2.1.0 has multidex support
10-15 19:17:30.413: I/MultiDex(6948): Installing application
10-15 19:17:30.413: I/MultiDex(6948): VM has multidex support, MultiDex support library is disabled.
10-15 19:17:30.420: I/CarrierServices(1765): [69] RcsStateSaver.saveRcsState:71 New operation mode: 2
10-15 19:17:30.421: I/CarrierServices(1765): [2] RcsStateFetcher$1.onPostExecute:175 Finalizing migration for RCS state: Operation mode FULL STACK
10-15 19:17:30.425: I/BugleRcsEngine(6690): [140] RcsStateProvider.onMigrationComplete: Migration complete.
10-15 19:17:30.428: I/DeviceModeUtil(1424): DeviceModeUtil.getDeviceMode():117 Get device mode phone by ui mode:1 and smallestScreenWidthDp:411
10-15 19:17:30.440: I/BugleRcsEngine(6690): [77] RcsStateProvider.lambda$onMigrationComplete$0$com-google-android-apps-messaging-rcsmigration-RcsStateProvider: Rcs Engine should be running in cs.apk. Stopping JibeService.
10-15 19:17:30.459: D/PermissionCache(417): checking android.permission.READ_FRAME_BUFFER for uid=1000 => granted (429 us)
10-15 19:17:30.460: D/goldfish-address-space(379): claimShared: Ask to claim region [0x3f49f1000 0x3f51da000]
10-15 19:17:30.547: I/DeviceModeUtil(1424): DeviceModeUtil.getDeviceMode():117 Get device mode phone by ui mode:1 and smallestScreenWidthDp:411
10-15 19:17:30.548: I/KeyboardViewUtil(1424): KeyboardViewUtil.getKeyboardHeightRatio():168 systemKeyboardHeightRatio:1.000000; userKeyboardHeightRatio:1.000000.
10-15 19:17:30.592: I/GoogleInputMethodService(1424): GoogleInputMethodService.onStartInput():1919 onStartInput(EditorInfo{inputType=0x0(NULL) imeOptions=0x0 privateImeOptions=null actionName=UNSPECIFIED actionLabel=null actionId=0 initialSelStart=-1 initialSelEnd=-1 initialCapsMode=0x0 hintText=null label=null packageName=com.google.android.apps.nexuslauncher fieldId=-1 fieldName=null extras=null}, true)
10-15 19:17:30.599: I/GoogleInputMethodService(1424): GoogleInputMethodService.updateDeviceLockedStatus():2114 repeatCheckTimes = 2, unlocked = true
10-15 19:17:30.599: W/SessionManager(1424): SessionManager.beginSession():53 Try to begin an already begun session [INPUT_SESSION], end it first
10-15 19:17:30.616: I/RcsClientLib(6690): Disconnecting ChatSessionService
10-15 19:17:30.676: I/CarrierServices(1765): [2] dsz.b: EngineBroadcaster: Broadcasting provisioning intent rcs.intent.action.csApkInitialized to Bugle with extras redacted-pii:[null]
10-15 19:17:31.050: I/hwservicemanager(216): getTransport: Cannot find entry android.hardware.graphics.mapper@4.0::IMapper/default in either framework or device VINTF manifest.
10-15 19:17:31.050: I/Gralloc4(605): mapper 4.x is not supported
10-15 19:17:31.062: D/HostConnection(605): createUnique: call
10-15 19:17:31.066: D/HostConnection(605): HostConnection::get() New Host Connection established 0x7b1c624d3350, tid 875
10-15 19:17:31.067: D/goldfish-address-space(605): allocate: Ask for block of size 0x100
10-15 19:17:31.069: D/goldfish-address-space(605): allocate: ioctl allocate returned offset 0x3f3ffe000 size 0x2000
10-15 19:17:31.166: D/HostConnection(605): HostComposition ext ANDROID_EMU_CHECKSUM_HELPER_v1 ANDROID_EMU_direct_mem ANDROID_EMU_host_composition_v1 ANDROID_EMU_host_composition_v2 ANDROID_EMU_vulkan ANDROID_EMU_deferred_vulkan_commands ANDROID_EMU_vulkan_null_optional_strings ANDROID_EMU_vulkan_create_resources_with_requirements ANDROID_EMU_YUV_Cache ANDROID_EMU_vulkan_ignored_handles ANDROID_EMU_has_shared_slots_host_memory_allocator ANDROID_EMU_vulkan_free_memory_sync ANDROID_EMU_vulkan_shader_float16_int8 ANDROID_EMU_vulkan_async_queue_submit ANDROID_EMU_vulkan_queue_submit_with_commands ANDROID_EMU_sync_buffer_data ANDROID_EMU_vulkan_async_qsri ANDROID_EMU_read_color_buffer_dma ANDROID_EMU_hwc_multi_configs GL_OES_EGL_image_external_essl3 GL_OES_vertex_array_object GL_KHR_texture_compression_astc_ldr ANDROID_EMU_host_side_tracing ANDROID_EMU_gles_max_version_3_0 
10-15 19:17:31.218: W/ImageReader_JNI(605): Unable to acquire a buffer item, very likely client tried to acquire more than maxImages buffers
10-15 19:17:31.248: D/Backup(6011): [BackupTransportMigratorChimeraService] Selecting GMS BackupTransportService again.
10-15 19:17:31.294: D/Backup(6011): [BackupTransportMigratorChimeraService] Could not select GMS BackupTransportService.
10-15 19:17:31.294: E/Backup(6011): [BackupTransportMigratorChimeraService] Could not migrate transport!
10-15 19:17:31.515: W/system_server(605): Long monitor contention with owner binder:605_13 (2032) at android.content.res.Configuration com.android.server.wm.ActivityTaskManagerService.getGlobalConfigurationForPid(int)(ActivityTaskManagerService.java:1120) waiters=0 in boolean com.android.server.wm.ActivityTaskManagerService.isControllerAMonkey() for 1.121s
10-15 19:17:31.517: W/system_server(605): Long monitor contention with owner binder:605_13 (2032) at android.content.res.Configuration com.android.server.wm.ActivityTaskManagerService.getGlobalConfigurationForPid(int)(ActivityTaskManagerService.java:1120) waiters=1 in boolean com.android.server.wm.WindowManagerService.getWindowInsets(android.view.WindowManager$LayoutParams, int, android.view.InsetsState) for 1.133s
10-15 19:17:31.518: W/system_server(605): Long monitor contention with owner binder:605_1D (3150) at boolean com.android.server.am.ActivityManagerService.isUserAMonkey()(ActivityManagerService.java:7032) waiters=0 in void com.android.server.am.CachedAppOptimizer.unfreezeTemporarily(com.android.server.am.ProcessRecord) for 1.126s
10-15 19:17:31.525: W/system_server(605): Long monitor contention with owner binder:605_13 (2032) at android.content.res.Configuration com.android.server.wm.ActivityTaskManagerService.getGlobalConfigurationForPid(int)(ActivityTaskManagerService.java:1120) waiters=2 in void com.android.server.wm.WindowAnimator.lambda$new$1(long) for 1.131s
10-15 19:17:31.539: W/system_server(605): Long monitor contention with owner binder:605_13 (2032) at android.content.res.Configuration com.android.server.wm.ActivityTaskManagerService.getGlobalConfigurationForPid(int)(ActivityTaskManagerService.java:1120) waiters=3 in int com.android.server.wm.ActivityTaskManagerService$LocalService.getTaskToShowPermissionDialogOn(java.lang.String, int) for 1.109s
10-15 19:17:31.541: W/system_server(605): Long monitor contention with owner binder:605_13 (2032) at android.content.res.Configuration com.android.server.wm.ActivityTaskManagerService.getGlobalConfigurationForPid(int)(ActivityTaskManagerService.java:1120) waiters=4 in boolean com.android.server.wm.WindowManagerService.getWindowInsets(android.view.WindowManager$LayoutParams, int, android.view.InsetsState) for 1.093s
10-15 19:17:31.571: D/WifiService(605): locale changed
10-15 19:17:31.595: W/system_server(605): Long monitor contention with owner binder:605_1D (3150) at boolean com.android.server.am.ActivityManagerService.isUserAMonkey()(ActivityManagerService.java:7032) waiters=1 in boolean com.android.server.am.ActivityManagerService.isUserAMonkey() for 1.182s
10-15 19:17:31.597: D/ChangeLocale(6932): Instrumentation completed successfully
10-15 19:17:31.599: W/Looper(879): Slow delivery took 97ms wmshell.main h=android.os.Handler c=android.window.TaskOrganizer$1$$ExternalSyntheticLambda3@3bfee23 m=0
10-15 19:17:31.706: W/Looper(879): Drained
10-15 19:17:31.744: I/Telephony(1038): Locale change; re-registering phone accounts.
10-15 19:17:31.746: I/Telephony(1038): PstnIncomingCallNotifier: Unregistering: [0]
10-15 19:17:31.746: D/Telephony(1038): Unregistering: Handler (com.android.internal.telephony.GsmCdmaPhone) {45f528b}
10-15 19:17:31.748: E/SystemServiceRegistry(951): No service published for: ethernet
10-15 19:17:31.748: E/SystemServiceRegistry(951): android.os.ServiceManager$ServiceNotFoundException: No service published for: ethernet
10-15 19:17:31.748: E/SystemServiceRegistry(951): 	at android.os.ServiceManager.getServiceOrThrow(ServiceManager.java:166)
10-15 19:17:31.748: E/SystemServiceRegistry(951): 	at android.app.SystemServiceRegistry$137.createService(SystemServiceRegistry.java:1825)
10-15 19:17:31.748: E/SystemServiceRegistry(951): 	at android.app.SystemServiceRegistry$CachedServiceFetcher.getService(SystemServiceRegistry.java:1924)
10-15 19:17:31.748: E/SystemServiceRegistry(951): 	at android.app.SystemServiceRegistry.getSystemService(SystemServiceRegistry.java:1601)
10-15 19:17:31.748: E/SystemServiceRegistry(951): 	at android.app.ContextImpl.getSystemService(ContextImpl.java:2120)
10-15 19:17:31.748: E/SystemServiceRegistry(951): 	at android.content.ContextWrapper.getSystemService(ContextWrapper.java:900)
10-15 19:17:31.748: E/SystemServiceRegistry(951): 	at com.android.networkstack.tethering.Tethering.isEthernetSupported(Tethering.java:1550)
10-15 19:17:31.748: E/SystemServiceRegistry(951): 	at com.android.networkstack.tethering.Tethering.makeSupportedDownstreams(Tethering.java:2509)
10-15 19:17:31.748: E/SystemServiceRegistry(951): 	at com.android.networkstack.tethering.Tethering.updateSupportedDownstreams(Tethering.java:2483)
10-15 19:17:31.748: E/SystemServiceRegistry(951): 	at com.android.networkstack.tethering.Tethering.updateConfiguration(Tethering.java:504)
10-15 19:17:31.748: E/SystemServiceRegistry(951): 	at com.android.networkstack.tethering.Tethering.-$$Nest$mupdateConfiguration(Unknown Source:0)
10-15 19:17:31.748: E/SystemServiceRegistry(951): 	at com.android.networkstack.tethering.Tethering$StateReceiver.onReceive(Tethering.java:1141)
10-15 19:17:31.748: E/SystemServiceRegistry(951): 	at android.app.LoadedApk$ReceiverDispatcher$Args.lambda$getRunnable$0$android-app-LoadedApk$ReceiverDispatcher$Args(LoadedApk.java:1790)
10-15 19:17:31.748: E/SystemServiceRegistry(951): 	at android.app.LoadedApk$ReceiverDispatcher$Args$$ExternalSyntheticLambda0.run(Unknown Source:2)
10-15 19:17:31.748: E/SystemServiceRegistry(951): 	at android.os.Handler.handleCallback(Handler.java:942)
10-15 19:17:31.748: E/SystemServiceRegistry(951): 	at android.os.Handler.dispatchMessage(Handler.java:99)
10-15 19:17:31.748: E/SystemServiceRegistry(951): 	at android.os.Looper.loopOnce(Looper.java:201)
10-15 19:17:31.748: E/SystemServiceRegistry(951): 	at android.os.Looper.loop(Looper.java:288)
10-15 19:17:31.748: E/SystemServiceRegistry(951): 	at android.os.HandlerThread.run(HandlerThread.java:67)
10-15 19:17:31.760: I/InputMethodEntryManager(1424): InputMethodEntryManager$2.onReceive():362 Receive action: android.intent.action.LOCALE_CHANGED
10-15 19:17:31.761: I/InputMethodEntryManager(1424): InputMethodEntryManager.startLoadingInputMethodEntrySettings():773 Start loading input method entry settings: [LanguageTagVariantTuple{languageTag=en-US, variant=qwerty}, LanguageTagVariantTuple{languageTag=zz, variant=qwerty}]
10-15 19:17:31.763: I/InputMethodEntryManager(1424): InputMethodEntryManager.updateInputMethodEntrySettingsLoadingTask():861 update loading task with resetImplicitlyEnabledEntries is true
10-15 19:17:31.773: I/InputMethodEntryManager(1424): InputMethodEntryManager$5.onSuccess():880 Success load entries: [LanguageTagVariantTuple{languageTag=en-US, variant=qwerty}, LanguageTagVariantTuple{languageTag=zz, variant=qwerty}], resetImplicitlyEnabledEntries=true
10-15 19:17:31.798: I/ImsCallbackAM [0](1038): Local callback removed: android.telephony.ims.ImsMmTelManager$CapabilityCallback$CapabilityBinder@a85023e
10-15 19:17:31.799: I/DictionarySuperpacksManager(1424): DictionarySuperpacksManager$1.onEnabledInputMethodEntriesChanged():60 onEnabledInputMethodEntriesChanged
10-15 19:17:31.800: I/SP(1424): Registering content_cache.2022052320, url: https://www.gstatic.com/android/keyboard/modelpack/contentcache/202205232034/superpacks_manifest.json, constraints: W:*:*:*, flags: bg, requested: 2022052320, current: 2022052320
10-15 19:17:31.812: I/SP(1424): Syncing content_cache (2022052320) with slices: [146938679d8a79c40dfa474830396eab, 8722425f4121ffdea802b1066df73991, fa1da98da1212aad6fb9a8efaff48148], metadata: true
10-15 19:17:31.818: D/LockscreenSmartspaceController(879): Ending smartspace session for lockscreen
10-15 19:17:31.822: W/AlarmManager(879): Unrecognized alarm listener com.google.android.systemui.smartspace.KeyguardZenAlarmViewController$showNextAlarm$1@ddaf623
10-15 19:17:31.822: W/AlarmManager(879): Unrecognized alarm listener com.google.android.systemui.smartspace.KeyguardZenAlarmViewController$showNextAlarm$1@ddaf623
10-15 19:17:31.826: D/LockscreenSmartspaceController(879): Starting smartspace session for lockscreen
10-15 19:17:31.836: D/CoreBackPreview(605): Window{a823584 u0 com.google.android.apps.nexuslauncher}: Setting back callback null
10-15 19:17:31.840: W/InputManager-JNI(605): Input channel object 'a823584 com.google.android.apps.nexuslauncher (client)' was disposed without first being removed with the input manager!
10-15 19:17:31.844: I/NearbyDiscovery(1299): FastPairHandler: Received action android.intent.action.LOCALE_CHANGED [CONTEXT service_id=49 ]
10-15 19:17:31.844: I/NearbyDiscovery(1299): FastPairHandler: evict memory cache due to android.intent.action.LOCALE_CHANGED [CONTEXT service_id=49 ]
10-15 19:17:31.848: I/ImsCallbackAM [0](1038): Local callback removed: android.telephony.ims.RegistrationManager$RegistrationCallback$RegistrationBinder@b45089f
10-15 19:17:31.854: I/Telephony(1038): TelecomAccountRegistry: setupAccounts: Found 1 phones.  Attempting to register.
10-15 19:17:31.856: I/Telephony(1038): TelecomAccountRegistry: setupAccounts: Phone with subscription id 1
10-15 19:17:31.860: W/TransactionTracing(417): Could not find layer handle 0x7547a00a6870
10-15 19:17:31.888: W/TransactionTracing(417): Could not find layer handle 0x7547a00a6d50
10-15 19:17:31.888: W/TransactionTracing(417): Could not find layer handle 0x7547a00a6330
10-15 19:17:31.928: D/Telephony(1038): isEmergencyPreferredAccount: subId=1, activeData=1
10-15 19:17:31.928: D/Telephony(1038): isEmergencyPreferredAccount: Device does not require preference.
10-15 19:17:31.929: I/Telephony(1038): isRttCurrentlySupported -- regular acct, hasVoiceAvailability: false
10-15 19:17:31.929: I/Telephony(1038):  isRttSupported: false
10-15 19:17:31.929: I/Telephony(1038):  alwaysAllowWhileRoaming: false
10-15 19:17:31.929: I/Telephony(1038):  isRoaming: false
10-15 19:17:31.929: I/Telephony(1038):  isOnWfc: false
10-15 19:17:31.930: I/DropBoxManagerService(605): add tag=system_app_wtf isTagEnabled=true flags=0x2
10-15 19:17:31.990: D/CompatibilityChangeReporter(605): Compat change id reported: 135634846; UID 10083; state: DISABLED
10-15 19:17:32.015: W/TransactionTracing(417): Could not find layer handle 0x7547a00a3cf0
10-15 19:17:32.056: I/Telecom(605): PhoneAccountRegistrar: Modify account: [ComponentInfo{com.android.phone/com.android.services.telephony.TelephonyConnectionService}, 1, UserHandle{0}]: TSI.rPA@ARU
10-15 19:17:32.062: I/Telecom(605): CallsManager: handlePhoneAccountChanged: phoneAccount=[[X] PhoneAccount: ComponentInfo{com.android.phone/com.android.services.telephony.TelephonyConnectionService}, 1, UserHandle{0} Capabilities: CallProvider MultiUser PlaceEmerg SimSub  Audio Routes: BESW Schemes: tel voicemail  Extras: Bundle[{android.telecom.extra.SUPPORTS_VIDEO_CALLING_FALLBACK=true}] GroupId: ***]: TSI.rPA@ARU
10-15 19:17:32.070: I/Telecom(605): PhoneAccountRegistrar: getSimCallManager: SimCallManager for subId 1 queried, returning: null: TSI.rPA@ARU
10-15 19:17:32.071: I/Telecom(605): PhoneAccountRegistrar: Notifying telephony of voice service override change for 1 SIMs, hasService = false: TSI.rPA@ARU
10-15 19:17:32.073: D/CompatibilityChangeReporter(605): Compat change id reported: 177438394; UID 10083; state: DISABLED
10-15 19:17:32.074: I/Telephony(1038): AccountEntry: Registered phoneAccount: [[ ] PhoneAccount: ComponentInfo{com.android.phone/com.android.services.telephony.TelephonyConnectionService}, 1, UserHandle{0} Capabilities: CallProvider MultiUser PlaceEmerg SimSub  Audio Routes: BESW Schemes: tel voicemail  Extras: Bundle[{android.telecom.extra.SUPPORTS_VIDEO_CALLING_FALLBACK=true}] GroupId: ***] with handle: ComponentInfo{com.android.phone/com.android.services.telephony.TelephonyConnectionService}, 1, UserHandle{0}
10-15 19:17:32.082: D/CompatibilityChangeReporter(605): Compat change id reported: 135772972; UID 10083; state: DISABLED
10-15 19:17:32.082: I/Telephony(1038): PstnIncomingCallNotifier: Registering: [0]
10-15 19:17:32.083: D/CompatibilityChangeReporter(605): Compat change id reported: 135754954; UID 10083; state: ENABLED
10-15 19:17:32.084: D/Telephony(1038): Registering: Handler (com.android.internal.telephony.GsmCdmaPhone) {45f528b}
10-15 19:17:32.129: W/ActivityManager(605): Slow operation: 163ms so far, now at startProcess: asking zygote to start proc
10-15 19:17:32.133: D/CompatibilityChangeReporter(605): Compat change id reported: 143937733; UID 10083; state: ENABLED
10-15 19:17:32.153: W/ActivityManager(605): Slow operation: 188ms so far, now at startProcess: done starting proc!
10-15 19:17:32.160: W/system_server(605): Long monitor contention with owner ActivityManager (671) at void com.android.server.am.BroadcastQueue.processNextBroadcast(boolean)(BroadcastQueue.java:1140) waiters=1 in boolean com.android.server.am.ActivityManagerService.unbindService(android.app.IServiceConnection) for 1.711s
10-15 19:17:32.171: W/system_server(605): Long monitor contention with owner ActivityManager (671) at void com.android.server.am.BroadcastQueue.processNextBroadcast(boolean)(BroadcastQueue.java:1140) waiters=2 in int com.android.server.am.ActivityManagerService.broadcastIntentWithFeature(android.app.IApplicationThread, java.lang.String, android.content.Intent, java.lang.String, android.content.IIntentReceiver, int, java.lang.String, android.os.Bundle, java.lang.String[], java.lang.String[], java.lang.String[], int, android.os.Bundle, boolean, boolean, int) for 1.469s
10-15 19:17:32.174: I/ogle.android.as(1507): Background young concurrent copying GC freed 71596(3765KB) AllocSpace objects, 5(80KB) LOS objects, 38% free, 6190KB/10036KB, paused 91us,25us total 337.639ms
10-15 19:17:32.175: W/ImsCallbackAM [0, -1](1038): add callback: inactive subID detected: 1
10-15 19:17:32.175: W/Telephony(1038): registerMmTelCapabilityCallback: registration failed, no ImsService available. Exception: ImsService is not available for the subscription specified. (code: 1)
10-15 19:17:32.185: D/Zygote(355): Forked child process 6976
10-15 19:17:32.189: D/CompatibilityChangeReporter(605): Compat change id reported: 161252188; UID 10100; state: ENABLED
10-15 19:17:32.189: W/PackageManager(605): Intent does not match component's intent filter: Intent { act=rcs.intent.action.csApkInitialized flg=0x10 cmp=com.google.android.apps.messaging/.rcsprovisioning.RcsProvisioningBroadcastReceiver (has extras) }
10-15 19:17:32.190: W/PackageManager(605): Access blocked: ComponentInfo{com.google.android.apps.messaging/com.google.android.apps.messaging.rcsprovisioning.RcsProvisioningBroadcastReceiver}
10-15 19:17:32.198: I/SP(1424): Sync for content_cache succeeded in 386 ms: no changes
10-15 19:17:32.198: I/SP(1424): GC for 'content_cache' (10) with ttl of 0 ms took 0 ms (0/0/0)
10-15 19:17:32.197: W/system_server(605): Long monitor contention with owner ActivityManager (671) at void com.android.server.am.BroadcastQueue.processNextBroadcast(boolean)(BroadcastQueue.java:1140) waiters=3 in boolean com.android.server.am.ActivityManagerService.unbindService(android.app.IServiceConnection) for 1.481s
10-15 19:17:32.207: W/system_server(605): Long monitor contention with owner ActivityManager (671) at void com.android.server.am.BroadcastQueue.processNextBroadcast(boolean)(BroadcastQueue.java:1140) waiters=4 in void com.android.server.am.ContentProviderHelper.removeContentProvider(android.os.IBinder, boolean) for 1.491s
10-15 19:17:32.209: W/system_server(605): Long monitor contention with owner ActivityManager (671) at void com.android.server.am.BroadcastQueue.processNextBroadcast(boolean)(BroadcastQueue.java:1140) waiters=5 in boolean com.android.server.am.ActivityManagerService.unbindService(android.app.IServiceConnection) for 1.378s
10-15 19:17:32.210: W/ActivityManager(605): Slow operation: 243ms so far, now at startProcess: returned from zygote!
10-15 19:17:32.218: W/Looper(605): Slow dispatch took 654ms android.ui h=com.android.server.am.ActivityManagerService$UiHandler c=null m=68
10-15 19:17:32.218: W/Looper(605): Slow delivery took 656ms android.ui h=com.android.server.am.ActivityManagerService$UiHandler c=null m=68
10-15 19:17:32.219: I/Zygote(6976): seccomp disabled by setenforce 0
10-15 19:17:32.225: W/ImsCallbackAM [0, -1](1038): add callback: inactive subID detected: 1
10-15 19:17:32.226: W/Telephony(1038): registerImsRegistrationCallback: registration failed, no ImsService available. Exception: ImsService is not available for the subscription specified. (code: 1)
10-15 19:17:32.226: I/ActivityManager(605): Force stopping com.google.android.apps.mtaas.tools appid=10171 user=0: finished inst
10-15 19:17:32.234: W/rrierdefaultapp(6976): Unexpected CPU variant for x86: x86_64.
10-15 19:17:32.234: W/rrierdefaultapp(6976): Known variants: atom, sandybridge, silvermont, kabylake, default
10-15 19:17:32.237: W/Looper(605): Drained
10-15 19:17:32.239: I/RcsClientLib(6690): Disconnecting EventService
10-15 19:17:32.242: I/ActivityManager(605): Killing 6932:com.google.android.apps.mtaas.tools/u0a171 (adj 0): stop com.google.android.apps.mtaas.tools due to finished inst
10-15 19:17:32.259: I/ImsExternalCallTracker(1038): handleVideoCapabilitiesChanged : isVideoCapable = false
10-15 19:17:32.260: D/ImsExternalCallTracker(1038): refreshCallPullState
10-15 19:17:32.260: I/Telephony(1038): handleVideoCapabilitesChanged. Video capability - false
10-15 19:17:32.262: D/Telephony(1038): isEmergencyPreferredAccount: subId=1, activeData=1
10-15 19:17:32.263: D/Telephony(1038): isEmergencyPreferredAccount: Device does not require preference.
10-15 19:17:32.274: I/app_process(6918): System.exit called, status: 0
10-15 19:17:32.274: I/AndroidRuntime(6918): VM exiting with result code 0.
10-15 19:17:32.301: I/adbd(424): jdwp connection from 6976
10-15 19:17:32.925: W/audit(0): audit_lost=1825 audit_rate_limit=5 audit_backlog_limit=64
10-15 19:17:32.957: E/audit(0): rate limit exceeded
10-15 19:17:32.309: I/A(1886): NGA disabled due to not being eligible.
10-15 19:17:32.310: I/A(1886): Nga state changed to NgaStateDetails{state=DISABLED, isSpecialExperience=false}
10-15 19:17:32.323: I/libprocessgroup(605): Successfully killed process cgroup uid 10171 pid 6932 in 78ms
10-15 19:17:32.328: I/A(1602): APA or Classic session decision: SessionDecision(sessionVariance=CLASSIC, platformVariance=CLASSIC, justification=CURRENT_PLATFORM_VARIANCE).
10-15 19:17:32.328: I/A(1602): [Memory] eligibility: StashEligibility{4}
10-15 19:17:32.333: W/InputMethodManagerService(605): Illegal subtype state: old subtype = null, new subtype = android.view.inputmethod.InputMethodSubtype@70bfcd7e
10-15 19:17:32.333: W/Looper(605): Slow dispatch took 694ms main h=android.app.ActivityThread$H c=android.app.LoadedApk$ReceiverDispatcher$Args$$ExternalSyntheticLambda0@31ffd49 m=0
10-15 19:17:32.355: I/Telecom(605): : Locale change; recreating channels.
10-15 19:17:32.356: W/Looper(605): Slow delivery took 760ms main h=android.app.ActivityThread$H c=android.app.LoadedApk$ReceiverDispatcher$Args$$ExternalSyntheticLambda0@341464e m=0
10-15 19:17:32.365: I/A(1602): Unsubscribed to apa or classic variant change.
10-15 19:17:32.367: W/system_server(605): Long monitor contention with owner main (605) at void com.android.server.inputmethod.InputMethodManagerService.onActionLocaleChanged()(InputMethodManagerService.java:1357) waiters=0 in boolean com.android.server.inputmethod.InputMethodManagerService.handleMessage(android.os.Message) for 512ms
10-15 19:17:32.369: W/system_server(605): Long monitor contention with owner main (605) at void com.android.server.inputmethod.InputMethodManagerService.onActionLocaleChanged()(InputMethodManagerService.java:1357) waiters=1 in void com.android.server.inputmethod.InputMethodManagerService$LocalServiceImpl.reportImeControl(android.os.IBinder) for 152ms
10-15 19:17:32.370: V/WindowManager(605): Unknown focus tokens, dropping reportFocusChanged
10-15 19:17:32.371: W/ImsCallbackAM [0, -1](1038): add callback: inactive subID detected: 1
10-15 19:17:32.371: W/Telephony(1038): registerMmTelCapabilityCallback: registration failed, no ImsService available. Exception: ImsService is not available for the subscription specified. (code: 1)
10-15 19:17:32.381: I/Telephony(1038): isRttCurrentlySupported -- regular acct, hasVoiceAvailability: false
10-15 19:17:32.381: I/Telephony(1038):  isRttSupported: false
10-15 19:17:32.381: I/Telephony(1038):  alwaysAllowWhileRoaming: false
10-15 19:17:32.381: I/Telephony(1038):  isRoaming: false
10-15 19:17:32.381: I/Telephony(1038):  isOnWfc: false
10-15 19:17:32.387: I/AiAiEcho(1507): Settings cha with uri: content://settings/secure/input_methods_subtype_history
10-15 19:17:32.391: W/Looper(605): Drained
10-15 19:17:32.397: I/AiAiEcho(1507): Settings cha with uri: content://settings/secure/default_input_method
10-15 19:17:32.401: I/AiAiEcho(1507): Predicting[0]: 
10-15 19:17:32.402: I/AiAiEcho(1507): Ranked targets strategy: SORT, count: 0, ranking metadata: 
10-15 19:17:32.405: I/AiAiEcho(1507): Predicting[0]: 
10-15 19:17:32.412: I/AiAiEcho(1507): Ranked targets strategy: SORT, count: 0, ranking metadata: 
10-15 19:17:32.414: I/AiAiEcho(1507): Predicting[0]: 
10-15 19:17:32.419: D/CompatibilityChangeReporter(605): Compat change id reported: 161145287; UID 10132; state: DISABLED
10-15 19:17:32.429: I/RcsClientLib(6690): Disconnecting ContactsService
10-15 19:17:32.431: I/CarrierServices(1765): [2] RcsStateFetcher$GetRcsStateConnection.onFinish:148 Unbinding RcsMigrationService
10-15 19:17:32.432: I/Zygote(355): Process 6932 exited due to signal 9 (Killed)
10-15 19:17:32.438: W/ActivityManager(605): Slow operation: 471ms so far, now at startProcess: done updating battery stats
10-15 19:17:33.077: I/binder(0): undelivered TRANSACTION_COMPLETE
10-15 19:17:33.084: I/binder(0): undelivered transaction 445514, process died.
10-15 19:17:32.439: W/ActivityManager(605): Slow operation: 472ms so far, now at startProcess: building log message
10-15 19:17:32.440: I/ActivityManager(605): Start proc 6976:com.android.carrierdefaultapp/u0a83 for broadcast {com.android.carrierdefaultapp/com.android.carrierdefaultapp.CarrierDefaultBroadcastReceiver}
10-15 19:17:32.441: W/ActivityManager(605): Slow operation: 474ms so far, now at startProcess: starting to update pids map
10-15 19:17:32.441: W/ActivityManager(605): Slow operation: 475ms so far, now at startProcess: done updating pids map
10-15 19:17:32.442: D/CompatibilityChangeReporter(605): Compat change id reported: 168419799; UID 10083; state: DISABLED
10-15 19:17:32.452: D/SearchUiPerUserService(605): Removing all callbacks for session Id=com.google.android.apps.nexuslauncher:84d2b085-bdc8-4adc-b281-4626e52e79f9,0 and 0 callbacks.
10-15 19:17:32.457: D/Backup(6011): [BackupTransportMigratorChimeraService] Migrating if not already migrated.
10-15 19:17:32.458: I/Backup(6011): [BackupTransportMigratorChimeraService] Starting migration...
10-15 19:17:32.459: D/Backup(6011): [BackupTransportMigratorChimeraService] Selecting GMS BackupTransportService.
10-15 19:17:32.462: V/ActivityManager(605): Got obituary of 6932:com.google.android.apps.mtaas.tools
10-15 19:17:32.476: I/AiAiEcho(1507): EchoSearch: WidgetFetcherImpl is initialized with [23] widgets [reason=locale changed]
10-15 19:17:32.478: I/AiAiEcho(1507): Ranked targets strategy: SORT, count: 0, ranking metadata: 
10-15 19:17:32.482: D/CoreBackPreview(605): Window{38bba1f u0 com.google.android.apps.nexuslauncher/com.google.android.apps.nexuslauncher.NexusLauncherActivity}: Setting back callback null
10-15 19:17:32.490: W/InputManager-JNI(605): Input channel object '38bba1f com.google.android.apps.nexuslauncher/com.google.android.apps.nexuslauncher.NexusLauncherActivity (client)' was disposed without first being removed with the input manager!
10-15 19:17:32.496: I/Telecom(605): PhoneAccountRegistrar: Modify account: [ComponentInfo{com.android.phone/com.android.services.telephony.TelephonyConnectionService}, 1, UserHandle{0}]: TSI.rPA@ARc
10-15 19:17:32.510: W/TransactionTracing(417): Could not find layer handle 0x7547a00a54f0
10-15 19:17:32.537: W/TransactionTracing(417): Could not find layer handle 0x7547a00a6630
10-15 19:17:32.566: I/GsaVoiceInteractionSrv(1602): Handling ACTION_STOP_HOTWORD
10-15 19:17:32.573: I/A(1886): Trying to enqueue PieTriggeringWorker
10-15 19:17:32.588: I/RcsClientLib(6690): Disconnecting FileTransferService
10-15 19:17:32.591: I/RcsClientLib(6690): Disconnecting LocationSharingService
10-15 19:17:32.593: I/RcsClientLib(6690): Disconnecting ImsConnectionTrackerService
10-15 19:17:32.620: V/WindowManager(605): Unknown focus tokens, dropping reportFocusChanged
10-15 19:17:32.633: D/CompatibilityChangeReporter(6976): Compat change id reported: 171979766; UID 10083; state: ENABLED
10-15 19:17:32.679: E/HwDetectorWithState(1602): a: 3
10-15 19:17:32.680: I/AiAiEcho(1507): EchoSearch: AppFetcherImpl is initialized with [20] apps [time=28, reason=device locale is changed.]
10-15 19:17:32.702: I/A(1602): eventData = # com.google.android.apps.gsa.search.shared.service.b.ur@e55957cc
10-15 19:17:32.702: I/A(1602): [255935327] {
10-15 19:17:32.702: I/A(1602): }
10-15 19:17:32.716: I/AiAiMatchmaker(1507): Locale changed: en-us -> zh
10-15 19:17:32.716: I/AiAiTextClassifier(1507): Locale changed, triggering a sync of Webref model
10-15 19:17:32.717: I/AiAiTextClassifier(1507): Syncing webref with url: https://gstatic.com/webref-ondevice/aiai/19071200_pir/2/zh/superpacks_manifest.zip, version 19071200
10-15 19:17:32.718: I/SP.Model.AiAi(1507): Setting manifest to https://gstatic.com/webref-ondevice/aiai/19071200_pir/2/zh/superpacks_manifest.zip.19071200 and syncing
10-15 19:17:32.722: I/SP.AiAi(1507): Registering webref-2-zh.19071200, url: https://gstatic.com/webref-ondevice/aiai/19071200_pir/2/zh/superpacks_manifest.zip, constraints: m:C:u:l, flags: *, requested: 19071200, current: -1
10-15 19:17:32.724: D/AutofillManager(1250): Fill dialog is enabled:false, hints=[]
10-15 19:17:32.744: D/DeviceSearchAlg(1250): search timeout = %d200
10-15 19:17:32.775: I/Telecom(605): CallsManager: handlePhoneAccountChanged: phoneAccount=[[X] PhoneAccount: ComponentInfo{com.android.phone/com.android.services.telephony.TelephonyConnectionService}, 1, UserHandle{0} Capabilities: CallProvider MultiUser PlaceEmerg SimSub  Audio Routes: BESW Schemes: tel voicemail  Extras: Bundle[{android.telecom.extra.SUPPORTS_VIDEO_CALLING_FALLBACK=true}] GroupId: ***]: TSI.rPA@ARc
10-15 19:17:32.777: W/Looper(605): Slow dispatch took 183ms android.ui h=com.android.server.am.ActivityManagerService$UiHandler c=null m=31
10-15 19:17:32.803: I/RcsClientLib(6690): Disconnecting RcsProfileService
10-15 19:17:32.803: I/Telecom(605): PhoneAccountRegistrar: getSimCallManager: SimCallManager for subId 1 queried, returning: null: TSI.rPA@ARc
10-15 19:17:32.803: I/Telecom(605): PhoneAccountRegistrar: Notifying telephony of voice service override change for 1 SIMs, hasService = false: TSI.rPA@ARc
10-15 19:17:32.811: I/AiAiEcho(1507): Settings cha with uri: content://settings/secure/immersive_mode_confirmations
10-15 19:17:32.812: I/AiAiSuggestUi(1250): Connecting to system intelligence module.
10-15 19:17:32.815: I/AiAiEcho(1507): Predicting[0]: 
10-15 19:17:32.815: I/AiAiEcho(1507): Ranked targets strategy: SORT, count: 0, ranking metadata: 
10-15 19:17:32.816: I/AiAiEcho(1507): Predicting[0]: 
10-15 19:17:32.816: I/AiAiEcho(1507): Ranked targets strategy: SORT, count: 0, ranking metadata: 
