10-15 19:16:47.414: I/PackageManager(605): Integrity check passed for file:///data/app/vmdl1889785503.tmp
10-15 19:16:47.569: D/PackageManager(605): Instant App installer not found with android.intent.action.INSTALL_INSTANT_APP_PACKAGE
10-15 19:16:47.570: D/PackageManager(605): Clear ephemeral installer activity
10-15 19:16:47.577: V/StorageManagerService(605): Package null has legacy storage
10-15 19:16:47.579: I/MediaProvider(1503): Invalidating LocalCallingIdentity cache for package com.google.android.apps.mtaas.loginutil. Reason: op android:read_external_storage
10-15 19:16:47.699: W/ziparchive(605): Unable to open '/data/app/~~TWHlasJLbN-FvO8FBTRMOw==/com.google.android.apps.mtaas.loginutil-tISz4PD6qRJKZ_40YH57Yw==/base.dm': No such file or directory
10-15 19:16:47.699: I/PackageDexOptimizer(605): Running dexopt (dexoptNeeded=1) on: /data/app/~~TWHlasJLbN-FvO8FBTRMOw==/com.google.android.apps.mtaas.loginutil-tISz4PD6qRJKZ_40YH57Yw==/base.apk pkg=com.google.android.apps.mtaas.loginutil isa=x86_64 dexoptFlags=boot_complete,profile_guided,public,enable_hidden_api_checks targetFilter=speed-profile oatDir=/data/app/~~TWHlasJLbN-FvO8FBTRMOw==/com.google.android.apps.mtaas.loginutil-tISz4PD6qRJKZ_40YH57Yw==/oat classLoaderContext=PCL[]{PCL[/system/framework/android.test.base.jar]#PCL[/system/framework/org.apache.http.legacy.jar]}
10-15 19:16:47.702: V/installd(460): DexInv: --- BEGIN '/data/app/~~TWHlasJLbN-FvO8FBTRMOw==/com.google.android.apps.mtaas.loginutil-tISz4PD6qRJKZ_40YH57Yw==/base.apk' ---
10-15 19:16:47.702: V/installd(460): Running /apex/com.android.art/bin/dex2oat64 in=base.apk out=/data/app/~~TWHlasJLbN-FvO8FBTRMOw==/com.google.android.apps.mtaas.loginutil-tISz4PD6qRJKZ_40YH57Yw==/oat/x86_64/base.odex
10-15 19:16:47.979: W/dex2oat64(5986): Unexpected CPU variant for x86: x86_64.
10-15 19:16:47.979: W/dex2oat64(5986): Known variants: atom, sandybridge, silvermont, kabylake, default
10-15 19:16:48.025: W/dex2oat64(5986): Mismatch between dex2oat instruction set features to use (ISA: X86_64 Feature string: -ssse3,-sse4.1,-sse4.2,-avx,-avx2,-popcnt) and those from CPP defines (ISA: X86_64 Feature string: ssse3,sse4.1,sse4.2,-avx,-avx2,popcnt) for the command line:
10-15 19:16:48.025: W/dex2oat64(5986): /apex/com.android.art/bin/dex2oat64 --zip-fd=8 --zip-location=base.apk --oat-fd=9 --oat-location=/data/app/~~TWHlasJLbN-FvO8FBTRMOw==/com.google.android.apps.mtaas.loginutil-tISz4PD6qRJKZ_40YH57Yw==/oat/x86_64/base.odex --input-vdex-fd=-1 --output-vdex-fd=10 --swap-fd=11 --classpath-dir=/data/app/~~TWHlasJLbN-FvO8FBTRMOw==/com.google.android.apps.mtaas.loginutil-tISz4PD6qRJKZ_40YH57Yw== --class-loader-context=PCL[]{PCL[/system/framework/android.test.base.jar]#PCL[/system/framework/org.apache.http.legacy.jar]} --compact-dex-level=none --instruction-set=x86_64 --instruction-set-features=default --instruction-set-variant=x86_64 --compiler-filter=speed-profile --compilation-reason=install --max-image-block-size=524288 --resolve-startup-const-strings=true --generate-mini-debug-info --runtime-arg -Xhidden-api-policy:enabled --runtime-arg -Xms64m --runtime-arg -Xmx512m
10-15 19:16:48.027: I/dex2oat64(5986): /apex/com.android.art/bin/dex2oat64 --input-vdex-fd=-1 --output-vdex-fd=10 --classpath-dir=/data/app/~~TWHlasJLbN-FvO8FBTRMOw==/com.google.android.apps.mtaas.loginutil-tISz4PD6qRJKZ_40YH57Yw== --class-loader-context=PCL[]{PCL[/system/framework/android.test.base.jar]#PCL[/system/framework/org.apache.http.legacy.jar]} --compact-dex-level=none --compiler-filter=speed-profile --compilation-reason=install --max-image-block-size=524288 --resolve-startup-const-strings=true --generate-mini-debug-info
10-15 19:16:48.922: I/dex2oat64(5986): dex2oat took 946.800ms (236.484ms cpu) (threads: 2) arena alloc=0B (0B) java alloc=392KB (401824B) native alloc=832KB (852528B) free=1138KB (1165584B)
10-15 19:16:48.930: V/installd(460): DexInv: --- END '/data/app/~~TWHlasJLbN-FvO8FBTRMOw==/com.google.android.apps.mtaas.loginutil-tISz4PD6qRJKZ_40YH57Yw==/base.apk' (success) ---
10-15 19:16:48.935: V/BackupManagerService(605): [UserID:0] restoreAtInstall pkg=com.google.android.apps.mtaas.loginutil token=1 restoreSet=0
10-15 19:16:48.935: V/BackupManagerService(605): [ 10-15 19:16:49.582     0:    0 I/         ]
10-15 19:16:48.935: V/BackupManagerService(605): dex2oat (5986) used greatest stack depth: 11448 bytes left
10-15 19:16:48.941: V/BackupManagerService(605): [UserID:0] Finishing install immediately
10-15 19:16:48.970: D/PackageInstallerSession(605): Marking session 1889785503 as applied
10-15 19:16:48.970: E/installd(460): Couldn't opendir /data/app/vmdl1889785503.tmp: No such file or directory
10-15 19:16:48.970: E/installd(460): Failed to delete /data/app/vmdl1889785503.tmp: No such file or directory
10-15 19:16:48.981: D/CompatibilityChangeReporter(605): Compat change id reported: 168419799; UID 10167; state: DISABLED
10-15 19:16:48.986: I/MediaProvider(1503): Invalidating LocalCallingIdentity cache for package com.google.android.apps.mtaas.loginutil. Reason: package android.intent.action.PACKAGE_ADDED
10-15 19:16:48.996: D/CompatibilityChangeReporter(605): Compat change id reported: 218533173; UID 10167; state: DISABLED
10-15 19:16:49.038: I/GsaVoiceInteractionSrv(1602): O received Intent { act=android.intent.action.PACKAGE_ADDED dat=package: flg=0x4000010 (has extras) }
10-15 19:16:49.057: D/CarrierSvcBindHelper(1038): onPackageAdded: com.google.android.apps.mtaas.loginutil
10-15 19:16:49.058: D/CarrierSvcBindHelper(1038): No carrier app for: 0
10-15 19:16:49.069: D/ImsResolver(1038): maybeAddedImsService, packageName: com.google.android.apps.mtaas.loginutil
10-15 19:16:49.075: I/RoleService(605): Granting default roles...
10-15 19:16:49.075: I/InputReader(605): Reconfiguring input devices, changes=KEYBOARD_LAYOUTS | 
10-15 19:16:49.076: D/CompatibilityChangeReporter(605): Compat change id reported: 135634846; UID 10097; state: DISABLED
10-15 19:16:49.078: D/CompatibilityChangeReporter(605): Compat change id reported: 177438394; UID 10097; state: DISABLED
10-15 19:16:49.081: D/CompatibilityChangeReporter(605): Compat change id reported: 135772972; UID 10097; state: DISABLED
10-15 19:16:49.081: D/CompatibilityChangeReporter(605): Compat change id reported: 135754954; UID 10097; state: ENABLED
10-15 19:16:49.083: W/BroadcastQueue(605): Background execution not allowed: receiving Intent { act=android.intent.action.PACKAGE_ADDED dat=package: flg=0x4000010 (has extras) } to com.google.android.packageinstaller/com.android.packageinstaller.PackageInstalledReceiver
10-15 19:16:49.084: D/CompatibilityChangeReporter(605): Compat change id reported: 143937733; UID 10097; state: ENABLED
10-15 19:16:49.094: I/Zygote(355): Entering forkRepeatedly native zygote loop
10-15 19:16:49.103: D/Zygote(355): Forked child process 5998
10-15 19:16:49.113: E/BackupHelper(1112): Could not parse delayed permissions
10-15 19:16:49.113: E/BackupHelper(1112): java.io.FileNotFoundException: /data/user_de/0/com.google.android.permissioncontroller/files/delayed_restore_permissions.xml: open failed: ENOENT (No such file or directory)
10-15 19:16:49.113: E/BackupHelper(1112): 	at libcore.io.IoBridge.open(IoBridge.java:574)
10-15 19:16:49.113: E/BackupHelper(1112): 	at java.io.FileInputStream.<init>(FileInputStream.java:160)
10-15 19:16:49.113: E/BackupHelper(1112): 	at android.app.ContextImpl.openFileInput(ContextImpl.java:714)
10-15 19:16:49.113: E/BackupHelper(1112): 	at com.android.permissioncontroller.permission.service.BackupHelper.restoreDelayedState(BackupHelper.java:339)
10-15 19:16:49.113: E/BackupHelper(1112): 	at com.android.permissioncontroller.permission.service.PermissionControllerServiceImpl.onRestoreDelayedRuntimePermissionsBackup(PermissionControllerServiceImpl.java:421)
10-15 19:16:49.113: E/BackupHelper(1112): 	at com.android.permissioncontroller.permission.service.PermissionControllerServiceImpl.lambda$onApplyStagedRuntimePermissionBackup$4(PermissionControllerServiceImpl.java:415)
10-15 19:16:49.113: E/BackupHelper(1112): 	at com.android.permissioncontroller.permission.service.PermissionControllerServiceImpl.$r8$lambda$d0Nn-xRapZQvoyXU4vSZgmIHAHQ(Unknown Source:0)
10-15 19:16:49.113: E/BackupHelper(1112): 	at com.android.permissioncontroller.permission.service.PermissionControllerServiceImpl$$ExternalSyntheticLambda10.run(Unknown Source:8)
10-15 19:16:49.113: E/BackupHelper(1112): 	at android.os.AsyncTask$SerialExecutor$1.run(AsyncTask.java:305)
10-15 19:16:49.113: E/BackupHelper(1112): 	at java.util.concurrent.ThreadPoolExecutor.runWorker(ThreadPoolExecutor.java:1137)
10-15 19:16:49.113: E/BackupHelper(1112): 	at java.util.concurrent.ThreadPoolExecutor$Worker.run(ThreadPoolExecutor.java:637)
10-15 19:16:49.113: E/BackupHelper(1112): 	at java.lang.Thread.run(Thread.java:1012)
10-15 19:16:49.113: E/BackupHelper(1112): Caused by: android.system.ErrnoException: open failed: ENOENT (No such file or directory)
10-15 19:16:49.113: E/BackupHelper(1112): 	at libcore.io.Linux.open(Native Method)
10-15 19:16:49.113: E/BackupHelper(1112): 	at libcore.io.ForwardingOs.open(ForwardingOs.java:563)
10-15 19:16:49.113: E/BackupHelper(1112): 	at libcore.io.BlockGuardOs.open(BlockGuardOs.java:274)
10-15 19:16:49.113: E/BackupHelper(1112): 	at libcore.io.ForwardingOs.open(ForwardingOs.java:563)
10-15 19:16:49.113: E/BackupHelper(1112): 	at android.app.ActivityThread$AndroidOs.open(ActivityThread.java:7752)
10-15 19:16:49.113: E/BackupHelper(1112): 	at libcore.io.IoBridge.open(IoBridge.java:560)
10-15 19:16:49.113: E/BackupHelper(1112): 	... 11 more
10-15 19:16:49.119: I/PermissionControllerServiceImpl(1112): Updating user sensitive for uid 10167
10-15 19:16:49.121: D/CompatibilityChangeReporter(605): Compat change id reported: 135634846; UID 10108; state: DISABLED
10-15 19:16:49.128: I/Zygote(5998): seccomp disabled by setenforce 0
10-15 19:16:49.136: W/.apps.wellbeing(5998): Unexpected CPU variant for x86: x86_64.
10-15 19:16:49.136: W/.apps.wellbeing(5998): Known variants: atom, sandybridge, silvermont, kabylake, default
10-15 19:16:49.143: W/BroadcastQueue(605): Background execution not allowed: receiving Intent { act=android.intent.action.PACKAGE_ADDED dat=package: flg=0x4000010 (has extras) } to com.google.android.gms/.games.chimera.GamesSystemBroadcastReceiverProxy
10-15 19:16:49.144: W/BroadcastQueue(605): Background execution not allowed: receiving Intent { act=android.intent.action.PACKAGE_ADDED dat=package: flg=0x4000010 (has extras) } to com.google.android.gms/.gass.chimera.PackageChangeBroadcastReceiver
10-15 19:16:49.144: W/BroadcastQueue(605): Background execution not allowed: receiving Intent { act=android.intent.action.PACKAGE_ADDED dat=package: flg=0x4000010 (has extras) } to com.google.android.gms/.chimera.GmsIntentOperationService$PersistentTrustedReceiver
10-15 19:16:49.145: W/BroadcastQueue(605): Background execution not allowed: receiving Intent { act=android.intent.action.PACKAGE_ADDED dat=package: flg=0x4000010 (has extras) } to com.google.android.googlequicksearchbox/com.google.android.apps.gsa.googlequicksearchbox.GelStubAppWatcher
10-15 19:16:49.145: I/ActivityManager(605): com.google.android.packageinstaller is exempt from freezer
10-15 19:16:49.146: D/CompatibilityChangeReporter(605): Compat change id reported: 135634846; UID 10073; state: DISABLED
10-15 19:16:49.147: D/CompatibilityChangeReporter(605): Compat change id reported: 177438394; UID 10073; state: DISABLED
10-15 19:16:49.148: D/CompatibilityChangeReporter(605): Compat change id reported: 135772972; UID 10073; state: DISABLED
10-15 19:16:49.148: D/CompatibilityChangeReporter(605): Compat change id reported: 135754954; UID 10073; state: ENABLED
10-15 19:16:49.151: I/adbd(424): jdwp connection from 5998
10-15 19:16:49.159: W/ActivityManager(605): Slow operation: 98ms so far, now at startProcess: done updating battery stats
10-15 19:16:49.160: W/ActivityManager(605): Slow operation: 98ms so far, now at startProcess: building log message
10-15 19:16:49.160: I/ActivityManager(605): Start proc 5998:com.google.android.apps.wellbeing/u0a97 for content provider {com.google.android.apps.wellbeing/com.google.android.apps.wellbeing.api.impl.WellbeingSettingsProvider}
10-15 19:16:49.160: W/ActivityManager(605): Slow operation: 99ms so far, now at startProcess: starting to update pids map
10-15 19:16:49.160: W/ActivityManager(605): Slow operation: 99ms so far, now at startProcess: done updating pids map
10-15 19:16:49.165: W/ActivityManager(605): Slow operation: 55ms so far, now at startProcess: asking zygote to start proc
10-15 19:16:49.166: D/CompatibilityChangeReporter(605): Compat change id reported: 143937733; UID 10108; state: ENABLED
10-15 19:16:49.172: D/Zygote(355): Forked child process 6011
10-15 19:16:49.172: W/ActivityManager(605): Slow operation: 62ms so far, now at startProcess: returned from zygote!
10-15 19:16:49.175: W/ActivityManager(605): Slow operation: 64ms so far, now at startProcess: done updating battery stats
10-15 19:16:49.175: W/ActivityManager(605): Slow operation: 65ms so far, now at startProcess: building log message
10-15 19:16:49.175: I/ActivityManager(605): Start proc 6011:com.google.android.gms/u0a108 for service {com.google.android.gms/com.google.android.gms.chimera.GmsIntentOperationService}
10-15 19:16:49.175: W/ActivityManager(605): Slow operation: 65ms so far, now at startProcess: starting to update pids map
10-15 19:16:49.176: W/ActivityManager(605): Slow operation: 65ms so far, now at startProcess: done updating pids map
10-15 19:16:49.176: D/CompatibilityChangeReporter(605): Compat change id reported: 143937733; UID 10073; state: ENABLED
10-15 19:16:49.182: D/Zygote(355): Forked child process 6012
10-15 19:16:49.190: I/Zygote(6012): seccomp disabled by setenforce 0
10-15 19:16:49.190: I/Zygote(6011): seccomp disabled by setenforce 0
10-15 19:16:49.195: I/ActivityManager(605): Start proc 6012:com.google.android.packageinstaller/u0a73 for broadcast {com.google.android.packageinstaller/com.android.packageinstaller.PackageInstalledReceiver}
10-15 19:16:49.216: D/CompatibilityChangeReporter(5998): Compat change id reported: 171979766; UID 10097; state: ENABLED
10-15 19:16:49.232: W/gle.android.gms(6011): Unexpected CPU variant for x86: x86_64.
10-15 19:16:49.232: W/gle.android.gms(6011): Known variants: atom, sandybridge, silvermont, kabylake, default
10-15 19:16:49.232: W/ackageinstaller(6012): Unexpected CPU variant for x86: x86_64.
10-15 19:16:49.232: W/ackageinstaller(6012): Known variants: atom, sandybridge, silvermont, kabylake, default
10-15 19:16:49.251: I/adbd(424): jdwp connection from 6012
10-15 19:16:49.255: D/nativeloader(5998): classloader namespace configured for unbundled product apk. library_path=/product/priv-app/WellbeingPrebuilt/lib/x86_64:/product/lib64:/system/product/lib64
10-15 19:16:49.304: V/GraphicsEnvironment(5998): ANGLE Developer option for 'com.google.android.apps.wellbeing' set to: 'default'
10-15 19:16:49.304: V/GraphicsEnvironment(5998): ANGLE GameManagerService for com.google.android.apps.wellbeing: false
10-15 19:16:49.305: V/GraphicsEnvironment(5998): Neither updatable production driver nor prerelease driver is supported.
10-15 19:16:49.307: D/NetworkSecurityConfig(5998): No Network Security Config specified, using platform default
10-15 19:16:49.307: D/NetworkSecurityConfig(5998): No Network Security Config specified, using platform default
10-15 19:16:49.310: I/MultiDex(5998): VM with version 2.1.0 has multidex support
10-15 19:16:49.310: I/MultiDex(5998): Installing application
10-15 19:16:49.310: I/MultiDex(5998): VM has multidex support, MultiDex support library is disabled.
10-15 19:16:49.317: W/Looper(605): Slow dispatch took 225ms main h=android.app.ActivityThread$H c=android.app.LoadedApk$ReceiverDispatcher$Args$$ExternalSyntheticLambda0@86eeb6a m=0
10-15 19:16:49.317: W/Looper(605): Slow delivery took 296ms main h=com.android.server.media.MediaRouterService$UserHandler c=android.app.LoadedApk$ReceiverDispatcher$Args$$ExternalSyntheticLambda0@f0b85b m=0
10-15 19:16:49.320: I/adbd(424): jdwp connection from 6011
10-15 19:16:49.323: I/Telecom(605): DefaultDialerCache: Refreshing default dialer for user 0: now com.google.android.dialer: DDC.oR@AOc
10-15 19:16:49.331: D/CompatibilityChangeReporter(605): Compat change id reported: 168419799; UID 10073; state: DISABLED
10-15 19:16:49.347: W/Role(1112): Cannot get ApplicationInfo for default holder: com.google.android.contacts
10-15 19:16:49.356: D/CompatibilityChangeReporter(6012): Compat change id reported: 171979766; UID 10073; state: ENABLED
10-15 19:16:49.380: D/CompatibilityChangeReporter(6011): Compat change id reported: 171979766; UID 10108; state: ENABLED
10-15 19:16:49.404: V/GraphicsEnvironment(6012): ANGLE Developer option for 'com.google.android.packageinstaller' set to: 'default'
10-15 19:16:49.406: V/GraphicsEnvironment(6012): ANGLE GameManagerService for com.google.android.packageinstaller: false
10-15 19:16:49.406: V/GraphicsEnvironment(6012): Neither updatable production driver nor prerelease driver is supported.
10-15 19:16:49.407: V/BackupManagerConstants(605): getFullBackupIntervalMilliseconds(...) returns 86400000
10-15 19:16:49.408: V/BackupManagerConstants(605): getFullBackupRequiredNetworkType(...) returns 2
10-15 19:16:49.409: V/BackupManagerConstants(605): getFullBackupRequireCharging(...) returns true
10-15 19:16:49.410: D/CompatibilityChangeReporter(605): Compat change id reported: 194532703; UID 1000; state: ENABLED
10-15 19:16:49.420: D/NetworkSecurityConfig(6012): No Network Security Config specified, using platform default
10-15 19:16:49.420: D/NetworkSecurityConfig(6012): No Network Security Config specified, using platform default
10-15 19:16:49.429: W/Looper(605): Slow dispatch took 105ms main h=android.app.ActivityThread$H c=android.app.LoadedApk$ReceiverDispatcher$Args$$ExternalSyntheticLambda0@67a570 m=0
10-15 19:16:49.448: W/Looper(605): Drained
10-15 19:16:49.452: I/InputReader(605): Reconfiguring input devices, changes=KEYBOARD_LAYOUTS | 
10-15 19:16:49.462: I/Telecom(605): DefaultDialerCache: Refreshing default dialer for user 0: now com.google.android.dialer: DDC.oR@AOg
10-15 19:16:49.466: W/Role(1112): Default holder doesn't have required signing certificate: com.google.android.apps.work.clouddpc:23962F4B43B9857638EA66F4D419518EAE282491ACDA4B94707BD59003C45E58
10-15 19:16:49.475: W/BackupTransportManager(605): Package com.google.android.apps.mtaas.loginutil enabled setting: 0
10-15 19:16:49.488: I/PermissionControllerServiceImpl(1112): Updating user sensitive for uid 10167
10-15 19:16:49.503: W/GCM(1299): Unexpected forwarded intent: Intent { act=android.intent.action.PACKAGE_ADDED dat=package: flg=0x4000010 pkg=com.google.android.gms cmp=com.google.android.gms/.chimera.PersistentIntentOperationService (has extras) }
10-15 19:16:49.507: I/FontLog(1299): Package com.google.android.apps.mtaas.loginutil has no metadata [CONTEXT service_id=132 ]
10-15 19:16:49.513: W/GCM(1299): Unexpected forwarded intent: Intent { act=android.intent.action.PACKAGE_ADDED dat=package: flg=0x4000010 pkg=com.google.android.gms cmp=com.google.android.gms/.chimera.PersistentIntentOperationService (has extras) }
10-15 19:16:49.532: D/CompatibilityChangeReporter(5998): Compat change id reported: 183155436; UID 10097; state: DISABLED
10-15 19:16:49.575: D/CarrierSvcBindHelper(1038): onPackageModified: com.google.android.apps.mtaas.loginutil
10-15 19:16:49.576: D/CarrierSvcBindHelper(1038): No carrier app for: 0
10-15 19:16:49.576: D/ImsResolver(1038): maybeAddedImsService, packageName: com.google.android.apps.mtaas.loginutil
10-15 19:16:49.600: I/Fitness(1299): OnPackageChangedOperation got intent: Intent { act=android.intent.action.PACKAGE_CHANGED dat=package: flg=0x5000010 pkg=com.google.android.gms cmp=com.google.android.gms/.chimera.PersistentIntentOperationService (has extras) } [CONTEXT service_id=17 ]
10-15 19:16:49.617: I/Fitness(1299): FitCleanupIntentOperation received Intent android.intent.action.PACKAGE_CHANGED [CONTEXT service_id=17 ]
10-15 19:16:49.621: D/CompatibilityChangeReporter(605): Compat change id reported: 161145287; UID 10108; state: DISABLED
10-15 19:16:49.628: I/Fitness(1299): OnPackageChangedOperation got intent: Intent { act=android.intent.action.PACKAGE_CHANGED dat=package: flg=0x5000010 pkg=com.google.android.gms cmp=com.google.android.gms/.chimera.PersistentIntentOperationService (has extras) } [CONTEXT service_id=17 ]
10-15 19:16:49.641: I/Fitness(1299): FitCleanupIntentOperation received Intent android.intent.action.PACKAGE_CHANGED [CONTEXT service_id=17 ]
10-15 19:16:49.668: D/nativeloader(6011): classloader namespace configured for unbundled product apk. library_path=/product/priv-app/PrebuiltGmsCore/lib/x86_64:/product/priv-app/PrebuiltGmsCore/PrebuiltGmsCore.apk!/lib/x86_64:/product/lib64:/system/product/lib64
10-15 19:16:49.680: I/ihk(5998): SslGuard completed installation.
10-15 19:16:49.691: V/GraphicsEnvironment(6011): ANGLE Developer option for 'com.google.android.gms' set to: 'default'
10-15 19:16:49.694: V/GraphicsEnvironment(6011): ANGLE GameManagerService for com.google.android.gms: false
10-15 19:16:49.696: V/GraphicsEnvironment(6011): Neither updatable production driver nor prerelease driver is supported.
10-15 19:16:49.699: W/.apps.wellbeing(5998): Accessing hidden field Ljava/util/Collections$SynchronizedCollection;->mutex:Ljava/lang/Object; (max-target-o, reflection, denied)
10-15 19:16:49.700: W/.apps.wellbeing(5998): Accessing hidden method Ljava/util/Collections$SynchronizedSet;-><init>(Ljava/util/Set;Ljava/lang/Object;)V (max-target-o, reflection, denied)
10-15 19:16:49.702: D/NetworkSecurityConfig(6011): Using Network Security Config from resource network_security_config debugBuild: false
10-15 19:16:49.704: D/NetworkSecurityConfig(6011): Using Network Security Config from resource network_security_config debugBuild: false
10-15 19:16:49.722: W/Role(1112): Cannot get ApplicationInfo for default holder: com.google.android.odad
10-15 19:16:49.771: W/.apps.wellbeing(5998): Accessing hidden method Ljava/util/Collections$SynchronizedCollection;-><init>(Ljava/util/Collection;Ljava/lang/Object;)V (max-target-o, reflection, denied)
10-15 19:16:49.803: W/PackageManager(605): Failed registering loading progress callback. Package is fully loaded.
10-15 19:16:49.821: D/BtGatt.ScanManager(973): uid 10108 isForeground true scanMode 1
10-15 19:16:49.824: D/BtGatt.ScanManager(973): uid 10108 isForeground true scanMode -1
10-15 19:16:49.826: D/BtGatt.ScanManager(973): uid 10108 isForeground true scanMode -1
10-15 19:16:49.868: I/DynamiteModule(6011): Considering local module com.google.android.gms.permissions:1 and remote module com.google.android.gms.permissions:1
10-15 19:16:49.868: I/DynamiteModule(6011): Selected local version of com.google.android.gms.permissions
10-15 19:16:49.964: W/ProviderHelper(6011): Unknown dynamite feature providerinstaller.dynamite
10-15 19:16:49.969: I/AiAiEcho(1507): EchoSearch: WidgetFetcherImpl is initialized with [23] widgets [reason=package added for userId: 0]
10-15 19:16:49.973: I/PackageManager(605): Integrity check passed for file:///data/app/vmdl1939887487.tmp
10-15 19:16:49.987: I/AiAiEcho(1507): EchoSearch: AppFetcherImpl is initialized with [18] apps [time=15, reason=com.google.android.apps.mtaas.loginutil is added]
10-15 19:16:49.987: I/DynamiteModule(6011): Considering local module com.google.android.gms.providerinstaller.dynamite:1 and remote module com.google.android.gms.providerinstaller.dynamite:0
10-15 19:16:49.987: I/DynamiteModule(6011): Selected local version of com.google.android.gms.providerinstaller.dynamite
10-15 19:16:50.027: D/PackageManager(605): Instant App installer not found with android.intent.action.INSTALL_INSTANT_APP_PACKAGE
10-15 19:16:50.027: D/PackageManager(605): Clear ephemeral installer activity
10-15 19:16:50.040: I/RoleService(605): Granting default roles...
10-15 19:16:50.050: V/NativeCrypto(6011): Registering com/google/android/gms/org/conscrypt/NativeCrypto's 295 native methods...
10-15 19:16:50.069: I/ProviderInstaller(6011): Installed default security provider GmsCore_OpenSSL
10-15 19:16:50.091: W/ziparchive(605): Unable to open '/data/app/~~onVs_cLVHnOe_Jdiw0Gi7A==/com.google.android.apps.mtaas.backdrop--QJkSPgoy8IVVSfSZVK_ag==/base.dm': No such file or directory
10-15 19:16:50.098: I/PackageDexOptimizer(605): Running dexopt (dexoptNeeded=1) on: /data/app/~~onVs_cLVHnOe_Jdiw0Gi7A==/com.google.android.apps.mtaas.backdrop--QJkSPgoy8IVVSfSZVK_ag==/base.apk pkg=com.google.android.apps.mtaas.backdrop isa=x86_64 dexoptFlags=boot_complete,profile_guided,public,enable_hidden_api_checks targetFilter=speed-profile oatDir=/data/app/~~onVs_cLVHnOe_Jdiw0Gi7A==/com.google.android.apps.mtaas.backdrop--QJkSPgoy8IVVSfSZVK_ag==/oat classLoaderContext=PCL[]{PCL[/system/framework/android.test.base.jar]}
10-15 19:16:50.102: V/installd(460): DexInv: --- BEGIN '/data/app/~~onVs_cLVHnOe_Jdiw0Gi7A==/com.google.android.apps.mtaas.backdrop--QJkSPgoy8IVVSfSZVK_ag==/base.apk' ---
10-15 19:16:50.102: V/installd(460): Running /apex/com.android.art/bin/dex2oat64 in=base.apk out=/data/app/~~onVs_cLVHnOe_Jdiw0Gi7A==/com.google.android.apps.mtaas.backdrop--QJkSPgoy8IVVSfSZVK_ag==/oat/x86_64/base.odex
10-15 19:16:50.113: I/system_server(605): Background concurrent copying GC freed 328661(17MB) AllocSpace objects, 43(1036KB) LOS objects, 49% free, 24MB/48MB, paused 137us,977us total 1.147s
10-15 19:16:50.146: W/dex2oat64(6081): Unexpected CPU variant for x86: x86_64.
10-15 19:16:50.146: W/dex2oat64(6081): Known variants: atom, sandybridge, silvermont, kabylake, default
10-15 19:16:50.154: D/CompatibilityChangeReporter(6011): Compat change id reported: 183155436; UID 10108; state: ENABLED
10-15 19:16:50.156: W/dex2oat64(6081): Mismatch between dex2oat instruction set features to use (ISA: X86_64 Feature string: -ssse3,-sse4.1,-sse4.2,-avx,-avx2,-popcnt) and those from CPP defines (ISA: X86_64 Feature string: ssse3,sse4.1,sse4.2,-avx,-avx2,popcnt) for the command line:
10-15 19:16:50.156: W/dex2oat64(6081): /apex/com.android.art/bin/dex2oat64 --zip-fd=8 --zip-location=base.apk --oat-fd=9 --oat-location=/data/app/~~onVs_cLVHnOe_Jdiw0Gi7A==/com.google.android.apps.mtaas.backdrop--QJkSPgoy8IVVSfSZVK_ag==/oat/x86_64/base.odex --input-vdex-fd=-1 --output-vdex-fd=10 --swap-fd=11 --classpath-dir=/data/app/~~onVs_cLVHnOe_Jdiw0Gi7A==/com.google.android.apps.mtaas.backdrop--QJkSPgoy8IVVSfSZVK_ag== --class-loader-context=PCL[]{PCL[/system/framework/android.test.base.jar]} --compact-dex-level=none --instruction-set=x86_64 --instruction-set-features=default --instruction-set-variant=x86_64 --compiler-filter=speed-profile --compilation-reason=install --max-image-block-size=524288 --resolve-startup-const-strings=true --generate-mini-debug-info --runtime-arg -Xtarget-sdk-version:28 --runtime-arg -Xhidden-api-policy:enabled --runtime-arg -Xms64m --runtime-arg -Xmx512m
10-15 19:16:50.157: I/dex2oat64(6081): /apex/com.android.art/bin/dex2oat64 --input-vdex-fd=-1 --output-vdex-fd=10 --classpath-dir=/data/app/~~onVs_cLVHnOe_Jdiw0Gi7A==/com.google.android.apps.mtaas.backdrop--QJkSPgoy8IVVSfSZVK_ag== --class-loader-context=PCL[]{PCL[/system/framework/android.test.base.jar]} --compact-dex-level=none --compiler-filter=speed-profile --compilation-reason=install --max-image-block-size=524288 --resolve-startup-const-strings=true --generate-mini-debug-info
10-15 19:16:50.167: I/GmsApplication(6011): [gms_startup_benchmark] Static start time (ms): 1080885, Startup latency (ms): 447, Is system user: true
10-15 19:16:50.171: I/btgd(6011): Primes not initialized, returning default (no-op) Primes instance which will ignore all calls. Please call Primes.initialize(...) before using any Primes API.
10-15 19:16:50.766: I/binder(0): 605:629 DecRefs 0 refcount change on invalid ref 957 ret -22
10-15 19:16:50.842: I/binder(0): 605:629 DecRefs 0 refcount change on invalid ref 956 ret -22
10-15 19:16:50.208: W/DynamiteModule(5998): Local module descriptor class for com.google.android.gms.googlecertificates not found.
10-15 19:16:50.858: I/binder(0): 605:629 DecRefs 0 refcount change on invalid ref 896 ret -22
10-15 19:16:50.869: I/binder(0): 605:629 DecRefs 0 refcount change on invalid ref 898 ret -22
10-15 19:16:50.224: W/ziparchive(5998): Unable to open '/data/user_de/0/com.google.android.gms/app_chimera/m/00000002/DynamiteLoader.dm': No such file or directory
10-15 19:16:50.226: W/ziparchive(5998): Unable to open '/data/user_de/0/com.google.android.gms/app_chimera/m/00000002/DynamiteLoader.dm': No such file or directory
10-15 19:16:50.240: I/DynamiteModule(5998): Considering local module com.google.android.gms.googlecertificates:0 and remote module com.google.android.gms.googlecertificates:7
10-15 19:16:50.243: I/DynamiteModule(5998): Selected remote version of com.google.android.gms.googlecertificates, version >= 7
10-15 19:16:50.262: D/CompatibilityChangeReporter(605): Compat change id reported: 161145287; UID 10097; state: DISABLED
10-15 19:16:50.906: I/binder(0): 605:629 DecRefs 0 refcount change on invalid ref 1450 ret -22
10-15 19:16:50.915: I/binder(0): 605:629 DecRefs 0 refcount change on invalid ref 1449 ret -22
10-15 19:16:50.273: I/Watchcat(6011): Started
10-15 19:16:50.925: I/binder(0): 605:629 DecRefs 0 refcount change on invalid ref 1293 ret -22
10-15 19:16:50.273: I/GMS_MM_Logger(6011): Started.
10-15 19:16:50.310: D/CompatibilityChangeReporter(6011): Compat change id reported: 160794467; UID 10108; state: ENABLED
10-15 19:16:50.987: I/binder(0): 605:629 DecRefs 0 refcount change on invalid ref 1292 ret -22
10-15 19:16:50.997: I/binder(0): 605:629 DecRefs 0 refcount change on invalid ref 1610 ret -22
10-15 19:16:51.007: I/binder(0): 605:629 DecRefs 0 refcount change on invalid ref 1611 ret -22
10-15 19:16:50.385: W/ziparchive(5998): Unable to open '/data/user_de/0/com.google.android.gms/app_chimera/m/00000005/GoogleCertificates.dm': No such file or directory
10-15 19:16:50.386: W/ziparchive(5998): Unable to open '/data/user_de/0/com.google.android.gms/app_chimera/m/00000005/GoogleCertificates.dm': No such file or directory
10-15 19:16:50.392: I/DropBoxManagerService(605): add tag=system_server_strictmode isTagEnabled=true flags=0x2
10-15 19:16:50.401: I/Auth(6011): [SupervisedAccountIntentOperation] onHandleIntent(): android.intent.action.PACKAGE_ADDED
10-15 19:16:50.401: D/CompatibilityChangeReporter(605): Compat change id reported: 168419799; UID 10108; state: DISABLED
10-15 19:16:50.438: D/BoundBrokerSvc(6011): onBind: Intent { act=com.google.android.gms.common.BIND_SHARED_PREFS pkg=com.google.android.gms }
10-15 19:16:50.438: D/BoundBrokerSvc(6011): Loading bound service for intent: Intent { act=com.google.android.gms.common.BIND_SHARED_PREFS pkg=com.google.android.gms }
10-15 19:16:50.457: I/PackageIntentOperation(6011): Feature flags not enabled, skipping. [CONTEXT service_id=258 ]
10-15 19:16:50.486: I/DynamiteModule(6011): Considering local module com.google.android.gms.googlecertificates:7 and remote module com.google.android.gms.googlecertificates:7
10-15 19:16:50.486: I/DynamiteModule(6011): Selected local version of com.google.android.gms.googlecertificates
10-15 19:16:50.490: W/Role(1112): Cannot get ApplicationInfo for default holder: com.google.android.contacts
10-15 19:16:50.502: D/BoundBrokerSvc(6011): onUnbind: Intent { act=com.google.android.gms.common.BIND_SHARED_PREFS pkg=com.google.android.gms }
10-15 19:16:50.506: I/Dck(6011): doesDeviceHaveSupportedWirelessCapabilities: wccSysProp:0, wccMendel:1, deviceWccOverride:false [CONTEXT service_id=289 ]
10-15 19:16:50.507: I/Dck(6011): isDckModuleEligible: isAtLeastR:true, hasWccSupport:false, downloadAllowed:false, featureEnabled:true [CONTEXT service_id=289 ]
10-15 19:16:50.507: W/Dck(6011): Dck module not eligible for asynchronous downloading [CONTEXT service_id=289 ]
10-15 19:16:50.529: W/Role(1112): Default holder doesn't have required signing certificate: com.google.android.apps.work.clouddpc:23962F4B43B9857638EA66F4D419518EAE282491ACDA4B94707BD59003C45E58
10-15 19:16:50.624: I/Icing(6011): Using regular flags by method 2
10-15 19:16:50.650: W/Role(1112): Cannot get ApplicationInfo for default holder: com.google.android.odad
10-15 19:16:50.707: I/Icing(6011): Storage manager: low false usage 1.62MB avail 30.20GB capacity 31.33GB
10-15 19:16:50.806: W/ChimeraUtils(1299): Module com.google.android.gms.nearby_en has empty metadata display_name_string_id
10-15 19:16:50.824: W/ChimeraUtils(1299): Module com.google.android.gms.nearby_en has empty metadata display_name_string_id
10-15 19:16:50.868: E/VerityUtils(605): Failed to measure fs-verity, errno 1: /data/app/~~TWHlasJLbN-FvO8FBTRMOw==/com.google.android.apps.mtaas.loginutil-tISz4PD6qRJKZ_40YH57Yw==/base.apk
10-15 19:16:50.868: I/GmscoreIpa(6011): Using regular flags by method 2 [CONTEXT service_id=255 ]
10-15 19:16:50.942: W/ChimeraUtils(1299): Module com.google.android.gms.nearby_en has empty metadata display_name_string_id
10-15 19:16:50.967: W/gle.android.gms(6011): Long monitor contention with owner lowpool[1] (6084) at java.util.Map buaq.c()(:com.google.android.gms@221821047@22.18.21 (190800-453244992):6) waiters=0 in java.util.Map buaq.c() for 126ms
10-15 19:16:50.977: I/.gms.persistent(1299): Background young concurrent copying GC freed 27891(2437KB) AllocSpace objects, 37(1668KB) LOS objects, 0% free, 26MB/26MB, paused 104us,144us total 230.207ms
10-15 19:16:51.003: W/native(6011): W0000 00:00:1665886611.003525    6084 model-utils.cc:15] No CRC32, most likely an old model; skip CRC32 check
10-15 19:16:51.004: I/native(6011): I0000 00:00:1665886611.004059    6084 permission-checker.cc:74] Creating PermissionChecker based on ACL with config_version 1 having 8 permissions defined.
10-15 19:16:51.004: W/native(6011): W0000 00:00:1665886611.004378    6084 words-map.cc:36] INVALID_ARGUMENT: Empty URI
10-15 19:16:51.004: W/native(6011): W0000 00:00:1665886611.004417    6084 words-map.cc:40] WordsMap was not properly initialized
10-15 19:16:51.051: W/ChimeraUtils(1299): Module com.google.android.gms.nearby_en has empty metadata display_name_string_id
10-15 19:16:51.112: I/ChimeraConfigurator(6011): Starting update, reason: 4 urgentFeatures: pay:-1
10-15 19:16:51.221: I/DynamiteModule(6011): Considering local module com.google.android.gms.cronet_dynamite:0 and remote module com.google.android.gms.cronet_dynamite:1411
10-15 19:16:51.221: I/DynamiteModule(6011): Selected remote version of com.google.android.gms.cronet_dynamite, version >= 1411
10-15 19:16:51.227: W/ChimeraUtils(1299): Module com.google.android.gms.nearby_en has empty metadata display_name_string_id
10-15 19:16:51.238: W/ziparchive(6011): Unable to open '/data/user_de/0/com.google.android.gms/app_chimera/m/00000001/CronetDynamite.dm': No such file or directory
10-15 19:16:51.280: W/ChimeraUtils(1299): Module com.google.android.gms.nearby_en has empty metadata display_name_string_id
10-15 19:16:51.304: W/Icing(6011): Package com.google.android.googlequicksearchbox targets Android P and isn't allowed to use AppDataSearch indexing API
10-15 19:16:51.313: W/Icing(6011): Package com.google.android.gm targets Android P and isn't allowed to use AppDataSearch indexing API
10-15 19:16:51.328: I/Icing(6011): updateResources: need to parse ajcp{com.google.android.gms}
10-15 19:16:51.456: I/.gms.persistent(1299): Background concurrent copying GC freed 257562(12MB) AllocSpace objects, 50(2172KB) LOS objects, 49% free, 13MB/27MB, paused 81us,47us total 475.375ms
10-15 19:16:51.615: W/gle.android.gms(6011): Long monitor contention with owner [com.google.android.gms.chimera.container.intentoperation.GmsIntentOperationChimeraService-Executor] processing com.google.android.gms.chimera.container.InitConfigOperation for action com.google.android.chimera.container.REQUESTED_FEATURES_CHANGED (6095) at android.content.Context etb.f(android.content.Context, eya, eyb, java.lang.String)(:com.google.android.gms@221821047@22.18.21 (190800-453244992):10) waiters=0 in eya etb.l(esu) for 318ms
10-15 19:16:51.665: I/Icing(6011): IndexChimeraService.getServiceInterface callingPackage=com.google.android.gms componentName=AppsCorpus serviceId=32
10-15 19:16:51.690: I/Icing(6011): IndexChimeraService.getServiceInterface callingPackage=com.google.android.gms componentName=ContactsIndexer serviceId=33
10-15 19:16:51.691: I/GmsDebugLogger(6011): [73] 1801
10-15 19:16:51.708: I/GmsDebugLogger(6011): [30] [Pay.optional:221821100000]
10-15 19:16:51.713: D/CompatibilityChangeReporter(5998): Compat change id reported: 160794467; UID 10097; state: ENABLED
10-15 19:16:51.719: W/ChimeraConfigService(6011): Retry attempt was throttled. [CONTEXT service_id=264 ]
10-15 19:16:51.723: I/GmsDebugLogger(6011): [83] 1 [pay]
10-15 19:16:51.748: I/Icing(6011): Internal init done: storage state 0
10-15 19:16:51.766: D/BoundBrokerSvc(6011): onBind: Intent { act=com.google.android.gms.feedback.internal.IFeedbackService dat=chimera-action: cmp=com.google.android.gms/.chimera.GmsBoundBrokerService }
10-15 19:16:51.766: D/BoundBrokerSvc(6011): Loading bound service for intent: Intent { act=com.google.android.gms.feedback.internal.IFeedbackService dat=chimera-action: cmp=com.google.android.gms/.chimera.GmsBoundBrokerService }
10-15 19:16:51.766: I/Icing(6011): IndexChimeraService.getServiceInterface callingPackage=com.google.android.gms componentName=AppsCorpus serviceId=36
10-15 19:16:51.775: I/Icing(6011): IndexChimeraService.getServiceInterface callingPackage=com.google.android.gms componentName=null serviceId=30
10-15 19:16:51.821: W/gle.android.gms(6011): Long monitor contention with owner [com.google.android.gms.chimera.container.intentoperation.GmsIntentOperationChimeraService-Executor] processing com.google.android.gms.icing.proxy.UpdateIcingCorporaIntentOperation for action android.intent.action.PACKAGE_CHANGED (6106) at void ewd.run()(:com.google.android.gms@221821047@22.18.21 (190800-453244992):3) waiters=0 in void ewd.run() for 1.025s
10-15 19:16:51.856: I/Icing(6011): Post-init done
10-15 19:16:51.902: I/Icing(6011): IndexChimeraService.getServiceInterface callingPackage=com.google.android.gms componentName=null serviceId=36
10-15 19:16:51.914: W/ChimeraUtils(1299): Module com.google.android.gms.nearby_en has empty metadata display_name_string_id
10-15 19:16:51.934: W/ChimeraUtils(1299): Module com.google.android.gms.nearby_en has empty metadata display_name_string_id
10-15 19:16:51.943: W/ChimeraUtils(1299): Module com.google.android.gms.nearby_en has empty metadata display_name_string_id
10-15 19:16:51.963: W/Icing(6011): No valid account for uploading user actions
10-15 19:16:51.988: I/Icing(6011): Usage reports ok 0, Failed Usage reports 0, indexed 0, rejected 0
10-15 19:16:52.015: W/Icing(6011): No valid account for uploading user actions
10-15 19:16:52.031: I/Icing(6011): Usage reports ok 0, Failed Usage reports 0, indexed 0, rejected 0
10-15 19:16:52.045: W/Icing(6011): No valid account for uploading user actions
10-15 19:16:52.054: I/Icing(6011): Usage reports ok 0, Failed Usage reports 0, indexed 0, rejected 0
10-15 19:16:52.058: W/Icing(6011): No valid account for uploading user actions
10-15 19:16:52.063: I/Icing(6011): Usage reports ok 0, Failed Usage reports 0, indexed 0, rejected 0
10-15 19:16:52.068: W/Icing(6011): No valid account for uploading user actions
10-15 19:16:52.073: I/Icing(6011): Usage reports ok 0, Failed Usage reports 0, indexed 0, rejected 0
10-15 19:16:52.085: I/Icing(6011): Indexing com.google.android.gms-apps from com.google.android.gms
10-15 19:16:52.091: I/Icing(6011): Indexing done com.google.android.gms-apps
10-15 19:16:52.129: I/Icing(6011): Indexing com.google.android.gms-apps from com.google.android.gms
10-15 19:16:52.133: I/Icing(6011): Indexing done com.google.android.gms-apps
10-15 19:16:52.140: I/Icing(6011): Indexing com.google.android.gms-apps from com.google.android.gms
10-15 19:16:52.143: I/Icing(6011): Indexing done com.google.android.gms-apps
10-15 19:16:52.345: I/dex2oat64(6081): dex2oat took 2.199s (1.373s cpu) (threads: 2) arena alloc=0B (0B) java alloc=8903KB (9117296B) native alloc=1567KB (1605376B) free=1129KB (1156672B)
10-15 19:16:52.354: V/installd(460): DexInv: --- END '/data/app/~~onVs_cLVHnOe_Jdiw0Gi7A==/com.google.android.apps.mtaas.backdrop--QJkSPgoy8IVVSfSZVK_ag==/base.apk' (success) ---
10-15 19:16:52.368: V/BackupManagerService(605): [UserID:0] restoreAtInstall pkg=com.google.android.apps.mtaas.backdrop token=2 restoreSet=0
10-15 19:16:52.369: V/BackupManagerService(605): [UserID:0] Finishing install immediately
10-15 19:16:52.372: D/PackageInstallerSession(605): Marking session 1939887487 as applied
10-15 19:16:52.372: E/installd(460): Couldn't opendir /data/app/vmdl1939887487.tmp: No such file or directory
10-15 19:16:52.372: E/installd(460): Failed to delete /data/app/vmdl1939887487.tmp: No such file or directory
10-15 19:16:52.388: D/CompatibilityChangeReporter(605): Compat change id reported: 168419799; UID 10168; state: DISABLED
10-15 19:16:52.393: I/MediaProvider(1503): Invalidating LocalCallingIdentity cache for package com.google.android.apps.mtaas.backdrop. Reason: package android.intent.action.PACKAGE_ADDED
10-15 19:16:52.402: D/CompatibilityChangeReporter(605): Compat change id reported: 218533173; UID 10168; state: DISABLED
10-15 19:16:52.412: I/InputReader(605): Reconfiguring input devices, changes=KEYBOARD_LAYOUTS | 
10-15 19:16:52.415: I/Telecom(605): DefaultDialerCache: Refreshing default dialer for user 0: now com.google.android.dialer: DDC.oR@AOk
10-15 19:16:52.428: D/CarrierSvcBindHelper(1038): onPackageAdded: com.google.android.apps.mtaas.backdrop
10-15 19:16:52.430: D/CarrierSvcBindHelper(1038): No carrier app for: 0
10-15 19:16:52.443: V/BackupManagerConstants(605): getFullBackupIntervalMilliseconds(...) returns 86400000
10-15 19:16:52.443: V/BackupManagerConstants(605): getFullBackupRequiredNetworkType(...) returns 2
10-15 19:16:52.445: I/GsaVoiceInteractionSrv(1602): O received Intent { act=android.intent.action.PACKAGE_ADDED dat=package: flg=0x4000010 (has extras) }
10-15 19:16:52.448: V/BackupManagerConstants(605): getFullBackupRequireCharging(...) returns true
10-15 19:16:52.453: W/BroadcastQueue(605): Background execution not allowed: receiving Intent { act=android.intent.action.PACKAGE_ADDED dat=package: flg=0x4000010 (has extras) } to com.google.android.packageinstaller/com.android.packageinstaller.PackageInstalledReceiver
10-15 19:16:52.454: D/ImsResolver(1038): maybeAddedImsService, packageName: com.google.android.apps.mtaas.backdrop
10-15 19:16:52.474: I/PermissionControllerServiceImpl(1112): Updating user sensitive for uid 10168
10-15 19:16:52.484: E/VerityUtils(605): Failed to measure fs-verity, errno 1: /data/app/~~onVs_cLVHnOe_Jdiw0Gi7A==/com.google.android.apps.mtaas.backdrop--QJkSPgoy8IVVSfSZVK_ag==/base.apk
10-15 19:16:52.493: W/BroadcastQueue(605): Background execution not allowed: receiving Intent { act=android.intent.action.PACKAGE_ADDED dat=package: flg=0x4000010 (has extras) } to com.google.android.gms/.games.chimera.GamesSystemBroadcastReceiverProxy
10-15 19:16:52.494: W/BroadcastQueue(605): Background execution not allowed: receiving Intent { act=android.intent.action.PACKAGE_ADDED dat=package: flg=0x4000010 (has extras) } to com.google.android.gms/.gass.chimera.PackageChangeBroadcastReceiver
10-15 19:16:52.517: I/Telecom(605): DefaultDialerCache: Refreshing default dialer for user 0: now com.google.android.dialer: DDC.oR@AOw
10-15 19:16:52.525: W/BackupTransportManager(605): Package com.google.android.apps.mtaas.backdrop enabled setting: 0
10-15 19:16:52.527: W/BroadcastQueue(605): Background execution not allowed: receiving Intent { act=android.intent.action.PACKAGE_ADDED dat=package: flg=0x4000010 (has extras) } to com.google.android.gms/.chimera.GmsIntentOperationService$PersistentTrustedReceiver
10-15 19:16:52.527: W/BroadcastQueue(605): Background execution not allowed: receiving Intent { act=android.intent.action.PACKAGE_ADDED dat=package: flg=0x4000010 (has extras) } to com.google.android.googlequicksearchbox/com.google.android.apps.gsa.googlequicksearchbox.GelStubAppWatcher
10-15 19:16:52.542: W/BroadcastQueue(605): Background execution not allowed: receiving Intent { act=android.intent.action.DROPBOX_ENTRY_ADDED flg=0x10 (has extras) } to com.google.android.gms/.stats.service.DropBoxEntryAddedReceiver
10-15 19:16:52.543: W/BroadcastQueue(605): Background execution not allowed: receiving Intent { act=android.intent.action.DROPBOX_ENTRY_ADDED flg=0x10 (has extras) } to com.google.android.gms/.chimera.GmsIntentOperationService$PersistentTrustedReceiver
10-15 19:16:52.547: W/GCM(1299): Unexpected forwarded intent: Intent { act=android.intent.action.PACKAGE_ADDED dat=package: flg=0x4000010 pkg=com.google.android.gms cmp=com.google.android.gms/.chimera.PersistentIntentOperationService (has extras) }
10-15 19:16:52.550: D/CompatibilityChangeReporter(605): Compat change id reported: 168419799; UID 10073; state: DISABLED
10-15 19:16:52.552: W/GCM(1299): Unexpected forwarded intent: Intent { act=android.intent.action.PACKAGE_ADDED dat=package: flg=0x4000010 pkg=com.google.android.gms cmp=com.google.android.gms/.chimera.PersistentIntentOperationService (has extras) }
10-15 19:16:52.560: I/FontLog(1299): Package com.google.android.apps.mtaas.backdrop has no metadata [CONTEXT service_id=132 ]
10-15 19:16:52.572: I/Auth(6011): [SupervisedAccountIntentOperation] onHandleIntent(): android.intent.action.PACKAGE_ADDED
10-15 19:16:52.574: I/PermissionControllerServiceImpl(1112): Updating user sensitive for uid 10168
10-15 19:16:52.593: I/PackageIntentOperation(6011): Feature flags not enabled, skipping. [CONTEXT service_id=258 ]
10-15 19:16:52.609: D/BoundBrokerSvc(6011): onBind: Intent { act=com.google.android.gms.common.BIND_SHARED_PREFS pkg=com.google.android.gms }
10-15 19:16:52.609: D/BoundBrokerSvc(6011): Loading bound service for intent: Intent { act=com.google.android.gms.common.BIND_SHARED_PREFS pkg=com.google.android.gms }
10-15 19:16:52.624: I/InputReader(605): Reconfiguring input devices, changes=KEYBOARD_LAYOUTS | 
10-15 19:16:52.628: I/Dck(6011): doesDeviceHaveSupportedWirelessCapabilities: wccSysProp:0, wccMendel:1, deviceWccOverride:false [CONTEXT service_id=289 ]
10-15 19:16:52.630: I/Dck(6011): isDckModuleEligible: isAtLeastR:true, hasWccSupport:false, downloadAllowed:false, featureEnabled:true [CONTEXT service_id=289 ]
10-15 19:16:52.633: W/Dck(6011): Dck module not eligible for asynchronous downloading [CONTEXT service_id=289 ]
10-15 19:16:52.649: D/CompatibilityChangeReporter(605): Compat change id reported: 161252188; UID 10168; state: DISABLED
10-15 19:16:52.656: D/CarrierSvcBindHelper(1038): onPackageModified: com.google.android.apps.mtaas.backdrop
10-15 19:16:52.656: D/CarrierSvcBindHelper(1038): No carrier app for: 0
10-15 19:16:52.692: D/ImsResolver(1038): maybeAddedImsService, packageName: com.google.android.apps.mtaas.backdrop
10-15 19:16:52.722: I/Fitness(1299): OnPackageChangedOperation got intent: Intent { act=android.intent.action.PACKAGE_CHANGED dat=package: flg=0x5000010 pkg=com.google.android.gms cmp=com.google.android.gms/.chimera.PersistentIntentOperationService (has extras) } [CONTEXT service_id=17 ]
10-15 19:16:52.754: D/BoundBrokerSvc(6011): onUnbind: Intent { act=com.google.android.gms.common.BIND_SHARED_PREFS pkg=com.google.android.gms }
10-15 19:16:52.801: I/ChimeraConfigurator(6011): Starting update, reason: 4 urgentFeatures: pay:-1
10-15 19:16:52.831: I/m.android.phone(1038): Background young concurrent copying GC freed 77258(2905KB) AllocSpace objects, 0(0B) LOS objects, 41% free, 4131KB/7042KB, paused 42us,24us total 144.586ms
10-15 19:16:52.870: I/Fitness(1299): FitCleanupIntentOperation received Intent android.intent.action.PACKAGE_CHANGED [CONTEXT service_id=17 ]
10-15 19:16:52.875: I/Fitness(1299): OnPackageChangedOperation got intent: Intent { act=android.intent.action.PACKAGE_CHANGED dat=package: flg=0x5000010 pkg=com.google.android.gms cmp=com.google.android.gms/.chimera.PersistentIntentOperationService (has extras) } [CONTEXT service_id=17 ]
10-15 19:16:52.892: I/PackageManager(605): Integrity check passed for file:///data/app/vmdl486402601.tmp
10-15 19:16:52.913: W/ChimeraUtils(1299): Module com.google.android.gms.nearby_en has empty metadata display_name_string_id
10-15 19:16:52.940: D/PackageManager(605): Instant App installer not found with android.intent.action.INSTALL_INSTANT_APP_PACKAGE
10-15 19:16:52.941: D/PackageManager(605): Clear ephemeral installer activity
10-15 19:16:52.953: V/StorageManagerService(605): Package null has legacy storage
10-15 19:16:52.956: I/MediaProvider(1503): Invalidating LocalCallingIdentity cache for package com.google.android.apps.auth.test.support. Reason: op android:read_external_storage
10-15 19:16:52.976: W/ziparchive(605): Unable to open '/data/app/~~2hWHPIuNbyTXIF2UNfUQ0g==/com.google.android.apps.auth.test.support-BnZA6fco4vhKt1rJeAQ3tw==/base.dm': No such file or directory
10-15 19:16:52.978: I/PackageDexOptimizer(605): Running dexopt (dexoptNeeded=1) on: /data/app/~~2hWHPIuNbyTXIF2UNfUQ0g==/com.google.android.apps.auth.test.support-BnZA6fco4vhKt1rJeAQ3tw==/base.apk pkg=com.google.android.apps.auth.test.support isa=x86_64 dexoptFlags=boot_complete,profile_guided,public,enable_hidden_api_checks targetFilter=speed-profile oatDir=/data/app/~~2hWHPIuNbyTXIF2UNfUQ0g==/com.google.android.apps.auth.test.support-BnZA6fco4vhKt1rJeAQ3tw==/oat classLoaderContext=PCL[]{PCL[/system/framework/android.test.base.jar]#PCL[/system/framework/org.apache.http.legacy.jar]}
10-15 19:16:52.981: V/installd(460): DexInv: --- BEGIN '/data/app/~~2hWHPIuNbyTXIF2UNfUQ0g==/com.google.android.apps.auth.test.support-BnZA6fco4vhKt1rJeAQ3tw==/base.apk' ---
