10-15 19:17:45.234: I/d.process.acore(1923): Background young concurrent copying GC freed 8545(560KB) AllocSpace objects, 0(0B) LOS objects, 47% free, 2506KB/4764KB, paused 34us,24us total 135.477ms
10-15 19:17:45.237: I/OpenGLRenderer(1250): Davey! duration=859ms; Flags=0, FrameTimelineVsyncId=12350, IntendedVsync=1135371621715, Vsync=1135371621715, InputEventId=0, HandleInputStart=1135385921466, AnimationStart=1135385922569, PerformTraversalsStart=1135385922864, DrawStart=1135385988681, FrameDeadline=1135388288381, FrameInterval=1135385918241, FrameStartTime=16666666, SyncQueued=1135386365717, SyncStart=1135386406069, IssueDrawCommandsStart=1135386556737, SwapBuffers=1135937906578, FrameCompleted=1136230917953, DequeueBufferDuration=6706, QueueBufferDuration=310223, GpuCompleted=1135937906578, SwapBuffersCompleted=1136230917953, DisplayPresentTime=0, CommandSubmissionCompleted=1135937906578, 
10-15 19:17:45.243: D/libEGL(7358): loaded /vendor/lib64/egl/libGLESv2_emulation.so
10-15 19:17:45.358: I/BackdropActivity(7358): onCreate()
10-15 19:17:45.962: W/audit(0): audit_lost=1857 audit_rate_limit=5 audit_backlog_limit=64
10-15 19:17:46.026: E/audit(0): rate limit exceeded
10-15 19:17:45.381: D/SharedPreferencesImpl(6011): Time required to fsync /data/user/0/com.google.android.gms/shared_prefs/AppDataSearch-main-config.xml: [<1: 0, <2: 3, <4: 1, <8: 1, <16: 4, <32: 2, <64: 1, <128: 0, <256: 0, <512: 1, <1024: 1, <2048: 0, <4096: 0, <8192: 0, <16384: 0, >=16384: 0]
10-15 19:17:45.386: E/TraceManager(6690): Duplicate trace
10-15 19:17:45.386: E/TraceManager(6690): bnol: Starting new trace SharedStorageProvider#call when already associated with a trace. For more help, see http://go/tiktok-tracing#fixing-duplicate-trace-issues
10-15 19:17:45.386: E/TraceManager(6690): 	at bnrz.g(PG:6)
10-15 19:17:45.386: E/TraceManager(6690): 	at bnrz.c(PG:2)
10-15 19:17:45.386: E/TraceManager(6690): 	at bnrz.b(PG:2)
10-15 19:17:45.386: E/TraceManager(6690): 	at bnrm.j(PG:1)
10-15 19:17:45.386: E/TraceManager(6690): 	at abvj.call(PG:7)
10-15 19:17:45.386: E/TraceManager(6690): 	at android.content.ContentProvider.call(ContentProvider.java:2511)
10-15 19:17:45.386: E/TraceManager(6690): 	at abtx.call(PG:2)
10-15 19:17:45.386: E/TraceManager(6690): 	at android.content.ContentProvider$Transport.call(ContentProvider.java:525)
10-15 19:17:45.386: E/TraceManager(6690): 	at android.content.ContentProviderNative.onTransact(ContentProviderNative.java:295)
10-15 19:17:45.386: E/TraceManager(6690): 	at android.os.Binder.execTransactInternal(Binder.java:1280)
10-15 19:17:45.386: E/TraceManager(6690): 	at android.os.Binder.execTransact(Binder.java:1244)
10-15 19:17:45.386: E/TraceManager(6690): 	at android.os.BinderProxy.transactNative(Native Method)
10-15 19:17:45.386: E/TraceManager(6690): 	at android.os.BinderProxy.transact(BinderProxy.java:584)
10-15 19:17:45.386: E/TraceManager(6690): 	at com.google.android.aidl.BaseProxy.transactAndReadException(PG:2)
10-15 19:17:45.386: E/TraceManager(6690): 	at com.google.android.ims.rcsservice.profile.IRcsProfile$Stub$Proxy.getValue(PG:3)
10-15 19:17:45.386: E/TraceManager(6690): 	at com.google.android.rcs.client.profile.RcsProfileService.g(PG:3)
10-15 19:17:45.386: E/TraceManager(6690): 	at com.google.android.rcs.client.profile.RcsProfileService.getMsisdn(PG:1)
10-15 19:17:45.386: E/TraceManager(6690): 	at agrf.aE(PG:16)
10-15 19:17:45.386: E/TraceManager(6690): 	at agrf.K(PG:2)
10-15 19:17:45.386: E/TraceManager(6690): 	at afch.e(PG:1)
10-15 19:17:45.386: E/TraceManager(6690): 	at aanl.e(PG:1)
10-15 19:17:45.386: E/TraceManager(6690): 	at aane.run(PG:4)
10-15 19:17:45.386: E/TraceManager(6690): 	at bnsk.run(PG:2)
10-15 19:17:45.386: E/TraceManager(6690): 	at java.util.concurrent.Executors$RunnableAdapter.call(Executors.java:463)
10-15 19:17:45.386: E/TraceManager(6690): 	at bsej.a(PG:1)
10-15 19:17:45.386: E/TraceManager(6690): 	at bsdl.run(PG:4)
10-15 19:17:45.386: E/TraceManager(6690): 	at bsek.run(PG:1)
10-15 19:17:45.386: E/TraceManager(6690): 	at bcfr.run(PG:1)
10-15 19:17:45.386: E/TraceManager(6690): 	at java.util.concurrent.ThreadPoolExecutor.runWorker(ThreadPoolExecutor.java:1137)
10-15 19:17:45.386: E/TraceManager(6690): 	at java.util.concurrent.ThreadPoolExecutor$Worker.run(ThreadPoolExecutor.java:637)
10-15 19:17:45.386: E/TraceManager(6690): 	at bcex.run(PG:2)
10-15 19:17:45.386: E/TraceManager(6690): 	at bcfd.run(PG:4)
10-15 19:17:45.386: E/TraceManager(6690): 	at java.lang.Thread.run(Thread.java:1012)
10-15 19:17:45.386: E/TraceManager(6690): 	Suppressed: bntd: 
10-15 19:17:45.386: E/TraceManager(6690): 		at tk_trace.E2eeStartupTask(Unknown Source:0)
10-15 19:17:45.386: E/TraceManager(6690): 		at tk_trace.StartupHandlerImpl#onAppInteractiveInternal(Unknown Source:0)
10-15 19:17:45.386: E/TraceManager(6690): 		at tk_trace.StartupHandlerImpl App Interactive Delay Timer Fired(Unknown Source:0)
10-15 19:17:45.389: I/SP.AiAi(1507): Scheduling job with delay of 0s for {W:C:I:l, bg}, 3 candidates
10-15 19:17:45.395: I/ActivityTaskManager(605): Activity requesting to dismiss Keyguard: ActivityRecord{8c3c17e u0 com.google.android.apps.mtaas.backdrop/.BackdropActivity} t8}
10-15 19:17:45.398: I/CarrierServices(1765): [37] cvv.f: No RCS Configuration was found in Bugle for simID: redacted-pii:sim_id[chars:20]
10-15 19:17:45.403: W/BugleRcsEngine(6690): [77] RcsProfileService.g: Result is null when getting value for id:4
10-15 19:17:45.403: W/Bugle(6690): SubscriptionMetadataUtils get: invalid subId = -2
10-15 19:17:45.410: W/Bugle(6690): SubscriptionMetadataUtils get: invalid subId = -2
10-15 19:17:45.410: W/Bugle(6690): SubscriptionMetadataUtils get: invalid subId = -2
10-15 19:17:45.416: W/Looper(605): Slow dispatch took 466ms main h=com.android.server.job.JobSchedulerService$JobHandler c=null m=3
10-15 19:17:45.416: W/Looper(605): Slow delivery took 466ms main h=com.android.server.job.controllers.PrefetchController$PcHandler c=null m=2
10-15 19:17:45.418: I/MdiSyncModule(6011): Received request for operation '1' from package 'com.google.android.apps.maps', instance id 'profile-OneGoogle', version '1'...
10-15 19:17:45.420: W/system_server(605): Long monitor contention with owner main (605) at void com.android.server.job.JobServiceContext.onServiceConnected(android.content.ComponentName, android.os.IBinder)(JobServiceContext.java:562) waiters=0 in void com.android.server.job.JobStore$1.run() for 418ms
10-15 19:17:45.425: I/BgTaskExecutorImpl(1886): Starting PERIODIC background task GELLER_PKG_ENTITIES_REFRESH_TASK.
10-15 19:17:45.431: I/BgTaskExecutorImpl(1886): Starting PERIODIC background task MDD_CHARGING_TASK.
10-15 19:17:45.432: I/BgTaskExecutorImpl(1886): Starting PERIODIC background task SYNC_TAPAS_ZERO_PREFIX_CACHE.
10-15 19:17:45.435: W/Looper(605): Drained
10-15 19:17:45.437: I/BgTaskExecutorImpl(1886): Starting PERIODIC background task CONTACT_AFFINITY_MODEL_CONTACTS_CHANGE_REFRESH.
10-15 19:17:45.440: I/BgTaskExecutorImpl(1886): Starting PERIODIC background task FETCH_ADVERTISING_INFO.
10-15 19:17:45.448: D/MainContentCaptureSession(1250): Flushing 2 event(s) for act:com.google.android.apps.nexuslauncher/.NexusLauncherActivity [state=2 (ACTIVE), disabled=false], reason=FULL
10-15 19:17:45.453: D/CompatibilityChangeReporter(7358): Compat change id reported: 210923482; UID 10168; state: DISABLED
10-15 19:17:45.453: D/CompatibilityChangeReporter(7358): Compat change id reported: 37756858; UID 10168; state: ENABLED
10-15 19:17:45.457: W/FontsContract(7358): Platform version of downloadable fonts is deprecated. Please use androidx version instead.
10-15 19:17:45.461: D/MainContentCaptureSession(1250): Flushing 2 event(s) for act:com.google.android.apps.nexuslauncher/.NexusLauncherActivity [state=2 (ACTIVE), disabled=false], reason=FULL
10-15 19:17:45.468: D/BoundBrokerSvc(1299): onBind: Intent { act=com.google.android.gms.udc.service.START dat=chimera-action: cmp=com.google.android.gms/.chimera.PersistentApiService }
10-15 19:17:45.468: D/BoundBrokerSvc(1299): Loading bound service for intent: Intent { act=com.google.android.gms.udc.service.START dat=chimera-action: cmp=com.google.android.gms/.chimera.PersistentApiService }
10-15 19:17:45.469: I/FontLog(1299): Received query Google Sans, URI content://com.google.android.gms.fonts [CONTEXT service_id=132 ]
10-15 19:17:45.471: I/FontLog(1299): Query [Google Sans] resolved to {Google Sans, wdth 100.0, wght 400, ital 0.0, bestEffort false} [CONTEXT service_id=132 ]
10-15 19:17:45.473: I/FontLog(1299): Font PFD returned from cache for {Google Sans, wdth 100.0, wght 400, ital 0.0, bestEffort false} [CONTEXT service_id=132 ]
10-15 19:17:45.473: I/FontLog(1299): Fetch {Google Sans, wdth 100.0, wght 400, ital 0.0, bestEffort false} end status Status{statusCode=SUCCESS, resolution=null} [CONTEXT service_id=132 ]
10-15 19:17:45.480: I/GmsCoreXrpcWrapper(6011): Returning a channel provider with trafficStatsTag=22018 trafficStatsUid=-1
10-15 19:17:45.486: I/GmsCoreXrpcWrapper(6011): Returning a channel provider with trafficStatsTag=22017 trafficStatsUid=-1
10-15 19:17:45.487: I/BgTaskExecutorImpl(1886): Starting PERIODIC background task CLEAR_DATA_DETECTOR.
10-15 19:17:45.488: I/BgTaskExecutorImpl(1886): Starting PERIODIC background task UPDATE_GSERVICES_CONFIG.
10-15 19:17:45.490: I/BgTaskExecutorImpl(1886): Starting PERIODIC background task CONTACT_AFFINITY_MODEL_PERIODIC_REFRESH.
10-15 19:17:45.492: I/FontLog(1299): Pulling font file for id = 11, cache size = 7 [CONTEXT service_id=132 ]
10-15 19:17:45.520: D/CompatibilityChangeReporter(7358): Compat change id reported: 171228096; UID 10168; state: ENABLED
10-15 19:17:45.526: I/SP.AiAi(1507): Successfully got manifest for template_table-2-zh-manifest: manifests:template_table-2-zh-21072101
10-15 19:17:45.527: W/SearchServiceCore(1886): Abort, client detached.
10-15 19:17:45.527: W/SearchServiceCore(1886): Abort, client detached.
10-15 19:17:45.528: W/SearchServiceCore(1886): Abort, client detached.
10-15 19:17:45.528: W/SearchServiceCore(1886): Abort, client detached.
10-15 19:17:45.529: W/SearchServiceCore(1886): Abort, client detached.
10-15 19:17:45.529: W/SearchServiceCore(1886): Abort, client detached.
10-15 19:17:45.530: W/SearchServiceCore(1886): Abort, client detached.
10-15 19:17:45.534: I/BackdropActivity(7358): android_id: 4249135175482356863
10-15 19:17:45.541: I/FontLog(1299): Received query Google Sans, URI content://com.google.android.gms.fonts [CONTEXT service_id=132 ]
10-15 19:17:45.548: I/SP.AiAi(1507): Syncing template_table-2-zh (21072101) with slices: [template_table_main_908da1129c695ba1ec624676723aa65b], metadata: false
10-15 19:17:45.550: I/BackdropActivity(7358): onResume()
10-15 19:17:45.551: I/ActivityTaskManager(605): Activity requesting to dismiss Keyguard: ActivityRecord{8c3c17e u0 com.google.android.apps.mtaas.backdrop/.BackdropActivity} t8}
10-15 19:17:45.560: W/CAMPeriodicRefresh(1886): Refreshing not complete, unable to upload top contacts.
10-15 19:17:45.563: I/A(1886): Updating Gservices keys
10-15 19:17:45.571: D/CoreBackPreview(605): Window{8fd5d05 u0 com.google.android.apps.mtaas.backdrop/com.google.android.apps.mtaas.backdrop.BackdropActivity}: Setting back callback OnBackInvokedCallbackInfo{mCallback=android.window.IOnBackInvokedCallback$Stub$Proxy@4e63f8b, mPriority=0}
10-15 19:17:45.573: I/FTLNetworkMonitor(7358): NetworkMonitoringService was created
10-15 19:17:45.574: D/CompatibilityChangeReporter(605): Compat change id reported: 161145287; UID 10168; state: DISABLED
10-15 19:17:45.614: W/ServiceManager(417): Permission failure: android.permission.ACCESS_SURFACE_FLINGER from uid=10168 pid=7358
10-15 19:17:45.614: D/PermissionCache(417): checking android.permission.ACCESS_SURFACE_FLINGER for uid=10168 => denied (185 us)
10-15 19:17:45.615: W/ServiceManager(417): Permission failure: android.permission.ROTATE_SURFACE_FLINGER from uid=10168 pid=7358
10-15 19:17:45.615: D/PermissionCache(417): checking android.permission.ROTATE_SURFACE_FLINGER for uid=10168 => denied (447 us)
10-15 19:17:45.615: W/ServiceManager(417): Permission failure: android.permission.INTERNAL_SYSTEM_WINDOW from uid=10168 pid=7358
10-15 19:17:45.615: D/PermissionCache(417): checking android.permission.INTERNAL_SYSTEM_WINDOW for uid=10168 => denied (318 us)
10-15 19:17:45.616: D/HostConnection(7358): createUnique: call
10-15 19:17:45.617: D/HostConnection(7358): HostConnection::get() New Host Connection established 0x7b1c624a0710, tid 7381
10-15 19:17:45.625: W/ServiceManager(417): Permission failure: android.permission.ACCESS_SURFACE_FLINGER from uid=10168 pid=0
10-15 19:17:45.625: D/PermissionCache(417): checking android.permission.ACCESS_SURFACE_FLINGER for uid=10168 => denied (11290 us)
10-15 19:17:45.703: D/HostConnection(7358): HostComposition ext ANDROID_EMU_CHECKSUM_HELPER_v1 ANDROID_EMU_direct_mem ANDROID_EMU_host_composition_v1 ANDROID_EMU_host_composition_v2 ANDROID_EMU_vulkan ANDROID_EMU_deferred_vulkan_commands ANDROID_EMU_vulkan_null_optional_strings ANDROID_EMU_vulkan_create_resources_with_requirements ANDROID_EMU_YUV_Cache ANDROID_EMU_vulkan_ignored_handles ANDROID_EMU_has_shared_slots_host_memory_allocator ANDROID_EMU_vulkan_free_memory_sync ANDROID_EMU_vulkan_shader_float16_int8 ANDROID_EMU_vulkan_async_queue_submit ANDROID_EMU_vulkan_queue_submit_with_commands ANDROID_EMU_sync_buffer_data ANDROID_EMU_vulkan_async_qsri ANDROID_EMU_read_color_buffer_dma ANDROID_EMU_hwc_multi_configs GL_OES_EGL_image_external_essl3 GL_OES_vertex_array_object GL_KHR_texture_compression_astc_ldr ANDROID_EMU_host_side_tracing ANDROID_EMU_gles_max_version_3_0 
10-15 19:17:45.732: W/SearchServiceCore(1886): Abort, client detached.
10-15 19:17:45.738: W/SearchServiceCore(1886): Abort, client detached.
10-15 19:17:45.740: W/SearchServiceCore(1886): Abort, client detached.
10-15 19:17:45.741: W/SearchServiceCore(1886): Abort, client detached.
10-15 19:17:45.741: W/SearchServiceCore(1886): Abort, client detached.
10-15 19:17:45.742: W/SearchServiceCore(1886): Abort, client detached.
10-15 19:17:45.810: I/A(1886): No accounts found for [PKG_ENTITIES], not syncing anything.
10-15 19:17:45.821: I/FontLog(1299): Query [Google Sans] resolved to {Google Sans, wdth 100.0, wght 400, ital 0.0, bestEffort false} [CONTEXT service_id=132 ]
10-15 19:17:45.844: W/TransactionTracing(417): Could not find layer handle 0x7547a00a6330
10-15 19:17:45.854: W/NotificationHistory(605): Attempted to add notif for locked/gone/disabled user 0
10-15 19:17:45.874: W/Bugle(6690): SubscriptionMetadataUtils get: invalid subId = -2
10-15 19:17:45.981: I/MdiSyncModule(6011): Operation '1' dispatched!
10-15 19:17:46.001: W/Bugle(6690): SubscriptionUtilsAsOfLMR1: getSelfRawNumber: subInfo is null for subscription{id:-1}
10-15 19:17:46.004: D/EGL_emulation(879): app_time_stats: avg=968.12ms min=201.94ms max=3213.95ms count=4
10-15 19:17:46.087: I/BugleRcsEngine(6690): [87] axjv.d: (PEv2-SM-Bugle-109800971): start PEv2 [null]
10-15 19:17:46.088: I/FontLog(1299): Font PFD returned from cache for {Google Sans, wdth 100.0, wght 400, ital 0.0, bestEffort false} [CONTEXT service_id=132 ]
10-15 19:17:46.147: W/OpenGLRenderer(7358): Failed to initialize 101010-2 format, error = EGL_SUCCESS
10-15 19:17:46.149: D/EGL_emulation(7358): eglCreateContext: 0x7b1c624a0d10: maj 3 min 0 rcv 3
10-15 19:17:46.152: D/EGL_emulation(7358): eglMakeCurrent: 0x7b1c624a0d10: ver 3 0 (tinfo 0x7b1e81071080) (first time)
10-15 19:17:46.159: I/FontLog(1299): Fetch {Google Sans, wdth 100.0, wght 400, ital 0.0, bestEffort false} end status Status{statusCode=SUCCESS, resolution=null} [CONTEXT service_id=132 ]
10-15 19:17:46.195: W/SearchServiceCore(1886): Abort, client detached.
10-15 19:17:46.196: W/SearchServiceCore(1886): Abort, client detached.
10-15 19:17:46.197: W/SearchServiceCore(1886): Abort, client detached.
10-15 19:17:46.198: W/SearchServiceCore(1886): Abort, client detached.
10-15 19:17:46.199: W/SearchServiceCore(1886): Abort, client detached.
10-15 19:17:46.201: W/system_server(605): Long monitor contention with owner binder:605_13 (2032) at void com.android.server.am.OomAdjuster.performUpdateOomAdjPendingTargetsLocked(java.lang.String)(OomAdjuster.java:731) waiters=0 in int com.android.server.am.ActivityManagerService.getUidState(int) for 229ms
10-15 19:17:46.202: W/system_server(605): Long monitor contention with owner binder:605_13 (2032) at void com.android.server.am.OomAdjuster.performUpdateOomAdjPendingTargetsLocked(java.lang.String)(OomAdjuster.java:731) waiters=1 in boolean com.android.server.am.ActivityManagerService.isUserAMonkey() for 196ms
10-15 19:17:46.204: E/SingleDataFileGroupPop(1886): Failed to add file group 
10-15 19:17:46.212: E/TraceManager(6690): Duplicate trace
10-15 19:17:46.212: E/TraceManager(6690): bnol: Starting new trace SharedStorageProvider#call when already associated with a trace. For more help, see http://go/tiktok-tracing#fixing-duplicate-trace-issues
10-15 19:17:46.212: E/TraceManager(6690): 	at bnrz.g(PG:6)
10-15 19:17:46.212: E/TraceManager(6690): 	at bnrz.c(PG:2)
10-15 19:17:46.212: E/TraceManager(6690): 	at bnrz.b(PG:2)
10-15 19:17:46.212: E/TraceManager(6690): 	at bnrm.j(PG:1)
10-15 19:17:46.212: E/TraceManager(6690): 	at abvj.call(PG:7)
10-15 19:17:46.212: E/TraceManager(6690): 	at android.content.ContentProvider.call(ContentProvider.java:2511)
10-15 19:17:46.212: E/TraceManager(6690): 	at abtx.call(PG:2)
10-15 19:17:46.212: E/TraceManager(6690): 	at android.content.ContentProvider$Transport.call(ContentProvider.java:525)
10-15 19:17:46.212: E/TraceManager(6690): 	at android.content.ContentResolver.call(ContentResolver.java:2450)
10-15 19:17:46.212: E/TraceManager(6690): 	at android.content.ContentResolver.call(ContentResolver.java:2430)
10-15 19:17:46.212: E/TraceManager(6690): 	at aylq.h(PG:9)
10-15 19:17:46.212: E/TraceManager(6690): 	at aylq.k(PG:3)
10-15 19:17:46.212: E/TraceManager(6690): 	at aylo.b(PG:1)
10-15 19:17:46.212: E/TraceManager(6690): 	at axrs.g(PG:2)
10-15 19:17:46.212: E/TraceManager(6690): 	at rwb.b(PG:1)
10-15 19:17:46.212: E/TraceManager(6690): 	at axpd.f(PG:4)
10-15 19:17:46.212: E/TraceManager(6690): 	at axpd.c(PG:1)
10-15 19:17:46.212: E/TraceManager(6690): 	at akmf.f(PG:5)
10-15 19:17:46.212: E/TraceManager(6690): 	at ahvy.l(PG:38)
10-15 19:17:46.212: E/TraceManager(6690): 	at ahvy.c(PG:1)
10-15 19:17:46.212: E/TraceManager(6690): 	at ahvy.h(PG:1)
10-15 19:17:46.212: E/TraceManager(6690): 	at agrf.an(PG:1)
10-15 19:17:46.212: E/TraceManager(6690): 	at vyz.a(PG:35)
10-15 19:17:46.212: E/TraceManager(6690): 	at vyz.c(PG:13)
10-15 19:17:46.212: E/TraceManager(6690): 	at vyz.b(PG:1)
10-15 19:17:46.212: E/TraceManager(6690): 	at com.google.android.apps.messaging.shared.datamodel.action.ProcessPendingMessagesAction.a(PG:2)
10-15 19:17:46.212: E/TraceManager(6690): 	at wqk.call(Unknown Source:4)
10-15 19:17:46.212: E/TraceManager(6690): 	at bnuh.a(PG:1)
10-15 19:17:46.212: E/TraceManager(6690): 	at bnsn.a(PG:2)
10-15 19:17:46.212: E/TraceManager(6690): 	at bsei.a(PG:1)
10-15 19:17:46.212: E/TraceManager(6690): 	at bsdl.run(PG:4)
10-15 19:17:46.212: E/TraceManager(6690): 	at bsek.run(PG:1)
10-15 19:17:46.212: E/TraceManager(6690): 	at bsbv.execute(PG:1)
10-15 19:17:46.212: E/TraceManager(6690): 	at bscy.n(PG:2)
10-15 19:17:46.212: E/TraceManager(6690): 	at bnul.i(PG:1)
10-15 19:17:46.212: E/TraceManager(6690): 	at bnuj.h(PG:1)
10-15 19:17:46.212: E/TraceManager(6690): 	at bnuj.g(PG:1)
10-15 19:17:46.212: E/TraceManager(6690): 	at com.google.android.apps.messaging.shared.datamodel.action.common.Action.d(PG:2)
10-15 19:17:46.212: E/TraceManager(6690): 	at wse.a(PG:4)
10-15 19:17:46.212: E/TraceManager(6690): 	at wri.run(PG:6)
10-15 19:17:46.212: E/TraceManager(6690): 	at bnsk.run(PG:2)
10-15 19:17:46.212: E/TraceManager(6690): 	at wrj.run(PG:1)
10-15 19:17:46.212: E/TraceManager(6690): 	at wrb.run(PG:3)
10-15 19:17:46.212: E/TraceManager(6690): 	at bseb.run(PG:4)
10-15 19:17:46.212: E/TraceManager(6690): 	at bcfr.run(PG:1)
10-15 19:17:46.212: E/TraceManager(6690): 	at java.util.concurrent.ThreadPoolExecutor.runWorker(ThreadPoolExecutor.java:1137)
10-15 19:17:46.212: E/TraceManager(6690): 	at java.util.concurrent.ThreadPoolExecutor$Worker.run(ThreadPoolExecutor.java:637)
10-15 19:17:46.212: E/TraceManager(6690): 	at bcev.run(PG:2)
10-15 19:17:46.212: E/TraceManager(6690): 	at bcfd.run(PG:4)
10-15 19:17:46.212: E/TraceManager(6690): 	at java.lang.Thread.run(Thread.java:1012)
10-15 19:17:46.212: E/TraceManager(6690): 	Suppressed: bntd: 
10-15 19:17:46.212: E/TraceManager(6690): 		at tk_trace.ProcessPendingMessagesAction(Unknown Source:0)
10-15 19:17:46.212: E/TraceManager(6690): 		at tk_trace.ExecuteActionRunnable#runImpl(Unknown Source:0)
10-15 19:17:46.212: E/TraceManager(6690): 		at tk_trace.RcsServiceListener#handleServiceConnected(Unknown Source:0)
10-15 19:17:46.212: E/TraceManager(6690): 		at tk_trace.JibeServiceListenerPropagator#handleServiceConnected(Unknown Source:0)
10-15 19:17:46.212: E/TraceManager(6690): 		at tk_trace.JibeServiceConnection#onServiceConnected(Unknown Source:0)
10-15 19:17:46.212: I/MdiSyncModule(6011): Executing operation '1'...
10-15 19:17:46.216: E/TraceManager(6690): Duplicate trace
10-15 19:17:46.216: E/TraceManager(6690): bnol: Starting new trace SharedStorageProvider#call when already associated with a trace. For more help, see http://go/tiktok-tracing#fixing-duplicate-trace-issues
10-15 19:17:46.216: E/TraceManager(6690): 	at bnrz.g(PG:6)
10-15 19:17:46.216: E/TraceManager(6690): 	at bnrz.c(PG:2)
10-15 19:17:46.216: E/TraceManager(6690): 	at bnrz.b(PG:2)
10-15 19:17:46.216: E/TraceManager(6690): 	at bnrm.j(PG:1)
10-15 19:17:46.216: E/TraceManager(6690): 	at abvj.call(PG:7)
10-15 19:17:46.216: E/TraceManager(6690): 	at android.content.ContentProvider.call(ContentProvider.java:2511)
10-15 19:17:46.216: E/TraceManager(6690): 	at abtx.call(PG:2)
10-15 19:17:46.216: E/TraceManager(6690): 	at android.content.ContentProvider$Transport.call(ContentProvider.java:525)
10-15 19:17:46.216: E/TraceManager(6690): 	at android.content.ContentProviderNative.onTransact(ContentProviderNative.java:295)
10-15 19:17:46.216: E/TraceManager(6690): 	at android.os.Binder.execTransactInternal(Binder.java:1280)
10-15 19:17:46.216: E/TraceManager(6690): 	at android.os.Binder.execTransact(Binder.java:1244)
10-15 19:17:46.216: E/TraceManager(6690): 	at android.os.BinderProxy.transactNative(Native Method)
10-15 19:17:46.216: E/TraceManager(6690): 	at android.os.BinderProxy.transact(BinderProxy.java:584)
10-15 19:17:46.216: E/TraceManager(6690): 	at com.google.android.aidl.BaseProxy.transactAndReadException(PG:2)
10-15 19:17:46.216: E/TraceManager(6690): 	at com.google.android.ims.rcsservice.profile.IRcsProfile$Stub$Proxy.getValue(PG:3)
10-15 19:17:46.216: E/TraceManager(6690): 	at com.google.android.rcs.client.profile.RcsProfileService.g(PG:3)
10-15 19:17:46.216: E/TraceManager(6690): 	at com.google.android.rcs.client.profile.RcsProfileService.getMsisdn(PG:1)
10-15 19:17:46.216: E/TraceManager(6690): 	at agrf.aE(PG:16)
10-15 19:17:46.216: E/TraceManager(6690): 	at agrf.K(PG:2)
10-15 19:17:46.216: E/TraceManager(6690): 	at afch.e(PG:1)
10-15 19:17:46.216: E/TraceManager(6690): 	at afcd.call(Unknown Source:2)
10-15 19:17:46.216: E/TraceManager(6690): 	at bnuh.a(PG:1)
10-15 19:17:46.216: E/TraceManager(6690): 	at bnsn.a(PG:2)
10-15 19:17:46.216: E/TraceManager(6690): 	at bsei.a(PG:1)
10-15 19:17:46.216: E/TraceManager(6690): 	at bsdl.run(PG:4)
10-15 19:17:46.216: E/TraceManager(6690): 	at bsek.run(PG:1)
10-15 19:17:46.216: E/TraceManager(6690): 	at bcfr.run(PG:1)
10-15 19:17:46.216: E/TraceManager(6690): 	at java.util.concurrent.ThreadPoolExecutor.runWorker(ThreadPoolExecutor.java:1137)
10-15 19:17:46.216: E/TraceManager(6690): 	at java.util.concurrent.ThreadPoolExecutor$Worker.run(ThreadPoolExecutor.java:637)
10-15 19:17:46.216: E/TraceManager(6690): 	at bcev.run(PG:2)
10-15 19:17:46.216: E/TraceManager(6690): 	at bcfd.run(PG:4)
10-15 19:17:46.216: E/TraceManager(6690): 	at java.lang.Thread.run(Thread.java:1012)
10-15 19:17:46.216: E/TraceManager(6690): 	Suppressed: bntd: 
10-15 19:17:46.216: E/TraceManager(6690): 		at tk_trace.ChatTransportController#onRcsAvailabilityUpdate(Unknown Source:0)
10-15 19:17:46.226: I/CarrierServices(1765): [66] cvv.f: No RCS Configuration was found in Bugle for simID: redacted-pii:sim_id[chars:20]
10-15 19:17:46.264: I/BgTaskExecutorImpl(1886): Starting PERIODIC background task MDH_WIPEOUT.
10-15 19:17:46.276: I/BgTaskExecutorImpl(1886): Starting PERIODIC background task UPDATE_LAUNCHER_SHORTCUT.
10-15 19:17:46.282: W/TaskServiceHelper(1886): Not enough time has passed between starts of two 230 periodic tasks.
10-15 19:17:46.291: I/gle.android.gms(6011): Background young concurrent copying GC freed 40565(2384KB) AllocSpace objects, 14(600KB) LOS objects, 17% free, 10058KB/11MB, paused 140.935ms,43us total 2.734s
10-15 19:17:46.307: W/BugleRcsEngine(6690): [85] RcsProfileService.g: Result is null when getting value for id:4
10-15 19:17:46.318: W/SearchServiceCore(1886): Abort, client detached.
10-15 19:17:46.319: W/SearchServiceCore(1886): Abort, client detached.
10-15 19:17:46.319: W/SearchServiceCore(1886): Abort, client detached.
10-15 19:17:46.320: W/SearchServiceCore(1886): Abort, client detached.
10-15 19:17:46.323: W/SearchServiceCore(1886): Abort, client detached.
10-15 19:17:46.323: W/SearchServiceCore(1886): Abort, client detached.
10-15 19:17:46.324: W/SearchServiceCore(1886): Abort, client detached.
10-15 19:17:46.332: D/goldfish-address-space(379): claimShared: Ask to claim region [0x3f7d01000 0x3f7d05000]
10-15 19:17:46.333: D/HostConnection(879): createUnique: call
10-15 19:17:46.334: D/HostConnection(879): HostConnection::get() New Host Connection established 0x7b1c624bc310, tid 7407
10-15 19:17:46.342: I/hwservicemanager(216): getTransport: Cannot find entry android.hardware.graphics.mapper@4.0::IMapper/default in either framework or device VINTF manifest.
10-15 19:17:46.343: I/Gralloc4(7358): mapper 4.x is not supported
10-15 19:17:46.347: D/HostConnection(7358): createUnique: call
10-15 19:17:46.348: D/HostConnection(7358): HostConnection::get() New Host Connection established 0x7b1c624a0dd0, tid 7381
10-15 19:17:46.348: D/goldfish-address-space(7358): allocate: Ask for block of size 0x100
10-15 19:17:46.349: D/goldfish-address-space(7358): allocate: ioctl allocate returned offset 0x3f3ffe000 size 0x2000
10-15 19:17:46.425: I/hwservicemanager(216): getTransport: Cannot find entry android.hardware.graphics.allocator@4.0::IAllocator/default in either framework or device VINTF manifest.
10-15 19:17:46.431: D/HostConnection(879): HostComposition ext ANDROID_EMU_CHECKSUM_HELPER_v1 ANDROID_EMU_direct_mem ANDROID_EMU_host_composition_v1 ANDROID_EMU_host_composition_v2 ANDROID_EMU_vulkan ANDROID_EMU_deferred_vulkan_commands ANDROID_EMU_vulkan_null_optional_strings ANDROID_EMU_vulkan_create_resources_with_requirements ANDROID_EMU_YUV_Cache ANDROID_EMU_vulkan_ignored_handles ANDROID_EMU_has_shared_slots_host_memory_allocator ANDROID_EMU_vulkan_free_memory_sync ANDROID_EMU_vulkan_shader_float16_int8 ANDROID_EMU_vulkan_async_queue_submit ANDROID_EMU_vulkan_queue_submit_with_commands ANDROID_EMU_sync_buffer_data ANDROID_EMU_vulkan_async_qsri ANDROID_EMU_read_color_buffer_dma ANDROID_EMU_hwc_multi_configs GL_OES_EGL_image_external_essl3 GL_OES_vertex_array_object GL_KHR_texture_compression_astc_ldr ANDROID_EMU_host_side_tracing ANDROID_EMU_gles_max_version_3_0 
10-15 19:17:46.435: I/servicemanager(215): Could not find android.hardware.graphics.allocator.IAllocator/default in the VINTF manifest.
10-15 19:17:46.436: W/Gralloc4(7358): allocator 4.x is not supported
10-15 19:17:46.438: W/OpenGLRenderer(879): Failed to initialize 101010-2 format, error = EGL_SUCCESS
10-15 19:17:46.440: D/EGL_emulation(879): eglCreateContext: 0x7b1c624bd210: maj 3 min 0 rcv 3
10-15 19:17:46.441: D/EGL_emulation(879): eglMakeCurrent: 0x7b1c624bd210: ver 3 0 (tinfo 0x7b1e7f87f200) (first time)
10-15 19:17:46.444: D/goldfish-address-space(379): claimShared: Ask to claim region [0x3f47e9000 0x3f4fd2000]
10-15 19:17:46.457: D/HostConnection(7358): HostComposition ext ANDROID_EMU_CHECKSUM_HELPER_v1 ANDROID_EMU_direct_mem ANDROID_EMU_host_composition_v1 ANDROID_EMU_host_composition_v2 ANDROID_EMU_vulkan ANDROID_EMU_deferred_vulkan_commands ANDROID_EMU_vulkan_null_optional_strings ANDROID_EMU_vulkan_create_resources_with_requirements ANDROID_EMU_YUV_Cache ANDROID_EMU_vulkan_ignored_handles ANDROID_EMU_has_shared_slots_host_memory_allocator ANDROID_EMU_vulkan_free_memory_sync ANDROID_EMU_vulkan_shader_float16_int8 ANDROID_EMU_vulkan_async_queue_submit ANDROID_EMU_vulkan_queue_submit_with_commands ANDROID_EMU_sync_buffer_data ANDROID_EMU_vulkan_async_qsri ANDROID_EMU_read_color_buffer_dma ANDROID_EMU_hwc_multi_configs GL_OES_EGL_image_external_essl3 GL_OES_vertex_array_object GL_KHR_texture_compression_astc_ldr ANDROID_EMU_host_side_tracing ANDROID_EMU_gles_max_version_3_0 
10-15 19:17:46.469: D/HostConnection(879): createUnique: call
10-15 19:17:46.473: D/HostConnection(879): HostConnection::get() New Host Connection established 0x7b1c624c7890, tid 1136
10-15 19:17:46.515: W/SearchServiceCore(1886): Abort, client detached.
10-15 19:17:46.530: W/SearchServiceCore(1886): Abort, client detached.
10-15 19:17:46.533: W/TaskServiceHelper(1886): Not enough time has passed between starts of two 161 periodic tasks.
10-15 19:17:46.556: W/Bugle(6690): SubscriptionMetadataUtils get: invalid subId = -2
10-15 19:17:46.557: W/Bugle(6690): SubscriptionMetadataUtils get: invalid subId = -2
10-15 19:17:46.559: W/Bugle(6690): SubscriptionMetadataUtils get: invalid subId = -2
10-15 19:17:46.562: D/NuPlayerDriver(463): NuPlayerDriver(0x7fbeb1fcc610) created, clientPid(879)
10-15 19:17:46.575: I/hwservicemanager(216): getTransport: Cannot find entry android.hardware.media.omx@1.0::IOmx/default in either framework or device VINTF manifest.
10-15 19:17:46.587: D/MediaPlayerService(463): OMX service is not available
10-15 19:17:46.592: W/TaskServiceHelper(1886): Not enough time has passed between starts of two 12 periodic tasks.
10-15 19:17:46.613: I/BugleRcsEngine(6690): [93] axrs.g: No RCS Configuration was found in Bugle for simID: redacted-pii:sim_id[chars:20]
10-15 19:17:46.619: D/goldfish-address-space(379): claimShared: Ask to claim region [0x3fb53d000 0x3fbd26000]
10-15 19:17:46.675: D/goldfish-address-space(379): claimShared: Ask to claim region [0x3face6000 0x3fb4cf000]
10-15 19:17:46.680: W/SearchServiceCore(1886): Abort, client detached.
10-15 19:17:46.682: W/SearchServiceCore(1886): Abort, client detached.
10-15 19:17:46.686: W/BugleAction(6690): No default number, returning empty msisdn
10-15 19:17:46.690: W/BugleEtouffee(6690): E2eeStartupTask: Skip prekey checking because MSISDN is empty.
10-15 19:17:46.690: W/Looper(605): Slow dispatch took 123ms main h=com.android.server.job.JobSchedulerService$JobHandler c=null m=8
10-15 19:17:46.726: I/FirebaseApp(6690): Device unlocked: initializing all Firebase APIs for app [DEFAULT]
10-15 19:17:46.763: I/BugleTransport(6690): Not using Tachygram because it is disabled by RCS Configuration
10-15 19:17:46.768: I/BugleDataModel(6690): PendingMessagesProcessor: process from ProcessPendingMessagesAction due to scheduled processing with delay 0 with queues:
10-15 19:17:46.775: E/TraceManager(6690): Duplicate trace
10-15 19:17:46.775: E/TraceManager(6690): bnol: Starting new trace SharedStorageProvider#call when already associated with a trace. For more help, see http://go/tiktok-tracing#fixing-duplicate-trace-issues
10-15 19:17:46.775: E/TraceManager(6690): 	at bnrz.g(PG:6)
10-15 19:17:46.775: E/TraceManager(6690): 	at bnrz.c(PG:2)
10-15 19:17:46.775: E/TraceManager(6690): 	at bnrz.b(PG:2)
10-15 19:17:46.775: E/TraceManager(6690): 	at bnrm.j(PG:1)
10-15 19:17:46.775: E/TraceManager(6690): 	at abvj.call(PG:7)
10-15 19:17:46.775: E/TraceManager(6690): 	at android.content.ContentProvider.call(ContentProvider.java:2511)
10-15 19:17:46.775: E/TraceManager(6690): 	at abtx.call(PG:2)
10-15 19:17:46.775: E/TraceManager(6690): 	at android.content.ContentProvider$Transport.call(ContentProvider.java:525)
10-15 19:17:46.775: E/TraceManager(6690): 	at android.content.ContentResolver.call(ContentResolver.java:2450)
10-15 19:17:46.775: E/TraceManager(6690): 	at android.content.ContentResolver.call(ContentResolver.java:2430)
10-15 19:17:46.775: E/TraceManager(6690): 	at aylq.h(PG:9)
10-15 19:17:46.775: E/TraceManager(6690): 	at aylq.k(PG:3)
10-15 19:17:46.775: E/TraceManager(6690): 	at aylo.b(PG:1)
10-15 19:17:46.775: E/TraceManager(6690): 	at axrs.g(PG:2)
10-15 19:17:46.775: E/TraceManager(6690): 	at rwb.b(PG:1)
10-15 19:17:46.775: E/TraceManager(6690): 	at axpd.f(PG:4)
10-15 19:17:46.775: E/TraceManager(6690): 	at axpd.c(PG:1)
10-15 19:17:46.775: E/TraceManager(6690): 	at akmf.f(PG:5)
10-15 19:17:46.775: E/TraceManager(6690): 	at ahvy.l(PG:38)
10-15 19:17:46.775: E/TraceManager(6690): 	at ahvy.c(PG:1)
10-15 19:17:46.775: E/TraceManager(6690): 	at ahvy.h(PG:1)
10-15 19:17:46.775: E/TraceManager(6690): 	at agrf.an(PG:1)
10-15 19:17:46.775: E/TraceManager(6690): 	at vyz.a(PG:35)
10-15 19:17:46.775: E/TraceManager(6690): 	at vyz.c(PG:13)
10-15 19:17:46.775: E/TraceManager(6690): 	at vyz.b(PG:1)
10-15 19:17:46.775: E/TraceManager(6690): 	at com.google.android.apps.messaging.shared.datamodel.action.ProcessPendingMessagesAction.a(PG:2)
10-15 19:17:46.775: E/TraceManager(6690): 	at wqk.call(Unknown Source:4)
10-15 19:17:46.775: E/TraceManager(6690): 	at bnuh.a(PG:1)
10-15 19:17:46.775: E/TraceManager(6690): 	at bnsn.a(PG:2)
10-15 19:17:46.775: E/TraceManager(6690): 	at bsei.a(PG:1)
10-15 19:17:46.775: E/TraceManager(6690): 	at bsdl.run(PG:4)
10-15 19:17:46.775: E/TraceManager(6690): 	at bsek.run(PG:1)
10-15 19:17:46.775: E/TraceManager(6690): 	at bsbv.execute(PG:1)
10-15 19:17:46.775: E/TraceManager(6690): 	at bscy.n(PG:2)
10-15 19:17:46.775: E/TraceManager(6690): 	at bnul.i(PG:1)
10-15 19:17:46.775: E/TraceManager(6690): 	at bnuj.h(PG:1)
10-15 19:17:46.775: E/TraceManager(6690): 	at bnuj.g(PG:1)
10-15 19:17:46.775: E/TraceManager(6690): 	at com.google.android.apps.messaging.shared.datamodel.action.common.Action.d(PG:2)
10-15 19:17:46.775: E/TraceManager(6690): 	at wse.a(PG:4)
10-15 19:17:46.775: E/TraceManager(6690): 	at wri.run(PG:6)
10-15 19:17:46.775: E/TraceManager(6690): 	at bnsk.run(PG:2)
10-15 19:17:46.775: E/TraceManager(6690): 	at wrj.run(PG:1)
10-15 19:17:46.775: E/TraceManager(6690): 	at wrb.run(PG:3)
10-15 19:17:46.775: E/TraceManager(6690): 	at bseb.run(PG:4)
10-15 19:17:46.775: E/TraceManager(6690): 	at bcfr.run(PG:1)
10-15 19:17:46.775: E/TraceManager(6690): 	at java.util.concurrent.ThreadPoolExecutor.runWorker(ThreadPoolExecutor.java:1137)
10-15 19:17:46.775: E/TraceManager(6690): 	at java.util.concurrent.ThreadPoolExecutor$Worker.run(ThreadPoolExecutor.java:637)
10-15 19:17:46.775: E/TraceManager(6690): 	at bcev.run(PG:2)
10-15 19:17:46.775: E/TraceManager(6690): 	at bcfd.run(PG:4)
10-15 19:17:46.775: E/TraceManager(6690): 	at java.lang.Thread.run(Thread.java:1012)
10-15 19:17:46.775: E/TraceManager(6690): 	Suppressed: bntd: 
10-15 19:17:46.775: E/TraceManager(6690): 		at tk_trace.ProcessPendingMessagesAction(Unknown Source:0)
10-15 19:17:46.775: E/TraceManager(6690): 		at tk_trace.ExecuteActionRunnable#runImpl(Unknown Source:0)
10-15 19:17:46.775: E/TraceManager(6690): 		at tk_trace.RcsServiceListener#handleServiceConnected(Unknown Source:0)
10-15 19:17:46.775: E/TraceManager(6690): 		at tk_trace.JibeServiceListenerPropagator#handleServiceConnected(Unknown Source:0)
10-15 19:17:46.775: E/TraceManager(6690): 		at tk_trace.JibeServiceConnection#onServiceConnected(Unknown Source:0)
10-15 19:17:46.776: I/BugleRcsEngine(6690): [93] axrs.g: No RCS Configuration was found in Bugle for simID: redacted-pii:sim_id[chars:20]
10-15 19:17:46.776: I/BugleTransport(6690): Not using Tachygram because it is disabled by RCS Configuration
10-15 19:17:46.780: I/BugleDataModel(6690): PendingMessagesProcessor: process from ProcessPendingMessagesAction due to scheduled processing with delay 0 with queues:
10-15 19:17:46.825: E/TraceManager(6690): Duplicate trace
10-15 19:17:46.825: E/TraceManager(6690): bnol: Starting new trace SharedStorageProvider#call when already associated with a trace. For more help, see http://go/tiktok-tracing#fixing-duplicate-trace-issues
10-15 19:17:46.825: E/TraceManager(6690): 	at bnrz.g(PG:6)
10-15 19:17:46.825: E/TraceManager(6690): 	at bnrz.c(PG:2)
10-15 19:17:46.825: E/TraceManager(6690): 	at bnrz.b(PG:2)
10-15 19:17:46.825: E/TraceManager(6690): 	at bnrm.j(PG:1)
10-15 19:17:46.825: E/TraceManager(6690): 	at abvj.call(PG:7)
10-15 19:17:46.825: E/TraceManager(6690): 	at android.content.ContentProvider.call(ContentProvider.java:2511)
10-15 19:17:46.825: E/TraceManager(6690): 	at abtx.call(PG:2)
10-15 19:17:46.825: E/TraceManager(6690): 	at android.content.ContentProvider$Transport.call(ContentProvider.java:525)
10-15 19:17:46.825: E/TraceManager(6690): 	at android.content.ContentResolver.call(ContentResolver.java:2450)
10-15 19:17:46.825: E/TraceManager(6690): 	at android.content.ContentResolver.call(ContentResolver.java:2430)
10-15 19:17:46.825: E/TraceManager(6690): 	at aylq.h(PG:9)
10-15 19:17:46.825: E/TraceManager(6690): 	at aylq.k(PG:3)
10-15 19:17:46.825: E/TraceManager(6690): 	at aylo.b(PG:1)
10-15 19:17:46.825: E/TraceManager(6690): 	at axrs.g(PG:2)
10-15 19:17:46.825: E/TraceManager(6690): 	at rwb.b(PG:1)
10-15 19:17:46.825: E/TraceManager(6690): 	at axpd.f(PG:4)
10-15 19:17:46.825: E/TraceManager(6690): 	at axpd.c(PG:1)
10-15 19:17:46.825: E/TraceManager(6690): 	at akmf.f(PG:5)
10-15 19:17:46.825: E/TraceManager(6690): 	at ahvy.l(PG:38)
10-15 19:17:46.825: E/TraceManager(6690): 	at ahvy.c(PG:1)
10-15 19:17:46.825: E/TraceManager(6690): 	at ahvy.h(PG:1)
10-15 19:17:46.825: E/TraceManager(6690): 	at agrf.an(PG:1)
10-15 19:17:46.825: E/TraceManager(6690): 	at vyz.a(PG:35)
10-15 19:17:46.825: E/TraceManager(6690): 	at vyz.c(PG:13)
10-15 19:17:46.825: E/TraceManager(6690): 	at vyz.b(PG:1)
10-15 19:17:46.825: E/TraceManager(6690): 	at com.google.android.apps.messaging.shared.datamodel.action.ProcessPendingMessagesAction.a(PG:2)
10-15 19:17:46.825: E/TraceManager(6690): 	at wqk.call(Unknown Source:4)
10-15 19:17:46.825: E/TraceManager(6690): 	at bnuh.a(PG:1)
10-15 19:17:46.825: E/TraceManager(6690): 	at bnsn.a(PG:2)
10-15 19:17:46.825: E/TraceManager(6690): 	at bsei.a(PG:1)
10-15 19:17:46.825: E/TraceManager(6690): 	at bsdl.run(PG:4)
10-15 19:17:46.825: E/TraceManager(6690): 	at bsek.run(PG:1)
10-15 19:17:46.825: E/TraceManager(6690): 	at bsbv.execute(PG:1)
10-15 19:17:46.825: E/TraceManager(6690): 	at bscy.n(PG:2)
10-15 19:17:46.825: E/TraceManager(6690): 	at bnul.i(PG:1)
10-15 19:17:46.825: E/TraceManager(6690): 	at bnuj.h(PG:1)
10-15 19:17:46.825: E/TraceManager(6690): 	at bnuj.g(PG:1)
10-15 19:17:46.825: E/TraceManager(6690): 	at com.google.android.apps.messaging.shared.datamodel.action.common.Action.d(PG:2)
10-15 19:17:46.825: E/TraceManager(6690): 	at wse.a(PG:4)
10-15 19:17:46.825: E/TraceManager(6690): 	at wri.run(PG:6)
10-15 19:17:46.825: E/TraceManager(6690): 	at bnsk.run(PG:2)
10-15 19:17:46.825: E/TraceManager(6690): 	at wrj.run(PG:1)
10-15 19:17:46.825: E/TraceManager(6690): 	at wrb.run(PG:3)
10-15 19:17:46.825: E/TraceManager(6690): 	at bseb.run(PG:4)
10-15 19:17:46.825: E/TraceManager(6690): 	at bcfr.run(PG:1)
10-15 19:17:46.825: E/TraceManager(6690): 	at java.util.concurrent.ThreadPoolExecutor.runWorker(ThreadPoolExecutor.java:1137)
10-15 19:17:46.825: E/TraceManager(6690): 	at java.util.concurrent.ThreadPoolExecutor$Worker.run(ThreadPoolExecutor.java:637)
10-15 19:17:46.825: E/TraceManager(6690): 	at bcev.run(PG:2)
10-15 19:17:46.825: E/TraceManager(6690): 	at bcfd.run(PG:4)
10-15 19:17:46.825: E/TraceManager(6690): 	at java.lang.Thread.run(Thread.java:1012)
10-15 19:17:46.825: E/TraceManager(6690): 	Suppressed: bntd: 
10-15 19:17:46.825: E/TraceManager(6690): 		at tk_trace.ProcessPendingMessagesAction(Unknown Source:0)
10-15 19:17:46.825: E/TraceManager(6690): 		at tk_trace.ExecuteActionRunnable#runImpl(Unknown Source:0)
10-15 19:17:46.825: E/TraceManager(6690): 		at tk_trace.RcsServiceListener#handleServiceConnected(Unknown Source:0)
10-15 19:17:46.825: E/TraceManager(6690): 		at tk_trace.JibeServiceListenerPropagator#handleServiceConnected(Unknown Source:0)
10-15 19:17:46.825: E/TraceManager(6690): 		at tk_trace.JibeServiceConnection#onServiceConnected(Unknown Source:0)
10-15 19:17:46.875: W/TaskServiceHelper(1886): Not enough time has passed between starts of two 90 periodic tasks.
10-15 19:17:46.877: I/BugleRcsEngine(6690): [87] axsv.e: Created new RcsProvisioningProtoDataStorage for sim redacted-pii:sim_id[chars:20]
10-15 19:17:46.896: E/TraceManager(6690): Duplicate trace
10-15 19:17:46.896: E/TraceManager(6690): bnol: Starting new trace SharedStorageProvider#call when already associated with a trace. For more help, see http://go/tiktok-tracing#fixing-duplicate-trace-issues
10-15 19:17:46.896: E/TraceManager(6690): 	at bnrz.g(PG:6)
10-15 19:17:46.896: E/TraceManager(6690): 	at bnrz.c(PG:2)
10-15 19:17:46.896: E/TraceManager(6690): 	at bnrz.b(PG:2)
10-15 19:17:46.896: E/TraceManager(6690): 	at bnrm.j(PG:1)
10-15 19:17:46.896: E/TraceManager(6690): 	at abvj.call(PG:7)
10-15 19:17:46.896: E/TraceManager(6690): 	at android.content.ContentProvider.call(ContentProvider.java:2511)
10-15 19:17:46.896: E/TraceManager(6690): 	at abtx.call(PG:2)
10-15 19:17:46.896: E/TraceManager(6690): 	at android.content.ContentProvider$Transport.call(ContentProvider.java:525)
10-15 19:17:46.896: E/TraceManager(6690): 	at android.content.ContentResolver.call(ContentResolver.java:2450)
10-15 19:17:46.896: E/TraceManager(6690): 	at android.content.ContentResolver.call(ContentResolver.java:2430)
10-15 19:17:46.896: E/TraceManager(6690): 	at aylq.h(PG:9)
10-15 19:17:46.896: E/TraceManager(6690): 	at aylq.k(PG:3)
10-15 19:17:46.896: E/TraceManager(6690): 	at aylo.b(PG:1)
10-15 19:17:46.896: E/TraceManager(6690): 	at axrs.g(PG:2)
10-15 19:17:46.896: E/TraceManager(6690): 	at axnp.u(PG:6)
10-15 19:17:46.896: E/TraceManager(6690): 	at rwg.run(PG:4)
10-15 19:17:46.896: E/TraceManager(6690): 	at bnsk.run(PG:2)
10-15 19:17:46.896: E/TraceManager(6690): 	at java.util.concurrent.Executors$RunnableAdapter.call(Executors.java:463)
10-15 19:17:46.896: E/TraceManager(6690): 	at bsej.a(PG:1)
10-15 19:17:46.896: E/TraceManager(6690): 	at bsdl.run(PG:4)
10-15 19:17:46.896: E/TraceManager(6690): 	at bsek.run(PG:1)
10-15 19:17:46.896: E/TraceManager(6690): 	at bcfr.run(PG:1)
10-15 19:17:46.896: E/TraceManager(6690): 	at java.util.concurrent.ThreadPoolExecutor.runWorker(ThreadPoolExecutor.java:1137)
10-15 19:17:46.896: E/TraceManager(6690): 	at java.util.concurrent.ThreadPoolExecutor$Worker.run(ThreadPoolExecutor.java:637)
10-15 19:17:46.896: E/TraceManager(6690): 	at bcev.run(PG:2)
10-15 19:17:46.896: E/TraceManager(6690): 	at bcfd.run(PG:4)
10-15 19:17:46.896: E/TraceManager(6690): 	at java.lang.Thread.run(Thread.java:1012)
10-15 19:17:46.896: E/TraceManager(6690): 	Suppressed: bntd: 
10-15 19:17:46.896: E/TraceManager(6690): 		at tk_trace.RcsProvisioningListenableWorker: startWork(Unknown Source:0)
10-15 19:17:46.897: I/BugleRcsEngine(6690): [87] axrs.g: No RCS Configuration was found in Bugle for simID: redacted-pii:sim_id[chars:20]
10-15 19:17:46.897: I/BugleRcsEngine(6690): [87] axjv.d: (PEv2-SM-Bugle-109800971): start [null]
10-15 19:17:46.907: W/TaskServiceHelper(1886): Not enough time has passed between starts of two 162 periodic tasks.
10-15 19:17:46.915: W/TaskServiceHelper(1886): Not enough time has passed between starts of two 20 periodic tasks.
10-15 19:17:46.919: W/TaskServiceHelper(1886): Not enough time has passed between starts of two 174 periodic tasks.
10-15 19:17:46.928: I/BugleRcsEngine(6690): [164] axjv.d: (PEv2-SM-Bugle-109800971): Enter EnabledState [null]
10-15 19:17:46.936: D/CompatibilityChangeReporter(605): Compat change id reported: 161145287; UID 10117; state: DISABLED
10-15 19:17:46.943: W/BugleRcsEngine(6690): [164] awck.x: Unable to send diagnostic log
10-15 19:17:46.984: I/BugleRcsEngine(6690): [164] axii.c: Sending ProvisioningEvent to Bugle [Send Provisioning Session ID (18)], redacted-pii:[chars:65]
10-15 19:17:46.985: I/BugleRcsEngine(6690): [164] ayoo.b: EngineBroadcaster: Broadcasting provisioning intent com.google.android.ims.provisioning.engine.provisioningEventAction to Bugle with extras redacted-pii:[chars:223]
10-15 19:17:47.005: W/Icing(6011): Package com.google.android.googlequicksearchbox targets Android P and isn't allowed to use AppDataSearch indexing API
10-15 19:17:47.007: W/SearchServiceCore(1886): Abort, client detached.
10-15 19:17:47.007: W/SearchServiceCore(1886): Abort, client detached.
10-15 19:17:47.008: I/BugleRcsEngine(6690): [164] axjv.d: (PEv2-SM-Bugle-109800971): Start a new provisioning session [a58511be-46f6-4876-9fbb-75f0d74b3edb]
10-15 19:17:47.010: D/GenericSource(463): FileSource remote
10-15 19:17:47.012: I/BugleRcsEngine(6690): [164] axrs.d: No RCS Configuration was found in Bugle for simID: redacted-pii:sim_id[chars:20]
10-15 19:17:47.012: I/BugleRcsEngine(6690): [164] axof.b: RcsAvailabilityManager: Calculating Rcs Availability
10-15 19:17:47.029: I/BugleRcsEngine(6690): [164] axrs.C: Bugle is default SMS app: true
10-15 19:17:47.032: I/BugleRcsEngine(6690): [164] axof.b: Bugle has minimum required RCS permissions: true
10-15 19:17:47.041: I/BugleRcsEngine(6690): [164] axrs.B: Rcs is enabled from user settings: true
10-15 19:17:47.041: I/BugleRcsEngine(6690): [164] axtf.b: Using config server URL from awfi
10-15 19:17:47.058: I/BugleRcsEngine(6690): [164] axrs.d: No RCS Configuration was found in Bugle for simID: redacted-pii:sim_id[chars:20]
10-15 19:17:47.059: I/BugleRcsEngine(6690): [164] axrs.g: No RCS Configuration was found in Bugle for simID: redacted-pii:sim_id[chars:20]
10-15 19:17:47.060: I/BugleRcsEngine(6690): [164] axrs.d: No RCS Configuration was found in Bugle for simID: redacted-pii:sim_id[chars:20]
10-15 19:17:47.062: W/Bugle(6690): SubscriptionMetadataUtils get: invalid subId = -2
10-15 19:17:47.074: I/.apps.wellbeing(5998): Background young concurrent copying GC freed 11515(700KB) AllocSpace objects, 0(0B) LOS objects, 44% free, 4227KB/7552KB, paused 48us,17us total 769.079ms
10-15 19:17:47.099: W/Icing(6011): Package com.google.android.gm targets Android P and isn't allowed to use AppDataSearch indexing API
10-15 19:17:47.111: I/SP.AiAi(1507): Scheduling: download stopped, 0 started, 0 paused, 3 scheduled, 3 pending: manifests:spelling_correction-21080420 * {W:C:I:l, bg}, manifests:text-classifier-annotator-1377818559 * {W:C:I:l, bg}, manifests:text-classifier-actions-1672083704 * {W:C:I:l, bg}
10-15 19:17:47.112: W/ogle.android.as(1507): Long monitor contention with owner aiai-sp-0 (3296) at void gyl.e(gyq, hgw, gyn, long, java.lang.String)(PG:72) waiters=0 in iot gyl.c(gyq, hgw, gsv, long) for 227ms
10-15 19:17:47.134: I/SP.AiAi(1507): Scheduling job with delay of 0s for {W:C:I:l, bg}, 4 candidates
10-15 19:17:47.147: W/TaskServiceHelper(1886): Not enough time has passed between starts of two 94 periodic tasks.
10-15 19:17:47.165: I/SP.AiAi(1507): Scheduling: download registered, 0 started, 0 paused, 4 scheduled, 4 pending: manifests:spelling_correction-21080420 * {W:C:I:l, bg}, manifests:text-classifier-annotator-1377818559 * {W:C:I:l, bg}, manifests:text-classifier-actions-1672083704 * {W:C:I:l, bg}, template_table-2-zh:template_table_main_908da1129c695ba1ec624676723aa65b * {W:C:I:l, bg}
10-15 19:17:47.175: I/BugleRcsEngine(6690): [164] axof.b: Config state is not ACCEPTED, provisioning still in progress
10-15 19:17:47.175: I/BugleRcsEngine(6690): [164] axof.b: RcsAvailabilityManager: Updating Rcs Availability to CARRIER_SETUP_PENDING (Carrier RCS is not set up), sim id changed: true
10-15 19:17:47.176: I/BugleRcsEngine(6690): [164] axtf.b: Using config server URL from awfi
10-15 19:17:47.176: W/BugleRcsEngine(6690): [164] awck.x: Unable to send diagnostic log
10-15 19:17:47.176: I/BugleRcsEngine(6690): [164] axii.c: Sending ProvisioningEvent to Bugle [Availability updated (12)], redacted-pii:[chars:145]
10-15 19:17:47.177: I/BugleRcsEngine(6690): [164] ayoo.b: EngineBroadcaster: Broadcasting provisioning intent com.google.android.ims.provisioning.engine.provisioningEventAction to Bugle with extras redacted-pii:[chars:303]
10-15 19:17:47.177: I/BugleRcsEngine(6690): [164] axof.b: Sending ProvisioningEvent Internal [Availability updated (12)], redacted-pii:[chars:145]
10-15 19:17:47.182: I/BugleRcsEngine(6690): [164] axrs.d: No RCS Configuration was found in Bugle for simID: redacted-pii:sim_id[chars:20]
10-15 19:17:47.182: I/BugleRcsEngine(6690): [164] axjv.d: (PEv2-SM-Bugle-109800971): transitionViaMessage, srcState=EnabledState, destState = CheckPreconditionsState [a58511be-46f6-4876-9fbb-75f0d74b3edb]
10-15 19:17:47.182: I/BugleRcsEngine(6690): [164] axii.c: Sending ProvisioningEvent to Bugle [Update provisioning status (11)], redacted-pii:[chars:85]
10-15 19:17:47.182: I/BugleRcsEngine(6690): [164] ayoo.b: EngineBroadcaster: Broadcasting provisioning intent com.google.android.ims.provisioning.engine.provisioningEventAction to Bugle with extras redacted-pii:[chars:243]
10-15 19:17:47.182: W/Bugle(6690): SubscriptionUtilsAsOfLMR1: getSelfRawNumber: subInfo is null for subscription{id:-1}
10-15 19:17:47.192: I/BugleRcsEngine(6690): [164] axjv.d: (PEv2-SM-Bugle-109800971): EnabledState: Transition to check preconditions [a58511be-46f6-4876-9fbb-75f0d74b3edb]
10-15 19:17:47.202: I/BugleRcsEngine(6690): [164] axjv.d: (PEv2-SM-Bugle-109800971): transitionTo: destState=CheckPreconditionsState [a58511be-46f6-4876-9fbb-75f0d74b3edb]
