10-15 19:18:12.529: W/system_server(605): Long monitor contention with owner ActivityManager (671) at void com.android.server.am.ActiveServices$ServiceRestarter.run()(ActiveServices.java:3278) waiters=4 in android.content.Intent com.android.server.am.ActivityManagerService.registerReceiverWithFeature(android.app.IApplicationThread, java.lang.String, java.lang.String, java.lang.String, android.content.IIntentReceiver, android.content.IntentFilter, java.lang.String, int, int) for 272ms
10-15 19:18:12.540: W/system_server(605): Long monitor contention with owner ActivityManager (671) at void com.android.server.am.ActiveServices$ServiceRestarter.run()(ActiveServices.java:3278) waiters=0 in void com.android.server.am.ActivityManagerService$LocalService.onForegroundServiceNotificationUpdate(boolean, android.app.Notification, int, java.lang.String, int) for 627ms
10-15 19:18:12.540: W/Looper(605): Slow dispatch took 637ms main h=com.android.server.notification.NotificationManagerService$WorkerHandler c=com.android.server.notification.NotificationManagerService$$ExternalSyntheticLambda8@2a7bf97 m=0
10-15 19:18:12.540: W/Looper(605): Slow delivery took 637ms main h=android.service.notification.NotificationListenerService$MyHandler c=null m=1
10-15 19:18:12.598: W/Looper(605): Drained
10-15 19:18:12.630: W/dex2oat64(8116): Verification of void androidx.test.tools.crawler.obfuscated.bb.gg.trim() took 136.828ms (738.15 bytecodes/s) (3360B approximate peak alloc)
10-15 19:18:12.631: I/OpenGLRenderer(879): Davey! duration=1163ms; Flags=0, FrameTimelineVsyncId=13787, IntendedVsync=1162504953963, Vsync=1163038287275, InputEventId=0, HandleInputStart=1163043793626, AnimationStart=1163043794695, PerformTraversalsStart=1163043971427, DrawStart=1163043995411, FrameDeadline=1162921620613, FrameInterval=1163043745889, FrameStartTime=16666666, SyncQueued=1163044063172, SyncStart=1163044095473, IssueDrawCommandsStart=1163044164352, SwapBuffers=1163584715968, FrameCompleted=1163668392736, DequeueBufferDuration=7852, QueueBufferDuration=13928434, GpuCompleted=1163584715968, SwapBuffersCompleted=1163668392736, DisplayPresentTime=0, CommandSubmissionCompleted=1163584715968, 
10-15 19:18:12.631: W/Looper(605): Slow dispatch took 163ms android.fg h=com.android.server.DropBoxManagerService$DropBoxManagerBroadcastHandler c=null m=2
10-15 19:18:12.648: W/Enable2gPreferenceController(7842): Telephony manager not yet initialized
10-15 19:18:12.653: W/system_server(605): Long monitor contention with owner android.bg (670) at android.content.res.Resources android.app.ResourcesManager.createResources(android.content.res.ResourcesKey, java.lang.ClassLoader, android.app.ResourcesManager$ApkAssetsSupplier)(ResourcesManager.java:1033) waiters=0 in android.content.res.ApkAssets android.app.ResourcesManager.loadApkAssets(android.app.ResourcesManager$ApkKey) for 429ms
10-15 19:18:12.658: V/StorageManagerService(605): Package null has legacy storage
10-15 19:18:12.683: D/VoNrSettings(7842): init: 
10-15 19:18:12.744: D/EGL_emulation(879): app_time_stats: avg=502.15ms min=254.75ms max=749.56ms count=2
10-15 19:18:12.746: W/Looper(605): Drained
10-15 19:18:12.810: W/.apps.messaging(6690): Long monitor contention with owner Blocking Thread #1 (6754) at boolean android.os.MessageQueue.enqueueMessage(android.os.Message, long)(MessageQueue.java:600) waiters=0 in android.os.Message android.os.MessageQueue.next() for 330ms
10-15 19:18:12.810: I/BugleRcsEngine(6690): [188] axjv.d: (PEv2-SM-Bugle-235385868): Enter EnabledState [null]
10-15 19:18:12.835: W/BugleRcsEngine(6690): [188] awck.x: Unable to send diagnostic log
10-15 19:18:12.836: I/OpenGLRenderer(879): Davey! duration=830ms; Flags=0, FrameTimelineVsyncId=13795, IntendedVsync=1163071620607, Vsync=1163638287251, InputEventId=0, HandleInputStart=1163647347521, AnimationStart=1163647348319, PerformTraversalsStart=1163647486215, DrawStart=1163647515618, FrameDeadline=1163604953919, FrameInterval=1163647302471, FrameStartTime=16666666, SyncQueued=1163647674314, SyncStart=1163668438760, IssueDrawCommandsStart=1163668509172, SwapBuffers=1163851863404, FrameCompleted=1163923168776, DequeueBufferDuration=7500, QueueBufferDuration=68717331, GpuCompleted=1163851863404, SwapBuffersCompleted=1163923168776, DisplayPresentTime=0, CommandSubmissionCompleted=1163851863404, 
10-15 19:18:12.840: I/BugleRcsEngine(6690): [188] axii.c: Sending ProvisioningEvent to Bugle [Send Provisioning Session ID (18)], redacted-pii:[chars:65]
10-15 19:18:12.840: I/BugleRcsEngine(6690): [188] ayoo.b: EngineBroadcaster: Broadcasting provisioning intent com.google.android.ims.provisioning.engine.provisioningEventAction to Bugle with extras redacted-pii:[chars:223]
10-15 19:18:12.864: W/SessionLifecycleManager(1886): Client : AttachedClient[8296381605565467, ClientConfig[mFlags=[40000088001] mSuggestFlags=[0] mClientId=HOTWORD_SERVICE mSessionType=search publicSearchServiceCallerUid=-1]] has no associated SessionController
10-15 19:18:12.864: W/SearchServiceCore(1886): Abort, client detached.
10-15 19:18:12.864: W/SearchServiceCore(1886): Abort, client detached.
10-15 19:18:12.864: W/SearchServiceCore(1886): Abort, client detached.
10-15 19:18:12.867: D/VoNrSettings(7842): mHas5gCapability: true,mIsNrEnabledFromCarrierConfig: true,mIsVonrEnabledFromCarrierConfig: false,mIsVonrVisibleFromCarrierConfig: true
10-15 19:18:12.867: D/VoNrSettings(7842): init: 
10-15 19:18:12.868: W/android.youtube(7880): Long monitor contention with owner BG Thread #7 (7980) at java.lang.Object aomr.a()(PG:2) waiters=0 in java.lang.Object aomr.a() for 232ms
10-15 19:18:12.876: I/BugleRcsEngine(6690): [188] axjv.d: (PEv2-SM-Bugle-235385868): Start a new provisioning session [9eaedc6b-de42-4fa1-b517-42ae64e6b46c]
10-15 19:18:12.876: I/BugleRcsEngine(6690): [188] axrs.d: No RCS Configuration was found in Bugle for simID: redacted-pii:sim_id[chars:20]
10-15 19:18:12.877: I/BugleRcsEngine(6690): [188] axof.b: RcsAvailabilityManager: Calculating Rcs Availability
10-15 19:18:12.882: I/BugleRcsEngine(6690): [188] axrs.C: Bugle is default SMS app: true
10-15 19:18:12.882: I/BugleRcsEngine(6690): [188] axof.b: Bugle has minimum required RCS permissions: true
10-15 19:18:12.898: I/BugleRcsEngine(6690): [188] axrs.B: Rcs is enabled from user settings: true
10-15 19:18:12.898: I/BugleRcsEngine(6690): [188] axtf.b: Using config server URL from awfi
10-15 19:18:12.899: I/BugleRcsEngine(6690): [188] axrs.d: No RCS Configuration was found in Bugle for simID: redacted-pii:sim_id[chars:20]
10-15 19:18:12.902: I/BugleRcsEngine(6690): [188] axrs.g: No RCS Configuration was found in Bugle for simID: redacted-pii:sim_id[chars:20]
10-15 19:18:12.905: I/BugleRcsEngine(6690): [188] axrs.d: No RCS Configuration was found in Bugle for simID: redacted-pii:sim_id[chars:20]
10-15 19:18:12.925: D/VoNrSettings(7842): mHas5gCapability: true,mIsNrEnabledFromCarrierConfig: true,mIsVonrEnabledFromCarrierConfig: false,mIsVonrVisibleFromCarrierConfig: true
10-15 19:18:12.925: I/BugleRcsEngine(6690): [188] axof.b: Config state is not ACCEPTED, provisioning still in progress
10-15 19:18:12.926: I/BugleRcsEngine(6690): [188] axof.b: RcsAvailabilityManager: Rcs Availability still CARRIER_SETUP_PENDING (Carrier RCS is not set up)
10-15 19:18:12.935: I/BugleRcsEngine(6690): [188] axrs.d: No RCS Configuration was found in Bugle for simID: redacted-pii:sim_id[chars:20]
10-15 19:18:12.935: I/BugleRcsEngine(6690): [188] axjv.d: (PEv2-SM-Bugle-235385868): transitionViaMessage, srcState=EnabledState, destState = CheckPreconditionsState [9eaedc6b-de42-4fa1-b517-42ae64e6b46c]
10-15 19:18:12.941: I/BugleRcsEngine(6690): [188] axii.c: Sending ProvisioningEvent to Bugle [Update provisioning status (11)], redacted-pii:[chars:85]
10-15 19:18:12.942: I/BugleRcsEngine(6690): [188] ayoo.b: EngineBroadcaster: Broadcasting provisioning intent com.google.android.ims.provisioning.engine.provisioningEventAction to Bugle with extras redacted-pii:[chars:243]
10-15 19:18:12.950: W/ActivityManager(605): Rescheduling restart of crashed service com.google.android.gms/.icing.service.IndexWorkerService in 0ms for other
10-15 19:18:12.950: W/ActivityManager(605): Rescheduling restart of crashed service com.google.android.gms/.chimera.GmsIntentOperationService in 0ms for other
10-15 19:18:12.950: W/ActivityManager(605): Rescheduling restart of crashed service com.google.android.gms/.chimera.GmsApiService in 0ms for other
10-15 19:18:12.950: W/ActivityManager(605): Rescheduling restart of crashed service com.google.android.gms/.auth.GetToken in 319355ms for other
10-15 19:18:12.951: W/ActivityManager(605): Rescheduling restart of crashed service com.google.android.gms/.icing.service.IndexWorkerService in 0ms for other
10-15 19:18:12.951: W/ActivityManager(605): Rescheduling restart of crashed service com.google.android.gms/.chimera.GmsIntentOperationService in 0ms for other
10-15 19:18:12.951: W/ActivityManager(605): Rescheduling restart of crashed service com.google.android.gms/.chimera.GmsApiService in 0ms for other
10-15 19:18:12.952: W/ActivityManager(605): Rescheduling restart of crashed service com.google.android.gms/.auth.GetToken in 319354ms for other
10-15 19:18:12.952: I/MediaProvider(1503): Invalidating LocalCallingIdentity cache for package androidx.test.tools.crawler. Reason: op android:read_external_storage
10-15 19:18:12.953: I/BugleRcsEngine(6690): [188] axjv.d: (PEv2-SM-Bugle-235385868): EnabledState: Transition to check preconditions [9eaedc6b-de42-4fa1-b517-42ae64e6b46c]
10-15 19:18:12.953: I/BugleRcsEngine(6690): [188] axjv.d: (PEv2-SM-Bugle-235385868): transitionTo: destState=CheckPreconditionsState [9eaedc6b-de42-4fa1-b517-42ae64e6b46c]
10-15 19:18:12.953: I/BugleRcsEngine(6690): [188] axjv.d: (PEv2-SM-Bugle-235385868): onTransitionRequested EnabledState [9eaedc6b-de42-4fa1-b517-42ae64e6b46c]
10-15 19:18:12.955: I/BugleRcsEngine(6690): [188] axjv.d: (PEv2-SM-Bugle-235385868): Enter CheckPreconditionsState [9eaedc6b-de42-4fa1-b517-42ae64e6b46c]
10-15 19:18:12.972: W/BugleRcsEngine(6690): [188] awck.x: Unable to send diagnostic log
10-15 19:18:12.985: I/BugleRcsEngine(6690): [188] axrs.i: getRcsProvisioningGoogleTosConfiguration # aibi@95a15, consentState = 0, ServerUpdateTime = 0
10-15 19:18:12.985: I/BugleRcsEngine(6690): [188] axjv.d: (PEv2-SM-Bugle-235385868): provisioningEngineDataRetriever = axrs@bbea0c8, googleToSConsentCache.hasClientConsent() = false, provisioningEngineDataRetriever.getGoogleTosConsent = false [9eaedc6b-de42-4fa1-b517-42ae64e6b46c]
10-15 19:18:12.989: I/BugleRcsEngine(6690): [188] axrs.i: getRcsProvisioningGoogleTosConfiguration # aibi@95a15, consentState = 0, ServerUpdateTime = 0
10-15 19:18:12.989: I/BugleRcsEngine(6690): [188] axjv.d: (PEv2-SM-Bugle-235385868): transitionViaMessage, srcState=CheckPreconditionsState, destState = WaitingForGoogleTosState [9eaedc6b-de42-4fa1-b517-42ae64e6b46c]
10-15 19:18:12.990: I/BugleRcsEngine(6690): [188] axjv.d: (PEv2-SM-Bugle-235385868): CheckPreconditionsState: Transition to waiting for Google TOS [9eaedc6b-de42-4fa1-b517-42ae64e6b46c]
10-15 19:18:12.990: I/BugleRcsEngine(6690): [188] axjv.d: (PEv2-SM-Bugle-235385868): transitionTo: destState=WaitingForGoogleTosState [9eaedc6b-de42-4fa1-b517-42ae64e6b46c]
10-15 19:18:12.990: I/BugleRcsEngine(6690): [188] axjv.d: (PEv2-SM-Bugle-235385868): onTransitionRequested CheckPreconditionsState [9eaedc6b-de42-4fa1-b517-42ae64e6b46c]
10-15 19:18:12.990: I/BugleRcsEngine(6690): [188] axjv.d: (PEv2-SM-Bugle-235385868): Enter WaitingForGoogleTosState [9eaedc6b-de42-4fa1-b517-42ae64e6b46c]
10-15 19:18:13.004: W/BugleRcsEngine(6690): [188] awck.x: Unable to send diagnostic log
10-15 19:18:13.007: W/BugleRcsEngine(6690): [188] awck.x: Unable to send diagnostic log
10-15 19:18:13.030: I/BugleRcsEngine(6690): [188] axii.c: Sending ProvisioningEvent to Bugle [Show FastTrack UI (5)], no extra data
10-15 19:18:13.030: I/BugleRcsEngine(6690): [188] ayoo.b: EngineBroadcaster: Broadcasting provisioning intent com.google.android.ims.provisioning.engine.provisioningEventAction to Bugle with extras redacted-pii:[chars:82]
10-15 19:18:13.050: D/EGL_emulation(7358): app_time_stats: avg=1001.91ms min=1001.91ms max=1001.91ms count=1
10-15 19:18:13.193: W/dex2oat64(8116): Verification of androidx.test.tools.crawler.obfuscated.ee.b androidx.test.tools.crawler.obfuscated.ee.b.tlsVersions(androidx.test.tools.crawler.obfuscated.ee.x[]) took 164.024ms (201.19 bytecodes/s) (2424B approximate peak alloc)
10-15 19:18:13.212: I/BugleRcsWorker(6690): [seqId=2] Received a provisioning state changed event from the provisioning engine USER_INPUT_REQUIRED
10-15 19:18:13.213: I/BugleRcsWorker(6690): [seqId=2] Provisioning Engine needs user input, shutting down Provisioning Task
10-15 19:18:13.213: I/BugleRcsWorker(6690): [seqId=2] finish provisioning task with result Success {mOutputData=Data {}}
10-15 19:18:13.214: I/BugleRcsWorker(6690): [seqId=2] RCS provisioning task has finished with result Success {mOutputData=Data {}}
10-15 19:18:13.214: I/BugleRcsEngine(6690): [188] axjv.d: (PEv2-SM-Bugle-235385868): quit [9eaedc6b-de42-4fa1-b517-42ae64e6b46c]
10-15 19:18:13.214: I/BugleRcsEngine(6690): [188] axjv.d: (PEv2-SM-Bugle-235385868): transitionTo: destState=awok [9eaedc6b-de42-4fa1-b517-42ae64e6b46c]
10-15 19:18:13.214: I/BugleRcsEngine(6690): [188] axjv.d: (PEv2-SM-Bugle-235385868): Exit WaitingForGoogleTosState [9eaedc6b-de42-4fa1-b517-42ae64e6b46c]
10-15 19:18:13.215: W/system_server(605): Long monitor contention with owner ActivityManager (671) at void com.android.server.am.ActiveServices$ServiceRestarter.run()(ActiveServices.java:3278) waiters=2 in void com.android.server.am.ActivityManagerService.serviceDoneExecuting(android.os.IBinder, int, int, int) for 167ms
10-15 19:18:13.216: W/system_server(605): Long monitor contention with owner ActivityManager (671) at void com.android.server.am.ActiveServices$ServiceRestarter.run()(ActiveServices.java:3278) waiters=3 in void com.android.server.am.ActivityManagerService$LocalService.onForegroundServiceNotificationUpdate(boolean, android.app.Notification, int, java.lang.String, int) for 157ms
10-15 19:18:13.216: W/Looper(605): Slow dispatch took 157ms main h=com.android.server.notification.NotificationManagerService$WorkerHandler c=com.android.server.notification.NotificationManagerService$$ExternalSyntheticLambda8@a43da0a m=0
10-15 19:18:13.223: W/BugleRcsEngine(6690): [188] awck.x: Unable to send diagnostic log
10-15 19:18:13.223: I/BugleRcsEngine(6690): [188] axjv.d: (PEv2-SM-Bugle-235385868): Exit CheckPreconditionsState [9eaedc6b-de42-4fa1-b517-42ae64e6b46c]
10-15 19:18:13.223: I/BugleRcsEngine(6690): [188] axjv.d: (PEv2-SM-Bugle-235385868): Exit EnabledState [9eaedc6b-de42-4fa1-b517-42ae64e6b46c]
10-15 19:18:13.224: W/BugleRcsEngine(6690): [188] awck.x: Unable to send diagnostic log
10-15 19:18:13.224: W/BugleRcsEngine(6690): [188] axjv.e: (PEv2-SM-Bugle-235385868): onQuitting [9eaedc6b-de42-4fa1-b517-42ae64e6b46c]
10-15 19:18:13.224: I/BugleRcsEngine(6690): [188] axof.b: RcsAvailabilityManager: Calculating Rcs Availability
10-15 19:18:13.240: I/WM-WorkerWrapper(6690): Worker result SUCCESS for Work [ id=3126bd77-e11d-4667-8c8b-c406ccbdffc6, tags={ com.google.android.apps.messaging.rcsprovisioning.RcsProvisioningListenableWorker, provisioning } ]
10-15 19:18:13.241: W/SettingsPrefController(7842): Skipping updateNonIndexableKeys, key already in list. com.android.settings.network.telephony.DisableSimFooterPreferenceController@99aebed
10-15 19:18:13.241: W/SettingsPrefController(7842): Skipping updateNonIndexableKeys, key already in list. com.android.settings.network.telephony.NrDisabledInDsdsFooterPreferenceController@126da22
10-15 19:18:13.242: I/BugleRcsEngine(6690): [188] axrs.C: Bugle is default SMS app: true
10-15 19:18:13.242: I/BugleRcsEngine(6690): [188] axof.b: Bugle has minimum required RCS permissions: true
10-15 19:18:13.243: D/PrefCtrlListHelper(7842): Could not find Context-only controller for pref: com.android.settings.gestures.TapScreenGesturePreferenceController
10-15 19:18:13.253: I/BugleRcsEngine(6690): [188] axrs.B: Rcs is enabled from user settings: true
10-15 19:18:13.253: I/BugleRcsEngine(6690): [188] axtf.b: Using config server URL from awfi
10-15 19:18:13.253: I/BugleRcsEngine(6690): [188] axrs.d: No RCS Configuration was found in Bugle for simID: redacted-pii:sim_id[chars:20]
10-15 19:18:13.254: I/BugleRcsEngine(6690): [188] axrs.g: No RCS Configuration was found in Bugle for simID: redacted-pii:sim_id[chars:20]
10-15 19:18:13.254: I/BugleRcsEngine(6690): [188] axrs.d: No RCS Configuration was found in Bugle for simID: redacted-pii:sim_id[chars:20]
10-15 19:18:13.289: D/PrefCtrlListHelper(7842): Could not find Context-only controller for pref: com.android.settings.privacy.WorkPolicyInfoPreferenceController
10-15 19:18:13.290: D/PrefCtrlListHelper(7842): Could not find Context-only controller for pref: com.android.settings.applications.specialaccess.interactacrossprofiles.InteractAcrossProfilesController
10-15 19:18:13.290: D/PrefCtrlListHelper(7842): Could not find Context-only controller for pref: com.android.settings.privacy.AccessibilityUsagePreferenceController
10-15 19:18:13.297: D/PrefCtrlListHelper(7842): Could not find Context-only controller for pref: com.android.settings.privacy.PrivacyHubPreferenceController
10-15 19:18:13.297: D/PrefCtrlListHelper(7842): Could not find Context-only controller for pref: com.android.settings.privacy.CameraToggleController
10-15 19:18:13.297: D/PrefCtrlListHelper(7842): Could not find Context-only controller for pref: com.android.settings.privacy.MicToggleController
10-15 19:18:13.298: D/PrefCtrlListHelper(7842): Could not find Context-only controller for pref: com.android.settings.privacy.EnableContentCapturePreferenceController
10-15 19:18:13.298: D/PrefCtrlListHelper(7842): Could not find Context-only controller for pref: com.android.settings.privacy.EnableContentCaptureWithServiceSettingsPreferenceController
10-15 19:18:13.307: I/BugleRcsEngine(6690): [188] axof.b: Config state is not ACCEPTED, provisioning still in progress
10-15 19:18:13.307: I/BugleRcsEngine(6690): [188] axof.b: RcsAvailabilityManager: Rcs Availability still CARRIER_SETUP_PENDING (Carrier RCS is not set up)
10-15 19:18:13.369: W/PrefControllerMixin(7842): Skipping updateNonIndexableKeys due to empty key com.android.settings.notification.LockScreenNotificationPreferenceController@8fc766e
10-15 19:18:13.391: W/SettingsPrefController(7842): Skipping updateNonIndexableKeys, key already in list. com.android.settings.applications.specialaccess.interactacrossprofiles.InteractAcrossProfilesController@6a8210f
10-15 19:18:13.404: D/PrefCtrlListHelper(7842): Could not find Context-only controller for pref: com.android.settings.accessibility.AccessibilityButtonPreviewPreferenceController
10-15 19:18:13.405: D/PrefCtrlListHelper(7842): Could not find Context-only controller for pref: com.android.settings.accessibility.AccessibilityButtonLocationPreferenceController
10-15 19:18:13.405: D/PrefCtrlListHelper(7842): Could not find Context-only controller for pref: com.android.settings.accessibility.AccessibilityButtonGesturePreferenceController
10-15 19:18:13.405: D/PrefCtrlListHelper(7842): Could not find Context-only controller for pref: com.android.settings.accessibility.FloatingMenuSizePreferenceController
10-15 19:18:13.405: D/PrefCtrlListHelper(7842): Could not find Context-only controller for pref: com.android.settings.accessibility.FloatingMenuFadePreferenceController
10-15 19:18:13.405: D/PrefCtrlListHelper(7842): Could not find Context-only controller for pref: com.android.settings.accessibility.FloatingMenuTransparencyPreferenceController
10-15 19:18:13.405: D/PrefCtrlListHelper(7842): Could not find Context-only controller for pref: com.android.settings.accessibility.AccessibilityButtonFooterPreferenceController
10-15 19:18:13.408: D/AssistGesture(7842): mAssistOnly:false, isSupported:false, isSensorAvailable:false
10-15 19:18:13.408: D/AssistGesture(7842): mAssistOnly:false, isSupported:false, isSensorAvailable:false
10-15 19:18:13.408: V/SettingsSearchProvider(7842): com.android.settings.gestures.AssistGestureSettings$1@87d8b7a tried to add an empty non-indexable key
10-15 19:18:13.408: D/PrefCtrlListHelper(7842): Could not find Context-only controller for pref: com.android.settings.security.trustagent.TrustAgentsPreferenceController
10-15 19:18:13.442: D/PrefCtrlListHelper(7842): Could not find Context-only controller for pref: com.android.settings.applications.specialaccess.vrlistener.VrListenerScreenPreferenceController
10-15 19:18:13.444: D/PrefCtrlListHelper(7842): Could not find Context-only controller for pref: com.android.settings.deviceinfo.firmwareversion.FirmwareVersionDetailPreferenceController
10-15 19:18:13.445: D/PrefCtrlListHelper(7842): Could not find Context-only controller for pref: com.android.settings.deviceinfo.firmwareversion.SecurityPatchLevelPreferenceController
10-15 19:18:13.446: D/PrefCtrlListHelper(7842): Could not find Context-only controller for pref: com.android.settings.deviceinfo.firmwareversion.MainlineModuleVersionPreferenceController
10-15 19:18:13.447: D/PrefCtrlListHelper(7842): Could not find Context-only controller for pref: com.android.settings.deviceinfo.firmwareversion.BasebandVersionPreferenceController
10-15 19:18:13.447: D/PrefCtrlListHelper(7842): Could not find Context-only controller for pref: com.android.settings.deviceinfo.firmwareversion.KernelVersionPreferenceController
10-15 19:18:13.447: D/PrefCtrlListHelper(7842): Could not find Context-only controller for pref: com.android.settings.deviceinfo.firmwareversion.SimpleBuildNumberPreferenceController
10-15 19:18:13.466: W/dex2oat64(8116): Verification of com.google.android.apps.common.testing.testrunner.web.JavaScriptBoundBridge com.google.android.apps.common.testing.testrunner.web.AndroidJavaScriptBridgeInstaller.install() took 139.937ms (936.13 bytecodes/s) (5856B approximate peak alloc)
10-15 19:18:13.494: W/Looper(605): Slow dispatch took 110ms main h=com.android.server.job.JobSchedulerService$JobHandler c=null m=4
10-15 19:18:13.674: I/OpenGLRenderer(879): Davey! duration=701ms; Flags=0, FrameTimelineVsyncId=13826, IntendedVsync=1164021620569, Vsync=1164504953883, InputEventId=0, HandleInputStart=1164515545388, AnimationStart=1164515546134, PerformTraversalsStart=1164525717220, DrawStart=1164525748537, FrameDeadline=1164521620549, FrameInterval=1164515543107, FrameStartTime=16666666, SyncQueued=1164525818015, SyncStart=1164525856697, IssueDrawCommandsStart=1164525931504, SwapBuffers=1164710945217, FrameCompleted=1164723033686, DequeueBufferDuration=8248, QueueBufferDuration=3806065, GpuCompleted=1164710945217, SwapBuffersCompleted=1164723033686, DisplayPresentTime=0, CommandSubmissionCompleted=1164710945217, 
10-15 19:18:13.691: W/ogle.android.as(1507): Long monitor contention with owner aiai-min-shared-0 (1918) at bnb bqw.c()(PG:10) waiters=0 in bnb bqw.c() for 3.901s
10-15 19:18:13.705: W/AiAiAutofill(1507): Failed to set whitelist for augmented autofill service.
10-15 19:18:13.705: W/AiAiAutofill(1507): java.lang.SecurityException: caller is not user's Augmented Autofill Service
10-15 19:18:13.705: W/AiAiAutofill(1507): 	at android.view.autofill.AutofillManager.setAugmentedAutofillWhitelist(AutofillManager.java:2366)
10-15 19:18:13.705: W/AiAiAutofill(1507): 	at bti.b(PG:7)
10-15 19:18:13.705: W/AiAiAutofill(1507): 	at btt.g(PG:8)
10-15 19:18:13.705: W/AiAiAutofill(1507): 	at btt.i(Unknown Source:3)
10-15 19:18:13.705: W/AiAiAutofill(1507): 	at btt.h(PG:2)
10-15 19:18:13.705: W/AiAiAutofill(1507): 	at btu.a(PG:2)
10-15 19:18:13.705: W/AiAiAutofill(1507): 	at dgh.run(PG:65)
10-15 19:18:13.705: W/AiAiAutofill(1507): 	at byc.run(PG:13)
10-15 19:18:13.705: W/AiAiAutofill(1507): 	at java.util.concurrent.Executors$RunnableAdapter.call(Executors.java:463)
10-15 19:18:13.705: W/AiAiAutofill(1507): 	at java.util.concurrent.FutureTask.run(FutureTask.java:264)
10-15 19:18:13.705: W/AiAiAutofill(1507): 	at java.util.concurrent.ScheduledThreadPoolExecutor$ScheduledFutureTask.run(ScheduledThreadPoolExecutor.java:307)
10-15 19:18:13.705: W/AiAiAutofill(1507): 	at java.util.concurrent.ThreadPoolExecutor.runWorker(ThreadPoolExecutor.java:1137)
10-15 19:18:13.705: W/AiAiAutofill(1507): 	at java.util.concurrent.ThreadPoolExecutor$Worker.run(ThreadPoolExecutor.java:637)
10-15 19:18:13.705: W/AiAiAutofill(1507): 	at byc.run(PG:11)
10-15 19:18:13.705: W/AiAiAutofill(1507): 	at java.lang.Thread.run(Thread.java:1012)
10-15 19:18:13.759: D/EGL_emulation(879): app_time_stats: avg=338.43ms min=215.50ms max=581.55ms count=3
10-15 19:18:13.778: W/BugleRcsEngine(6690): [78] awck.x: Unable to send diagnostic log
10-15 19:18:13.926: W/PackageManager(605): Failed registering loading progress callback. Package is fully loaded.
10-15 19:18:13.941: I/Safeboot(8070): Checking safeboot...
10-15 19:18:13.961: I/A(1886): Using proto config with mendel
10-15 19:18:13.961: I/A(1886): Using proto config with mendel
10-15 19:18:13.962: I/MicroDetectionWorker(1886): Initializing MicroDataManager InitializeType-2, isForced-true, isActivePhoneEnrollment-false isActiveGoogleHomeEnrollment-false
10-15 19:18:13.962: I/A(1886): Using proto config with mendel
10-15 19:18:13.962: I/A(1886): Using proto config with mendel
10-15 19:18:13.962: I/A(1886): Using proto config with mendel
10-15 19:18:13.962: I/A(1886): Using proto config with mendel
10-15 19:18:13.967: I/A(1886): Using proto config with mendel
10-15 19:18:13.967: I/A(1886): Merging legacy hotword config map with new proto.
10-15 19:18:13.967: I/A(1886): Skipping. Expected model: 1 Found: 2
10-15 19:18:13.967: I/A(1886): Skipping. Expected model: 1 Found: 2
10-15 19:18:13.967: I/A(1886): Skipping. Expected model: 1 Found: 2
10-15 19:18:13.967: I/A(1886): Adding from config to map. Locale: ro-RO modelPrefix: okgoogle Location:b051c93dce7bb4dcb5d9ddcbbb2ca760Test isSpeakerIdSupported: false
10-15 19:18:13.967: I/A(1886): Skipping. Expected model: 1 Found: 2
10-15 19:18:13.967: I/MicroDataManager(1886): Location for model with model type: 1 and locale: cmn-Hant-TW, is : https://www.gstatic.com/android-search/hotword/x_google/4e7cae00daee30ec565c34e3aa67a51f/hotword.data
10-15 19:18:13.968: I/MicroModelsUtil(1886): #getHotwordModel [locale: cmn-Hant-TW, modelType: 1]
10-15 19:18:13.987: I/SodaSilentEnrollment(1886): Executing HotwordSilentEnrollment, updateOnly: true
10-15 19:18:14.007: V/PackageManager(605): [Optimistic Bind] Binding to instant app resolver
10-15 19:18:14.043: W/dex2oat64(8116): Verification of void androidx.test.tools.crawler.obfuscated.bx.c.<clinit>() took 284.602ms (98453.18 bytecodes/s) (519152B approximate peak alloc)
10-15 19:18:14.052: D/EGL_emulation(7358): app_time_stats: avg=1001.96ms min=1001.96ms max=1001.96ms count=1
10-15 19:18:14.104: D/CompatibilityChangeReporter(605): Compat change id reported: 161145287; UID 10108; state: DISABLED
10-15 19:18:14.116: E/MicroModelsUtil(1886): Hotword file group is null with group name: hotword_model_cmn-Hant-TW_okg, locale: cmn-Hant-TW
10-15 19:18:14.177: I/BgTaskExecutorImpl(1886): Starting EXCLUSIVE background task SPEAKERID_SILENT_ENROLLMENT.
10-15 19:18:14.189: I/NotificationService(605): Cannot find enqueued record for key: 0|com.google.android.googlequicksearchbox|981020351|null|10107
10-15 19:18:14.189: D/CompatibilityChangeReporter(605): Compat change id reported: 175319604; UID 1000; state: ENABLED
10-15 19:18:14.190: D/CompatibilityChangeReporter(605): Compat change id reported: 195579280; UID 1000; state: ENABLED
10-15 19:18:14.190: D/CompatibilityChangeReporter(605): Compat change id reported: 175319604; UID 10144; state: ENABLED
10-15 19:18:14.190: D/CompatibilityChangeReporter(605): Compat change id reported: 195579280; UID 10144; state: ENABLED
10-15 19:18:14.191: D/CompatibilityChangeReporter(605): Compat change id reported: 175319604; UID 10142; state: ENABLED
10-15 19:18:14.191: D/CompatibilityChangeReporter(605): Compat change id reported: 195579280; UID 10142; state: ENABLED
10-15 19:18:14.192: D/CompatibilityChangeReporter(605): Compat change id reported: 175319604; UID 10101; state: ENABLED
10-15 19:18:14.192: D/CompatibilityChangeReporter(605): Compat change id reported: 195579280; UID 10101; state: DISABLED
10-15 19:18:14.203: W/RingtonePlayer(879): STOP command without a player
10-15 19:18:14.224: W/BugleRcsEngine(6690): [78] awck.x: Unable to send diagnostic log
10-15 19:18:14.349: I/DynamiteModule(8070): Considering local module com.google.android.gms.permissions:1 and remote module com.google.android.gms.permissions:1
10-15 19:18:14.386: I/DynamiteModule(8076): Considering local module com.google.android.gms.permissions:1 and remote module com.google.android.gms.permissions:1
10-15 19:18:14.416: I/DynamiteModule(8076): Selected local version of com.google.android.gms.permissions
10-15 19:18:14.418: W/WellbeingSettingsProvid(5998): Call failed: get_actions
10-15 19:18:14.418: W/WellbeingSettingsProvid(5998): java.util.concurrent.TimeoutException: Waited 5000 milliseconds (plus 54 milliseconds, 626715 nanoseconds delay) for klo@1e59a8e[status=PENDING, setFuture=[kkv@bae42af[status=PENDING, info=[inputFuture=[klp@3dde6bc[status=PENDING, info=[inputFuture=[klp@330b645[status=PENDING, info=[inputFuture=[kml@1a4d19a[status=PENDING, info=[futures=[klp@2265acb[status=PENDING, info=[inputFuture=[klp@e00b2a8[status=PENDING, info=[inputFuture=[knk@2ab71c1[status=PENDING, info=[delegate=[kop@bee6d66[status=PENDING, setFuture=[klp@cbdd8a7[status=PENDING, info=[inputFuture=[klo@d025154[status=PENDING, info=[inputFuture=[knk@9bc68fd[status=PENDING, info=[delegate=[kop@de3f9f2[status=PENDING, setFuture=[klo@3655843[status=PENDING, info=[function=[propagating=[bwt@9dd2ec0]]]]]]]]]], function=[propagating=[bpl@feb97f9]]]]], function=[propagating=[bpi@86ead0b]]]]]]]]]], function=[propagating=[bow@333c33e]]]]], function=[propagating=[cpi@27b359f]]]]]]]], function=[propagating=[cwt@2b794a6]]]]], function=[propagating=[bpm@c676ec]]]]], exceptionType=[class java.lang.Throwable], fallback=[propagating=[bpi@d9fea94]]]]]]
10-15 19:18:14.418: W/WellbeingSettingsProvid(5998): 	at klm.get(PG:47)
10-15 19:18:14.418: W/WellbeingSettingsProvid(5998): 	at knc.get(PG:2)
10-15 19:18:14.418: W/WellbeingSettingsProvid(5998): 	at com.google.android.apps.wellbeing.api.impl.WellbeingSettingsProvider.i(PG:1)
10-15 19:18:14.418: W/WellbeingSettingsProvid(5998): 	at com.google.android.apps.wellbeing.api.impl.WellbeingSettingsProvider.call(PG:9)
10-15 19:18:14.418: W/WellbeingSettingsProvid(5998): 	at android.content.ContentProvider.call(ContentProvider.java:2511)
10-15 19:18:14.418: W/WellbeingSettingsProvid(5998): 	at android.content.ContentProvider$Transport.call(ContentProvider.java:525)
10-15 19:18:14.418: W/WellbeingSettingsProvid(5998): 	at android.content.ContentProviderNative.onTransact(ContentProviderNative.java:295)
10-15 19:18:14.418: W/WellbeingSettingsProvid(5998): 	at android.os.Binder.execTransactInternal(Binder.java:1280)
10-15 19:18:14.418: W/WellbeingSettingsProvid(5998): 	at android.os.Binder.execTransact(Binder.java:1244)
10-15 19:18:14.752: W/Looper(879): Slow delivery took 36ms wmshell.main h=android.os.Handler c=com.android.wm.shell.bubbles.BubbleController$BubblesImpl$$ExternalSyntheticLambda16@4987518 m=0
10-15 19:18:14.760: I/DynamiteModule(8070): Selected local version of com.google.android.gms.permissions
10-15 19:18:14.771: W/BugleRcsEngine(6690): [78] awck.x: Unable to send diagnostic log
10-15 19:18:14.787: W/BugleRcsEngine(6690): [78] awck.x: Unable to send diagnostic log
10-15 19:18:14.812: E/MetricsFeatureProvider(7795): isUsageConsentAccepted: could not connect ApiClient.
10-15 19:18:14.821: W/system_server(605): Long monitor contention with owner NetworkStats (812) at void com.android.server.net.NetworkStatsService.performPoll(int)(NetworkStatsService.java:2270) waiters=0 in void com.android.server.net.NetworkStatsService.noteUidForeground(int, boolean) for 160ms
10-15 19:18:14.836: W/ProviderHelper(8070): Unknown dynamite feature providerinstaller.dynamite
10-15 19:18:14.836: I/DynamiteModule(8070): Considering local module com.google.android.gms.providerinstaller.dynamite:1 and remote module com.google.android.gms.providerinstaller.dynamite:0
10-15 19:18:14.836: I/DynamiteModule(8070): Selected local version of com.google.android.gms.providerinstaller.dynamite
10-15 19:18:14.845: V/NativeCrypto(8070): Registering com/google/android/gms/org/conscrypt/NativeCrypto's 295 native methods...
10-15 19:18:14.863: I/ProviderInstaller(8070): Installed default security provider GmsCore_OpenSSL
10-15 19:18:14.876: I/GmsApplication(8070): Registering the BackgroundBroadcastReceiverSupport receiver.
10-15 19:18:14.890: I/ModelDownloadController(1886): Hotword model update tasks finished.
10-15 19:18:14.890: W/MicroModelsUtil(1886): Returning null hotword model because MDD did not contain a valid URI. This can indicate that the model download did not finish or that it was not downloaded at all.
10-15 19:18:14.890: W/MicroDataManager(1886): Locale cmn-Hant-TW unrecognized. hotword detection will likely fail.
10-15 19:18:14.894: D/EGL_emulation(879): app_time_stats: avg=254.66ms min=63.14ms max=509.74ms count=4
10-15 19:18:14.904: D/BufferPoolAccessor2.0(463): bufferpool2 0x7fbed1fd3a38 : 0(0 size) total buffers - 0(0 size) used buffers - 95/103 (recycle/alloc) - 8/198 (fetch/transfer)
10-15 19:18:14.904: D/BufferPoolAccessor2.0(463): evictor expired: 1, evicted: 1
10-15 19:18:14.943: W/MicroDataManager(1886): MicroDataManager using no hotword model for locale: cmn-Hant-TW, type: OK_GOOGLE!
10-15 19:18:14.943: I/MicroDataManager(1886): MicroDataManager InitializationTask. googleHotwordData is null: true, hotwordModel is null: false , sourceLocationOfCurrentHotwordModel https://www.gstatic.com/android-search/hotword/x_google/4e7cae00daee30ec565c34e3aa67a51f/hotword.data
10-15 19:18:14.944: I/A(1886): Using proto config with mendel
10-15 19:18:14.944: I/A(1886): Using proto config with mendel
10-15 19:18:14.944: I/A(1886): Using proto config with mendel
10-15 19:18:14.944: I/A(1886): Using proto config with mendel
10-15 19:18:14.944: I/A(1886): Using proto config with mendel
10-15 19:18:14.944: I/A(1886): Merging legacy hotword config map with new proto.
10-15 19:18:14.945: I/A(1886): Skipping. Expected model: 1 Found: 2
10-15 19:18:14.945: I/A(1886): Skipping. Expected model: 1 Found: 2
10-15 19:18:14.945: I/A(1886): Skipping. Expected model: 1 Found: 2
10-15 19:18:14.945: I/A(1886): Adding from config to map. Locale: ro-RO modelPrefix: okgoogle Location:b051c93dce7bb4dcb5d9ddcbbb2ca760Test isSpeakerIdSupported: false
10-15 19:18:14.945: I/A(1886): Skipping. Expected model: 1 Found: 2
10-15 19:18:14.945: I/MicroDetectionState(1886): Should stop hotword detection immediately - true
10-15 19:18:14.946: I/A(1886): Using proto config with mendel
10-15 19:18:14.946: I/A(1886): Using proto config with mendel
10-15 19:18:14.946: I/A(1886): Using proto config with mendel
10-15 19:18:14.946: I/A(1886): Using proto config with mendel
10-15 19:18:14.947: W/SearchServiceCore(1886): Abort, client detached.
10-15 19:18:14.947: W/SearchServiceCore(1886): Abort, client detached.
10-15 19:18:14.947: W/SearchServiceCore(1886): Abort, client detached.
10-15 19:18:14.948: I/BgTaskExecutorImpl(1886): Starting EXCLUSIVE background task UPDATE_HOTWORD_MODELS.
10-15 19:18:14.952: I/A(1886): Using proto config with mendel
10-15 19:18:14.952: I/A(1886): Using proto config with mendel
10-15 19:18:14.952: I/A(1886): Using proto config with mendel
10-15 19:18:14.952: I/A(1886): Using proto config with mendel
10-15 19:18:14.952: I/ModelDownloadController(1886): requestHotwordModelUpdate modelType-1 modelLocale-cmn-Hant-TW
10-15 19:18:14.952: I/A(1886): Using proto config with mendel
10-15 19:18:14.952: I/A(1886): Merging legacy hotword config map with new proto.
10-15 19:18:14.952: I/A(1886): Skipping. Expected model: 1 Found: 2
10-15 19:18:14.952: I/A(1886): Skipping. Expected model: 1 Found: 2
10-15 19:18:14.953: I/A(1886): Skipping. Expected model: 1 Found: 2
10-15 19:18:14.953: I/A(1886): Adding from config to map. Locale: ro-RO modelPrefix: okgoogle Location:b051c93dce7bb4dcb5d9ddcbbb2ca760Test isSpeakerIdSupported: false
10-15 19:18:14.953: I/A(1886): Skipping. Expected model: 1 Found: 2
10-15 19:18:14.953: I/ModelDownloadController(1886): #maybeDownloadHotwordModelWithMDD with locale: cmn-Hant-TW, modelType: 1.
10-15 19:18:14.953: I/A(1886): Using proto config with mendel
10-15 19:18:14.953: I/A(1886): Using proto config with mendel
10-15 19:18:14.954: I/A(1886): Using proto config with mendel
10-15 19:18:14.954: I/A(1886): Using proto config with mendel
10-15 19:18:14.954: I/A(1886): Using proto config with mendel
10-15 19:18:14.954: I/A(1886): Merging legacy hotword config map with new proto.
10-15 19:18:14.954: I/A(1886): Skipping. Expected model: 1 Found: 2
10-15 19:18:14.954: I/A(1886): Skipping. Expected model: 1 Found: 2
10-15 19:18:14.954: I/A(1886): Skipping. Expected model: 1 Found: 2
10-15 19:18:14.954: I/A(1886): Adding from config to map. Locale: ro-RO modelPrefix: okgoogle Location:b051c93dce7bb4dcb5d9ddcbbb2ca760Test isSpeakerIdSupported: false
10-15 19:18:14.954: I/A(1886): Skipping. Expected model: 1 Found: 2
10-15 19:18:14.954: I/HotwordModelPopulator(1886): #updateHotwordFileGroup group name: hotword_model_cmn-Hant-TW_okg, raw locale: cmn-Hant-TW, locale: cmn-Hant-TW
10-15 19:18:14.971: D/BufferPoolAccessor2.0(469): bufferpool2 0x77a90f4e7a98 : 0(0 size) total buffers - 0(0 size) used buffers - 93/97 (recycle/alloc) - 4/96 (fetch/transfer)
10-15 19:18:14.971: D/BufferPoolAccessor2.0(469): evictor expired: 1, evicted: 1
10-15 19:18:14.993: I/GmsReceiverSupport(8070): Registered Receiver for 16+1 IntentFilters
10-15 19:18:15.068: I/A(1886): Executing HotwordSilentEnrollment for user profile: 0
10-15 19:18:15.069: I/A(1886): Using proto config with mendel
10-15 19:18:15.069: I/A(1886): Using proto config with mendel
10-15 19:18:15.069: I/A(1886): Using proto config with mendel
10-15 19:18:15.069: I/A(1886): Using proto config with mendel
10-15 19:18:15.069: I/A(1886): Using proto config with mendel
10-15 19:18:15.069: I/A(1886): Merging legacy hotword config map with new proto.
10-15 19:18:15.069: I/A(1886): Skipping. Expected model: 1 Found: 2
10-15 19:18:15.075: D/EGL_emulation(7358): app_time_stats: avg=1023.09ms min=1023.09ms max=1023.09ms count=1
10-15 19:18:15.102: D/CompatibilityChangeReporter(8070): Compat change id reported: 183155436; UID 10108; state: ENABLED
10-15 19:18:15.102: I/GmsApplication(8070): [gms_startup_benchmark] Static start time (ms): 1163530, Startup latency (ms): 2750, Is system user: true
10-15 19:18:15.160: W/system_server(605): Long monitor contention with owner binder:605_16 (2364) at int com.android.server.am.ActivityManagerService.bindServiceInstance(android.app.IApplicationThread, android.os.IBinder, android.content.Intent, java.lang.String, android.app.IServiceConnection, int, java.lang.String, boolean, int, java.lang.String, java.lang.String, int)(ActivityManagerService.java:12643) waiters=0 in boolean com.android.server.am.ActivityManagerService$LocalService.isProfileOwner(int) for 104ms
10-15 19:18:15.212: W/dex2oat64(8116): Verification of void androidx.test.tools.crawler.obfuscated.dk.oa.<init>() took 168.981ms (47.34 bytecodes/s) (1496B approximate peak alloc)
10-15 19:18:15.219: I/A(1886): Skipping. Expected model: 1 Found: 2
10-15 19:18:15.219: I/A(1886): Skipping. Expected model: 1 Found: 2
10-15 19:18:15.219: I/A(1886): Adding from config to map. Locale: ro-RO modelPrefix: okgoogle Location:b051c93dce7bb4dcb5d9ddcbbb2ca760Test isSpeakerIdSupported: false
10-15 19:18:15.219: I/A(1886): Skipping. Expected model: 1 Found: 2
10-15 19:18:15.225: I/A(1886): Using proto config with mendel
10-15 19:18:15.225: I/A(1886): Using proto config with mendel
10-15 19:18:15.225: I/A(1886): Using proto config with mendel
10-15 19:18:15.225: I/A(1886): Using proto config with mendel
10-15 19:18:15.313: I/GMS_MM_Logger(8070): Started.
10-15 19:18:15.349: I/btgd(8070): Primes not initialized, returning default (no-op) Primes instance which will ignore all calls. Please call Primes.initialize(...) before using any Primes API.
10-15 19:18:15.350: I/A(1886): Using proto config with mendel
10-15 19:18:15.350: I/A(1886): Merging legacy hotword config map with new proto.
10-15 19:18:15.350: I/A(1886): Skipping. Expected model: 1 Found: 2
10-15 19:18:15.351: I/A(1886): Skipping. Expected model: 1 Found: 2
10-15 19:18:15.355: I/Watchcat(8070): Started
10-15 19:18:15.435: E/PackageManager(605): Optimistic bind failed.
10-15 19:18:15.435: E/PackageManager(605): java.util.concurrent.TimeoutException: [Optimistic Bind] Didn't bind to resolver in time!
10-15 19:18:15.435: E/PackageManager(605): 	at com.android.server.pm.InstantAppResolverConnection.waitForBindLocked(InstantAppResolverConnection.java:160)
10-15 19:18:15.435: E/PackageManager(605): 	at com.android.server.pm.InstantAppResolverConnection.bind(InstantAppResolverConnection.java:225)
10-15 19:18:15.435: E/PackageManager(605): 	at com.android.server.pm.InstantAppResolverConnection.lambda$optimisticBind$0(InstantAppResolverConnection.java:255)
10-15 19:18:15.435: E/PackageManager(605): 	at com.android.server.pm.InstantAppResolverConnection.$r8$lambda$JBm5_EVTrfafQJpmYxi5cuBdFsA(Unknown Source:0)
10-15 19:18:15.435: E/PackageManager(605): 	at com.android.server.pm.InstantAppResolverConnection$$ExternalSyntheticLambda0.run(Unknown Source:2)
10-15 19:18:15.435: E/PackageManager(605): 	at android.os.Handler.handleCallback(Handler.java:942)
10-15 19:18:15.435: E/PackageManager(605): 	at android.os.Handler.dispatchMessage(Handler.java:99)
10-15 19:18:15.435: E/PackageManager(605): 	at android.os.Looper.loopOnce(Looper.java:201)
10-15 19:18:15.435: E/PackageManager(605): 	at android.os.Looper.loop(Looper.java:288)
10-15 19:18:15.435: E/PackageManager(605): 	at android.os.HandlerThread.run(HandlerThread.java:67)
10-15 19:18:15.502: I/DynamiteModule(8070): Considering local module com.google.android.gms.googlecertificates:7 and remote module com.google.android.gms.googlecertificates:7
10-15 19:18:15.502: I/DynamiteModule(8070): Selected local version of com.google.android.gms.googlecertificates
10-15 19:18:15.513: I/AiAiEcho(1507): EchoSearch: WidgetFetcherImpl is initialized with [23] widgets [reason=package added for userId: 0]
10-15 19:18:15.526: I/dex2oat64(8116): dex2oat took 4.502s (1.099s cpu) (threads: 2) arena alloc=0B (0B) java alloc=4819KB (4935152B) native alloc=2215KB (2268896B) free=1388KB (1422144B)
10-15 19:18:15.551: V/installd(460): DexInv: --- END '/data/app/~~bNs66GFz5uIHBuBCTF56GQ==/androidx.test.tools.crawler-aAkEIRxkvgXouS2xJ4wtIw==/base.apk' (success) ---
10-15 19:18:15.561: I/AiAiEcho(1507): EchoSearch: AppFetcherImpl is initialized with [21] apps [time=42, reason=com.kbwtf.yiqiwan.android is added]
10-15 19:18:15.611: W/PackageManager(605): User 0 is not ready. Restore at install didn't take place.
10-15 19:18:15.621: I/AiAiEcho(1507): Predicting[0]: 
10-15 19:18:15.621: I/AiAiEcho(1507): Ranked targets strategy: SORT, count: 0, ranking metadata: 
10-15 19:18:15.621: I/AiAiEcho(1507): Predicting[0]: 
10-15 19:18:15.622: I/AiAiEcho(1507): Ranked targets strategy: SORT, count: 0, ranking metadata: 
10-15 19:18:15.622: I/AiAiEcho(1507): Predicting[0]: 
10-15 19:18:15.622: I/AiAiEcho(1507): Ranked targets strategy: SORT, count: 0, ranking metadata: 
10-15 19:18:15.637: I/AiAiEcho(1507): #postPredictionTargets: Sending updates to UISurface lockscreen with targets# 0
10-15 19:18:15.638: I/AiAiEcho(1507): #postPredictionTargets: Sending updates to UISurface home with targets# 0
10-15 19:18:15.638: I/AiAiEcho(1507): #postPredictionTargets: Sending updates to UISurface media_data_manager with targets# 0
10-15 19:18:15.642: I/AiAiEcho(1507): #postPredictionTargets: Sending updates to UISurface lockscreen with targets# 0
10-15 19:18:15.642: I/AiAiEcho(1507): #postPredictionTargets: Sending updates to UISurface home with targets# 0
10-15 19:18:15.642: I/AiAiEcho(1507): #postPredictionTargets: Sending updates to UISurface media_data_manager with targets# 0
10-15 19:18:15.643: I/AiAiEcho(1507): #postPredictionTargets: Sending updates to UISurface lockscreen with targets# 0
10-15 19:18:15.645: I/AiAiEcho(1507): #postPredictionTargets: Sending updates to UISurface home with targets# 0
10-15 19:18:15.647: I/AiAiEcho(1507): #postPredictionTargets: Sending updates to UISurface media_data_manager with targets# 0
10-15 19:18:15.651: I/A(1886): Skipping. Expected model: 1 Found: 2
10-15 19:18:15.651: I/A(1886): Adding from config to map. Locale: ro-RO modelPrefix: okgoogle Location:b051c93dce7bb4dcb5d9ddcbbb2ca760Test isSpeakerIdSupported: false
10-15 19:18:15.652: I/A(1886): Skipping. Expected model: 1 Found: 2
10-15 19:18:15.652: I/A(1886): Using proto config with mendel
10-15 19:18:15.652: I/A(1886): Using proto config with mendel
10-15 19:18:15.652: I/A(1886): Using proto config with mendel
10-15 19:18:15.652: I/A(1886): Using proto config with mendel
10-15 19:18:15.652: I/A(1886): Using proto config with mendel
10-15 19:18:15.652: I/A(1886): Merging legacy hotword config map with new proto.
10-15 19:18:15.652: I/A(1886): Skipping. Expected model: 1 Found: 2
10-15 19:18:15.652: I/A(1886): Skipping. Expected model: 1 Found: 2
10-15 19:18:15.652: I/A(1886): Skipping. Expected model: 1 Found: 2
10-15 19:18:15.653: I/A(1886): Adding from config to map. Locale: ro-RO modelPrefix: okgoogle Location:b051c93dce7bb4dcb5d9ddcbbb2ca760Test isSpeakerIdSupported: false
10-15 19:18:15.653: I/A(1886): Skipping. Expected model: 1 Found: 2
10-15 19:18:15.653: I/A(1886): Using proto config with mendel
10-15 19:18:15.653: I/A(1886): Using proto config with mendel
10-15 19:18:15.653: I/A(1886): Using proto config with mendel
10-15 19:18:15.653: I/A(1886): Merging legacy hotword config map with new proto.
10-15 19:18:15.653: I/A(1886): Adding from config to map. Locale: cmn-Hant-TW modelPrefix: x_google Location:4e7cae00daee30ec565c34e3aa67a51f isSpeakerIdSupported: true
10-15 19:18:15.653: I/A(1886): Adding from config to map. Locale: id-ID modelPrefix: x_google Location:cfffcc1a4c1c084c003c8eb27f73d770 isSpeakerIdSupported: true
10-15 19:18:15.654: I/A(1886): Adding from config to map. Locale: ko-KR modelPrefix: x_google Location:0b132163a2eb2c1194b202067475724b isSpeakerIdSupported: true
10-15 19:18:15.654: I/A(1886): Skipping. Expected model: 2 Found: 1
10-15 19:18:15.654: I/A(1886): Adding from config to map. Locale: zh-TW modelPrefix: x_google Location:4e7cae00daee30ec565c34e3aa67a51f isSpeakerIdSupported: true
10-15 19:18:15.654: I/HotwordModelPopulator(1886): #updateHotwordFileGroup group name: hotword_model_cmn-Hant-TW_okhey, raw locale: cmn-Hant-TW, locale: cmn-Hant-TW
10-15 19:18:15.654: I/A(1886): Using proto config with mendel
10-15 19:18:15.654: I/A(1886): Merging legacy hotword config map with new proto.
10-15 19:18:15.654: I/A(1886): Adding from config to map. Locale: cmn-Hant-TW modelPrefix: x_google Location:4e7cae00daee30ec565c34e3aa67a51f isSpeakerIdSupported: true
10-15 19:18:15.654: I/A(1886): Adding from config to map. Locale: id-ID modelPrefix: x_google Location:cfffcc1a4c1c084c003c8eb27f73d770 isSpeakerIdSupported: true
10-15 19:18:15.655: I/A(1886): Adding from config to map. Locale: ko-KR modelPrefix: x_google Location:0b132163a2eb2c1194b202067475724b isSpeakerIdSupported: true
10-15 19:18:15.655: I/ModelDownloadController(1886): Hotword models associated with downloaded MDD filegroups: [hotword_model_en-US_okhey, hotword_model_cmn-Hans-CN_okg, hotword_model_en-US_okg], pending groups: []
10-15 19:18:15.712: I/A(1886): Skipping. Expected model: 2 Found: 1
10-15 19:18:15.714: I/A(1886): Adding from config to map. Locale: zh-TW modelPrefix: x_google Location:4e7cae00daee30ec565c34e3aa67a51f isSpeakerIdSupported: true
10-15 19:18:15.714: I/HotwordModelPopulator(1886): #updateHotwordFileGroup group name: hotword_model_cmn-Hant-TW_okhey, raw locale: cmn-Hant-TW, locale: cmn-Hant-TW
10-15 19:18:15.740: I/FuseDaemon(1503): Background young concurrent copying GC freed 6457(539KB) AllocSpace objects, 0(0B) LOS objects, 14% free, 3628KB/4236KB, paused 43us,159us total 119.199ms
10-15 19:18:15.764: W/system_server(605): Long monitor contention with owner PackageManager (700) at void com.android.server.pm.permission.LegacyPermissionSettings.writePermissionTrees(android.util.TypedXmlSerializer)(LegacyPermissionSettings.java:150) waiters=0 in com.android.server.pm.Computer com.android.server.pm.PackageManagerService.snapshotComputer() for 145ms
10-15 19:18:15.767: E/BcSmartspaceCard(1250): No tap action can be set up
10-15 19:18:15.769: I/A(1886): Using proto config with mendel
10-15 19:18:15.769: I/A(1886): Merging legacy hotword config map with new proto.
10-15 19:18:15.769: I/A(1886): Skipping. Expected model: 1 Found: 2
10-15 19:18:15.769: I/A(1886): Skipping. Expected model: 1 Found: 2
10-15 19:18:15.769: I/A(1886): Skipping. Expected model: 1 Found: 2
10-15 19:18:15.769: I/A(1886): Adding from config to map. Locale: ro-RO modelPrefix: okgoogle Location:b051c93dce7bb4dcb5d9ddcbbb2ca760Test isSpeakerIdSupported: false
10-15 19:18:15.769: I/A(1886): Skipping. Expected model: 1 Found: 2
10-15 19:18:15.769: I/MicroDataManager(1886): Location for model with model type: 1 and locale: cmn-Hant-TW, is : https://www.gstatic.com/android-search/hotword/x_google/4e7cae00daee30ec565c34e3aa67a51f/hotword.data
10-15 19:18:15.770: I/A(1886): Using proto config with mendel
10-15 19:18:15.770: I/A(1886): Merging legacy hotword config map with new proto.
10-15 19:18:15.770: I/A(1886): Skipping. Expected model: 1 Found: 2
