10-15 19:18:10.473: W/GmsClient(7880): 	at android.os.Looper.loopOnce(Looper.java:201)
10-15 19:18:10.473: W/GmsClient(7880): 	at android.os.Looper.loop(Looper.java:288)
10-15 19:18:10.473: W/GmsClient(7880): 	at android.os.HandlerThread.run(HandlerThread.java:67)
10-15 19:18:10.484: I/PackageManager(605): Integrity check passed for file:///data/app/vmdl624827619.tmp
10-15 19:18:10.526: W/Role(1112): Cannot get ApplicationInfo for default holder: com.google.android.contacts
10-15 19:18:10.544: W/BugleRcsEngine(6690): [78] axht.b: [SR]: Single Registration is disabled. Skipping Single Registration capability check for subId: 1
10-15 19:18:10.544: I/BugleRcsProvisioning(6690): RcsProvisioningTrigger: DR is active, initializing DR provisioning. DUAL_REG
10-15 19:18:10.544: W/BugleRcsEngine(6690): [78] axht.b: [SR]: Single Registration is disabled. Skipping Single Registration capability check for subId: 1
10-15 19:18:10.548: W/BugleRcsEngine(6690): [76] axht.b: [SR]: Single Registration is disabled. Skipping Single Registration capability check for subId: 1
10-15 19:18:10.552: I/A(1886): Using proto config with mendel
10-15 19:18:10.552: I/A(1886): Using proto config with mendel
10-15 19:18:10.552: I/A(1886): Using proto config with mendel
10-15 19:18:10.561: E/TraceManager(6690): Duplicate trace
10-15 19:18:10.561: E/TraceManager(6690): bnol: Starting new trace SharedStorageProvider#call when already associated with a trace. For more help, see http://go/tiktok-tracing#fixing-duplicate-trace-issues
10-15 19:18:10.561: E/TraceManager(6690): 	at bnrz.g(PG:6)
10-15 19:18:10.561: E/TraceManager(6690): 	at bnrz.c(PG:2)
10-15 19:18:10.561: E/TraceManager(6690): 	at bnrz.b(PG:2)
10-15 19:18:10.561: E/TraceManager(6690): 	at bnrm.j(PG:1)
10-15 19:18:10.561: E/TraceManager(6690): 	at abvj.call(PG:7)
10-15 19:18:10.561: E/TraceManager(6690): 	at android.content.ContentProvider.call(ContentProvider.java:2511)
10-15 19:18:10.561: E/TraceManager(6690): 	at abtx.call(PG:2)
10-15 19:18:10.561: E/TraceManager(6690): 	at android.content.ContentProvider$Transport.call(ContentProvider.java:525)
10-15 19:18:10.561: E/TraceManager(6690): 	at android.content.ContentResolver.call(ContentResolver.java:2450)
10-15 19:18:10.561: E/TraceManager(6690): 	at android.content.ContentResolver.call(ContentResolver.java:2430)
10-15 19:18:10.561: E/TraceManager(6690): 	at aylq.h(PG:9)
10-15 19:18:10.561: E/TraceManager(6690): 	at aylq.k(PG:3)
10-15 19:18:10.561: E/TraceManager(6690): 	at aylo.b(PG:1)
10-15 19:18:10.561: E/TraceManager(6690): 	at axrs.d(PG:2)
10-15 19:18:10.561: E/TraceManager(6690): 	at axrs.E(PG:1)
10-15 19:18:10.561: E/TraceManager(6690): 	at agsj.j(PG:25)
10-15 19:18:10.561: E/TraceManager(6690): 	at agsj.i(PG:1)
10-15 19:18:10.561: E/TraceManager(6690): 	at agsf.run(Unknown Source:4)
10-15 19:18:10.561: E/TraceManager(6690): 	at bnsk.run(PG:2)
10-15 19:18:10.561: E/TraceManager(6690): 	at java.util.concurrent.Executors$RunnableAdapter.call(Executors.java:463)
10-15 19:18:10.561: E/TraceManager(6690): 	at bsej.a(PG:1)
10-15 19:18:10.561: E/TraceManager(6690): 	at bsdl.run(PG:4)
10-15 19:18:10.561: E/TraceManager(6690): 	at bsek.run(PG:1)
10-15 19:18:10.561: E/TraceManager(6690): 	at bcfr.run(PG:1)
10-15 19:18:10.561: E/TraceManager(6690): 	at java.util.concurrent.ThreadPoolExecutor.runWorker(ThreadPoolExecutor.java:1137)
10-15 19:18:10.561: E/TraceManager(6690): 	at java.util.concurrent.ThreadPoolExecutor$Worker.run(ThreadPoolExecutor.java:637)
10-15 19:18:10.561: E/TraceManager(6690): 	at bcex.run(PG:2)
10-15 19:18:10.561: E/TraceManager(6690): 	at bcfd.run(PG:4)
10-15 19:18:10.561: E/TraceManager(6690): 	at java.lang.Thread.run(Thread.java:1012)
10-15 19:18:10.561: E/TraceManager(6690): 	Suppressed: bntd: 
10-15 19:18:10.561: E/TraceManager(6690): 		at tk_trace.PhenotypeHelper#onCsLibPhenotypeChanged(Unknown Source:0)
10-15 19:18:10.561: E/TraceManager(6690): 		at tk_trace.PhenotypeHelper#registerCsLibPhenotype(Unknown Source:0)
10-15 19:18:10.561: E/TraceManager(6690): 		at tk_trace.SimChangeReceiver Receive broadcast(Unknown Source:0)
10-15 19:18:10.618: I/Zygote(8076): seccomp disabled by setenforce 0
10-15 19:18:10.620: W/system_server(605): Long monitor contention with owner android.bg (670) at void com.android.server.appwidget.AppWidgetServiceImpl$SaveStateRunnable.run()(AppWidgetServiceImpl.java:4409) waiters=0 in void com.android.server.appwidget.AppWidgetServiceImpl.onPackageBroadcastReceived(android.content.Intent, int) for 692ms
10-15 19:18:10.625: D/CompatibilityChangeReporter(7880): Compat change id reported: 147600208; UID 10122; state: ENABLED
10-15 19:18:10.632: E/TraceManager(6690): Duplicate trace
10-15 19:18:10.632: E/TraceManager(6690): bnol: Starting new trace SharedStorageProvider#call when already associated with a trace. For more help, see http://go/tiktok-tracing#fixing-duplicate-trace-issues
10-15 19:18:10.632: E/TraceManager(6690): 	at bnrz.g(PG:6)
10-15 19:18:10.632: E/TraceManager(6690): 	at bnrz.c(PG:2)
10-15 19:18:10.632: E/TraceManager(6690): 	at bnrz.b(PG:2)
10-15 19:18:10.632: E/TraceManager(6690): 	at bnrm.j(PG:1)
10-15 19:18:10.632: E/TraceManager(6690): 	at abvj.call(PG:7)
10-15 19:18:10.632: E/TraceManager(6690): 	at android.content.ContentProvider.call(ContentProvider.java:2511)
10-15 19:18:10.632: E/TraceManager(6690): 	at abtx.call(PG:2)
10-15 19:18:10.632: E/TraceManager(6690): 	at android.content.ContentProvider$Transport.call(ContentProvider.java:525)
10-15 19:18:10.632: E/TraceManager(6690): 	at android.content.ContentResolver.call(ContentResolver.java:2450)
10-15 19:18:10.632: E/TraceManager(6690): 	at android.content.ContentResolver.call(ContentResolver.java:2430)
10-15 19:18:10.632: E/TraceManager(6690): 	at aylq.h(PG:9)
10-15 19:18:10.632: E/TraceManager(6690): 	at aylq.k(PG:3)
10-15 19:18:10.632: E/TraceManager(6690): 	at aylo.b(PG:1)
10-15 19:18:10.632: E/TraceManager(6690): 	at axrs.d(PG:2)
10-15 19:18:10.632: E/TraceManager(6690): 	at rwo.run(PG:10)
10-15 19:18:10.632: E/TraceManager(6690): 	at bnsk.run(PG:2)
10-15 19:18:10.632: E/TraceManager(6690): 	at java.util.concurrent.Executors$RunnableAdapter.call(Executors.java:463)
10-15 19:18:10.632: E/TraceManager(6690): 	at bsej.a(PG:1)
10-15 19:18:10.632: E/TraceManager(6690): 	at bsdl.run(PG:4)
10-15 19:18:10.632: E/TraceManager(6690): 	at bsek.run(PG:1)
10-15 19:18:10.632: E/TraceManager(6690): 	at bcfr.run(PG:1)
10-15 19:18:10.632: E/TraceManager(6690): 	at java.util.concurrent.ThreadPoolExecutor.runWorker(ThreadPoolExecutor.java:1137)
10-15 19:18:10.632: E/TraceManager(6690): 	at java.util.concurrent.ThreadPoolExecutor$Worker.run(ThreadPoolExecutor.java:637)
10-15 19:18:10.632: E/TraceManager(6690): 	at bcex.run(PG:2)
10-15 19:18:10.632: E/TraceManager(6690): 	at bcfd.run(PG:4)
10-15 19:18:10.632: E/TraceManager(6690): 	at java.lang.Thread.run(Thread.java:1012)
10-15 19:18:10.632: E/TraceManager(6690): 	Suppressed: bntd: 
10-15 19:18:10.632: E/TraceManager(6690): 		at tk_trace.PhenotypeHelper#onCsLibPhenotypeChanged(Unknown Source:0)
10-15 19:18:10.632: E/TraceManager(6690): 		at tk_trace.PhenotypeHelper#registerCsLibPhenotype(Unknown Source:0)
10-15 19:18:10.632: E/TraceManager(6690): 		at tk_trace.SimChangeReceiver Receive broadcast(Unknown Source:0)
10-15 19:18:10.632: I/BugleRcsEngine(6690): [78] axrs.d: No RCS Configuration was found in Bugle for simID: redacted-pii:sim_id[chars:20]
10-15 19:18:10.632: W/gle.android.gms(8076): Unexpected CPU variant for x86: x86_64.
10-15 19:18:10.632: W/gle.android.gms(8076): Known variants: atom, sandybridge, silvermont, kabylake, default
10-15 19:18:10.658: I/BugleRcsEngine(6690): [76] axrs.d: No RCS Configuration was found in Bugle for simID: redacted-pii:sim_id[chars:20]
10-15 19:18:10.659: I/BugleRcsProvisioning(6690): RcsAvailabilityUpdaterLocal: [SR]: SingleRegistration configuration, singleRegistrationRcsConfigAvailableAndEnabled: false, simId: redacted-pii:sim_id[chars:20]
10-15 19:18:10.660: E/TraceManager(6690): Duplicate trace
10-15 19:18:10.660: E/TraceManager(6690): bnol: Starting new trace SharedStorageProvider#call when already associated with a trace. For more help, see http://go/tiktok-tracing#fixing-duplicate-trace-issues
10-15 19:18:10.660: E/TraceManager(6690): 	at bnrz.g(PG:6)
10-15 19:18:10.660: E/TraceManager(6690): 	at bnrz.c(PG:2)
10-15 19:18:10.660: E/TraceManager(6690): 	at bnrz.b(PG:2)
10-15 19:18:10.660: E/TraceManager(6690): 	at bnrm.j(PG:1)
10-15 19:18:10.660: E/TraceManager(6690): 	at abvj.call(PG:7)
10-15 19:18:10.660: E/TraceManager(6690): 	at android.content.ContentProvider.call(ContentProvider.java:2511)
10-15 19:18:10.660: E/TraceManager(6690): 	at abtx.call(PG:2)
10-15 19:18:10.660: E/TraceManager(6690): 	at android.content.ContentProvider$Transport.call(ContentProvider.java:525)
10-15 19:18:10.660: E/TraceManager(6690): 	at android.content.ContentResolver.call(ContentResolver.java:2450)
10-15 19:18:10.660: E/TraceManager(6690): 	at android.content.ContentResolver.call(ContentResolver.java:2430)
10-15 19:18:10.660: E/TraceManager(6690): 	at aylq.h(PG:9)
10-15 19:18:10.660: E/TraceManager(6690): 	at aylq.k(PG:3)
10-15 19:18:10.660: E/TraceManager(6690): 	at aylo.b(PG:1)
10-15 19:18:10.660: E/TraceManager(6690): 	at axrs.d(PG:2)
10-15 19:18:10.660: E/TraceManager(6690): 	at axrs.D(PG:1)
10-15 19:18:10.660: E/TraceManager(6690): 	at agsj.j(PG:32)
10-15 19:18:10.660: E/TraceManager(6690): 	at agsj.i(PG:1)
10-15 19:18:10.660: E/TraceManager(6690): 	at agsf.run(Unknown Source:4)
10-15 19:18:10.660: E/TraceManager(6690): 	at bnsk.run(PG:2)
10-15 19:18:10.660: E/TraceManager(6690): 	at java.util.concurrent.Executors$RunnableAdapter.call(Executors.java:463)
10-15 19:18:10.660: E/TraceManager(6690): 	at bsej.a(PG:1)
10-15 19:18:10.660: E/TraceManager(6690): 	at bsdl.run(PG:4)
10-15 19:18:10.660: E/TraceManager(6690): 	at bsek.run(PG:1)
10-15 19:18:10.660: E/TraceManager(6690): 	at bcfr.run(PG:1)
10-15 19:18:10.660: E/TraceManager(6690): 	at java.util.concurrent.ThreadPoolExecutor.runWorker(ThreadPoolExecutor.java:1137)
10-15 19:18:10.660: E/TraceManager(6690): 	at java.util.concurrent.ThreadPoolExecutor$Worker.run(ThreadPoolExecutor.java:637)
10-15 19:18:10.660: E/TraceManager(6690): 	at bcex.run(PG:2)
10-15 19:18:10.660: E/TraceManager(6690): 	at bcfd.run(PG:4)
10-15 19:18:10.660: E/TraceManager(6690): 	at java.lang.Thread.run(Thread.java:1012)
10-15 19:18:10.660: E/TraceManager(6690): 	Suppressed: bntd: 
10-15 19:18:10.660: E/TraceManager(6690): 		at tk_trace.PhenotypeHelper#onCsLibPhenotypeChanged(Unknown Source:0)
10-15 19:18:10.660: E/TraceManager(6690): 		at tk_trace.PhenotypeHelper#registerCsLibPhenotype(Unknown Source:0)
10-15 19:18:10.660: E/TraceManager(6690): 		at tk_trace.SimChangeReceiver Receive broadcast(Unknown Source:0)
10-15 19:18:10.660: I/BugleRcsEngine(6690): [76] axrs.d: No RCS Configuration was found in Bugle for simID: redacted-pii:sim_id[chars:20]
10-15 19:18:10.661: I/BugleRcsEngine(6690): [76] axtf.b: Using config server URL from awfi
10-15 19:18:10.661: E/TraceManager(6690): Duplicate trace
10-15 19:18:10.661: E/TraceManager(6690): bnol: Starting new trace SharedStorageProvider#call when already associated with a trace. For more help, see http://go/tiktok-tracing#fixing-duplicate-trace-issues
10-15 19:18:10.661: E/TraceManager(6690): 	at bnrz.g(PG:6)
10-15 19:18:10.661: E/TraceManager(6690): 	at bnrz.c(PG:2)
10-15 19:18:10.661: E/TraceManager(6690): 	at bnrz.b(PG:2)
10-15 19:18:10.661: E/TraceManager(6690): 	at bnrm.j(PG:1)
10-15 19:18:10.661: E/TraceManager(6690): 	at abvj.call(PG:7)
10-15 19:18:10.661: E/TraceManager(6690): 	at android.content.ContentProvider.call(ContentProvider.java:2511)
10-15 19:18:10.661: E/TraceManager(6690): 	at abtx.call(PG:2)
10-15 19:18:10.661: E/TraceManager(6690): 	at android.content.ContentProvider$Transport.call(ContentProvider.java:525)
10-15 19:18:10.661: E/TraceManager(6690): 	at android.content.ContentResolver.call(ContentResolver.java:2450)
10-15 19:18:10.661: E/TraceManager(6690): 	at android.content.ContentResolver.call(ContentResolver.java:2430)
10-15 19:18:10.661: E/TraceManager(6690): 	at aylq.h(PG:9)
10-15 19:18:10.661: E/TraceManager(6690): 	at aylq.k(PG:3)
10-15 19:18:10.661: E/TraceManager(6690): 	at aylo.b(PG:1)
10-15 19:18:10.661: E/TraceManager(6690): 	at axrs.g(PG:2)
10-15 19:18:10.661: E/TraceManager(6690): 	at rwb.b(PG:1)
10-15 19:18:10.661: E/TraceManager(6690): 	at axpd.f(PG:4)
10-15 19:18:10.661: E/TraceManager(6690): 	at axpd.c(PG:1)
10-15 19:18:10.661: E/TraceManager(6690): 	at rvk.a(PG:3)
10-15 19:18:10.661: E/TraceManager(6690): 	at agsj.j(PG:42)
10-15 19:18:10.661: E/TraceManager(6690): 	at agsj.i(PG:1)
10-15 19:18:10.661: E/TraceManager(6690): 	at agsf.run(Unknown Source:4)
10-15 19:18:10.661: E/TraceManager(6690): 	at bnsk.run(PG:2)
10-15 19:18:10.661: E/TraceManager(6690): 	at java.util.concurrent.Executors$RunnableAdapter.call(Executors.java:463)
10-15 19:18:10.661: E/TraceManager(6690): 	at bsej.a(PG:1)
10-15 19:18:10.661: E/TraceManager(6690): 	at bsdl.run(PG:4)
10-15 19:18:10.661: E/TraceManager(6690): 	at bsek.run(PG:1)
10-15 19:18:10.661: E/TraceManager(6690): 	at bcfr.run(PG:1)
10-15 19:18:10.661: E/TraceManager(6690): 	at java.util.concurrent.ThreadPoolExecutor.runWorker(ThreadPoolExecutor.java:1137)
10-15 19:18:10.661: E/TraceManager(6690): 	at java.util.concurrent.ThreadPoolExecutor$Worker.run(ThreadPoolExecutor.java:637)
10-15 19:18:10.661: E/TraceManager(6690): 	at bcex.run(PG:2)
10-15 19:18:10.661: E/TraceManager(6690): 	at bcfd.run(PG:4)
10-15 19:18:10.661: E/TraceManager(6690): 	at java.lang.Thread.run(Thread.java:1012)
10-15 19:18:10.661: E/TraceManager(6690): 	Suppressed: bntd: 
10-15 19:18:10.661: E/TraceManager(6690): 		at tk_trace.PhenotypeHelper#onCsLibPhenotypeChanged(Unknown Source:0)
10-15 19:18:10.661: E/TraceManager(6690): 		at tk_trace.PhenotypeHelper#registerCsLibPhenotype(Unknown Source:0)
10-15 19:18:10.661: E/TraceManager(6690): 		at tk_trace.SimChangeReceiver Receive broadcast(Unknown Source:0)
10-15 19:18:10.662: I/BugleRcsEngine(6690): [76] axrs.g: No RCS Configuration was found in Bugle for simID: redacted-pii:sim_id[chars:20]
10-15 19:18:10.662: I/BugleRcsProvisioning(6690): RcsAvailabilityUpdaterLocal: Provisioning Engine subscription{id:1}, simId: redacted-pii:sim_id[chars:20], sipConnectionType: DUAL_REG
10-15 19:18:10.662: I/BugleRcsProvisioning(6690): RcsAvailabilityUpdaterLocal: updateRcsAvailability, currentAvailability: 10, newAvailability: 10, hint: CSLIB_PHENOTYPE_UPDATE
10-15 19:18:10.663: I/BugleRcsProvisioning(6690): RcsProvisioningTrigger: onRcsAvailabilityUpdate : availability is updated to Carrier RCS is not set up, lastAvailability is Carrier RCS is not set up, simId hash = -4616184457848549114, isPev3Enabled = true
10-15 19:18:10.667: D/PackageManager(605): Instant App installer not found with android.intent.action.INSTALL_INSTANT_APP_PACKAGE
10-15 19:18:10.667: D/PackageManager(605): Clear ephemeral installer activity
10-15 19:18:10.684: D/CompatibilityChangeReporter(605): Compat change id reported: 183164979; UID 10122; state: ENABLED
10-15 19:18:10.720: W/droid.deskclock(7747): Accessing hidden field Ljava/util/Collections$SynchronizedCollection;->mutex:Ljava/lang/Object; (max-target-o, reflection, denied)
10-15 19:18:10.720: W/droid.deskclock(7747): Accessing hidden method Ljava/util/Collections$SynchronizedSet;-><init>(Ljava/util/Set;Ljava/lang/Object;)V (max-target-o, reflection, denied)
10-15 19:18:10.720: W/droid.deskclock(7747): Accessing hidden method Ljava/util/Collections$SynchronizedCollection;-><init>(Ljava/util/Collection;Ljava/lang/Object;)V (max-target-o, reflection, denied)
10-15 19:18:10.729: W/Role(1112): Default holder doesn't have required signing certificate: com.google.android.apps.work.clouddpc:23962F4B43B9857638EA66F4D419518EAE282491ACDA4B94707BD59003C45E58
10-15 19:18:10.748: D/CompatibilityChangeReporter(605): Compat change id reported: 168419799; UID 10108; state: DISABLED
10-15 19:18:10.763: I/adbd(424): jdwp connection from 8070
10-15 19:18:10.803: I/BugleRcsEngine(6690): [78] rwq.k: Scheduled provisioning task with 0 seconds delay, KEEP policy
10-15 19:18:10.829: W/ziparchive(605): Unable to open '/data/app/~~bNs66GFz5uIHBuBCTF56GQ==/androidx.test.tools.crawler-aAkEIRxkvgXouS2xJ4wtIw==/base.dm': No such file or directory
10-15 19:18:10.830: I/PackageDexOptimizer(605): Running dexopt (dexoptNeeded=1) on: /data/app/~~bNs66GFz5uIHBuBCTF56GQ==/androidx.test.tools.crawler-aAkEIRxkvgXouS2xJ4wtIw==/base.apk pkg=androidx.test.tools.crawler isa=x86_64 dexoptFlags=boot_complete,profile_guided,public,enable_hidden_api_checks targetFilter=speed-profile oatDir=/data/app/~~bNs66GFz5uIHBuBCTF56GQ==/androidx.test.tools.crawler-aAkEIRxkvgXouS2xJ4wtIw==/oat classLoaderContext=PCL[]{PCL[/system/framework/android.test.base.jar]#PCL[/system/framework/android.test.mock.jar]#PCL[/system/framework/org.apache.http.legacy.jar]#PCL[/system/framework/android.test.runner.jar]{PCL[/system/framework/android.test.base.jar]#PCL[/system/framework/android.test.mock.jar]}}
10-15 19:18:10.832: V/installd(460): DexInv: --- BEGIN '/data/app/~~bNs66GFz5uIHBuBCTF56GQ==/androidx.test.tools.crawler-aAkEIRxkvgXouS2xJ4wtIw==/base.apk' ---
10-15 19:18:10.832: V/installd(460): Running /apex/com.android.art/bin/dex2oat64 in=base.apk out=/data/app/~~bNs66GFz5uIHBuBCTF56GQ==/androidx.test.tools.crawler-aAkEIRxkvgXouS2xJ4wtIw==/oat/x86_64/base.odex
10-15 19:18:10.836: W/system_server(605): Long monitor contention with owner binder:605_8 (1032) at com.android.server.pm.Computer com.android.server.pm.PackageManagerService.snapshotComputer()(PackageManagerService.java:1110) waiters=15 in com.android.server.pm.Computer com.android.server.pm.PackageManagerService.snapshotComputer() for 173ms
10-15 19:18:10.837: I/adbd(424): jdwp connection from 8076
10-15 19:18:10.842: I/Telecom(605): PhoneAccountRegistrar: getSimCallManager: SimCallManager for subId 1 queried, returning: null: TSI.gSCM@ATE
10-15 19:18:10.857: I/BugleRcsEngine(6690): [79] avzb.run: SystemBindingManager: SystemBinding enabled: true
10-15 19:18:10.857: I/BugleRcsEngine(6690): [79] avzc.b: System Binding updated
10-15 19:18:10.860: W/BugleRcsEngine(6690): [93] awck.x: Unable to send diagnostic log
10-15 19:18:10.875: W/Looper(605): Slow dispatch took 584ms android.fg h=android.os.Handler c=<recycled PooledLambda@30b6dff> m=0
10-15 19:18:10.877: I/ServiceWatcher(605): [HardwareActivityRecognitionProxy] disconnected from 10108/com.google.android.gms/com.google.android.location.internal.server.HardwareArProviderService@1
10-15 19:18:10.877: I/ServiceWatcher(605): [network] disconnected from 10108/com.google.android.gms/com.google.android.location.network.NetworkLocationService@2
10-15 19:18:10.877: I/ServiceWatcher(605): [GeocoderProxy] disconnected from 10108/com.google.android.gms/.location.geocode.GeocodeService@2
10-15 19:18:10.877: I/ServiceWatcher(605): [fused] disconnected from 10108/com.google.android.gms/com.google.android.location.fused.FusedLocationService@1
10-15 19:18:10.877: I/ServiceWatcher(605): [RealLocationTimeZoneProviderProxy] disconnected from 10108/com.google.android.gms/.geotimezone.GeoTimeZoneService@1
10-15 19:18:10.891: W/SearchServiceCore(1886): Abort, client detached.
10-15 19:18:10.892: W/SearchServiceCore(1886): Abort, client detached.
10-15 19:18:10.893: W/SearchServiceCore(1886): Abort, client detached.
10-15 19:18:10.893: W/SearchServiceCore(1886): Abort, client detached.
10-15 19:18:10.893: D/CompatibilityChangeReporter(8076): Compat change id reported: 171979766; UID 10108; state: ENABLED
10-15 19:18:11.533: W/healthd(0): battery l=100 v=5000 t=25.0 h=2 st=2 c=900000 fc=3000000 cc=10 chg=a
10-15 19:18:10.905: D/CompatibilityChangeReporter(8070): Compat change id reported: 171979766; UID 10108; state: ENABLED
10-15 19:18:10.929: I/A(1886): Using proto config with mendel
10-15 19:18:10.930: I/A(1886): Using proto config with mendel
10-15 19:18:10.930: I/A(1886): Merging legacy hotword config map with new proto.
10-15 19:18:10.930: I/A(1886): Skipping. Expected model: 1 Found: 2
10-15 19:18:10.930: I/A(1886): Skipping. Expected model: 1 Found: 2
10-15 19:18:10.930: I/A(1886): Skipping. Expected model: 1 Found: 2
10-15 19:18:10.930: I/A(1886): Adding from config to map. Locale: ro-RO modelPrefix: okgoogle Location:b051c93dce7bb4dcb5d9ddcbbb2ca760Test isSpeakerIdSupported: false
10-15 19:18:10.930: I/A(1886): Skipping. Expected model: 1 Found: 2
10-15 19:18:10.930: I/A(1886): Using proto config with mendel
10-15 19:18:10.930: I/A(1886): Using proto config with mendel
10-15 19:18:10.930: I/A(1886): Using proto config with mendel
10-15 19:18:10.930: I/A(1886): Using proto config with mendel
10-15 19:18:10.931: I/A(1886): Using proto config with mendel
10-15 19:18:10.931: I/A(1886): Merging legacy hotword config map with new proto.
10-15 19:18:10.931: I/A(1886): Skipping. Expected model: 1 Found: 2
10-15 19:18:10.931: I/A(1886): Skipping. Expected model: 1 Found: 2
10-15 19:18:10.931: I/A(1886): Skipping. Expected model: 1 Found: 2
10-15 19:18:10.931: I/A(1886): Adding from config to map. Locale: ro-RO modelPrefix: okgoogle Location:b051c93dce7bb4dcb5d9ddcbbb2ca760Test isSpeakerIdSupported: false
10-15 19:18:10.931: I/A(1886): Skipping. Expected model: 1 Found: 2
10-15 19:18:10.940: I/A(1886): hasHotwordEverywhere-true
10-15 19:18:10.940: I/A(1886): Using proto config with mendel
10-15 19:18:10.940: I/A(1886): Using proto config with mendel
10-15 19:18:10.940: I/A(1886): Using proto config with mendel
10-15 19:18:10.940: I/A(1886): Using proto config with mendel
10-15 19:18:10.940: I/A(1886): Using proto config with mendel
10-15 19:18:10.940: I/A(1886): Merging legacy hotword config map with new proto.
10-15 19:18:10.940: I/A(1886): Skipping. Expected model: 1 Found: 2
10-15 19:18:10.940: I/A(1886): Skipping. Expected model: 1 Found: 2
10-15 19:18:10.940: I/A(1886): Skipping. Expected model: 1 Found: 2
10-15 19:18:10.940: I/A(1886): Adding from config to map. Locale: ro-RO modelPrefix: okgoogle Location:b051c93dce7bb4dcb5d9ddcbbb2ca760Test isSpeakerIdSupported: false
10-15 19:18:10.940: I/A(1886): Skipping. Expected model: 1 Found: 2
10-15 19:18:10.941: I/A(1886): Using proto config with mendel
10-15 19:18:10.941: I/A(1886): Using proto config with mendel
10-15 19:18:10.941: I/A(1886): Using proto config with mendel
10-15 19:18:10.941: I/A(1886): Using proto config with mendel
10-15 19:18:10.943: E/MicroModelsUtil(1886): Hotword file group is null with group name: hotword_model_cmn-Hant-TW_okg, locale: cmn-Hant-TW
10-15 19:18:11.027: W/dex2oat64(8116): Unexpected CPU variant for x86: x86_64.
10-15 19:18:11.027: W/dex2oat64(8116): Known variants: atom, sandybridge, silvermont, kabylake, default
10-15 19:18:11.029: W/dex2oat64(8116): Mismatch between dex2oat instruction set features to use (ISA: X86_64 Feature string: -ssse3,-sse4.1,-sse4.2,-avx,-avx2,-popcnt) and those from CPP defines (ISA: X86_64 Feature string: ssse3,sse4.1,sse4.2,-avx,-avx2,popcnt) for the command line:
10-15 19:18:11.029: W/dex2oat64(8116): /apex/com.android.art/bin/dex2oat64 --zip-fd=8 --zip-location=base.apk --oat-fd=9 --oat-location=/data/app/~~bNs66GFz5uIHBuBCTF56GQ==/androidx.test.tools.crawler-aAkEIRxkvgXouS2xJ4wtIw==/oat/x86_64/base.odex --input-vdex-fd=-1 --output-vdex-fd=10 --swap-fd=11 --classpath-dir=/data/app/~~bNs66GFz5uIHBuBCTF56GQ==/androidx.test.tools.crawler-aAkEIRxkvgXouS2xJ4wtIw== --class-loader-context=PCL[]{PCL[/system/framework/android.test.base.jar]#PCL[/system/framework/android.test.mock.jar]#PCL[/system/framework/org.apache.http.legacy.jar]#PCL[/system/framework/android.test.runner.jar]{PCL[/system/framework/android.test.base.jar]#PCL[/system/framework/android.test.mock.jar]}} --compact-dex-level=none --instruction-set=x86_64 --instruction-set-features=default --instruction-set-variant=x86_64 --compiler-filter=speed-profile --compilation-reason=install --max-image-block-size=524288 --resolve-startup-const-strings=true --generate-mini-debug-info --runtime-arg -Xtarget-sdk-version:18 --runtime-arg -Xhidden-api-policy:enabled --runtime-arg -Xms64m --runtime-arg -Xmx512m
10-15 19:18:11.029: I/dex2oat64(8116): /apex/com.android.art/bin/dex2oat64 --input-vdex-fd=-1 --output-vdex-fd=10 --classpath-dir=/data/app/~~bNs66GFz5uIHBuBCTF56GQ==/androidx.test.tools.crawler-aAkEIRxkvgXouS2xJ4wtIw== --class-loader-context=PCL[]{PCL[/system/framework/android.test.base.jar]#PCL[/system/framework/android.test.mock.jar]#PCL[/system/framework/org.apache.http.legacy.jar]#PCL[/system/framework/android.test.runner.jar]{PCL[/system/framework/android.test.base.jar]#PCL[/system/framework/android.test.mock.jar]}} --compact-dex-level=none --compiler-filter=speed-profile --compilation-reason=install --max-image-block-size=524288 --resolve-startup-const-strings=true --generate-mini-debug-info
10-15 19:18:11.054: D/nativeloader(8076): classloader namespace configured for unbundled product apk. library_path=/product/priv-app/PrebuiltGmsCore/lib/x86_64:/product/priv-app/PrebuiltGmsCore/PrebuiltGmsCore.apk!/lib/x86_64:/product/lib64:/system/product/lib64
10-15 19:18:11.143: W/Looper(605): Slow dispatch took 266ms android.fg h=android.os.Handler c=android.app.LoadedApk$ServiceDispatcher$RunConnection@ec2c291 m=0
10-15 19:18:11.143: I/ServiceWatcher(605): [GeofenceProxy] disconnected from 10108/com.google.android.gms/com.google.android.location.internal.GoogleLocationManagerService@1
10-15 19:18:11.159: I/Telecom(605): PhoneAccountRegistrar: getSimCallManager: SimCallManager for subId 1 queried, returning: null: TSI.gSCM@ATQ
10-15 19:18:11.159: W/system_server(605): Long monitor contention with owner ActivityManager (671) at void com.android.server.am.ActiveServices$ServiceRestarter.run()(ActiveServices.java:3278) waiters=2 in android.content.Intent com.android.server.am.ActivityManagerService.registerReceiverWithFeature(android.app.IApplicationThread, java.lang.String, java.lang.String, java.lang.String, android.content.IIntentReceiver, android.content.IntentFilter, java.lang.String, int, int) for 289ms
10-15 19:18:11.175: D/CompatibilityChangeReporter(7880): Compat change id reported: 160794467; UID 10122; state: ENABLED
10-15 19:18:11.205: V/GraphicsEnvironment(8076): ANGLE Developer option for 'com.google.android.gms' set to: 'default'
10-15 19:18:11.205: V/GraphicsEnvironment(8076): ANGLE GameManagerService for com.google.android.gms: false
10-15 19:18:11.205: V/GraphicsEnvironment(8076): Neither updatable production driver nor prerelease driver is supported.
10-15 19:18:11.206: I/PermissionControllerServiceImpl(1112): Updating user sensitive for uid 10107
10-15 19:18:11.224: I/PermissionControllerServiceImpl(1112): Updating user sensitive for uid 10175
10-15 19:18:11.225: I/PermissionControllerServiceImpl(1112): Updating user sensitive for uid 10175
10-15 19:18:11.232: D/CompatibilityChangeReporter(7880): Compat change id reported: 194532703; UID 10122; state: DISABLED
10-15 19:18:11.235: D/CompatibilityChangeReporter(605): Compat change id reported: 194532703; UID 10122; state: DISABLED
10-15 19:18:11.236: I/Choreographer(879): Skipped 49 frames!  The application may be doing too much work on its main thread.
10-15 19:18:11.406: I/OpenGLRenderer(879): Davey! duration=854ms; Flags=0, FrameTimelineVsyncId=13756, IntendedVsync=1161571620667, Vsync=1161571620667, InputEventId=0, HandleInputStart=1161575350753, AnimationStart=1161575351533, PerformTraversalsStart=1161587234826, DrawStart=1162408488119, FrameDeadline=1161588287333, FrameInterval=1161575347786, FrameStartTime=16666666, SyncQueued=1162408660895, SyncStart=1162412111372, IssueDrawCommandsStart=1162412692698, SwapBuffers=1162423817215, FrameCompleted=1162429658359, DequeueBufferDuration=7227, QueueBufferDuration=3319977, GpuCompleted=1162423817215, SwapBuffersCompleted=1162429658359, DisplayPresentTime=0, CommandSubmissionCompleted=1162423817215, 
10-15 19:18:11.467: D/SlicesIndexer(7842): Slices already indexed - returning.
10-15 19:18:11.468: D/SettingsSliceProvider(7842): Allowlisting 5 uris to 3 pkgs.
10-15 19:18:11.477: I/A(1886): Using proto config with mendel
10-15 19:18:11.508: W/MetricsFeatureProvider(7795): Disabled westworld logs writing!!!
10-15 19:18:11.508: W/MetricsFeatureProvider(7795): Disabled westworld logs writing!!!
10-15 19:18:11.508: W/MetricsFeatureProvider(7795): Disabled westworld logs writing!!!
10-15 19:18:11.517: W/system_server(605): Long monitor contention with owner android.fg (649) at java.util.Set com.android.server.pm.permission.PermissionManagerServiceImpl.getGrantedPermissionsInternal(java.lang.String, int)(PermissionManagerServiceImpl.java:2446) waiters=0 in int com.android.server.pm.permission.PermissionManagerServiceImpl.checkPermissionInternal(com.android.server.pm.parsing.pkg.AndroidPackage, boolean, java.lang.String, int) for 351ms
10-15 19:18:11.530: W/system_server(605): Long monitor contention with owner android.fg (649) at java.util.Set com.android.server.pm.permission.PermissionManagerServiceImpl.getGrantedPermissionsInternal(java.lang.String, int)(PermissionManagerServiceImpl.java:2446) waiters=1 in java.util.Set com.android.server.pm.permission.PermissionManagerServiceImpl.getGrantedPermissionsInternal(java.lang.String, int) for 307ms
10-15 19:18:11.532: W/system_server(605): Long monitor contention with owner android.fg (649) at java.util.Set com.android.server.pm.permission.PermissionManagerServiceImpl.getGrantedPermissionsInternal(java.lang.String, int)(PermissionManagerServiceImpl.java:2446) waiters=3 in int com.android.server.pm.permission.PermissionManagerServiceImpl.checkPermissionInternal(com.android.server.pm.parsing.pkg.AndroidPackage, boolean, java.lang.String, int) for 306ms
10-15 19:18:11.532: W/system_server(605): Long monitor contention with owner android.fg (649) at java.util.Set com.android.server.pm.permission.PermissionManagerServiceImpl.getGrantedPermissionsInternal(java.lang.String, int)(PermissionManagerServiceImpl.java:2446) waiters=4 in int com.android.server.pm.permission.PermissionManagerServiceImpl.checkPermissionInternal(com.android.server.pm.parsing.pkg.AndroidPackage, boolean, java.lang.String, int) for 223ms
10-15 19:18:11.537: W/system_server(605): Long monitor contention with owner ActivityManager (671) at void com.android.server.am.ActiveServices$ServiceRestarter.run()(ActiveServices.java:3278) waiters=4 in boolean com.android.server.am.ActivityManagerService.unbindService(android.app.IServiceConnection) for 406ms
10-15 19:18:11.539: W/system_server(605): Long monitor contention with owner ActivityManager (671) at void com.android.server.am.ActiveServices$ServiceRestarter.run()(ActiveServices.java:3278) waiters=5 in void com.android.server.am.ContentProviderHelper.removeContentProvider(android.os.IBinder, boolean) for 380ms
10-15 19:18:11.541: W/system_server(605): Long monitor contention with owner ActivityManager (671) at void com.android.server.am.ActiveServices$ServiceRestarter.run()(ActiveServices.java:3278) waiters=3 in void com.android.server.am.ActivityManagerService$LocalService.onForegroundServiceNotificationUpdate(boolean, android.app.Notification, int, java.lang.String, int) for 622ms
10-15 19:18:11.542: W/Looper(605): Slow dispatch took 622ms main h=com.android.server.notification.NotificationManagerService$WorkerHandler c=com.android.server.notification.NotificationManagerService$$ExternalSyntheticLambda8@9272c3a m=0
10-15 19:18:11.542: W/Looper(605): Slow delivery took 647ms main h=android.service.notification.NotificationListenerService$MyHandler c=null m=1
10-15 19:18:11.551: W/system_server(605): Long monitor contention with owner android.fg (649) at java.util.Set com.android.server.pm.permission.PermissionManagerServiceImpl.getGrantedPermissionsInternal(java.lang.String, int)(PermissionManagerServiceImpl.java:2446) waiters=2 in int com.android.server.pm.permission.PermissionManagerServiceImpl.checkPermissionInternal(com.android.server.pm.parsing.pkg.AndroidPackage, boolean, java.lang.String, int) for 326ms
10-15 19:18:11.560: W/Looper(605): Drained
10-15 19:18:11.560: W/system_server(605): Long monitor contention with owner ActivityManager (671) at void com.android.server.am.ActiveServices$ServiceRestarter.run()(ActiveServices.java:3278) waiters=5 in android.content.Intent com.android.server.am.ActivityManagerService.registerReceiverWithFeature(android.app.IApplicationThread, java.lang.String, java.lang.String, java.lang.String, android.content.IIntentReceiver, android.content.IntentFilter, java.lang.String, int, int) for 355ms
10-15 19:18:11.565: W/system_server(605): Long monitor contention with owner ActivityManager (671) at void com.android.server.am.ActiveServices$ServiceRestarter.run()(ActiveServices.java:3278) waiters=7 in int com.android.server.am.ActivityManagerService.bindServiceInstance(android.app.IApplicationThread, android.os.IBinder, android.content.Intent, java.lang.String, android.app.IServiceConnection, int, java.lang.String, boolean, int, java.lang.String, java.lang.String, int) for 341ms
10-15 19:18:11.572: W/system_server(605): Long monitor contention with owner ActivityManager (671) at void com.android.server.am.ActiveServices$ServiceRestarter.run()(ActiveServices.java:3278) waiters=8 in int com.android.server.am.ActivityManagerService.getMemoryTrimLevel() for 348ms
10-15 19:18:11.572: W/system_server(605): Long monitor contention with owner ActivityManager (671) at void com.android.server.am.ActiveServices$ServiceRestarter.run()(ActiveServices.java:3278) waiters=9 in int com.android.server.am.ActivityManagerService.broadcastIntentWithFeature(android.app.IApplicationThread, java.lang.String, android.content.Intent, java.lang.String, android.content.IIntentReceiver, int, java.lang.String, android.os.Bundle, java.lang.String[], java.lang.String[], java.lang.String[], int, android.os.Bundle, boolean, boolean, int) for 315ms
10-15 19:18:11.629: W/system_server(605): Long monitor contention with owner binder:605_D (1421) at boolean com.android.server.job.JobServiceContext.executeRunnableJob(com.android.server.job.controllers.JobStatus, int)(JobServiceContext.java:378) waiters=0 in int com.android.server.job.JobSchedulerService.scheduleAsPackage(android.app.job.JobInfo, android.app.job.JobWorkItem, int, java.lang.String, int, java.lang.String) for 394ms
10-15 19:18:11.654: W/MDD(7880): MDDManager Failed to init shared file metadata.
10-15 19:18:11.684: D/NetworkSecurityConfig(8076): Using Network Security Config from resource network_security_config debugBuild: false
10-15 19:18:11.685: D/NetworkSecurityConfig(8076): Using Network Security Config from resource network_security_config debugBuild: false
10-15 19:18:11.740: D/EGL_emulation(879): app_time_stats: avg=424.15ms min=8.54ms max=930.88ms count=3
10-15 19:18:11.865: I/Choreographer(879): Skipped 32 frames!  The application may be doing too much work on its main thread.
10-15 19:18:11.893: D/BufferPoolAccessor2.0(463): evictor expired: 2, evicted: 0
10-15 19:18:11.893: W/system_server(605): Long monitor contention with owner android.fg (649) at int com.android.server.appop.AppOpsService.checkOperationUnchecked(int, int, java.lang.String, java.lang.String, boolean)(AppOpsService.java:3273) waiters=2 in com.android.server.appop.AppOpsService$PackageVerificationResult com.android.server.appop.AppOpsService.verifyAndGetBypass(int, java.lang.String, java.lang.String, java.lang.String) for 142ms
10-15 19:18:11.899: D/BufferPoolAccessor2.0(469): evictor expired: 2, evicted: 0
10-15 19:18:11.900: W/system_server(605): Long monitor contention with owner NetworkStats (812) at void com.android.server.power.PowerManagerService.acquireWakeLockInternal(android.os.IBinder, int, int, java.lang.String, java.lang.String, android.os.WorkSource, java.lang.String, int, int, android.os.IWakeLockCallback)(PowerManagerService.java:1542) waiters=0 in void com.android.server.power.PowerManagerService.handleSandman(int) for 148ms
10-15 19:18:11.905: D/ConnectivityService(605): requestNetwork for uid/pid:10100/6690 activeRequest: null callbackRequest: 211 [NetworkRequest [ REQUEST id=212, [ Capabilities: INTERNET&NOT_RESTRICTED&TRUSTED&NOT_VCN_MANAGED Uid: 10100 RequestorUid: 10100 RequestorPkg: com.google.android.apps.messaging UnderlyingNetworks: Null] ]] callback flags: 0 order: 2147483647
10-15 19:18:11.905: D/ConnectivityService(605): NetReassign [212 : null → 103]
10-15 19:18:11.914: D/MddListenableWorkerFactory(6690): createWorker for class: com.google.android.apps.messaging.rcsprovisioning.RcsProvisioningListenableWorker
10-15 19:18:11.920: D/nativeloader(8070): classloader namespace configured for unbundled product apk. library_path=/product/priv-app/PrebuiltGmsCore/lib/x86_64:/product/priv-app/PrebuiltGmsCore/PrebuiltGmsCore.apk!/lib/x86_64:/product/lib64:/system/product/lib64
10-15 19:18:11.934: D/WifiNetworkFactory(605): got request NetworkRequest [ REQUEST id=212, [ Capabilities: INTERNET&NOT_RESTRICTED&TRUSTED&NOT_VCN_MANAGED Uid: 10100 RequestorUid: 10100 RequestorPkg: com.google.android.apps.messaging UnderlyingNetworks: Null] ]
10-15 19:18:11.934: D/UntrustedWifiNetworkFactory(605): got request NetworkRequest [ REQUEST id=212, [ Capabilities: INTERNET&NOT_RESTRICTED&TRUSTED&NOT_VCN_MANAGED Uid: 10100 RequestorUid: 10100 RequestorPkg: com.google.android.apps.messaging UnderlyingNetworks: Null] ]
10-15 19:18:11.935: D/OemPaidWifiNetworkFactory(605): got request NetworkRequest [ REQUEST id=212, [ Capabilities: INTERNET&NOT_RESTRICTED&TRUSTED&NOT_VCN_MANAGED Uid: 10100 RequestorUid: 10100 RequestorPkg: com.google.android.apps.messaging UnderlyingNetworks: Null] ]
10-15 19:18:11.935: D/MultiInternetWifiNetworkFactory(605): got request NetworkRequest [ REQUEST id=212, [ Capabilities: INTERNET&NOT_RESTRICTED&TRUSTED&NOT_VCN_MANAGED Uid: 10100 RequestorUid: 10100 RequestorPkg: com.google.android.apps.messaging UnderlyingNetworks: Null] ]
10-15 19:18:11.990: I/A(1886): Using proto config with mendel
10-15 19:18:12.002: I/A(1886): Using proto config with mendel
10-15 19:18:12.003: I/A(1886): Using proto config with mendel
10-15 19:18:12.003: I/HotwordService(1886): Model ID: 
10-15 19:18:12.003: I/HotwordService(1886): hotwordModelLocation is null true, locale is cmn-Hant-TW, re-mapped Chinese locale 
10-15 19:18:12.004: I/A(1886): Using proto config with mendel
10-15 19:18:12.048: D/EGL_emulation(7358): app_time_stats: avg=991.67ms min=990.04ms max=993.29ms count=2
10-15 19:18:12.058: I/A(1886): Using proto config with mendel
10-15 19:18:12.059: I/A(1886): Using proto config with mendel
10-15 19:18:12.059: I/A(1886): Using proto config with mendel
10-15 19:18:12.079: I/A(1886): Using proto config with mendel
10-15 19:18:12.079: I/A(1886): Merging legacy hotword config map with new proto.
10-15 19:18:12.079: I/A(1886): Skipping. Expected model: 1 Found: 2
10-15 19:18:12.079: I/A(1886): Skipping. Expected model: 1 Found: 2
10-15 19:18:12.079: I/A(1886): Skipping. Expected model: 1 Found: 2
10-15 19:18:12.079: I/A(1886): Adding from config to map. Locale: ro-RO modelPrefix: okgoogle Location:b051c93dce7bb4dcb5d9ddcbbb2ca760Test isSpeakerIdSupported: false
10-15 19:18:12.079: I/A(1886): Skipping. Expected model: 1 Found: 2
10-15 19:18:12.141: I/s.nexuslauncher(1250): NativeAlloc concurrent copying GC freed 76099(3494KB) AllocSpace objects, 72(5308KB) LOS objects, 49% free, 6396KB/12MB, paused 47us,19us total 405.952ms
10-15 19:18:12.188: W/dex2oat64(8116): Verification of void androidx.test.internal.runner.InstrumentationConnection$IncomingHandler.<init>(android.os.Looper) took 162.139ms (320.71 bytecodes/s) (2616B approximate peak alloc)
10-15 19:18:12.200: I/A(1886): Using proto config with mendel
10-15 19:18:12.200: I/A(1886): Using proto config with mendel
10-15 19:18:12.211: D/BackupCallingPrefCtrl(7842): Not supported by framework. subId = 1
10-15 19:18:12.220: V/GraphicsEnvironment(8070): ANGLE Developer option for 'com.google.android.gms' set to: 'default'
10-15 19:18:12.238: W/android.youtube(7880): Long monitor contention with owner BG Thread #2 (7963) at boolean android.os.MessageQueue.enqueueMessage(android.os.Message, long)(MessageQueue.java:600) waiters=0 in android.os.Message android.os.MessageQueue.next() for 187ms
10-15 19:18:12.257: W/Role(1112): Cannot get ApplicationInfo for default holder: com.google.android.odad
10-15 19:18:12.259: V/GraphicsEnvironment(8070): ANGLE GameManagerService for com.google.android.gms: false
10-15 19:18:12.259: V/GraphicsEnvironment(8070): Neither updatable production driver nor prerelease driver is supported.
10-15 19:18:12.269: D/ConnectivityService(605): requestNetwork for uid/pid:10122/7880 activeRequest: null callbackRequest: 213 [NetworkRequest [ REQUEST id=214, [ Capabilities: INTERNET&NOT_RESTRICTED&TRUSTED&NOT_VCN_MANAGED Uid: 10122 RequestorUid: 10122 RequestorPkg: com.google.android.youtube UnderlyingNetworks: Null] ]] callback flags: 0 order: 2147483647
10-15 19:18:12.272: D/ConnectivityService(605): NetReassign [214 : null → 103]
10-15 19:18:12.278: D/BackupCallingPrefCtrl(7842): Not supported by framework. subId = 1
10-15 19:18:12.286: D/WifiNetworkFactory(605): got request NetworkRequest [ REQUEST id=214, [ Capabilities: INTERNET&NOT_RESTRICTED&TRUSTED&NOT_VCN_MANAGED Uid: 10122 RequestorUid: 10122 RequestorPkg: com.google.android.youtube UnderlyingNetworks: Null] ]
10-15 19:18:12.287: D/UntrustedWifiNetworkFactory(605): got request NetworkRequest [ REQUEST id=214, [ Capabilities: INTERNET&NOT_RESTRICTED&TRUSTED&NOT_VCN_MANAGED Uid: 10122 RequestorUid: 10122 RequestorPkg: com.google.android.youtube UnderlyingNetworks: Null] ]
10-15 19:18:12.288: D/OemPaidWifiNetworkFactory(605): got request NetworkRequest [ REQUEST id=214, [ Capabilities: INTERNET&NOT_RESTRICTED&TRUSTED&NOT_VCN_MANAGED Uid: 10122 RequestorUid: 10122 RequestorPkg: com.google.android.youtube UnderlyingNetworks: Null] ]
10-15 19:18:12.288: D/MultiInternetWifiNetworkFactory(605): got request NetworkRequest [ REQUEST id=214, [ Capabilities: INTERNET&NOT_RESTRICTED&TRUSTED&NOT_VCN_MANAGED Uid: 10122 RequestorUid: 10122 RequestorPkg: com.google.android.youtube UnderlyingNetworks: Null] ]
10-15 19:18:12.320: I/BugleRcsWorker(6690): [seqId=2] RCS provisioning task has started
10-15 19:18:12.335: D/NetworkSecurityConfig(8070): Using Network Security Config from resource network_security_config debugBuild: false
10-15 19:18:12.343: D/NetworkSecurityConfig(8070): Using Network Security Config from resource network_security_config debugBuild: false
10-15 19:18:12.373: W/Looper(605): Slow dispatch took 1228ms android.fg h=android.os.Handler c=<recycled PooledLambda@5dac4ec> m=0
10-15 19:18:12.391: W/system_server(605): Long monitor contention with owner ActivityManager (671) at boolean android.os.MessageQueue.enqueueMessage(android.os.Message, long)(MessageQueue.java:600) waiters=0 in android.os.Message android.os.MessageQueue.next() for 500ms
10-15 19:18:12.395: W/system_server(605): Long monitor contention with owner ActivityManager (671) at void com.android.server.am.BatteryStatsService.noteServiceStartLaunch(int, java.lang.String, java.lang.String)(BatteryStatsService.java:2927) waiters=0 in void com.android.server.am.BatteryStatsService.noteStopWakelock(int, int, java.lang.String, java.lang.String, int) for 199ms
10-15 19:18:12.413: W/system_server(605): Long monitor contention with owner binder:605_16 (2364) at android.os.PowerSaveState com.android.server.power.batterysaver.BatterySaverPolicy.getBatterySaverPolicy(int)(BatterySaverPolicy.java:970) waiters=0 in void com.android.server.power.PowerManagerService.releaseWakeLockInternal(android.os.IBinder, int) for 200ms
10-15 19:18:12.438: D/JavaScriptCore.Version(7880): 250230.2.1
10-15 19:18:12.450: I/BugleRcsEngine(6690): [83] axjv.d: (PEv2-SM-Bugle-235385868): start PEv2 [null]
10-15 19:18:12.450: I/BugleRcsEngine(6690): [83] axsv.e: Created new RcsProvisioningProtoDataStorage for sim redacted-pii:sim_id[chars:20]
10-15 19:18:12.456: I/A(1886): Using proto config with mendel
10-15 19:18:12.456: I/A(1886): Using proto config with mendel
10-15 19:18:12.456: I/A(1886): Using proto config with mendel
10-15 19:18:12.458: I/A(1886): Merging legacy hotword config map with new proto.
10-15 19:18:12.458: I/A(1886): Skipping. Expected model: 1 Found: 2
10-15 19:18:12.458: I/A(1886): Skipping. Expected model: 1 Found: 2
10-15 19:18:12.458: I/A(1886): Skipping. Expected model: 1 Found: 2
10-15 19:18:12.468: I/Choreographer(879): Skipped 34 frames!  The application may be doing too much work on its main thread.
10-15 19:18:12.474: E/TraceManager(6690): Duplicate trace
10-15 19:18:12.474: E/TraceManager(6690): bnol: Starting new trace SharedStorageProvider#call when already associated with a trace. For more help, see http://go/tiktok-tracing#fixing-duplicate-trace-issues
10-15 19:18:12.474: E/TraceManager(6690): 	at bnrz.g(PG:6)
10-15 19:18:12.474: E/TraceManager(6690): 	at bnrz.c(PG:2)
10-15 19:18:12.474: E/TraceManager(6690): 	at bnrz.b(PG:2)
10-15 19:18:12.474: E/TraceManager(6690): 	at bnrm.j(PG:1)
10-15 19:18:12.474: E/TraceManager(6690): 	at abvj.call(PG:7)
10-15 19:18:12.474: E/TraceManager(6690): 	at android.content.ContentProvider.call(ContentProvider.java:2511)
10-15 19:18:12.474: E/TraceManager(6690): 	at abtx.call(PG:2)
10-15 19:18:12.474: E/TraceManager(6690): 	at android.content.ContentProvider$Transport.call(ContentProvider.java:525)
10-15 19:18:12.474: E/TraceManager(6690): 	at android.content.ContentResolver.call(ContentResolver.java:2450)
10-15 19:18:12.474: E/TraceManager(6690): 	at android.content.ContentResolver.call(ContentResolver.java:2430)
10-15 19:18:12.474: E/TraceManager(6690): 	at aylq.h(PG:9)
10-15 19:18:12.474: E/TraceManager(6690): 	at aylq.k(PG:3)
10-15 19:18:12.474: E/TraceManager(6690): 	at aylo.b(PG:1)
10-15 19:18:12.474: E/TraceManager(6690): 	at axrs.g(PG:2)
10-15 19:18:12.474: E/TraceManager(6690): 	at axnp.u(PG:6)
10-15 19:18:12.474: E/TraceManager(6690): 	at rwg.run(PG:4)
10-15 19:18:12.474: E/TraceManager(6690): 	at bnsk.run(PG:2)
10-15 19:18:12.474: E/TraceManager(6690): 	at java.util.concurrent.Executors$RunnableAdapter.call(Executors.java:463)
10-15 19:18:12.474: E/TraceManager(6690): 	at bsej.a(PG:1)
10-15 19:18:12.474: E/TraceManager(6690): 	at bsdl.run(PG:4)
10-15 19:18:12.474: E/TraceManager(6690): 	at bsek.run(PG:1)
10-15 19:18:12.474: E/TraceManager(6690): 	at bcfr.run(PG:1)
10-15 19:18:12.474: E/TraceManager(6690): 	at java.util.concurrent.ThreadPoolExecutor.runWorker(ThreadPoolExecutor.java:1137)
10-15 19:18:12.474: E/TraceManager(6690): 	at java.util.concurrent.ThreadPoolExecutor$Worker.run(ThreadPoolExecutor.java:637)
10-15 19:18:12.474: E/TraceManager(6690): 	at bcev.run(PG:2)
10-15 19:18:12.474: E/TraceManager(6690): 	at bcfd.run(PG:4)
10-15 19:18:12.474: E/TraceManager(6690): 	at java.lang.Thread.run(Thread.java:1012)
10-15 19:18:12.474: E/TraceManager(6690): 	Suppressed: bntd: 
10-15 19:18:12.474: E/TraceManager(6690): 		at tk_trace.RcsProvisioningListenableWorker: startWork(Unknown Source:0)
10-15 19:18:12.474: I/BugleRcsEngine(6690): [83] axrs.g: No RCS Configuration was found in Bugle for simID: redacted-pii:sim_id[chars:20]
10-15 19:18:12.474: I/BugleRcsEngine(6690): [83] axjv.d: (PEv2-SM-Bugle-235385868): start [null]
10-15 19:18:12.476: D/LocalImageResolver(879): Couldn't use ImageDecoder for drawable, falling back to non-resized load.
10-15 19:18:12.476: I/A(1886): Adding from config to map. Locale: ro-RO modelPrefix: okgoogle Location:b051c93dce7bb4dcb5d9ddcbbb2ca760Test isSpeakerIdSupported: false
10-15 19:18:12.476: I/A(1886): Skipping. Expected model: 1 Found: 2
10-15 19:18:12.477: E/GsaVoiceInteractionSrv(1602): modelLocation is null: true isAlwaysOnEnabled is false: true isFromAnyScreenEnabled is false: true
10-15 19:18:12.478: I/BistoHotwordHelper(1602): getHotwordActive::active query: null, watch: false, devices connected: []
10-15 19:18:12.478: E/HwDetectorWithState(1602): a: 3
10-15 19:18:12.478: I/GsaVoiceInteractionSrv(1602): #checkDspStatus
10-15 19:18:12.478: I/BistoHotwordHelper(1602): setting speaker id present: false
10-15 19:18:12.478: I/BistoHotwordHelper(1602): setting hotword model of size: 0 bytes
10-15 19:18:12.478: I/BistoHotwordHelper(1602): setting modeltype: Ok Google
10-15 19:18:12.478: I/BistoHotwordHelper(1602): setHotwordVoiceLocale: prev: cmn-Hant-TW, new: cmn-Hant-TW
10-15 19:18:12.486: D/LocalImageResolver(879): Couldn't use ImageDecoder for drawable, falling back to non-resized load.
10-15 19:18:12.515: W/system_server(605): Long monitor contention with owner ActivityManager (671) at void com.android.server.am.ActiveServices$ServiceRestarter.run()(ActiveServices.java:3278) waiters=1 in android.app.ContentProviderHolder com.android.server.am.ContentProviderHelper.getContentProviderImpl(android.app.IApplicationThread, java.lang.String, android.os.IBinder, int, java.lang.String, java.lang.String, boolean, int) for 566ms
10-15 19:18:12.529: W/system_server(605): Long monitor contention with owner ActivityManager (671) at void com.android.server.am.ActiveServices$ServiceRestarter.run()(ActiveServices.java:3278) waiters=2 in android.app.ContentProviderHolder com.android.server.am.ContentProviderHelper.getContentProviderImpl(android.app.IApplicationThread, java.lang.String, android.os.IBinder, int, java.lang.String, java.lang.String, boolean, int) for 560ms
10-15 19:18:12.529: W/system_server(605): Long monitor contention with owner ActivityManager (671) at void com.android.server.am.ActiveServices$ServiceRestarter.run()(ActiveServices.java:3278) waiters=3 in void com.android.server.am.ContentProviderHelper.removeContentProvider(android.os.IBinder, boolean) for 540ms
