10-15 19:18:32.936: D/ApplicationLoaders(8891): Returning zygote-cached class loader: /system/framework/android.test.base.jar
10-15 19:18:33.073: I/NearbyDiscovery(8070): FastPairScanner: isScreenOn=true, scanWithScreenOff=false, isLocationEnabled=true, disableLocationRequirement=true, isDiscoveryScanningEnabled=true, during24GhzWifiWarmingUpPeriod=false [CONTEXT service_id=49 ]
10-15 19:18:33.079: D/EGL_emulation(7358): app_time_stats: avg=1011.75ms min=1011.75ms max=1011.75ms count=1
10-15 19:18:33.230: V/GraphicsEnvironment(8891): ANGLE Developer option for 'com.google.android.gmscore.testing.testsupport' set to: 'default'
10-15 19:18:33.233: V/GraphicsEnvironment(8891): ANGLE GameManagerService for com.google.android.gmscore.testing.testsupport: false
10-15 19:18:33.233: V/GraphicsEnvironment(8891): Neither updatable production driver nor prerelease driver is supported.
10-15 19:18:33.237: D/NetworkSecurityConfig(8891): No Network Security Config specified, using platform default
10-15 19:18:33.239: D/NetworkSecurityConfig(8891): No Network Security Config specified, using platform default
10-15 19:18:33.260: W/Role(8445): Cannot get ApplicationInfo for default holder: com.google.android.contacts
10-15 19:18:33.274: W/Role(8445): Default holder doesn't have required signing certificate: com.google.android.apps.work.clouddpc:23962F4B43B9857638EA66F4D419518EAE282491ACDA4B94707BD59003C45E58
10-15 19:18:33.336: W/Role(8445): Cannot get ApplicationInfo for default holder: com.google.android.odad
10-15 19:18:33.356: W/s.youtube.music(8704): Verification of boolean com.google.android.gms.ads.adshield.internal.a.bO(int, android.os.Parcel, android.os.Parcel) took 182.646ms (5431.26 bytecodes/s) (22872B approximate peak alloc)
10-15 19:18:33.454: W/gle.android.gms(8076): Long monitor contention with owner GoogleApiHandler (8215) at boolean whp.e(who, android.content.ServiceConnection, java.lang.String, java.util.concurrent.Executor)(:com.google.android.gms@221821047@22.18.21 (190800-453244992):10) waiters=0 in void whq.onServiceConnected(android.content.ComponentName, android.os.IBinder) for 204ms
10-15 19:18:33.522: I/TSDRIVER(8891): CommandService onHandleIntent()
10-15 19:18:33.523: I/TSDRIVER(8891): Got command: PACKAGE
10-15 19:18:33.620: I/BgTaskExecutorImpl(1886): Starting EXCLUSIVE background task PROCESS_ACCOUNT_CHANGE.
10-15 19:18:33.629: D/BoundBrokerSvc(8076): onUnbind: Intent { act=com.google.android.gms.findmydevice.spot.service.locationreport.START dat=chimera-action: cmp=com.google.android.gms/.chimera.GmsApiService }
10-15 19:18:33.630: D/BoundBrokerSvc(8076): onUnbind: Intent { act=com.google.android.gms.connectedhome.service.START pkg=com.google.android.gms }
10-15 19:18:33.647: I/Search.LoginHelperImpl(1886): #refresh()
10-15 19:18:33.647: I/Search.LoginHelperImpl(1886): Getting accounts.
10-15 19:18:33.661: W/WellbeingSettingsProvid(5998): Call failed: get_actions
10-15 19:18:33.661: W/WellbeingSettingsProvid(5998): java.util.concurrent.TimeoutException: Waited 5000 milliseconds (plus 477044 nanoseconds delay) for klo@aa74b08[status=PENDING, setFuture=[kkv@24792a1[status=PENDING, info=[inputFuture=[klp@acacc6[status=PENDING, info=[inputFuture=[klp@d4e1487[status=PENDING, info=[inputFuture=[kml@bea0fb4[status=PENDING, info=[futures=[klp@ca9b7dd[status=PENDING, info=[inputFuture=[klp@c36cf52[status=PENDING, info=[inputFuture=[knk@1ed7223[status=PENDING, info=[delegate=[kop@4f27320[status=PENDING, setFuture=[klp@50ef4d9[status=PENDING, info=[inputFuture=[klo@ece8e9e[status=PENDING, info=[inputFuture=[knk@99b0d7f[status=PENDING, info=[delegate=[kop@45ba14c[status=PENDING, setFuture=[klo@2f10595[status=PENDING, setFuture=[klp@690f6aa[status=PENDING, info=[inputFuture=[klp@85d029b[status=PENDING, info=[inputFuture=[klo@5478638[status=PENDING, info=[inputFuture=[klo@1a96611[status=PENDING, info=[inputFuture=[klo@45fd376[status=PENDING, info=[inputFuture=[klo@27f2d77[status=PENDING, info=[inputFuture=[klo@10acde4[status=PENDING, setFuture=[knk@ead524d[status=PENDING, info=[delegate=[klp@36db102[status=PENDING, info=[function=[propagating=[ikl@b2f2a13]]]]]]]]]], function=[juj@f98e450]]]], function=[jqa@f89c649]]]], function=[juj@d89db4e]]]], function=[propagating=[btm@d8546f]]]]], function=[propagating=[bzu@2aff57c]]]]], function=[propagating=[bzu@b9f7e05]]]]]]]]]]]], function=[propagating=[bpl@82c5e5a]]]]], function=[propagating=[bpi@86ead0b]]]]]]]]]], function=[propagating=[bow@33fc88b]]]]], function=[propagating=[cpi@7c4ed68]]]]]]]], function=[propagating=[cwt@2b794a6]]]]], function=[propagating=[bpm@59ef581]]]]], exceptionType=[class java.lang.Throwable], fallback=[propagating=[bpi@d9fea94]]]]]]
10-15 19:18:33.661: W/WellbeingSettingsProvid(5998): 	at klm.get(PG:47)
10-15 19:18:33.661: W/WellbeingSettingsProvid(5998): 	at knc.get(PG:2)
10-15 19:18:33.661: W/WellbeingSettingsProvid(5998): 	at com.google.android.apps.wellbeing.api.impl.WellbeingSettingsProvider.i(PG:1)
10-15 19:18:33.661: W/WellbeingSettingsProvid(5998): 	at com.google.android.apps.wellbeing.api.impl.WellbeingSettingsProvider.call(PG:9)
10-15 19:18:33.661: W/WellbeingSettingsProvid(5998): 	at android.content.ContentProvider.call(ContentProvider.java:2511)
10-15 19:18:33.661: W/WellbeingSettingsProvid(5998): 	at android.content.ContentProvider$Transport.call(ContentProvider.java:525)
10-15 19:18:33.661: W/WellbeingSettingsProvid(5998): 	at android.content.ContentProviderNative.onTransact(ContentProviderNative.java:295)
10-15 19:18:33.661: W/WellbeingSettingsProvid(5998): 	at android.os.Binder.execTransactInternal(Binder.java:1280)
10-15 19:18:33.661: W/WellbeingSettingsProvid(5998): 	at android.os.Binder.execTransact(Binder.java:1244)
10-15 19:18:33.677: I/NetworkScheduler.Stats(8070): Task com.google.android.gms/com.google.android.gms.tapandpay.gcmtask.TapAndPayGcmTaskService started execution. cause:5 exec_start_elapsed_seconds: 1182 [CONTEXT service_id=218 ]
10-15 19:18:33.689: I/TrainingCacheConnection(1886): onAccountChanged()
10-15 19:18:33.731: I/A(1886): Geller initializer successfully triggered.
10-15 19:18:33.754: I/A(1602): onCreate
10-15 19:18:33.757: I/A(1602): onBind
10-15 19:18:33.798: I/MicroDetectionWorker(1886): Initializing MicroDataManager InitializeType-2, isForced-true, isActivePhoneEnrollment-false isActiveGoogleHomeEnrollment-false
10-15 19:18:33.805: I/GnpSdk(1886): [ChimeBroadcastReceiver] Intent received for action [android.accounts.LOGIN_ACCOUNTS_CHANGED] package [com.google.android.googlequicksearchbox].
10-15 19:18:33.805: I/GnpSdk(1886): [ChimeBroadcastReceiver] Phenotype initialized.
10-15 19:18:33.806: I/GnpSdk(1886): [ChimeBroadcastReceiver] Validation OK for action [android.accounts.LOGIN_ACCOUNTS_CHANGED].
10-15 19:18:33.806: I/GnpSdk(1886): [ChimeExecutorApiImpl-Tiktok] Submitting Broadcast execution [99501821] to tiktok executor.
10-15 19:18:33.806: I/GnpSdk(1886): [ChimeBroadcastReceiver] Executing action in BroadcastReceiver [android.accounts.LOGIN_ACCOUNTS_CHANGED].
10-15 19:18:33.811: I/BgTaskExecutorImpl(1886): Starting EXCLUSIVE background task GELLER_OPA_REFRESH_TASK.
10-15 19:18:33.817: I/TrainingCacheConnection(1886): Training cache service connected.
10-15 19:18:33.828: I/A(1886): NGA disabled due to not being eligible.
10-15 19:18:33.833: I/A(1602): binder onAccountChanged
10-15 19:18:33.834: I/A(1602): onDestroy
10-15 19:18:33.848: D/BluetoothAdapter(8070): isLeEnabled(): ON
10-15 19:18:33.851: D/BtGatt.GattService(973): registerScanner() - UUID=4e163d4d-68e5-45a9-a05b-fb270e1f8eae
10-15 19:18:33.851: I/bt_stack(973): [INFO:le_scanning_manager.cc(138)] RegisterScanner in shim layer
10-15 19:18:33.859: W/s.youtube.music(8704): Verification of void pl.<init>() took 197.420ms (96.24 bytecodes/s) (1616B approximate peak alloc)
10-15 19:18:33.864: I/FedAssAccountListener(1886): onSignedInAccountChanged()
10-15 19:18:33.864: I/NotificationFullFlow(1886): Step 8: NotificationFilterImpl:onEntryChange
10-15 19:18:33.865: D/BtGatt.GattService(973): onScannerRegistered() - UUID=4e163d4d-68e5-45a9-a05b-fb270e1f8eae, scannerId=2, status=0
10-15 19:18:33.892: I/TSDRIVER(8891): flag package: EiNjb20uZ29vZ2xlLmFuZHJvaWQuZ21zLmF1dGhfYWNjb3VudBodChlhdXRoX3NpZ19vdmVycmlkZV9lbmFibGVkGAEaIQocYXV0aF9zaWdfb3ZlcnJpZGVfdGFyZ2V0X3VpZCC/TxpCChZhdXRoX3NpZ19vdmVycmlkZV9zaGExEig5ZDZlNWFlYTEzZjRlNDY2ODM4ZGVlMTI0MmFmZmFlYTE1Yjg4YWVh
10-15 19:18:33.897: I/TSDRIVER(8891): flag package: com.google.android.gms.auth_account
10-15 19:18:33.920: I/A(1886): Get policy config URI for group: fedass_policy_config_group
10-15 19:18:33.920: I/A(1886): Get policy config URI for group: lens_proactive_policy_config_group
10-15 19:18:33.920: I/A(1886): Get policy config URI for group: sheldon_policy_config_group
10-15 19:18:33.925: W/A(1886): Client file group is null. No policy config file available.
10-15 19:18:33.926: W/A(1886): Client file group is null. No policy config file available.
10-15 19:18:33.926: W/A(1886): Client file group is null. No policy config file available.
10-15 19:18:34.011: W/s.youtube.music(8704): Verification of byte[] adk.h(java.lang.String) took 132.807ms (429.19 bytecodes/s) (2544B approximate peak alloc)
10-15 19:18:34.142: W/A(1886): Queue length for executor EventBus is now 11. Perhaps some tasks are too long, or the pool is too small.
10-15 19:18:34.174: W/s.youtube.music(8704): Verification of void mm.<clinit>() took 315.293ms (234.70 bytecodes/s) (2448B approximate peak alloc)
10-15 19:18:34.183: D/BluetoothLeScanner(8070): onScannerRegistered() - status=0 scannerId=2 mScannerId=0
10-15 19:18:34.209: E/GooglePlayServicesUtil(8891): The Google Play services resources were not found. Check your project configuration to ensure that the resources are included.
10-15 19:18:34.213: D/BtGatt.GattService(973): start scan with filters
10-15 19:18:34.232: D/BtGatt.GattService(973): enforcePrivilegedPermissionIfNeeded([BluetoothLeScanFilter [mDeviceName=null, mDeviceAddress=null, mUuid=null, mUuidMask=null, mServiceSolicitationUuid=null, mServiceSolicitationUuidMask=null, mServiceDataUuid=0000fff6-0000-1000-8000-00805f9b34fb, mServiceData=[0], mServiceDataMask=[0], mManufacturerId=-1, mManufacturerData=null, mManufacturerDataMask=null, mAdvertisingDataType=-1, mAdvertisingData=null, mAdvertisingDataMask=null], BluetoothLeScanFilter [mDeviceName=null, mDeviceAddress=null, mUuid=null, mUuidMask=null, mServiceSolicitationUuid=null, mServiceSolicitationUuidMask=null, mServiceDataUuid=0000fe2c-0000-1000-8000-00805f9b34fb, mServiceData=[0], mServiceDataMask=[0], mManufacturerId=-1, mManufacturerData=null, mManufacturerDataMask=null, mAdvertisingDataType=-1, mAdvertisingData=null, mAdvertisingDataMask=null]])
10-15 19:18:34.253: D/BtGatt.ScanManager(973): startScan()  [ScanClient scanModeApp 1 scanModeUsed 1 [appScanStats com.google.uid.shared:10108]]
10-15 19:18:34.253: D/ActivityAttributionService(973): notifyActivityAttributionInfo UID=1002 packageName=com.android.bluetooth deviceAddress=no_active_device_address
10-15 19:18:34.253: I/bt_btif(973): packages/modules/Bluetooth/system/btif/src/bluetooth.cc:468 get_profile_interface: get_profile_interface: id = activity_attribution
10-15 19:18:34.254: D/BtGatt.ScanManager(973): handling starting scan
10-15 19:18:34.254: D/BtGatt.ScanManager(973): start gattClientScanNative from startRegularScan()
10-15 19:18:34.254: I/bt_stack(973): [INFO:le_scanning_manager.cc(151)] Scan in shim layer started
10-15 19:18:34.254: I/bluetooth(973): packages/modules/Bluetooth/system/gd/hci/le_scanning_manager.cc:652 stop_scan: Scanning already stopped, return!
10-15 19:18:34.255: D/BtGatt.ScanManager(973): configureRegularScanParams() - queue=3
10-15 19:18:34.256: I/bt_stack(973): [INFO:le_scanning_manager.cc(151)] Scan in shim layer stopped
10-15 19:18:34.265: D/BtGatt.ScanManager(973): Start gattClientScanNative with old scanMode -1 new scanMode 1 ( in MS: 730 / 183, in scan unit: 1168 / 292 ) [ScanClient scanModeApp 1 scanModeUsed 1 [appScanStats com.google.uid.shared:10108]]
10-15 19:18:34.265: I/bt_stack(973): [INFO:le_scanning_manager.cc(247)] SetScanParameters in shim layer
10-15 19:18:34.265: D/BtGatt.GattService(973): onScanParamSetupCompleted : 0
10-15 19:18:34.265: I/bt_stack(973): [INFO:le_scanning_manager.cc(151)] Scan in shim layer started
10-15 19:18:34.265: I/bluetooth(973): packages/modules/Bluetooth/system/gd/hci/le_scanning_manager.cc:652 stop_scan: Scanning already stopped, return!
10-15 19:18:34.265: D/BtGatt.ScanManager(973): apply scan timeout (1800000)to scannerId 2
10-15 19:18:34.267: I/NearbyDiscovery(8070): FastPairScanner: Starting LOW_POWER_SCANNING scanning [CONTEXT service_id=49 ]
10-15 19:18:34.361: W/ContentProviderHelper(605): Slow operation: 175ms so far, now at getContentProviderImpl: after updateOomAdj
10-15 19:18:34.369: W/ContentProviderHelper(605): Slow operation: 180ms so far, now at getContentProviderImpl: done!
10-15 19:18:34.421: D/BoundBrokerSvc(8076): onBind: Intent { act=com.google.android.gms.testsupport.service.START pkg=com.google.android.gms }
10-15 19:18:34.424: D/BoundBrokerSvc(8076): Loading bound service for intent: Intent { act=com.google.android.gms.testsupport.service.START pkg=com.google.android.gms }
10-15 19:18:34.429: W/gle.android.gms(8076): ClassLoaderContext type mismatch. expected=PCL, found=DLC (PCL[] | DLC[];PCL[/product/priv-app/PrebuiltGmsCore/PrebuiltGmsCore.apk*1460068079:/product/priv-app/PrebuiltGmsCore/PrebuiltGmsCore.apk!classes2.dex*1772992046:/product/priv-app/PrebuiltGmsCore/PrebuiltGmsCore.apk!classes3.dex*1648649883:/product/priv-app/PrebuiltGmsCore/PrebuiltGmsCore.apk!classes4.dex*3571232556:/product/priv-app/PrebuiltGmsCore/PrebuiltGmsCore.apk!classes5.dex*762432527:/product/priv-app/PrebuiltGmsCore/PrebuiltGmsCore.apk!classes6.dex*2264621835:/product/priv-app/PrebuiltGmsCore/PrebuiltGmsCore.apk!classes7.dex*1110317560:/product/priv-app/PrebuiltGmsCore/PrebuiltGmsCore.apk!classes8.dex*1093007002]{PCL[/system/framework/org.apache.http.legacy.jar*3145838628]#PCL[/system/framework/com.android.media.remotedisplay.jar*3743104115]#PCL[/system/framework/com.android.location.provider.jar*3175360615]#PCL[/system_ext/framework/androidx.window.extensions.jar*965717813]#PCL[/system_ext/framework/androidx.window.sidecar.jar*1336342385]})
10-15 19:18:34.449: E/Volley(8076): [173] cuv.b: Unexpected response code 429 for https://firebaseperusertopics-pa.googleapis.com/v1/perusertopics/1043999264433/rel/topics?&subscriber_token=eXQ1WCTMnWU:APA91bEv3hZ1rYCFkTJa0E6F6D7zvA_7OFiqJo6h3DMvtHMUZ8T7ljqT8cV5m6jFRo1LkIHrarnjDUKjBj2Rn9uoEODKuvyvo0vU3hMaElNKfoGSsWUeib-RYu8ydJL0DDf1UKRxhet5
10-15 19:18:34.467: W/gle.android.gms(8076): Long monitor contention with owner lowpool[1] (8209) at cizm wwn.h(java.util.concurrent.Callable, long, java.util.concurrent.TimeUnit)(:com.google.android.gms@221821047@22.18.21 (190800-453244992):6) waiters=0 in void wwm.run() for 606ms
10-15 19:18:34.506: W/JobScheduler(605): Job didn't exist in JobStore: f9883f7 #u0a107/-151 com.google.android.googlequicksearchbox/com.google.android.apps.gsa.tasks.BackgroundTasksJobService
10-15 19:18:34.573: I/GnpSdk(1886): [ChimeExecutorApiImpl-Tiktok] Finished Broadcast execution [99501821].
10-15 19:18:34.661: I/Icing(8076): Post-init done
10-15 19:18:34.673: W/Looper(605): Slow dispatch took 251ms main h=com.android.server.job.controllers.QuotaController$QcHandler c=null m=5
10-15 19:18:34.676: W/Looper(605): Slow delivery took 240ms main h=android.app.PropertyInvalidatedCache$AutoCorker$1 c=null m=0
10-15 19:18:34.720: W/Looper(605): Drained
10-15 19:18:34.788: V/Backup(8076): [AccountChangedIO] Received intent, action = android.accounts.LOGIN_ACCOUNTS_CHANGED
10-15 19:18:35.025: I/ssioncontroller(8445): Background concurrent copying GC freed 28773(1706KB) AllocSpace objects, 0(0B) LOS objects, 49% free, 2217KB/4435KB, paused 29us,13us total 642.026ms
10-15 19:18:35.062: W/.gms.persistent(8070): Long monitor contention with owner binder:8070_8 (8263) at boolean whp.e(who, android.content.ServiceConnection, java.lang.String, java.util.concurrent.Executor)(:com.google.android.gms@221821047@22.18.21 (190800-453244992):10) waiters=0 in boolean whr.handleMessage(android.os.Message) for 347ms
10-15 19:18:35.067: W/.gms.persistent(8070): Long monitor contention with owner binder:8070_8 (8263) at boolean aisi.d()(:com.google.android.gms@221821047@22.18.21 (190800-453244992):0) waiters=0 in boolean aisi.d() for 475ms
10-15 19:18:35.075: E/IPCThreadState(605): binder thread pool (31 threads) starved for 180 ms
10-15 19:18:35.091: D/EGL_emulation(7358): app_time_stats: avg=1005.60ms min=976.33ms max=1034.87ms count=2
10-15 19:18:35.123: I/FA(8704): App measurement disabled by setAnalyticsCollectionEnabled(false)
10-15 19:18:35.125: I/FA(8704): App measurement initialized, version: 64007
10-15 19:18:35.125: I/FA(8704): To enable debug logging run: adb shell setprop log.tag.FA VERBOSE
10-15 19:18:35.125: I/FA(8704): To enable faster debug mode event logging run:
10-15 19:18:35.125: I/FA(8704):   adb shell setprop debug.firebase.analytics.app com.google.android.apps.youtube.music
10-15 19:18:35.252: W/Looper(605): Slow dispatch took 118ms main h=com.android.server.job.controllers.QuotaController$QcHandler c=null m=5
10-15 19:18:35.330: I/keystore2(236): keystore2::watchdog: Watchdog thread idle -> terminating. Have a great day.
10-15 19:18:35.382: I/A(1886): Using proto config with mendel
10-15 19:18:35.382: I/A(1886): Using proto config with mendel
10-15 19:18:35.634: W/gle.android.gms(8076): Long monitor contention with owner main (8076) at android.content.Context etb.f(android.content.Context, eya, eyb, java.lang.String)(:com.google.android.gms@221821047@22.18.21 (190800-453244992):10) waiters=0 in eya etb.l(esu) for 1.160s
10-15 19:18:35.662: W/gle.android.gms(8076): Accessing hidden method Landroid/net/ConnectivityManager;->isNetworkTypeMobile(I)Z (max-target-p, reflection, denied)
10-15 19:18:35.666: W/gle.android.gms(8076): Accessing hidden method Landroid/os/PowerManager;->isLightDeviceIdleMode()Z (max-target-s, reflection, denied)
10-15 19:18:35.690: I/PmtsSwAccountIntentOp(8076): Processing intent action=android.accounts.LOGIN_ACCOUNTS_CHANGED
10-15 19:18:35.762: I/NearbySharing(8070): FastInitiation warming period has ended [CONTEXT service_id=194 ]
10-15 19:18:35.831: I/A(1886): Using proto config with mendel
10-15 19:18:35.831: I/A(1886): Using proto config with mendel
10-15 19:18:35.834: W/A(1886): Task aa[notify global states on preference changed] was queued for 2029ms before starting on executor EventBus
10-15 19:18:35.848: I/A(1886): Attempting to cache the data for corpora [36, 21, 55].
10-15 19:18:36.021: I/A(1886): Using proto config with mendel
10-15 19:18:36.021: I/A(1886): Merging legacy hotword config map with new proto.
10-15 19:18:36.021: I/A(1886): Skipping. Expected model: 1 Found: 2
10-15 19:18:36.021: I/A(1886): Skipping. Expected model: 1 Found: 2
10-15 19:18:36.021: I/A(1886): Skipping. Expected model: 1 Found: 2
10-15 19:18:36.021: I/A(1886): Adding from config to map. Locale: ro-RO modelPrefix: okgoogle Location:b051c93dce7bb4dcb5d9ddcbbb2ca760Test isSpeakerIdSupported: false
10-15 19:18:36.021: I/A(1886): Skipping. Expected model: 1 Found: 2
10-15 19:18:36.021: I/MicroDataManager(1886): Location for model with model type: 1 and locale: cmn-Hant-TW, is : https://www.gstatic.com/android-search/hotword/x_google/4e7cae00daee30ec565c34e3aa67a51f/hotword.data
10-15 19:18:36.021: I/MicroModelsUtil(1886): #getHotwordModel [locale: cmn-Hant-TW, modelType: 1]
10-15 19:18:36.055: I/MicroModelsUtil(1886): #getHotwordModelFromMobstore [mobstoreUri: android://com.google.android.googlequicksearchbox/files/datadownload/shared/public/datadownloadfile_1664263812235]
10-15 19:18:36.100: D/EGL_emulation(7358): app_time_stats: avg=1008.57ms min=1008.57ms max=1008.57ms count=1
10-15 19:18:36.139: I/.apps.wellbeing(5998): Background concurrent copying GC freed 84481(4304KB) AllocSpace objects, 0(0B) LOS objects, 49% free, 5694KB/11MB, paused 52us,55us total 4.564s
10-15 19:18:36.543: I/Nearby(8070): [MBleClient] Start ble scanning from NearbyDirect:BluetoothAdapterWrapper, context tag = nearby_messages [CONTEXT service_id=49 ]
10-15 19:18:36.543: D/BluetoothAdapter(8070): isLeEnabled(): ON
10-15 19:18:36.565: D/BtGatt.GattService(973): stopScan() - queue size =3
10-15 19:18:36.584: D/ActivityAttributionService(973): notifyActivityAttributionInfo UID=1002 packageName=com.android.bluetooth deviceAddress=no_active_device_address
10-15 19:18:36.584: I/bt_btif(973): packages/modules/Bluetooth/system/btif/src/bluetooth.cc:468 get_profile_interface: get_profile_interface: id = activity_attribution
10-15 19:18:36.584: D/BtGatt.ScanManager(973): handling stopping scan  [ScanClient scanModeApp -1 scanModeUsed -1 [appScanStats com.google.uid.shared:10108]]
10-15 19:18:36.586: D/BtGatt.GattService(973): unregisterScanner() - scannerId=3
10-15 19:18:36.586: I/bt_stack(973): [INFO:le_scanning_manager.cc(145)] Unregister in shim layer, scanner_id:3
10-15 19:18:36.587: I/Nearby(8070): [MBleClient] M hardware scan: 1 clients, scanMode= LOW_LATENCY, callback type= ALL_MATCHES [CONTEXT service_id=49 ]
10-15 19:18:36.587: D/BluetoothAdapter(8070): isLeEnabled(): ON
10-15 19:18:36.588: D/BtGatt.GattService(973): registerScanner() - UUID=cf923ab4-68d4-469f-a7e1-16f11d30e771
10-15 19:18:36.588: I/bt_stack(973): [INFO:le_scanning_manager.cc(138)] RegisterScanner in shim layer
10-15 19:18:36.599: D/BtGatt.GattService(973): onScannerRegistered() - UUID=cf923ab4-68d4-469f-a7e1-16f11d30e771, scannerId=3, status=0
10-15 19:18:36.605: D/BluetoothLeScanner(8070): onScannerRegistered() - status=0 scannerId=3 mScannerId=0
10-15 19:18:36.617: D/BtGatt.GattService(973): start scan with filters
10-15 19:18:36.618: D/BtGatt.GattService(973): enforcePrivilegedPermissionIfNeeded([BluetoothLeScanFilter [mDeviceName=null, mDeviceAddress=null, mUuid=null, mUuidMask=null, mServiceSolicitationUuid=null, mServiceSolicitationUuidMask=null, mServiceDataUuid=null, mServiceData=null, mServiceDataMask=null, mManufacturerId=224, mManufacturerData=[0, 0, 0], mManufacturerDataMask=[0, 0, -1], mAdvertisingDataType=-1, mAdvertisingData=null, mAdvertisingDataMask=null], BluetoothLeScanFilter [mDeviceName=null, mDeviceAddress=null, mUuid=0000fef3-0000-1000-8000-00805f9b34fb, mUuidMask=null, mServiceSolicitationUuid=null, mServiceSolicitationUuidMask=null, mServiceDataUuid=null, mServiceData=null, mServiceDataMask=null, mManufacturerId=-1, mManufacturerData=null, mManufacturerDataMask=null, mAdvertisingDataType=-1, mAdvertisingData=null, mAdvertisingDataMask=null], BluetoothLeScanFilter [mDeviceName=null, mDeviceAddress=null, mUuid=0000feaa-0000-1000-8000-00805f9b34fb, mUuidMask=null, mServiceSolicitationUuid=null, mServiceSolicitationUuidMask=null, mServiceDataUuid=null, mServiceData=null, mServiceDataMask=null, mManufacturerId=-1, mManufacturerData=null, mManufacturerDataMask=null, mAdvertisingDataType=-1, mAdvertisingData=null, mAdvertisingDataMask=null], BluetoothLeScanFilter [mDeviceName=null, mDeviceAddress=null, mUuid=0000fea0-0000-1000-8000-00805f9b34fb, mUuidMask=null, mServiceSolicitationUuid=null, mServiceSolicitationUuidMask=null, mServiceDataUuid=null, mServiceData=null, mServiceDataMask=null, mManufacturerId=-1, mManufacturerData=null, mManufacturerDataMask=null, mAdvertisingDataType=-1, mAdvertisingData=null, mAdvertisingDataMask=null], BluetoothLeScanFilter [mDeviceName=null, mDeviceAddress=null, mUuid=null, mUuidMask=null, mServiceSolicitationUuid=null, mServiceSolicitationUuidMask=null, mServiceDataUuid=null, mServiceData=null, mServiceDataMask=null, mManufacturerId=76, mManufacturerData=[2, 21], mManufacturerDataMask=[-1, -1], mAdvertisingDataType=-1, mAdvertisingData=null, mAdvertisingDataMask=null]])
10-15 19:18:36.627: D/BtGatt.ScanManager(973): startScan()  [ScanClient scanModeApp 2 scanModeUsed 2 [appScanStats com.google.uid.shared:10108]]
10-15 19:18:36.627: D/BtGatt.ScanManager(973): handling starting scan
10-15 19:18:36.627: D/BtGatt.ScanManager(973): configureRegularScanParams() - queue=3
10-15 19:18:36.627: I/bt_stack(973): [INFO:le_scanning_manager.cc(151)] Scan in shim layer stopped
10-15 19:18:36.633: D/BtGatt.ScanManager(973): Start gattClientScanNative with old scanMode 1 new scanMode 2 ( in MS: 100 / 100, in scan unit: 160 / 160 ) [ScanClient scanModeApp 2 scanModeUsed 2 [appScanStats com.google.uid.shared:10108]]
10-15 19:18:36.633: I/bt_stack(973): [INFO:le_scanning_manager.cc(247)] SetScanParameters in shim layer
10-15 19:18:36.638: D/BtGatt.GattService(973): onScanParamSetupCompleted : 0
10-15 19:18:36.638: I/bt_stack(973): [INFO:le_scanning_manager.cc(151)] Scan in shim layer started
10-15 19:18:36.638: I/bluetooth(973): packages/modules/Bluetooth/system/gd/hci/le_scanning_manager.cc:652 stop_scan: Scanning already stopped, return!
10-15 19:18:36.638: D/BtGatt.ScanManager(973): apply scan timeout (1800000)to scannerId 3
10-15 19:18:36.640: D/ActivityAttributionService(973): notifyActivityAttributionInfo UID=1002 packageName=com.android.bluetooth deviceAddress=no_active_device_address
10-15 19:18:36.640: I/bt_btif(973): packages/modules/Bluetooth/system/btif/src/bluetooth.cc:468 get_profile_interface: get_profile_interface: id = activity_attribution
10-15 19:18:36.657: I/s.youtube.music(8704): Waiting for a blocking GC ClassLinker
10-15 19:18:36.772: I/Auth(8070): [BroadcastManager] Broadcasting account change.
10-15 19:18:36.804: W/system_server(605): Long monitor contention with owner binder:605_11 (1829) at int com.android.server.am.ActivityManagerService.bindServiceInstance(android.app.IApplicationThread, android.os.IBinder, android.content.Intent, java.lang.String, android.app.IServiceConnection, int, java.lang.String, boolean, int, java.lang.String, java.lang.String, int)(ActivityManagerService.java:12643) waiters=10 in void com.android.server.am.ContentProviderHelper.handleProviderRemoval(com.android.server.am.ContentProviderConnection, boolean, boolean) for 299ms
10-15 19:18:36.812: I/PmtsSwAccountIntentOp(8076): Sw accountsLength=1
10-15 19:18:36.869: I/baog(8070): Scheduling Phenotype for a PhenotypeSyncImmediately(5, null) one off with window [1, 2] in seconds [CONTEXT service_id=51 ]
10-15 19:18:36.906: I/FirebaseApp(1886): Device unlocked: initializing all Firebase APIs for app CHIME_ANDROID_SDK
10-15 19:18:37.000: I/m.ayx(8076): Primes not initialized, returning default (no-op) Primes instance which will ignore all calls. Please call Primes.initialize(...) before using any Primes API.
10-15 19:18:37.029: D/TrafficStats(1886): tagSocket(102) with statsTag=0x8001, statsUid=-1
10-15 19:18:37.069: W/ctxmgr(8070): [PendingIntentCompat] Timed out delivering to pendingIntent=PendingIntent{9c34d69: android.os.BinderProxy@773afc}, package=com.google.android.settings.intelligence, permission=null [CONTEXT service_id=47 ]
10-15 19:18:37.097: W/NearbyMessages(8070): Runnable[NearbyMessagesService.stopServiceIfIdle] was delayed for 00:06.258 [CONTEXT service_id=62 ]
10-15 19:18:37.098: W/NearbyMessages(8070): Runnable[subscribe] was delayed for 00:05.122 [CONTEXT service_id=62 ]
10-15 19:18:37.205: W/CorpusConfigHelper(1886): Invalid input from icing corpus JSON flag.
10-15 19:18:37.205: W/CorpusConfigHelper(1886): android.util.MalformedJsonException: Use JsonReader.setLenient(true) to accept malformed JSON at line 123 column 2
10-15 19:18:37.205: W/CorpusConfigHelper(1886): 	at android.util.JsonReader.syntaxError(JsonReader.java:1162)
10-15 19:18:37.205: W/CorpusConfigHelper(1886): 	at android.util.JsonReader.checkLenient(JsonReader.java:840)
10-15 19:18:37.205: W/CorpusConfigHelper(1886): 	at android.util.JsonReader.nextInArray(JsonReader.java:615)
10-15 19:18:37.205: W/CorpusConfigHelper(1886): 	at android.util.JsonReader.peek(JsonReader.java:345)
10-15 19:18:37.205: W/CorpusConfigHelper(1886): 	at android.util.JsonReader.hasNext(JsonReader.java:321)
10-15 19:18:37.205: W/CorpusConfigHelper(1886): 	at com.google.android.apps.gsa.searchbox.c.b.b.k.c(PG:7)
10-15 19:18:37.205: W/CorpusConfigHelper(1886): 	at com.google.android.apps.gsa.searchbox.c.b.b.k.<init>(PG:5)
10-15 19:18:37.205: W/CorpusConfigHelper(1886): 	at com.google.android.apps.gsa.staticplugins.searchboxroot.features.n.a.c.<init>(PG:16)
10-15 19:18:37.205: W/CorpusConfigHelper(1886): 	at com.google.android.apps.gsa.staticplugins.searchboxroot.b.a(PG:14)
10-15 19:18:37.205: W/CorpusConfigHelper(1886): 	at com.google.android.apps.gsa.staticplugins.searchboxroot.x.<init>(PG:7)
10-15 19:18:37.205: W/CorpusConfigHelper(1886): 	at com.google.android.apps.gsa.binaries.velvet.app.akd.b(PG:15)
10-15 19:18:37.205: W/CorpusConfigHelper(1886): 	at dagger.a.e.b(PG:1)
10-15 19:18:37.205: W/CorpusConfigHelper(1886): 	at com.google.android.apps.gsa.staticplugins.searchboxroot.a.a.a(PG:3)
10-15 19:18:37.205: W/CorpusConfigHelper(1886): 	at com.google.android.apps.gsa.binaries.velvet.app.ok.f(Unknown Source:2541)
10-15 19:18:37.205: W/CorpusConfigHelper(1886): 	at com.google.android.apps.gsa.binaries.velvet.app.ok.b(PG:1)
10-15 19:18:37.205: W/CorpusConfigHelper(1886): 	at com.google.android.apps.gsa.search.core.service.g.a.c.a(PG:2)
10-15 19:18:37.205: W/CorpusConfigHelper(1886): 	at com.google.android.libraries.gsa.k.a.f.a(PG:2)
10-15 19:18:37.205: W/CorpusConfigHelper(1886): 	at com.google.common.util.concurrent.dx.a(PG:1)
10-15 19:18:37.205: W/CorpusConfigHelper(1886): 	at com.google.common.util.concurrent.cv.run(PG:4)
10-15 19:18:37.205: W/CorpusConfigHelper(1886): 	at com.google.common.util.concurrent.dz.run(PG:1)
10-15 19:18:37.205: W/CorpusConfigHelper(1886): 	at com.google.android.libraries.i.ae.run(PG:1)
10-15 19:18:37.205: W/CorpusConfigHelper(1886): 	at java.util.concurrent.ThreadPoolExecutor.runWorker(ThreadPoolExecutor.java:1137)
10-15 19:18:37.205: W/CorpusConfigHelper(1886): 	at java.util.concurrent.ThreadPoolExecutor$Worker.run(ThreadPoolExecutor.java:637)
10-15 19:18:37.205: W/CorpusConfigHelper(1886): 	at com.google.android.libraries.i.k.run(PG:2)
10-15 19:18:37.205: W/CorpusConfigHelper(1886): 	at com.google.android.libraries.i.p.run(PG:4)
10-15 19:18:37.205: W/CorpusConfigHelper(1886): 	at java.lang.Thread.run(Thread.java:1012)
10-15 19:18:37.244: W/A(1886): Queue length for executor User-Facing Blocking is now 6. Perhaps some tasks are too long, or the pool is too small.
10-15 19:18:37.280: I/MicroDataManager(1886): MicroDataManager InitializationTask. googleHotwordData is null: true, hotwordModel is null: false , sourceLocationOfCurrentHotwordModel https://www.gstatic.com/android-search/hotword/x_google/4e7cae00daee30ec565c34e3aa67a51f/hotword.data
10-15 19:18:37.280: I/A(1886): Using proto config with mendel
10-15 19:18:37.280: I/A(1886): Using proto config with mendel
10-15 19:18:37.280: I/A(1886): Using proto config with mendel
10-15 19:18:37.281: I/A(1886): Using proto config with mendel
10-15 19:18:37.281: I/A(1886): Using proto config with mendel
10-15 19:18:37.281: I/A(1886): Merging legacy hotword config map with new proto.
10-15 19:18:37.281: I/A(1886): Skipping. Expected model: 1 Found: 2
10-15 19:18:37.281: I/A(1886): Skipping. Expected model: 1 Found: 2
10-15 19:18:37.281: I/A(1886): Skipping. Expected model: 1 Found: 2
10-15 19:18:37.281: I/A(1886): Adding from config to map. Locale: ro-RO modelPrefix: okgoogle Location:b051c93dce7bb4dcb5d9ddcbbb2ca760Test isSpeakerIdSupported: false
10-15 19:18:37.281: I/A(1886): Skipping. Expected model: 1 Found: 2
10-15 19:18:37.282: I/MicroDetectionState(1886): Should stop hotword detection immediately - true
10-15 19:18:37.282: I/A(1886): Using proto config with mendel
10-15 19:18:37.282: I/A(1886): Using proto config with mendel
10-15 19:18:37.287: I/A(1886): Using proto config with mendel
10-15 19:18:37.287: I/A(1886): Using proto config with mendel
10-15 19:18:37.366: E/GoogleTagManager(8704): Invalid macro: _gtm.loadEventEnabled
10-15 19:18:37.463: I/ActivityManager(605): Background started FGS: Allowed [callingPackage: com.google.android.apps.wellbeing; callingUid: 10097; uidState: BFGS; intent: Intent { cmp=com.google.android.apps.wellbeing/com.google.apps.tiktok.concurrent.InternalForegroundService (has extras) }; code:BACKGROUND_ACTIVITY_PERMISSION; tempAllowListReason:<broadcast:u0a97:com.google.android.apps.wellbeing.powerstate.action.POWER_STATE_FENCE_TRIGGERED,reason:null,reasonCode:UNKNOWN,duration:20000,callingUid:10097>; targetSdkVersion:31; callerTargetSdkVersion:31; startForegroundCount:0; bindFromPackage:null]
10-15 19:18:37.520: W/ProcessStats(605): Tracking association SourceState{a51665b com.google.android.gms/10108 BTopFgs #13026} whose proc state 2 is better than process ProcessState{d4a77a0 com.google.android.gms.persistent/10108 pkg=com.google.android.gms} proc state 3 (100 skipped)
10-15 19:18:37.524: D/BtGatt.ScanManager(973): uid 10108 isForeground true scanMode -1
10-15 19:18:37.524: D/BtGatt.ScanManager(973): uid 10108 isForeground true scanMode 1
10-15 19:18:37.524: D/BtGatt.ScanManager(973): uid 10108 isForeground true scanMode 2
10-15 19:18:37.629: I/NetworkScheduler.Stats(8070): Task com.google.android.gms/com.google.android.gms.tapandpay.gcmtask.TapAndPayGcmTaskService finished executing. cause:5 result: 1 elapsed_millis: 6335 uptime_millis: 6335 exec_start_elapsed_seconds: 1182 [CONTEXT service_id=218 ]
10-15 19:18:37.654: W/bjxf(8070): Empty content. Thus might mean that the settings are not synced down.
10-15 19:18:37.746: I/A(1886): NGA disabled due to not being eligible.
10-15 19:18:37.746: I/A(1886): NGA disabled due to not being eligible.
10-15 19:18:37.755: I/FedAssAccDataUpdater(1886): Successfully updated the active account data.
10-15 19:18:37.755: I/TrainingCacheConnection(1886): onAccountChanged()
10-15 19:18:37.760: I/A(1602): onCreate
10-15 19:18:37.760: I/A(1602): onBind
10-15 19:18:37.765: I/TrainingCacheConnection(1886): Training cache service connected.
10-15 19:18:37.767: I/A(1602): onDestroy
10-15 19:18:37.767: I/A(1602): binder onAccountChanged
10-15 19:18:37.785: I/A(1602): initializing EkhoWriter.
10-15 19:18:37.801: W/NotificationHistory(605): Attempted to add notif for locked/gone/disabled user 0
10-15 19:18:37.811: E/GcmPrivateSubscriber(8076): VolleyError com.android.volley.ClientError [CONTEXT service_id=167 ]
10-15 19:18:37.811: E/GcmPrivateSubscriber(8076): com.android.volley.ClientError
10-15 19:18:37.811: E/GcmPrivateSubscriber(8076): 	at cuv.b(:com.google.android.gms@221821047@22.18.21 (190800-453244992):9)
10-15 19:18:37.811: E/GcmPrivateSubscriber(8076): 	at com.android.volley.toolbox.BasicNetwork.performRequest(:com.google.android.gms@221821047@22.18.21 (190800-453244992):12)
10-15 19:18:37.811: E/GcmPrivateSubscriber(8076): 	at com.android.volley.NetworkDispatcher.processRequest(:com.google.android.gms@221821047@22.18.21 (190800-453244992):5)
10-15 19:18:37.811: E/GcmPrivateSubscriber(8076): 	at com.android.volley.NetworkDispatcher.a(:com.google.android.gms@221821047@22.18.21 (190800-453244992):0)
10-15 19:18:37.811: E/GcmPrivateSubscriber(8076): 	at com.android.volley.NetworkDispatcher.run(:com.google.android.gms@221821047@22.18.21 (190800-453244992):2)
10-15 19:18:37.818: E/AccountsChangedIntentOp(8076): Exception while subscribing [CONTEXT service_id=167 ]
10-15 19:18:37.818: E/AccountsChangedIntentOp(8076): java.util.concurrent.ExecutionException: com.android.volley.ClientError
10-15 19:18:37.818: E/AccountsChangedIntentOp(8076): 	at ciwo.s(:com.google.android.gms@221821047@22.18.21 (190800-453244992):3)
10-15 19:18:37.818: E/AccountsChangedIntentOp(8076): 	at ciwo.get(:com.google.android.gms@221821047@22.18.21 (190800-453244992):22)
10-15 19:18:37.818: E/AccountsChangedIntentOp(8076): 	at com.google.android.gms.languageprofile.service.AccountsChangedIntentOperation.onHandleIntent(:com.google.android.gms@221821047@22.18.21 (190800-453244992):7)
10-15 19:18:37.818: E/AccountsChangedIntentOp(8076): 	at com.google.android.chimera.IntentOperation.onHandleIntent(:com.google.android.gms@221821047@22.18.21 (190800-453244992):2)
10-15 19:18:37.818: E/AccountsChangedIntentOp(8076): 	at uim.onHandleIntent(:com.google.android.gms@221821047@22.18.21 (190800-453244992):4)
10-15 19:18:37.818: E/AccountsChangedIntentOp(8076): 	at ewd.run(:com.google.android.gms@221821047@22.18.21 (190800-453244992):3)
10-15 19:18:37.818: E/AccountsChangedIntentOp(8076): 	at ewc.run(:com.google.android.gms@221821047@22.18.21 (190800-453244992):11)
10-15 19:18:37.818: E/AccountsChangedIntentOp(8076): 	at cdgo.run(:com.google.android.gms@221821047@22.18.21 (190800-453244992):2)
10-15 19:18:37.818: E/AccountsChangedIntentOp(8076): 	at java.util.concurrent.ThreadPoolExecutor.runWorker(ThreadPoolExecutor.java:1137)
10-15 19:18:37.818: E/AccountsChangedIntentOp(8076): 	at java.util.concurrent.ThreadPoolExecutor$Worker.run(ThreadPoolExecutor.java:637)
10-15 19:18:37.818: E/AccountsChangedIntentOp(8076): 	at java.lang.Thread.run(Thread.java:1012)
10-15 19:18:37.818: E/AccountsChangedIntentOp(8076): Caused by: com.android.volley.ClientError
10-15 19:18:37.818: E/AccountsChangedIntentOp(8076): 	at cuv.b(:com.google.android.gms@221821047@22.18.21 (190800-453244992):9)
10-15 19:18:37.818: E/AccountsChangedIntentOp(8076): 	at com.android.volley.toolbox.BasicNetwork.performRequest(:com.google.android.gms@221821047@22.18.21 (190800-453244992):12)
10-15 19:18:37.818: E/AccountsChangedIntentOp(8076): 	at com.android.volley.NetworkDispatcher.processRequest(:com.google.android.gms@221821047@22.18.21 (190800-453244992):5)
10-15 19:18:37.818: E/AccountsChangedIntentOp(8076): 	at com.android.volley.NetworkDispatcher.a(:com.google.android.gms@221821047@22.18.21 (190800-453244992):0)
10-15 19:18:37.818: E/AccountsChangedIntentOp(8076): 	at com.android.volley.NetworkDispatcher.run(:com.google.android.gms@221821047@22.18.21 (190800-453244992):2)
10-15 19:18:37.833: W/SQLiteLog(8076): (28) double-quoted string literal: "1665713917833"
10-15 19:18:37.836: W/SQLiteLog(8076): (28) double-quoted string literal: "1"
10-15 19:18:37.845: D/BoundBrokerSvc(8076): onBind: Intent { act=com.google.android.gms.measurement.START pkg=com.google.android.gms }
10-15 19:18:37.845: D/BoundBrokerSvc(8076): Loading bound service for intent: Intent { act=com.google.android.gms.measurement.START pkg=com.google.android.gms }
10-15 19:18:37.871: D/EGL_emulation(879): app_time_stats: avg=2122.13ms min=150.95ms max=6047.42ms count=3
10-15 19:18:37.896: I/s.youtube.music(8704): Waiting for a blocking GC ClassLinker
10-15 19:18:37.922: D/ConnectivityService(605): requestNetwork for uid/pid:10114/8704 activeRequest: null callbackRequest: 226 [NetworkRequest [ REQUEST id=227, [ Capabilities: INTERNET&NOT_RESTRICTED&TRUSTED&NOT_VCN_MANAGED Uid: 10114 RequestorUid: 10114 RequestorPkg: com.google.android.apps.youtube.music UnderlyingNetworks: Null] ]] callback flags: 0 order: 2147483647
10-15 19:18:37.945: D/ConnectivityService(605): NetReassign [227 : null → 103]
10-15 19:18:37.948: D/WifiNetworkFactory(605): got request NetworkRequest [ REQUEST id=227, [ Capabilities: INTERNET&NOT_RESTRICTED&TRUSTED&NOT_VCN_MANAGED Uid: 10114 RequestorUid: 10114 RequestorPkg: com.google.android.apps.youtube.music UnderlyingNetworks: Null] ]
10-15 19:18:37.949: D/UntrustedWifiNetworkFactory(605): got request NetworkRequest [ REQUEST id=227, [ Capabilities: INTERNET&NOT_RESTRICTED&TRUSTED&NOT_VCN_MANAGED Uid: 10114 RequestorUid: 10114 RequestorPkg: com.google.android.apps.youtube.music UnderlyingNetworks: Null] ]
10-15 19:18:37.951: D/OemPaidWifiNetworkFactory(605): got request NetworkRequest [ REQUEST id=227, [ Capabilities: INTERNET&NOT_RESTRICTED&TRUSTED&NOT_VCN_MANAGED Uid: 10114 RequestorUid: 10114 RequestorPkg: com.google.android.apps.youtube.music UnderlyingNetworks: Null] ]
10-15 19:18:37.951: D/MultiInternetWifiNetworkFactory(605): got request NetworkRequest [ REQUEST id=227, [ Capabilities: INTERNET&NOT_RESTRICTED&TRUSTED&NOT_VCN_MANAGED Uid: 10114 RequestorUid: 10114 RequestorPkg: com.google.android.apps.youtube.music UnderlyingNetworks: Null] ]
10-15 19:18:38.027: W/s.youtube.music(8704): Verification of void bzk.Y(java.lang.Object, bxl) took 137.682ms (10386.25 bytecodes/s) (26880B approximate peak alloc)
10-15 19:18:38.041: D/BoundBrokerSvc(8076): onUnbind: Intent { act=com.google.android.gms.potokens.service.START dat=chimera-action: cmp=com.google.android.gms/.chimera.GmsApiService }
10-15 19:18:38.055: D/BoundBrokerSvc(8076): onBind: Intent { act=com.google.android.gms.fido.fido2.regular.START dat=chimera-action: cmp=com.google.android.gms/.chimera.GmsBoundBrokerService }
10-15 19:18:38.056: D/BoundBrokerSvc(8076): Loading bound service for intent: Intent { act=com.google.android.gms.fido.fido2.regular.START dat=chimera-action: cmp=com.google.android.gms/.chimera.GmsBoundBrokerService }
10-15 19:18:38.087: E/Backup(8076): [LegacyBackupAccountManager] Fail to get legacy transport context.
10-15 19:18:38.087: E/Backup(8076): android.content.pm.PackageManager$NameNotFoundException: Application package com.google.android.backup not found
10-15 19:18:38.087: E/Backup(8076): 	at android.app.ContextImpl.createPackageContextAsUser(ContextImpl.java:2587)
10-15 19:18:38.087: E/Backup(8076): 	at android.app.ContextImpl.createPackageContext(ContextImpl.java:2552)
10-15 19:18:38.087: E/Backup(8076): 	at android.content.ContextWrapper.createPackageContext(ContextWrapper.java:1048)
10-15 19:18:38.087: E/Backup(8076): 	at qxk.<init>(:com.google.android.gms@221821047@22.18.21 (190800-453244992):2)
10-15 19:18:38.087: E/Backup(8076): 	at qxg.a(:com.google.android.gms@221821047@22.18.21 (190800-453244992):16)
10-15 19:18:38.087: E/Backup(8076): 	at qum.a(:com.google.android.gms@221821047@22.18.21 (190800-453244992):0)
10-15 19:18:38.087: E/Backup(8076): 	at quo.d(:com.google.android.gms@221821047@22.18.21 (190800-453244992):4)
10-15 19:18:38.087: E/Backup(8076): 	at quo.a(:com.google.android.gms@221821047@22.18.21 (190800-453244992):0)
10-15 19:18:38.087: E/Backup(8076): 	at com.google.android.gms.backup.transport.AccountChangedIntentOperation.a(:com.google.android.gms@221821047@22.18.21 (190800-453244992):11)
10-15 19:18:38.087: E/Backup(8076): 	at qyl.onHandleIntent(:com.google.android.gms@221821047@22.18.21 (190800-453244992):2)
10-15 19:18:38.087: E/Backup(8076): 	at com.google.android.chimera.IntentOperation.onHandleIntent(:com.google.android.gms@221821047@22.18.21 (190800-453244992):2)
10-15 19:18:38.087: E/Backup(8076): 	at uim.onHandleIntent(:com.google.android.gms@221821047@22.18.21 (190800-453244992):4)
10-15 19:18:38.087: E/Backup(8076): 	at ewd.run(:com.google.android.gms@221821047@22.18.21 (190800-453244992):3)
10-15 19:18:38.087: E/Backup(8076): 	at ewc.run(:com.google.android.gms@221821047@22.18.21 (190800-453244992):11)
10-15 19:18:38.087: E/Backup(8076): 	at cdgo.run(:com.google.android.gms@221821047@22.18.21 (190800-453244992):2)
10-15 19:18:38.087: E/Backup(8076): 	at java.util.concurrent.ThreadPoolExecutor.runWorker(ThreadPoolExecutor.java:1137)
10-15 19:18:38.087: E/Backup(8076): 	at java.util.concurrent.ThreadPoolExecutor$Worker.run(ThreadPoolExecutor.java:637)
10-15 19:18:38.087: E/Backup(8076): 	at java.lang.Thread.run(Thread.java:1012)
10-15 19:18:38.087: D/EGL_emulation(7358): app_time_stats: avg=992.83ms min=963.34ms max=1022.33ms count=2
10-15 19:18:38.104: I/s.youtube.music(8704): Waiting for a blocking GC ClassLinker
10-15 19:18:38.105: I/s.youtube.music(8704): Waiting for a blocking GC ClassLinker
10-15 19:18:38.106: I/s.youtube.music(8704): Waiting for a blocking GC ClassLinker
10-15 19:18:38.106: I/s.youtube.music(8704): Waiting for a blocking GC ClassLinker
10-15 19:18:38.107: I/s.youtube.music(8704): Waiting for a blocking GC ClassLinker
10-15 19:18:38.108: I/s.youtube.music(8704): Waiting for a blocking GC ClassLinker
10-15 19:18:38.108: I/s.youtube.music(8704): Waiting for a blocking GC ClassLinker
10-15 19:18:38.110: I/s.youtube.music(8704): Waiting for a blocking GC ClassLinker
10-15 19:18:38.110: I/s.youtube.music(8704): Waiting for a blocking GC ClassLinker
10-15 19:18:38.111: I/s.youtube.music(8704): Waiting for a blocking GC ClassLinker
10-15 19:18:38.111: I/s.youtube.music(8704): Waiting for a blocking GC ClassLinker
10-15 19:18:38.112: I/s.youtube.music(8704): Waiting for a blocking GC ClassLinker
10-15 19:18:38.112: I/s.youtube.music(8704): Waiting for a blocking GC ClassLinker
10-15 19:18:38.112: I/s.youtube.music(8704): Waiting for a blocking GC ClassLinker
10-15 19:18:38.113: I/s.youtube.music(8704): Waiting for a blocking GC ClassLinker
10-15 19:18:38.113: I/s.youtube.music(8704): Waiting for a blocking GC ClassLinker
10-15 19:18:38.114: I/s.youtube.music(8704): Waiting for a blocking GC ClassLinker
10-15 19:18:38.114: I/s.youtube.music(8704): Waiting for a blocking GC ClassLinker
10-15 19:18:38.114: I/s.youtube.music(8704): Waiting for a blocking GC ClassLinker
10-15 19:18:38.240: W/s.youtube.music(8704): Verification of bzk bzk.l(bze, bzm, byu, cak, bxq, bzc) took 212.765ms (70.50 bytecodes/s) (1848B approximate peak alloc)
10-15 19:18:38.255: D/LocalImageResolver(879): Couldn't use ImageDecoder for drawable, falling back to non-resized load.
10-15 19:18:38.261: D/CompatibilityChangeReporter(605): Compat change id reported: 124107808; UID 10108; state: ENABLED
10-15 19:18:38.279: I/Search.LoginHelperImpl(1886): Successfully received auth token for scope: oauth2:https://www.googleapis.com/auth/googlenow in time 4293 ms
10-15 19:18:38.281: E/DatabaseUtils(1038): Writing exception to parcel
10-15 19:18:38.281: E/DatabaseUtils(1038): java.lang.SecurityException: No permission to access APN settings
10-15 19:18:38.281: E/DatabaseUtils(1038): 	at com.android.providers.telephony.TelephonyProvider.checkPermissionForApnTable(TelephonyProvider.java:4997)
10-15 19:18:38.281: E/DatabaseUtils(1038): 	at com.android.providers.telephony.TelephonyProvider.checkPermission(TelephonyProvider.java:4969)
10-15 19:18:38.281: E/DatabaseUtils(1038): 	at com.android.providers.telephony.TelephonyProvider.checkPermissionCompat(TelephonyProvider.java:5014)
10-15 19:18:38.281: E/DatabaseUtils(1038): 	at com.android.providers.telephony.TelephonyProvider.query(TelephonyProvider.java:3836)
10-15 19:18:38.281: E/DatabaseUtils(1038): 	at android.content.ContentProvider.query(ContentProvider.java:1455)
10-15 19:18:38.281: E/DatabaseUtils(1038): 	at android.content.ContentProvider.query(ContentProvider.java:1551)
10-15 19:18:38.281: E/DatabaseUtils(1038): 	at android.content.ContentProvider$Transport.query(ContentProvider.java:285)
10-15 19:18:38.281: E/DatabaseUtils(1038): 	at android.content.ContentProviderNative.onTransact(ContentProviderNative.java:107)
10-15 19:18:38.281: E/DatabaseUtils(1038): 	at android.os.Binder.execTransactInternal(Binder.java:1280)
10-15 19:18:38.281: E/DatabaseUtils(1038): 	at android.os.Binder.execTransact(Binder.java:1244)
10-15 19:18:38.284: E/RequestContextBuilder(8076): Could not query TelephonyProvider
10-15 19:18:38.284: E/RequestContextBuilder(8076): java.lang.SecurityException: No permission to access APN settings
10-15 19:18:38.284: E/RequestContextBuilder(8076): 	at android.os.Parcel.createExceptionOrNull(Parcel.java:3011)
10-15 19:18:38.284: E/RequestContextBuilder(8076): 	at android.os.Parcel.createException(Parcel.java:2995)
10-15 19:18:38.284: E/RequestContextBuilder(8076): 	at android.os.Parcel.readException(Parcel.java:2978)
10-15 19:18:38.284: E/RequestContextBuilder(8076): 	at android.database.DatabaseUtils.readExceptionFromParcel(DatabaseUtils.java:190)
10-15 19:18:38.284: E/RequestContextBuilder(8076): 	at android.database.DatabaseUtils.readExceptionFromParcel(DatabaseUtils.java:142)
10-15 19:18:38.284: E/RequestContextBuilder(8076): 	at android.content.ContentProviderProxy.query(ContentProviderNative.java:481)
10-15 19:18:38.284: E/RequestContextBuilder(8076): 	at android.content.ContentResolver.query(ContentResolver.java:1219)
10-15 19:18:38.284: E/RequestContextBuilder(8076): 	at android.content.ContentResolver.query(ContentResolver.java:1151)
10-15 19:18:38.284: E/RequestContextBuilder(8076): 	at android.content.ContentResolver.query(ContentResolver.java:1107)
10-15 19:18:38.284: E/RequestContextBuilder(8076): 	at cbsq.d(:com.google.android.gms@221821047@22.18.21 (190800-453244992):21)
10-15 19:18:38.284: E/RequestContextBuilder(8076): 	at cbsq.b(:com.google.android.gms@221821047@22.18.21 (190800-453244992):39)
10-15 19:18:38.284: E/RequestContextBuilder(8076): 	at cbsi.n(:com.google.android.gms@221821047@22.18.21 (190800-453244992):6)
10-15 19:18:38.284: E/RequestContextBuilder(8076): 	at bkzb.b(:com.google.android.gms@221821047@22.18.21 (190800-453244992):70)
10-15 19:18:38.284: E/RequestContextBuilder(8076): 	at com.google.android.gms.wallet.intentoperation.setupwizard.PaymentsSetupWizardAccountChangeIntentOperation.onHandleIntent(:com.google.android.gms@221821047@22.18.21 (190800-453244992):15)
10-15 19:18:38.284: E/RequestContextBuilder(8076): 	at com.google.android.chimera.IntentOperation.onHandleIntent(:com.google.android.gms@221821047@22.18.21 (190800-453244992):2)
10-15 19:18:38.284: E/RequestContextBuilder(8076): 	at uim.onHandleIntent(:com.google.android.gms@221821047@22.18.21 (190800-453244992):4)
10-15 19:18:38.284: E/RequestContextBuilder(8076): 	at ewd.run(:com.google.android.gms@221821047@22.18.21 (190800-453244992):3)
10-15 19:18:38.284: E/RequestContextBuilder(8076): 	at ewc.run(:com.google.android.gms@221821047@22.18.21 (190800-453244992):11)
10-15 19:18:38.284: E/RequestContextBuilder(8076): 	at cdgo.run(:com.google.android.gms@221821047@22.18.21 (190800-453244992):2)
10-15 19:18:38.284: E/RequestContextBuilder(8076): 	at java.util.concurrent.ThreadPoolExecutor.runWorker(ThreadPoolExecutor.java:1137)
