10-15 19:18:09.291: W/A(1886): 	at com.google.android.libraries.i.p.run(PG:4)
10-15 19:18:09.291: W/A(1886): 	at java.lang.Thread.run(Thread.java:1012)
10-15 19:18:09.291: W/A(1886): Failed to fetch versionCode for package[com.google.android.apps.tv.launcherx].
10-15 19:18:09.295: I/libprocessgroup(605): Successfully killed process cgroup uid 10108 pid 6011 in 25ms
10-15 19:18:09.296: D/WifiNetworkFactory(605): got request NetworkRequest [ REQUEST id=205, [ Capabilities: INTERNET&NOT_RESTRICTED&TRUSTED&NOT_VCN_MANAGED Uid: 10122 RequestorUid: 10122 RequestorPkg: com.google.android.youtube UnderlyingNetworks: Null] ]
10-15 19:18:09.296: D/UntrustedWifiNetworkFactory(605): got request NetworkRequest [ REQUEST id=205, [ Capabilities: INTERNET&NOT_RESTRICTED&TRUSTED&NOT_VCN_MANAGED Uid: 10122 RequestorUid: 10122 RequestorPkg: com.google.android.youtube UnderlyingNetworks: Null] ]
10-15 19:18:09.296: D/OemPaidWifiNetworkFactory(605): got request NetworkRequest [ REQUEST id=205, [ Capabilities: INTERNET&NOT_RESTRICTED&TRUSTED&NOT_VCN_MANAGED Uid: 10122 RequestorUid: 10122 RequestorPkg: com.google.android.youtube UnderlyingNetworks: Null] ]
10-15 19:18:09.296: D/MultiInternetWifiNetworkFactory(605): got request NetworkRequest [ REQUEST id=205, [ Capabilities: INTERNET&NOT_RESTRICTED&TRUSTED&NOT_VCN_MANAGED Uid: 10122 RequestorUid: 10122 RequestorPkg: com.google.android.youtube UnderlyingNetworks: Null] ]
10-15 19:18:09.297: D/PrefCtrlListHelper(7842): Could not find Context-only controller for pref: com.android.settings.network.telephony.MobileNetworkSwitchController
10-15 19:18:09.297: D/PrefCtrlListHelper(7842): Could not find Context-only controller for pref: com.android.settings.network.telephony.DisabledSubscriptionController
10-15 19:18:09.297: D/PrefCtrlListHelper(7842): Could not find Context-only controller for pref: com.android.settings.network.telephony.CallsDefaultSubscriptionController
10-15 19:18:09.297: D/PrefCtrlListHelper(7842): Could not find Context-only controller for pref: com.android.settings.network.telephony.SmsDefaultSubscriptionController
10-15 19:18:09.297: D/PrefCtrlListHelper(7842): Could not find Context-only controller for pref: com.android.settings.network.telephony.DataServiceSetupPreferenceController
10-15 19:18:09.297: D/PrefCtrlListHelper(7842): Could not find Context-only controller for pref: com.android.settings.network.telephony.MobileDataPreferenceController
10-15 19:18:09.297: D/PrefCtrlListHelper(7842): Could not find Context-only controller for pref: com.android.settings.network.telephony.RoamingPreferenceController
10-15 19:18:09.297: D/PrefCtrlListHelper(7842): Could not find Context-only controller for pref: com.android.settings.network.telephony.DataUsagePreferenceController
10-15 19:18:09.297: D/PrefCtrlListHelper(7842): Could not find Context-only controller for pref: com.android.settings.datausage.BillingCyclePreferenceController
10-15 19:18:09.297: D/PrefCtrlListHelper(7842): Could not find Context-only controller for pref: com.android.settings.network.CarrierWifiTogglePreferenceController
10-15 19:18:09.298: D/PrefCtrlListHelper(7842): Could not find Context-only controller for pref: com.android.settings.network.telephony.MmsMessagePreferenceController
10-15 19:18:09.298: D/PrefCtrlListHelper(7842): Could not find Context-only controller for pref: com.android.settings.network.telephony.DataDuringCallsPreferenceController
10-15 19:18:09.298: D/PrefCtrlListHelper(7842): Could not find Context-only controller for pref: com.android.settings.network.telephony.Enhanced4gLtePreferenceController
10-15 19:18:09.298: D/PrefCtrlListHelper(7842): Could not find Context-only controller for pref: com.android.settings.network.telephony.Enhanced4gCallingPreferenceController
10-15 19:18:09.298: D/PrefCtrlListHelper(7842): Could not find Context-only controller for pref: com.android.settings.network.telephony.Enhanced4gAdvancedCallingPreferenceController
10-15 19:18:09.298: D/PrefCtrlListHelper(7842): Could not find Context-only controller for pref: com.android.settings.network.telephony.ContactDiscoveryPreferenceController
10-15 19:18:09.298: D/PrefCtrlListHelper(7842): Could not find Context-only controller for pref: com.android.settings.network.telephony.PreferredNetworkModePreferenceController
10-15 19:18:09.298: D/PrefCtrlListHelper(7842): Could not find Context-only controller for pref: com.android.settings.network.telephony.EnabledNetworkModePreferenceController
10-15 19:18:09.298: D/PrefCtrlListHelper(7842): Could not find Context-only controller for pref: com.android.settings.network.telephony.CarrierSettingsVersionPreferenceController
10-15 19:18:09.298: D/PrefCtrlListHelper(7842): Could not find Context-only controller for pref: com.android.settings.network.telephony.CallingPreferenceCategoryController
10-15 19:18:09.298: D/PrefCtrlListHelper(7842): Could not find Context-only controller for pref: com.android.settings.network.telephony.WifiCallingPreferenceController
10-15 19:18:09.298: D/PrefCtrlListHelper(7842): Could not find Context-only controller for pref: com.android.settings.network.telephony.VideoCallingPreferenceController
10-15 19:18:09.298: D/PrefCtrlListHelper(7842): Could not find Context-only controller for pref: com.android.settings.network.telephony.BackupCallingPreferenceController
10-15 19:18:09.298: D/PrefCtrlListHelper(7842): Could not find Context-only controller for pref: com.android.settings.network.telephony.cdma.CdmaSystemSelectPreferenceController
10-15 19:18:09.299: D/PrefCtrlListHelper(7842): Could not find Context-only controller for pref: com.android.settings.network.telephony.cdma.CdmaSubscriptionPreferenceController
10-15 19:18:09.301: D/CarrierSvcBindHelper(1038): onPackageModified: com.google.android.googlequicksearchbox
10-15 19:18:09.301: D/CarrierSvcBindHelper(1038): No carrier app for: 0
10-15 19:18:09.304: D/PrefCtrlListHelper(7842): Could not find Context-only controller for pref: com.android.settings.network.telephony.NetworkPreferenceCategoryController
10-15 19:18:09.304: D/PrefCtrlListHelper(7842): Could not find Context-only controller for pref: com.android.settings.network.telephony.gsm.AutoSelectPreferenceController
10-15 19:18:09.304: D/PrefCtrlListHelper(7842): Could not find Context-only controller for pref: com.android.settings.network.telephony.gsm.OpenNetworkSelectPagePreferenceController
10-15 19:18:09.304: D/PrefCtrlListHelper(7842): Could not find Context-only controller for pref: com.android.settings.network.telephony.ApnPreferenceController
10-15 19:18:09.304: D/PrefCtrlListHelper(7842): Could not find Context-only controller for pref: com.android.settings.network.telephony.CarrierPreferenceController
10-15 19:18:09.304: D/PrefCtrlListHelper(7842): Could not find Context-only controller for pref: com.android.settings.network.telephony.Enable2gPreferenceController
10-15 19:18:09.304: D/PrefCtrlListHelper(7842): Could not find Context-only controller for pref: com.android.settings.network.telephony.NrAdvancedCallingPreferenceController
10-15 19:18:09.304: D/PrefCtrlListHelper(7842): Could not find Context-only controller for pref: com.android.settings.network.telephony.DeleteSimProfilePreferenceController
10-15 19:18:09.304: D/PrefCtrlListHelper(7842): Could not find Context-only controller for pref: com.android.settings.network.telephony.DisableSimFooterPreferenceController
10-15 19:18:09.304: D/PrefCtrlListHelper(7842): Could not find Context-only controller for pref: com.android.settings.network.telephony.NrDisabledInDsdsFooterPreferenceController
10-15 19:18:09.352: D/SlicesIndexer(7842): Indexing slices database took: 3826
10-15 19:18:09.362: I/Zygote(355): Process 1299 exited due to signal 9 (Killed)
10-15 19:18:10.009: I/binder(0): undelivered TRANSACTION_COMPLETE
10-15 19:18:10.021: I/binder(0): undelivered transaction 486233, process died.
10-15 19:18:09.380: D/CarrierSvcBindHelper(1038): onPackageAdded: com.kbwtf.yiqiwan.android
10-15 19:18:09.380: D/CarrierSvcBindHelper(1038): No carrier app for: 0
10-15 19:18:10.036: I/binder(0): undelivered transaction 486683, process died.
10-15 19:18:10.049: I/binder(0): undelivered transaction 486684, process died.
10-15 19:18:09.393: D/SettingsSliceProvider(7842): provide 42 non-public slices
10-15 19:18:09.393: D/SlicesIndexer(7842): Slices already indexed - returning.
10-15 19:18:09.393: D/SettingsSliceProvider(7842): Allowlisting 56 uris to 3 pkgs.
10-15 19:18:09.396: I/RoleService(605): Granting default roles...
10-15 19:18:09.404: D/CompatibilityChangeReporter(605): Compat change id reported: 161252188; UID 10108; state: ENABLED
10-15 19:18:09.405: W/lowmemorykiller(214): Failed to open /proc/1299/oom_score_adj; errno=2: process 1299 might have been killed
10-15 19:18:10.066: I/binder(0): undelivered transaction 486704, process died.
10-15 19:18:10.083: I/binder(0): undelivered transaction 486235, process died.
10-15 19:18:09.434: D/PackageManager(605): Binder to instant app resolver died
10-15 19:18:09.435: D/ConnectivityService(605): ConnectivityService NetworkRequestInfo binderDied(uid/pid:10108/1299, [NetworkRequest [ REQUEST id=150, [ Capabilities: INTERNET&NOT_RESTRICTED&TRUSTED&NOT_VCN_MANAGED Uid: 10108 RequestorUid: 10108 RequestorPkg: com.google.android.gms UnderlyingNetworks: Null] ]], android.os.BinderProxy@7976485)
10-15 19:18:09.442: W/AudioService.PlaybackActivityMonitor(605): client died
10-15 19:18:09.443: D/BtGatt.GattService(973): Binder is dead - unregistering scanner (3)!
10-15 19:18:09.444: D/ConnectivityService(605): ConnectivityService NetworkRequestInfo binderDied(uid/pid:10108/1299, [NetworkRequest [ LISTEN id=87, [ Capabilities: NOT_RESTRICTED&NOT_VCN_MANAGED Uid: 10108 RequestorUid: 10108 RequestorPkg: com.google.android.gms UnderlyingNetworks: Null] ]], android.os.BinderProxy@ff482da)
10-15 19:18:09.445: D/ConnectivityService(605): ConnectivityService NetworkRequestInfo binderDied(uid/pid:10108/1299, [NetworkRequest [ LISTEN id=151, [ Capabilities: INTERNET&NOT_RESTRICTED&TRUSTED&NOT_VCN_MANAGED Uid: 10108 RequestorUid: 10108 RequestorPkg: com.google.android.gms UnderlyingNetworks: Null] ]], android.os.BinderProxy@36ec401)
10-15 19:18:09.446: D/BtGatt.GattService(973): Binder is dead - unregistering scanner (2)!
10-15 19:18:09.449: D/BtGatt.GattService(973): stopScan() - queue size =3
10-15 19:18:10.103: I/binder(0): undelivered transaction 486678, process died.
10-15 19:18:09.453: D/BtGatt.GattService(973): stopScan() - queue size =3
10-15 19:18:09.468: D/ConnectivityService(605): releasing NetworkRequest [ REQUEST id=150, [ Capabilities: INTERNET&NOT_RESTRICTED&TRUSTED&NOT_VCN_MANAGED Uid: 10108 RequestorUid: 10108 RequestorPkg: com.google.android.gms UnderlyingNetworks: Null] ] (release request)
10-15 19:18:09.484: D/ActivityAttributionService(973): notifyActivityAttributionInfo UID=1002 packageName=com.android.bluetooth deviceAddress=no_active_device_address
10-15 19:18:09.484: I/bt_btif(973): packages/modules/Bluetooth/system/btif/src/bluetooth.cc:468 get_profile_interface: get_profile_interface: id = activity_attribution
10-15 19:18:09.485: D/BtGatt.ScanManager(973): handling stopping scan  [ScanClient scanModeApp -1 scanModeUsed -1 [appScanStats com.google.uid.shared:10108]]
10-15 19:18:09.485: D/BtGatt.ScanManager(973): app died, unregister scanner - 2
10-15 19:18:09.489: D/BtGatt.GattService(973): unregisterScanner() - scannerId=2
10-15 19:18:09.489: I/bt_stack(973): [INFO:le_scanning_manager.cc(145)] Unregister in shim layer, scanner_id:2
10-15 19:18:09.497: D/CompatibilityChangeReporter(605): Compat change id reported: 218533173; UID 10175; state: DISABLED
10-15 19:18:10.151: I/binder_alloc(0): 1299: binder_alloc_buf, no vma
10-15 19:18:10.183: I/binder(0): 605:1189 transaction failed 29189/-3, size 2980-8 line 3055
10-15 19:18:10.216: I/binder(0): 605:3226 transaction failed 29189/-3, size 456-32 line 3055
10-15 19:18:09.512: W/Looper(605): Slow dispatch took 432ms main h=android.app.ActivityThread$H c=android.app.LoadedApk$ReceiverDispatcher$Args$$ExternalSyntheticLambda0@c27894 m=0
10-15 19:18:09.513: D/BtGatt.GattService(973): Binder is dead - unregistering scanner (1)!
10-15 19:18:09.513: W/Looper(605): Slow delivery took 523ms main h=android.app.ActivityThread$H c=android.app.LoadedApk$ReceiverDispatcher$Args$$ExternalSyntheticLambda0@a029f3d m=0
10-15 19:18:09.514: I/Telecom(605): DefaultDialerCache: Refreshing default dialer for user 0: now com.google.android.dialer: DDC.oR@AS0
10-15 19:18:09.514: D/ActivityAttributionService(973): notifyActivityAttributionInfo UID=1002 packageName=com.android.bluetooth deviceAddress=no_active_device_address
10-15 19:18:09.514: I/bt_btif(973): packages/modules/Bluetooth/system/btif/src/bluetooth.cc:468 get_profile_interface: get_profile_interface: id = activity_attribution
10-15 19:18:09.514: D/BtGatt.ScanManager(973): handling stopping scan  [ScanClient scanModeApp -1 scanModeUsed -1 [appScanStats com.google.uid.shared:10108]]
10-15 19:18:09.514: D/BtGatt.ScanManager(973): app died, unregister scanner - 3
10-15 19:18:09.515: D/BtGatt.GattService(973): unregisterScanner() - scannerId=3
10-15 19:18:09.515: I/bt_stack(973): [INFO:le_scanning_manager.cc(145)] Unregister in shim layer, scanner_id:3
10-15 19:18:09.516: D/BtGatt.GattService(973): stopScan() - queue size =1
10-15 19:18:09.519: W/CBVerifier(7633): Committing phenotypeflags for com.google.android.libraries.consentverifier#com.google.android.calendar failed. com.google.android.gms.common.api.ApiException: 20: The connection to Google Play services was lost due to service disconnection.
10-15 19:18:09.525: D/PackageManager(605): Disconnected from instant app resolver
10-15 19:18:09.525: W/Looper(605): Drained
10-15 19:18:09.533: D/ActivityAttributionService(973): notifyActivityAttributionInfo UID=1002 packageName=com.android.bluetooth deviceAddress=no_active_device_address
10-15 19:18:09.533: I/bt_btif(973): packages/modules/Bluetooth/system/btif/src/bluetooth.cc:468 get_profile_interface: get_profile_interface: id = activity_attribution
10-15 19:18:09.533: D/BtGatt.ScanManager(973): handling stopping scan  [ScanClient scanModeApp 1 scanModeUsed 1 [appScanStats com.google.uid.shared:10108]]
10-15 19:18:09.533: D/BtGatt.ScanManager(973): stop gattClientScanNative
10-15 19:18:09.533: I/bt_stack(973): [INFO:le_scanning_manager.cc(151)] Scan in shim layer stopped
10-15 19:18:09.533: D/BtGatt.ScanManager(973): configureRegularScanParams() - queue=0
10-15 19:18:09.534: D/BtGatt.ScanManager(973): configureRegularScanParams() - queue empty, scan stopped
10-15 19:18:09.534: D/BtGatt.ScanManager(973): app died, unregister scanner - 1
10-15 19:18:09.534: D/BtGatt.GattService(973): unregisterScanner() - scannerId=1
10-15 19:18:09.534: I/bt_stack(973): [INFO:le_scanning_manager.cc(145)] Unregister in shim layer, scanner_id:1
10-15 19:18:09.547: I/Zygote(355): Process 2367 exited due to signal 9 (Killed)
10-15 19:18:09.549: D/ImsResolver(1038): maybeAddedImsService, packageName: com.google.android.googlequicksearchbox
10-15 19:18:09.554: D/ImsResolver(1038): maybeAddedImsService, packageName: com.kbwtf.yiqiwan.android
10-15 19:18:09.573: W/ziparchive(7880): Unable to open '/data/user/0/com.google.android.youtube/cache/1649874605301.dm': No such file or directory
10-15 19:18:09.578: W/ActivityManager(605): Application dead when creating service ServiceRecord{de53745 u0 com.google.android.gms/.auth.GetToken}
10-15 19:18:09.578: I/ActivityManager(605): Process com.google.android.gms.persistent (pid 1299) has died: fg  FGS 
10-15 19:18:09.591: I/libprocessgroup(605): Successfully killed process cgroup uid 10108 pid 1299 in 0ms
10-15 19:18:09.597: W/ActivityManager(605): Exception when unbinding service com.google.android.gms/.droidguard.DroidGuardService
10-15 19:18:09.597: W/ActivityManager(605): android.os.DeadObjectException
10-15 19:18:09.597: W/ActivityManager(605): 	at android.os.BinderProxy.transactNative(Native Method)
10-15 19:18:09.597: W/ActivityManager(605): 	at android.os.BinderProxy.transact(BinderProxy.java:584)
10-15 19:18:09.597: W/ActivityManager(605): 	at android.app.IApplicationThread$Stub$Proxy.scheduleUnbindService(IApplicationThread.java:1346)
10-15 19:18:09.597: W/ActivityManager(605): 	at com.android.server.am.ActiveServices.removeConnectionLocked(ActiveServices.java:4899)
10-15 19:18:09.597: W/ActivityManager(605): 	at com.android.server.am.ActiveServices.killServicesLocked(ActiveServices.java:5417)
10-15 19:18:09.597: W/ActivityManager(605): 	at com.android.server.am.ActivityManagerService.cleanUpApplicationRecordLocked(ActivityManagerService.java:12320)
10-15 19:18:09.597: W/ActivityManager(605): 	at com.android.server.am.ActivityManagerService.handleAppDiedLocked(ActivityManagerService.java:3227)
10-15 19:18:09.597: W/ActivityManager(605): 	at com.android.server.am.ActivityManagerService.appDiedLocked(ActivityManagerService.java:3334)
10-15 19:18:09.597: W/ActivityManager(605): 	at com.android.server.am.ActivityManagerService.appDiedLocked(ActivityManagerService.java:3279)
10-15 19:18:09.597: W/ActivityManager(605): 	at com.android.server.am.ActiveServices.realStartServiceLocked(ActiveServices.java:4380)
10-15 19:18:09.597: W/ActivityManager(605): 	at com.android.server.am.ActiveServices.bringUpServiceLocked(ActiveServices.java:4228)
10-15 19:18:09.597: W/ActivityManager(605): 	at com.android.server.am.ActiveServices.bindServiceLocked(ActiveServices.java:2956)
10-15 19:18:09.597: W/ActivityManager(605): 	at com.android.server.am.ActivityManagerService.bindServiceInstance(ActivityManagerService.java:12643)
10-15 19:18:09.597: W/ActivityManager(605): 	at com.android.server.am.ActivityManagerService.bindServiceInstance(ActivityManagerService.java:12599)
10-15 19:18:09.597: W/ActivityManager(605): 	at android.app.IActivityManager$Stub.onTransact(IActivityManager.java:2518)
10-15 19:18:09.597: W/ActivityManager(605): 	at com.android.server.am.ActivityManagerService.onTransact(ActivityManagerService.java:2628)
10-15 19:18:09.597: W/ActivityManager(605): 	at android.os.Binder.execTransactInternal(Binder.java:1280)
10-15 19:18:09.597: W/ActivityManager(605): 	at android.os.Binder.execTransact(Binder.java:1244)
10-15 19:18:09.607: W/ActivityManager(605): Scheduling restart of crashed service com.google.android.gms/com.google.android.location.internal.server.GoogleLocationService in 60664ms for start-requested
10-15 19:18:09.608: W/ActivityManager(605): Scheduling restart of crashed service com.google.android.gms/.nearby.exposurenotification.service.ExposureMatchingService in 70662ms for start-requested
10-15 19:18:09.609: W/ActivityManager(605): Scheduling restart of crashed service com.google.android.gms/.auth.GetToken in 80662ms for connection
10-15 19:18:09.609: W/ActivityManager(605): Scheduling restart of crashed service com.google.android.gms/.fido.authenticator.service.AuthenticatorService in 90662ms for start-requested
10-15 19:18:09.609: W/ActivityManager(605): Scheduling restart of crashed service com.google.android.gms/.geotimezone.GeoTimeZoneService in 100662ms for connection
10-15 19:18:09.609: W/ActivityManager(605): Scheduling restart of crashed service com.google.android.gms/.gcm.nts.SchedulerService in 110662ms for start-requested
10-15 19:18:09.609: W/ActivityManager(605): Scheduling restart of crashed service com.google.android.gms/.nearby.messages.service.NearbyMessagesService in 120662ms for start-requested
10-15 19:18:09.609: W/ActivityManager(605): Scheduling restart of crashed service com.google.android.gms/.chimera.PersistentBoundBrokerService in 130661ms for connection
10-15 19:18:09.609: W/ActivityManager(605): Scheduling restart of crashed service com.google.android.gms/.fido.fido2.pollux.CableAuthenticatorService in 140661ms for start-requested
10-15 19:18:09.609: W/ActivityManager(605): Scheduling restart of crashed service com.google.android.gms/.auth.setup.devicesignals.LockScreenService in 150661ms for start-requested
10-15 19:18:09.609: W/ActivityManager(605): Scheduling restart of crashed service com.google.android.gms/com.google.android.location.internal.server.HardwareArProviderService in 160661ms for connection
10-15 19:18:09.609: W/ActivityManager(605): Scheduling restart of crashed service com.google.android.gms/com.google.android.location.network.NetworkLocationService in 170661ms for connection
10-15 19:18:09.610: W/ActivityManager(605): Scheduling restart of crashed service com.google.android.gms/.location.geocode.GeocodeService in 180661ms for connection
10-15 19:18:09.610: W/ActivityManager(605): Scheduling restart of crashed service com.google.android.gms/com.google.android.location.internal.GoogleLocationManagerService in 190661ms for start-requested
10-15 19:18:09.610: W/ActivityManager(605): Scheduling restart of crashed service com.google.android.gms/.nearby.sharing.ReceiveSurfaceService in 200661ms for start-requested
10-15 19:18:09.610: W/ActivityManager(605): Scheduling restart of crashed service com.google.android.gms/.clearcut.debug.ClearcutDebugDumpService in 210661ms for start-requested
10-15 19:18:09.610: W/ActivityManager(605): Scheduling restart of crashed service com.google.android.gms/com.google.android.contextmanager.service.ContextManagerService in 220661ms for start-requested
10-15 19:18:09.610: W/ActivityManager(605): Scheduling restart of crashed service com.google.android.gms/.gcm.GcmService in 230660ms for start-requested
10-15 19:18:09.615: W/ActivityManager(605): Scheduling restart of crashed service com.google.android.gms/.chimera.PersistentApiService in 240656ms for connection
10-15 19:18:09.615: W/ActivityManager(605): Scheduling restart of crashed service com.google.android.gms/.deviceconnection.service.DeviceConnectionWatcherService in 250655ms for start-requested
10-15 19:18:09.615: W/ActivityManager(605): Scheduling restart of crashed service com.google.android.gms/.location.persistent.LocationPersistentService in 260655ms for start-requested
10-15 19:18:09.615: W/ActivityManager(605): Scheduling restart of crashed service com.google.android.gms/.chimera.PersistentDirectBootAwareApiService in 270655ms for connection
10-15 19:18:09.615: W/ActivityManager(605): Scheduling restart of crashed service com.google.android.gms/.common.stats.GmsCoreStatsService in 280655ms for start-requested
10-15 19:18:09.618: W/ActivityManager(605): Scheduling restart of crashed service com.google.android.gms/com.google.android.location.fused.FusedLocationService in 290653ms for connection
10-15 19:18:09.623: W/ActivityManager(605): Scheduling restart of crashed service com.google.android.gms/.thunderbird.EmergencyPersistentService in 300648ms for start-requested
10-15 19:18:09.623: W/ActivityManager(605): Scheduling restart of crashed service com.google.android.gms/.chimera.PersistentIntentOperationService in 310648ms for start-requested
10-15 19:18:09.623: W/lowmemorykiller(214): Failed to open /proc/2367/oom_score_adj; errno=2: process 2367 might have been killed
10-15 19:18:09.626: I/ActivityManager(605): Killing 6660:com.google.android.gmscore.testing.testsupport/u0a174 (adj 985): empty #17
10-15 19:18:09.631: D/ConnectivityService(605): requestNetwork for uid/pid:10122/7880 activeRequest: null callbackRequest: 206 [NetworkRequest [ REQUEST id=207, [ Capabilities: INTERNET&NOT_RESTRICTED&TRUSTED&NOT_VCN_MANAGED Uid: 10122 RequestorUid: 10122 RequestorPkg: com.google.android.youtube UnderlyingNetworks: Null] ]] callback flags: 0 order: 2147483647
10-15 19:18:09.632: I/libprocessgroup(605): Successfully killed process cgroup uid 10174 pid 6660 in 5ms
10-15 19:18:09.632: D/ConnectivityService(605): NetReassign [207 : null → 103]
10-15 19:18:09.633: D/WifiNetworkFactory(605): got request NetworkRequest [ REQUEST id=207, [ Capabilities: INTERNET&NOT_RESTRICTED&TRUSTED&NOT_VCN_MANAGED Uid: 10122 RequestorUid: 10122 RequestorPkg: com.google.android.youtube UnderlyingNetworks: Null] ]
10-15 19:18:09.633: D/UntrustedWifiNetworkFactory(605): got request NetworkRequest [ REQUEST id=207, [ Capabilities: INTERNET&NOT_RESTRICTED&TRUSTED&NOT_VCN_MANAGED Uid: 10122 RequestorUid: 10122 RequestorPkg: com.google.android.youtube UnderlyingNetworks: Null] ]
10-15 19:18:09.633: D/OemPaidWifiNetworkFactory(605): got request NetworkRequest [ REQUEST id=207, [ Capabilities: INTERNET&NOT_RESTRICTED&TRUSTED&NOT_VCN_MANAGED Uid: 10122 RequestorUid: 10122 RequestorPkg: com.google.android.youtube UnderlyingNetworks: Null] ]
10-15 19:18:09.633: D/MultiInternetWifiNetworkFactory(605): got request NetworkRequest [ REQUEST id=207, [ Capabilities: INTERNET&NOT_RESTRICTED&TRUSTED&NOT_VCN_MANAGED Uid: 10122 RequestorUid: 10122 RequestorPkg: com.google.android.youtube UnderlyingNetworks: Null] ]
10-15 19:18:09.638: E/AudioService.PlaybackActivityMonitor(605): Error (1) trying to dispatch playback config change to com.android.server.audio.PlaybackActivityMonitor$PlayMonitorClient@768352e
10-15 19:18:09.638: E/AudioService.PlaybackActivityMonitor(605): android.os.DeadObjectException
10-15 19:18:09.638: E/AudioService.PlaybackActivityMonitor(605): 	at android.os.BinderProxy.transactNative(Native Method)
10-15 19:18:09.638: E/AudioService.PlaybackActivityMonitor(605): 	at android.os.BinderProxy.transact(BinderProxy.java:584)
10-15 19:18:09.638: E/AudioService.PlaybackActivityMonitor(605): 	at android.media.IPlaybackConfigDispatcher$Stub$Proxy.dispatchPlaybackConfigChange(IPlaybackConfigDispatcher.java:125)
10-15 19:18:09.638: E/AudioService.PlaybackActivityMonitor(605): 	at com.android.server.audio.PlaybackActivityMonitor.dispatchPlaybackChange(PlaybackActivityMonitor.java:567)
10-15 19:18:09.638: E/AudioService.PlaybackActivityMonitor(605): 	at com.android.server.audio.PlaybackActivityMonitor.playerEvent(PlaybackActivityMonitor.java:336)
10-15 19:18:09.638: E/AudioService.PlaybackActivityMonitor(605): 	at com.android.server.audio.AudioService.playerEvent(AudioService.java:11189)
10-15 19:18:09.638: E/AudioService.PlaybackActivityMonitor(605): 	at android.media.IAudioService$Stub.onTransact(IAudioService.java:1612)
10-15 19:18:09.638: E/AudioService.PlaybackActivityMonitor(605): 	at android.os.Binder.execTransactInternal(Binder.java:1285)
10-15 19:18:09.638: E/AudioService.PlaybackActivityMonitor(605): 	at android.os.Binder.execTransact(Binder.java:1244)
10-15 19:18:09.644: I/system_server(605): Background young concurrent copying GC freed 371426(17MB) AllocSpace objects, 46(1984KB) LOS objects, 36% free, 25MB/40MB, paused 110us,86us total 1.761s
10-15 19:18:09.657: W/ActivityManager(605): Scheduling restart of crashed service com.google.android.gms/.auth.GetToken in 322648ms for always
10-15 19:18:09.657: W/ActivityManager(605): Exception when starting service com.google.android.gms/.auth.GetToken
10-15 19:18:09.657: W/ActivityManager(605): android.os.DeadObjectException
10-15 19:18:09.657: W/ActivityManager(605): 	at android.os.BinderProxy.transactNative(Native Method)
10-15 19:18:09.657: W/ActivityManager(605): 	at android.os.BinderProxy.transact(BinderProxy.java:584)
10-15 19:18:09.657: W/ActivityManager(605): 	at android.app.IApplicationThread$Stub$Proxy.scheduleCreateService(IApplicationThread.java:1210)
10-15 19:18:09.657: W/ActivityManager(605): 	at com.android.server.am.ActiveServices.realStartServiceLocked(ActiveServices.java:4373)
10-15 19:18:09.657: W/ActivityManager(605): 	at com.android.server.am.ActiveServices.bringUpServiceLocked(ActiveServices.java:4228)
10-15 19:18:09.657: W/ActivityManager(605): 	at com.android.server.am.ActiveServices.bindServiceLocked(ActiveServices.java:2956)
10-15 19:18:09.657: W/ActivityManager(605): 	at com.android.server.am.ActivityManagerService.bindServiceInstance(ActivityManagerService.java:12643)
10-15 19:18:09.657: W/ActivityManager(605): 	at com.android.server.am.ActivityManagerService.bindServiceInstance(ActivityManagerService.java:12599)
10-15 19:18:09.657: W/ActivityManager(605): 	at android.app.IActivityManager$Stub.onTransact(IActivityManager.java:2518)
10-15 19:18:09.657: W/ActivityManager(605): 	at com.android.server.am.ActivityManagerService.onTransact(ActivityManagerService.java:2628)
10-15 19:18:09.657: W/ActivityManager(605): 	at android.os.Binder.execTransactInternal(Binder.java:1280)
10-15 19:18:09.657: W/ActivityManager(605): 	at android.os.Binder.execTransact(Binder.java:1244)
10-15 19:18:09.679: W/Looper(605): Slow dispatch took 561ms android.fg h=android.os.Handler c=com.android.server.om.OverlayManagerService$$ExternalSyntheticLambda1@97a56e1 m=0
10-15 19:18:09.686: V/ActivityManager(605): Got obituary of 1299:com.google.android.gms.persistent
10-15 19:18:09.686: E/SoundTriggerMiddlewareLogging(605): listModules[this=com.android.server.soundtrigger_middleware.SoundTriggerMiddlewareImpl@59f227d, client=android.media.permission.Identity{uid: 10107, pid: 1886, packageName: com.google.android.googlequicksearchbox, attributionTag: null}]() threw
10-15 19:18:09.686: E/SoundTriggerMiddlewareLogging(605): java.lang.SecurityException: Failed to obtain permission android.permission.RECORD_AUDIO for identity android.media.permission.Identity{uid: 10107, pid: 1886, packageName: com.google.android.googlequicksearchbox, attributionTag: null}
10-15 19:18:09.686: E/SoundTriggerMiddlewareLogging(605): 	at com.android.server.soundtrigger_middleware.SoundTriggerMiddlewarePermission.enforcePermissionForPreflight(SoundTriggerMiddlewarePermission.java:191)
10-15 19:18:09.686: E/SoundTriggerMiddlewareLogging(605): 	at com.android.server.soundtrigger_middleware.SoundTriggerMiddlewarePermission.enforcePermissionsForPreflight(SoundTriggerMiddlewarePermission.java:119)
10-15 19:18:09.686: E/SoundTriggerMiddlewareLogging(605): 	at com.android.server.soundtrigger_middleware.SoundTriggerMiddlewarePermission.listModules(SoundTriggerMiddlewarePermission.java:82)
10-15 19:18:09.686: E/SoundTriggerMiddlewareLogging(605): 	at com.android.server.soundtrigger_middleware.SoundTriggerMiddlewareLogging.listModules(SoundTriggerMiddlewareLogging.java:77)
10-15 19:18:09.686: E/SoundTriggerMiddlewareLogging(605): 	at com.android.server.soundtrigger_middleware.SoundTriggerMiddlewareService.listModulesAsMiddleman(SoundTriggerMiddlewareService.java:94)
10-15 19:18:09.686: E/SoundTriggerMiddlewareLogging(605): 	at android.hardware.soundtrigger.SoundTrigger.listModulesAsMiddleman(SoundTrigger.java:2093)
10-15 19:18:09.686: E/SoundTriggerMiddlewareLogging(605): 	at com.android.server.soundtrigger.SoundTriggerService$1.listModuleProperties(SoundTriggerService.java:227)
10-15 19:18:09.686: E/SoundTriggerMiddlewareLogging(605): 	at com.android.server.soundtrigger.SoundTriggerHelper.<init>(SoundTriggerHelper.java:151)
10-15 19:18:09.686: E/SoundTriggerMiddlewareLogging(605): 	at com.android.server.soundtrigger.SoundTriggerService.newSoundTriggerHelper(SoundTriggerService.java:223)
10-15 19:18:09.686: E/SoundTriggerMiddlewareLogging(605): 	at com.android.server.soundtrigger.SoundTriggerService.-$$Nest$mnewSoundTriggerHelper(Unknown Source:0)
10-15 19:18:09.686: E/SoundTriggerMiddlewareLogging(605): 	at com.android.server.soundtrigger.SoundTriggerService$SoundTriggerSessionStub.<init>(SoundTriggerService.java:272)
10-15 19:18:09.686: E/SoundTriggerMiddlewareLogging(605): 	at com.android.server.soundtrigger.SoundTriggerService$SoundTriggerServiceStub.attachAsOriginator(SoundTriggerService.java:246)
10-15 19:18:09.686: E/SoundTriggerMiddlewareLogging(605): 	at com.android.internal.app.ISoundTriggerService$Stub.onTransact(ISoundTriggerService.java:136)
10-15 19:18:09.686: E/SoundTriggerMiddlewareLogging(605): 	at android.os.Binder.execTransactInternal(Binder.java:1280)
10-15 19:18:09.686: E/SoundTriggerMiddlewareLogging(605): 	at android.os.Binder.execTransact(Binder.java:1244)
10-15 19:18:09.686: W/SoundTrigger(605): Exception caught
10-15 19:18:09.686: W/SoundTrigger(605): java.lang.SecurityException: Failed to obtain permission android.permission.RECORD_AUDIO for identity android.media.permission.Identity{uid: 10107, pid: 1886, packageName: com.google.android.googlequicksearchbox, attributionTag: null}
10-15 19:18:09.686: W/SoundTrigger(605): 	at com.android.server.soundtrigger_middleware.SoundTriggerMiddlewarePermission.enforcePermissionForPreflight(SoundTriggerMiddlewarePermission.java:191)
10-15 19:18:09.686: W/SoundTrigger(605): 	at com.android.server.soundtrigger_middleware.SoundTriggerMiddlewarePermission.enforcePermissionsForPreflight(SoundTriggerMiddlewarePermission.java:119)
10-15 19:18:09.686: W/SoundTrigger(605): 	at com.android.server.soundtrigger_middleware.SoundTriggerMiddlewarePermission.listModules(SoundTriggerMiddlewarePermission.java:82)
10-15 19:18:09.686: W/SoundTrigger(605): 	at com.android.server.soundtrigger_middleware.SoundTriggerMiddlewareLogging.listModules(SoundTriggerMiddlewareLogging.java:77)
10-15 19:18:09.686: W/SoundTrigger(605): 	at com.android.server.soundtrigger_middleware.SoundTriggerMiddlewareService.listModulesAsMiddleman(SoundTriggerMiddlewareService.java:94)
10-15 19:18:09.686: W/SoundTrigger(605): 	at android.hardware.soundtrigger.SoundTrigger.listModulesAsMiddleman(SoundTrigger.java:2093)
10-15 19:18:09.686: W/SoundTrigger(605): 	at com.android.server.soundtrigger.SoundTriggerService$1.listModuleProperties(SoundTriggerService.java:227)
10-15 19:18:09.686: W/SoundTrigger(605): 	at com.android.server.soundtrigger.SoundTriggerHelper.<init>(SoundTriggerHelper.java:151)
10-15 19:18:09.686: W/SoundTrigger(605): 	at com.android.server.soundtrigger.SoundTriggerService.newSoundTriggerHelper(SoundTriggerService.java:223)
10-15 19:18:09.686: W/SoundTrigger(605): 	at com.android.server.soundtrigger.SoundTriggerService.-$$Nest$mnewSoundTriggerHelper(Unknown Source:0)
10-15 19:18:09.686: W/SoundTrigger(605): 	at com.android.server.soundtrigger.SoundTriggerService$SoundTriggerSessionStub.<init>(SoundTriggerService.java:272)
10-15 19:18:09.686: W/SoundTrigger(605): 	at com.android.server.soundtrigger.SoundTriggerService$SoundTriggerServiceStub.attachAsOriginator(SoundTriggerService.java:246)
10-15 19:18:09.686: W/SoundTrigger(605): 	at com.android.internal.app.ISoundTriggerService$Stub.onTransact(ISoundTriggerService.java:136)
10-15 19:18:09.686: W/SoundTrigger(605): 	at android.os.Binder.execTransactInternal(Binder.java:1280)
10-15 19:18:09.686: W/SoundTrigger(605): 	at android.os.Binder.execTransact(Binder.java:1244)
10-15 19:18:09.686: W/SoundTriggerHelper(605): listModules status=-1, # of modules=0
10-15 19:18:09.686: I/ActivityManager(605): Process com.google.android.gms.unstable (pid 2367) has died: cch+5 CEM 
10-15 19:18:09.704: D/CompatibilityChangeReporter(605): Compat change id reported: 135634846; UID 10108; state: DISABLED
10-15 19:18:09.706: D/CompatibilityChangeReporter(605): Compat change id reported: 143937733; UID 10108; state: ENABLED
10-15 19:18:09.713: D/Zygote(355): Forked child process 8070
10-15 19:18:09.714: D/ConnectivityService(605): requestNetwork for uid/pid:10122/7880 activeRequest: null callbackRequest: 208 [NetworkRequest [ REQUEST id=209, [ Capabilities: INTERNET&NOT_RESTRICTED&TRUSTED&NOT_VCN_MANAGED Uid: 10122 RequestorUid: 10122 RequestorPkg: com.google.android.youtube UnderlyingNetworks: Null] ]] callback flags: 0 order: 2147483647
10-15 19:18:09.736: D/ConnectivityService(605): NetReassign [209 : null → 103]
10-15 19:18:09.743: D/WifiNetworkFactory(605): got request NetworkRequest [ REQUEST id=209, [ Capabilities: INTERNET&NOT_RESTRICTED&TRUSTED&NOT_VCN_MANAGED Uid: 10122 RequestorUid: 10122 RequestorPkg: com.google.android.youtube UnderlyingNetworks: Null] ]
10-15 19:18:09.743: D/UntrustedWifiNetworkFactory(605): got request NetworkRequest [ REQUEST id=209, [ Capabilities: INTERNET&NOT_RESTRICTED&TRUSTED&NOT_VCN_MANAGED Uid: 10122 RequestorUid: 10122 RequestorPkg: com.google.android.youtube UnderlyingNetworks: Null] ]
10-15 19:18:09.744: D/OemPaidWifiNetworkFactory(605): got request NetworkRequest [ REQUEST id=209, [ Capabilities: INTERNET&NOT_RESTRICTED&TRUSTED&NOT_VCN_MANAGED Uid: 10122 RequestorUid: 10122 RequestorPkg: com.google.android.youtube UnderlyingNetworks: Null] ]
10-15 19:18:09.744: D/MultiInternetWifiNetworkFactory(605): got request NetworkRequest [ REQUEST id=209, [ Capabilities: INTERNET&NOT_RESTRICTED&TRUSTED&NOT_VCN_MANAGED Uid: 10122 RequestorUid: 10122 RequestorPkg: com.google.android.youtube UnderlyingNetworks: Null] ]
10-15 19:18:09.755: I/Zygote(8070): seccomp disabled by setenforce 0
10-15 19:18:09.757: W/CBVerifier(7314): Fail to register phenotypeflags for com.google.android.libraries.consentverifier#com.google.android.gm. lny: 20: The connection to Google Play services was lost due to service disconnection.
10-15 19:18:09.758: W/ClearcutLoggerApiImpl(6690): logEvent exception
10-15 19:18:09.758: W/ClearcutLoggerApiImpl(6690): android.os.DeadObjectException
10-15 19:18:09.758: W/ClearcutLoggerApiImpl(6690): 	at android.os.BinderProxy.transactNative(Native Method)
10-15 19:18:09.758: W/ClearcutLoggerApiImpl(6690): 	at android.os.BinderProxy.transact(BinderProxy.java:584)
10-15 19:18:09.758: W/ClearcutLoggerApiImpl(6690): 	at com.google.android.aidl.BaseProxy.transactOneway(PG:1)
10-15 19:18:09.758: W/ClearcutLoggerApiImpl(6690): 	at com.google.android.gms.clearcut.internal.IClearcutLoggerService$Stub$Proxy.logEvent(PG:4)
10-15 19:18:09.758: W/ClearcutLoggerApiImpl(6690): 	at atxa.d(PG:35)
10-15 19:18:09.758: W/ClearcutLoggerApiImpl(6690): 	at atxa.b(PG:1)
10-15 19:18:09.758: W/ClearcutLoggerApiImpl(6690): 	at aubg.j(PG:1)
10-15 19:18:09.758: W/ClearcutLoggerApiImpl(6690): 	at auaw.f(PG:1)
10-15 19:18:09.758: W/ClearcutLoggerApiImpl(6690): 	at aucc.q(PG:2)
10-15 19:18:09.758: W/ClearcutLoggerApiImpl(6690): 	at aucc.r(PG:2)
10-15 19:18:09.758: W/ClearcutLoggerApiImpl(6690): 	at aucc.c(PG:3)
10-15 19:18:09.758: W/ClearcutLoggerApiImpl(6690): 	at aucg.handleMessage(PG:95)
10-15 19:18:09.758: W/ClearcutLoggerApiImpl(6690): 	at android.os.Handler.dispatchMessage(Handler.java:102)
10-15 19:18:09.758: W/ClearcutLoggerApiImpl(6690): 	at auvs.b(PG:1)
10-15 19:18:09.758: W/ClearcutLoggerApiImpl(6690): 	at auvs.dispatchMessage(PG:1)
10-15 19:18:09.758: W/ClearcutLoggerApiImpl(6690): 	at android.os.Looper.loopOnce(Looper.java:201)
10-15 19:18:09.758: W/ClearcutLoggerApiImpl(6690): 	at android.os.Looper.loop(Looper.java:288)
10-15 19:18:09.758: W/ClearcutLoggerApiImpl(6690): 	at android.os.HandlerThread.run(HandlerThread.java:67)
10-15 19:18:09.760: E/ClientLoggingReceiver(6690): Logging to Clearcut failed.
10-15 19:18:09.760: E/ClientLoggingReceiver(6690): atzz: 8: 
10-15 19:18:09.760: E/ClientLoggingReceiver(6690): 	at bdje.a(PG:7)
10-15 19:18:09.760: E/ClientLoggingReceiver(6690): 	at aubn.handleMessage(PG:6)
10-15 19:18:09.760: E/ClientLoggingReceiver(6690): 	at android.os.Handler.dispatchMessage(Handler.java:106)
10-15 19:18:09.760: E/ClientLoggingReceiver(6690): 	at auvs.b(PG:1)
10-15 19:18:09.760: E/ClientLoggingReceiver(6690): 	at auvs.dispatchMessage(PG:1)
10-15 19:18:09.760: E/ClientLoggingReceiver(6690): 	at android.os.Looper.loopOnce(Looper.java:201)
10-15 19:18:09.760: E/ClientLoggingReceiver(6690): 	at android.os.Looper.loop(Looper.java:288)
10-15 19:18:09.760: E/ClientLoggingReceiver(6690): 	at android.app.ActivityThread.main(ActivityThread.java:7866)
10-15 19:18:09.760: E/ClientLoggingReceiver(6690): 	at java.lang.reflect.Method.invoke(Native Method)
10-15 19:18:09.760: E/ClientLoggingReceiver(6690): 	at com.android.internal.os.RuntimeInit$MethodAndArgsCaller.run(RuntimeInit.java:548)
10-15 19:18:09.760: E/ClientLoggingReceiver(6690): 	at com.android.internal.os.ZygoteInit.main(ZygoteInit.java:936)
10-15 19:18:09.762: E/PhenotypeFlagCommitter(6690): Retrieving snapshot for com.google.android.ims.library failed
10-15 19:18:09.763: W/PhenotypeFlagCommitter(6690): Committing snapshot for com.google.android.apps.messaging#com.google.android.apps.messaging failed, retrying
10-15 19:18:09.763: I/SettingsSearchProvider(7842): Skip indexing category: com.android.settings.category.ia.development
10-15 19:18:09.766: D/TrafficStats(7880): tagSocket(94) with statsTag=0xffffffff, statsUid=-1
10-15 19:18:09.783: E/ClientLoggingReceiver(1886): Logging to Clearcut failed.
10-15 19:18:09.783: E/ClientLoggingReceiver(1886): com.google.android.gms.common.api.n: 20: The connection to Google Play services was lost due to service disconnection. Last reason for disconnect: Timing out service connection.
10-15 19:18:09.783: E/ClientLoggingReceiver(1886): 	at com.google.android.libraries.v.b.a(PG:7)
10-15 19:18:09.783: E/ClientLoggingReceiver(1886): 	at com.google.android.gms.common.api.internal.t.handleMessage(PG:6)
10-15 19:18:09.783: E/ClientLoggingReceiver(1886): 	at android.os.Handler.dispatchMessage(Handler.java:106)
10-15 19:18:09.783: E/ClientLoggingReceiver(1886): 	at android.os.Looper.loopOnce(Looper.java:201)
10-15 19:18:09.783: E/ClientLoggingReceiver(1886): 	at android.os.Looper.loop(Looper.java:288)
10-15 19:18:09.783: E/ClientLoggingReceiver(1886): 	at android.app.ActivityThread.main(ActivityThread.java:7866)
10-15 19:18:09.783: E/ClientLoggingReceiver(1886): 	at java.lang.reflect.Method.invoke(Native Method)
10-15 19:18:09.783: E/ClientLoggingReceiver(1886): 	at com.android.internal.os.RuntimeInit$MethodAndArgsCaller.run(RuntimeInit.java:548)
10-15 19:18:09.783: E/ClientLoggingReceiver(1886): 	at com.android.internal.os.ZygoteInit.main(ZygoteInit.java:936)
10-15 19:18:09.783: I/SoundTriggerService(605): getModuleProperties()
10-15 19:18:09.784: I/A(1886): getModuleProperties: device does not support SoundTrigger recognition
10-15 19:18:09.789: I/SettingsSearchProvider(7842): Skip indexing category: com.android.settings.category.ia.homepage
10-15 19:18:09.791: W/ActivityManager(605): Slow operation: 88ms so far, now at startProcess: done updating battery stats
10-15 19:18:09.791: W/ActivityManager(605): Slow operation: 88ms so far, now at startProcess: building log message
10-15 19:18:09.791: I/ActivityManager(605): Start proc 8070:com.google.android.gms.persistent/u0a108 for service {com.google.android.gms/com.google.android.gms.chimera.PersistentApiService}
10-15 19:18:09.791: W/ActivityManager(605): Slow operation: 88ms so far, now at startProcess: starting to update pids map
10-15 19:18:09.792: W/ActivityManager(605): Slow operation: 90ms so far, now at startProcess: done updating pids map
10-15 19:18:09.792: W/ActivityManager(605): Slow operation: 58ms so far, now at startProcess: asking zygote to start proc
10-15 19:18:09.804: W/SearchServiceCore(1886): Abort, client detached.
10-15 19:18:09.804: W/SearchServiceCore(1886): Abort, client detached.
10-15 19:18:09.804: W/SearchServiceCore(1886): Abort, client detached.
10-15 19:18:09.805: D/ConnectivityService(605): NetReassign [no changes]
10-15 19:18:09.809: W/MetricsFeatureProvider(7795): Disabled westworld logs writing!!!
10-15 19:18:09.812: D/AppWidgetServiceImpl(605): Provider info from ComponentInfo{com.google.android.googlequicksearchbox/com.google.android.googlequicksearchbox.SearchWidgetProvider} won't be persisted.
10-15 19:18:09.812: D/AppWidgetServiceImpl(605): Provider info from ComponentInfo{com.google.android.googlequicksearchbox/com.google.android.apps.gsa.staticplugins.smartspace.widget.SmartspaceWidgetProvider} won't be persisted.
10-15 19:18:09.828: D/LocalImageResolver(879): Couldn't use ImageDecoder for drawable, falling back to non-resized load.
10-15 19:18:09.880: D/Zygote(355): Forked child process 8076
10-15 19:18:09.880: W/ActivityManager(605): Slow operation: 146ms so far, now at startProcess: returned from zygote!
10-15 19:18:09.881: W/ActivityManager(605): Slow operation: 147ms so far, now at startProcess: done updating battery stats
10-15 19:18:09.881: W/ActivityManager(605): Slow operation: 147ms so far, now at startProcess: building log message
10-15 19:18:09.881: I/ActivityManager(605): Start proc 8076:com.google.android.gms/u0a108 for service {com.google.android.gms/com.google.android.gms.gass.GassService}
10-15 19:18:09.881: W/ActivityManager(605): Slow operation: 147ms so far, now at startProcess: starting to update pids map
10-15 19:18:09.881: W/ActivityManager(605): Slow operation: 147ms so far, now at startProcess: done updating pids map
10-15 19:18:09.883: I/BugleRcsProvisioning(6690): BugleSystemBindingManager: onCsLibPhenotypeUpdated
10-15 19:18:09.980: W/.mtaas.backdrop(7358): Cleared Reference was only reachable from finalizer (only reported once)
10-15 19:18:09.987: W/System(7358): A resource failed to call AbstractCursor.close. 
10-15 19:18:09.995: W/System(7358): A resource failed to call CursorWrapperInner.close. 
10-15 19:18:09.995: W/System(7358): A resource failed to call AbstractCursor.close. 
10-15 19:18:09.997: W/System(7358): A resource failed to call CursorWrapperInner.close. 
10-15 19:18:10.008: I/InputReader(605): Reconfiguring input devices, changes=KEYBOARD_LAYOUTS | 
10-15 19:18:10.010: I/CarrierServices(1765): [69] buo.k: Reinitialize CSLib Flags: com.google.android.ims.library
10-15 19:18:10.064: D/EGL_emulation(7358): app_time_stats: avg=985.34ms min=974.53ms max=996.16ms count=2
10-15 19:18:10.073: I/Zygote(355): Process 6660 exited due to signal 9 (Killed)
10-15 19:18:10.096: W/ndroid.settings(7842): Cleared Reference was only reachable from finalizer (only reported once)
10-15 19:18:10.110: I/libprocessgroup(605): Successfully killed process cgroup uid 10108 pid 2367 in 0ms
10-15 19:18:10.163: W/QsbUiManager(1250): Doodle is not valid.
10-15 19:18:10.163: W/QsbUiManager(1250): Doodle bitmap is not valid.
10-15 19:18:10.191: W/Looper(605): Slow delivery took 599ms android.fg h=android.os.Handler c=com.android.internal.infra.ServiceConnector$Impl$$ExternalSyntheticLambda2@ba4dc2d m=0
10-15 19:18:10.191: W/Looper(605): Slow dispatch took 513ms android.fg h=android.os.Handler c=com.android.internal.infra.ServiceConnector$Impl$$ExternalSyntheticLambda2@ba4dc2d m=0
10-15 19:18:10.227: D/CompatibilityChangeReporter(605): Compat change id reported: 168419799; UID 10122; state: DISABLED
10-15 19:18:10.247: W/Looper(605): Slow dispatch took 252ms main h=com.android.server.notification.NotificationManagerService$WorkerHandler c=com.android.server.notification.NotificationManagerService$$ExternalSyntheticLambda8@815a562 m=0
10-15 19:18:10.247: W/Looper(605): Slow delivery took 254ms main h=android.service.notification.NotificationListenerService$MyHandler c=null m=1
10-15 19:18:10.248: I/Telecom(605): DefaultDialerCache: Refreshing default dialer for user 0: now com.google.android.dialer: DDC.oR@ATA
10-15 19:18:10.248: W/Looper(605): Drained
10-15 19:18:10.269: D/CarrierSvcBindHelper(1038): onPackageModified: com.kbwtf.yiqiwan.android
10-15 19:18:10.270: D/CarrierSvcBindHelper(1038): No carrier app for: 0
10-15 19:18:10.273: W/CarrierServices(1765): [69] bhs.w: Unable to send diagnostic log
10-15 19:18:10.274: I/CarrierServices(1765): [69] cpm.u: ProvisioningEngineManager: onCsLibPhenotypeUpdated, provisioningTaskInBugleEnabled = true, currentProvisioningStrategy = ctr
10-15 19:18:10.953: W/audit(0): audit_lost=1872 audit_rate_limit=5 audit_backlog_limit=64
10-15 19:18:10.966: E/audit(0): rate limit exceeded
10-15 19:18:10.283: D/ImsResolver(1038): maybeAddedImsService, packageName: com.kbwtf.yiqiwan.android
10-15 19:18:10.294: I/BugleRcsEngine(6690): [78] anpa.b: SystemBindingManager: force P/H Flag update scheduled and start updateBinding
10-15 19:18:10.295: I/Bugle(6690): RcsAvailabilityUtilForProvisioningEngineV2: onCsLibPhenotypeUpdated
10-15 19:18:10.295: I/BugleRcsProvisioning(6690): RcsProvisioningTrigger: onCsLibPhenotypeUpdated, enableProvisioningTaskInBugle = true
10-15 19:18:10.295: I/BugleRcsProvisioning(6690): RcsProvisioningTrigger: updateRcsAvailability : hint = CSLIB_PHENOTYPE_UPDATE
10-15 19:18:10.300: W/ndroid.systemui(879): Long monitor contention with owner SysUiBg (1136) at long android.content.res.AssetManager.createTheme()(AssetManager.java:1199) waiters=0 in java.lang.CharSequence android.content.res.AssetManager.getResourceText(int) for 243ms
10-15 19:18:10.312: W/.gms.persistent(8070): Unexpected CPU variant for x86: x86_64.
10-15 19:18:10.312: W/.gms.persistent(8070): Known variants: atom, sandybridge, silvermont, kabylake, default
10-15 19:18:10.313: I/RoleService(605): Granting default roles...
10-15 19:18:10.320: D/EGL_emulation(879): app_time_stats: avg=1473.13ms min=1473.13ms max=1473.13ms count=1
10-15 19:18:10.322: W/BugleRcsEngine(6690): [83] awck.x: Unable to send diagnostic log
10-15 19:18:10.353: D/LocalImageResolver(879): Couldn't use ImageDecoder for drawable, falling back to non-resized load.
10-15 19:18:10.368: D/LocalImageResolver(879): Couldn't use ImageDecoder for drawable, falling back to non-resized load.
10-15 19:18:10.461: I/Bugle(6690): RcsAvailabilityUtilForProvisioningEngineV2: updateAvailabilityAsync, hint: CSLIB_PHENOTYPE_UPDATE
10-15 19:18:10.462: I/Bugle(6690): RcsAvailabilityUtilForProvisioningEngineV2: swapAvailabilityUpdater, provisioningTaskInBugle: true, activeRcsAvailabilityUpdater: agsj
10-15 19:18:10.462: I/BugleRcsProvisioning(6690): RcsAvailabilityUpdaterLocal: updateAvailabilityAsync: scheduling updateRcsAvailability call, hint: CSLIB_PHENOTYPE_UPDATE, enableWelcomePopupWithoutGoogleTos: false, reshowSuccessPopup: false
10-15 19:18:10.473: W/GmsClient(7880): IGmsServiceBroker.getService failed
10-15 19:18:10.473: W/GmsClient(7880): android.os.DeadObjectException
10-15 19:18:10.473: W/GmsClient(7880): 	at android.os.BinderProxy.transactNative(Native Method)
10-15 19:18:10.473: W/GmsClient(7880): 	at android.os.BinderProxy.transact(BinderProxy.java:584)
10-15 19:18:10.473: W/GmsClient(7880): 	at lvm.A(PG:15)
10-15 19:18:10.473: W/GmsClient(7880): 	at kuh.run(PG:44)
10-15 19:18:10.473: W/GmsClient(7880): 	at android.os.Handler.handleCallback(Handler.java:942)
10-15 19:18:10.473: W/GmsClient(7880): 	at android.os.Handler.dispatchMessage(Handler.java:99)
