10-15 19:18:26.253: I/native(8076): I0000 00:00:1665886706.253268    8209 permission-checker.cc:74] Creating PermissionChecker based on ACL with config_version 1 having 8 permissions defined.
10-15 19:18:26.253: W/native(8076): W0000 00:00:1665886706.253450    8209 words-map.cc:36] INVALID_ARGUMENT: Empty URI
10-15 19:18:26.253: W/native(8076): W0000 00:00:1665886706.253482    8209 words-map.cc:40] WordsMap was not properly initialized
10-15 19:18:26.265: I/TapAndPay(8070): getInstance: new instance created [CONTEXT service_id=79 ]
10-15 19:18:26.286: D/CompatibilityChangeReporter(8617): Compat change id reported: 171979766; UID 10108; state: ENABLED
10-15 19:18:26.294: I/NearbyDiscovery(8070): FastPair: HeadsetPieceImage, grant permission files:0 [CONTEXT service_id=49 ]
10-15 19:18:26.294: I/NearbyDiscovery(8070): FastPairEventStream: Initialize event stream [CONTEXT service_id=49 ]
10-15 19:18:26.306: W/native(8076): W0000 00:00:1665886706.306880    8209 array-storage-crc.cc:149] File /data/data/com.google.android.gms/files/AppDataSearch/main/cur/ds.docids bad crc 2463688975 vs 3459623134
10-15 19:18:26.307: W/native(8076): W0000 00:00:1665886706.307461    8209 array-storage-crc.cc:149] File /data/data/com.google.android.gms/files/AppDataSearch/main/cur/ds.perdocdata bad crc 2274130138 vs 3680581899
10-15 19:18:26.308: W/native(8076): W0000 00:00:1665886706.308056    8209 array-storage-crc.cc:149] File /data/data/com.google.android.gms/files/AppDataSearch/main/cur/ds.cscoring bad crc 1789439595 vs 3481332676
10-15 19:18:26.312: E/native(8076): E0000 00:00:1665886706.312061    8209 array-storage.cc:99] Array storage bad crc 510927597 vs 0
10-15 19:18:26.312: E/native(8076): E0000 00:00:1665886706.312109    8209 dynamic-trie.cc:501] Trie mmap node failed
10-15 19:18:26.343: W/native(8076): W0000 00:00:1665886706.342976    8209 document-store.cc:167] Docstore bad crc 0xcb6c711a vs 0xe111d227
10-15 19:18:26.371: D/nativeloader(8617): classloader namespace configured for unbundled product apk. library_path=/product/priv-app/PrebuiltGmsCore/lib/x86_64:/product/priv-app/PrebuiltGmsCore/PrebuiltGmsCore.apk!/lib/x86_64:/product/lib64:/system/product/lib64
10-15 19:18:26.386: W/ChimeraUtils(8070): Module com.google.android.gms.nearby_en has empty metadata display_name_string_id
10-15 19:18:26.401: D/BoundBrokerSvc(8076): onBind: Intent { act=com.google.android.gms.findmydevice.spot.service.locationreport.START dat=chimera-action: cmp=com.google.android.gms/.chimera.GmsApiService }
10-15 19:18:26.401: D/BoundBrokerSvc(8076): Loading bound service for intent: Intent { act=com.google.android.gms.findmydevice.spot.service.locationreport.START dat=chimera-action: cmp=com.google.android.gms/.chimera.GmsApiService }
10-15 19:18:26.418: V/GraphicsEnvironment(8617): ANGLE Developer option for 'com.google.android.gms' set to: 'default'
10-15 19:18:26.418: V/GraphicsEnvironment(8617): ANGLE GameManagerService for com.google.android.gms: false
10-15 19:18:26.418: V/GraphicsEnvironment(8617): Neither updatable production driver nor prerelease driver is supported.
10-15 19:18:26.427: W/IndexableItem(8405): indexing key is not set:Intent { act=com.google.android.gms.auth.api.credentials.PHONE_NUMBER_HINT_SETTINGS cat=[android.intent.category.DEFAULT] pkg=com.google.android.gms } [CONTEXT service_id=231 ]
10-15 19:18:26.427: W/IndexableItem(8405): indexing key is not set:Intent { act=com.google.android.gms.auth.api.credentials.PHONE_NUMBER_HINT_SETTINGS cat=[android.intent.category.DEFAULT] pkg=com.google.android.gms } [CONTEXT service_id=231 ]
10-15 19:18:26.429: E/IndexableItem(8405): target is not exported: Intent { act=com.google.android.gms.cast.settings.CastSettingsCollapsingAction pkg=com.google.android.gms (has extras) }, title:Google Cast 选项 [CONTEXT service_id=231 ]
10-15 19:18:26.436: D/NetworkSecurityConfig(8617): Using Network Security Config from resource network_security_config debugBuild: false
10-15 19:18:26.436: D/BoundBrokerSvc(8076): onBind: Intent { act=com.google.android.gms.connectedhome.service.START pkg=com.google.android.gms }
10-15 19:18:26.436: D/BoundBrokerSvc(8076): Loading bound service for intent: Intent { act=com.google.android.gms.connectedhome.service.START pkg=com.google.android.gms }
10-15 19:18:26.436: I/BndSvcConfigHelper(8076): No bound-service is registered for action: com.google.android.gms.connectedhome.service.START
10-15 19:18:26.436: I/BoundBrokerSvc(8076): Bound service not available for: Intent { act=com.google.android.gms.connectedhome.service.START pkg=com.google.android.gms }
10-15 19:18:26.436: I/GmsApiChimeraSvc(8076): Handling missing api service for: com.google.android.gms.connectedhome.service.START
10-15 19:18:26.437: D/NetworkSecurityConfig(8617): Using Network Security Config from resource network_security_config debugBuild: false
10-15 19:18:26.451: D/BoundBrokerSvc(8070): onBind: Intent { act=com.google.android.gms.icing.LIGHTWEIGHT_INDEX_SERVICE dat=chimera-action: cmp=com.google.android.gms/.chimera.PersistentApiService }
10-15 19:18:26.451: D/BoundBrokerSvc(8070): Loading bound service for intent: Intent { act=com.google.android.gms.icing.LIGHTWEIGHT_INDEX_SERVICE dat=chimera-action: cmp=com.google.android.gms/.chimera.PersistentApiService }
10-15 19:18:26.454: W/IndexableItem(8405): info is null [CONTEXT service_id=231 ]
10-15 19:18:26.455: W/IndexableItem(8405): indexing key is not set:Intent { act=com.google.android.gms.auth.api.credentials.PHONE_NUMBER_HINT_SETTINGS cat=[android.intent.category.DEFAULT] pkg=com.google.android.gms } [CONTEXT service_id=231 ]
10-15 19:18:26.457: W/RemoteCallableBase(7795): Null cursor. Cannot add index data for Uri: content://com.google.android.gms/settings/dynamic_indexables_raw
10-15 19:18:26.483: I/LocationHistory(8076): [IntentOperation] Module is disabled [CONTEXT service_id=314 ]
10-15 19:18:26.510: I/CAR.DRIVINGMODE(8405): DrivingMode Settings Indexed from the location module
10-15 19:18:26.519: I/LocationHistory(8076): [IntentOperation] Module is disabled [CONTEXT service_id=314 ]
10-15 19:18:26.529: W/ChimeraUtils(8070): Module com.google.android.gms.nearby_en has empty metadata display_name_string_id
10-15 19:18:26.538: I/TapAndPay(8070): Maintaining payment bundles [CONTEXT service_id=79 ]
10-15 19:18:26.548: I/TapAndPay(8070): Finished maintaining payment bundles [CONTEXT service_id=79 ]
10-15 19:18:26.572: D/BoundBrokerSvc(8076): onBind: Intent { act=com.google.android.gms.people.service.START dat=chimera-action: cmp=com.google.android.gms/.chimera.GmsBoundBrokerService }
10-15 19:18:26.572: D/BoundBrokerSvc(8076): Loading bound service for intent: Intent { act=com.google.android.gms.people.service.START dat=chimera-action: cmp=com.google.android.gms/.chimera.GmsBoundBrokerService }
10-15 19:18:26.600: W/IndexableItem(8405): indexing key is not set:Intent { act=com.google.android.gms.auth.api.credentials.PHONE_NUMBER_HINT_SETTINGS cat=[android.intent.category.DEFAULT] pkg=com.google.android.gms } [CONTEXT service_id=231 ]
10-15 19:18:26.614: E/IndexableItem(8405): target is not exported: Intent { act=com.google.android.gms.cast.settings.CastSettingsCollapsingAction pkg=com.google.android.gms (has extras) }, title:Google Cast 选项 [CONTEXT service_id=231 ]
10-15 19:18:26.617: I/Wear_Controller(8070): Wearable module requires a companion app to be installed.
10-15 19:18:26.617: I/WearableService(8070): onCreate: Wearable Services not starting. Wear is not available on this device.
10-15 19:18:26.629: W/ChimeraUtils(8070): Module com.google.android.gms.nearby_en has empty metadata display_name_string_id
10-15 19:18:26.655: W/IndexableItem(8405): info is null [CONTEXT service_id=231 ]
10-15 19:18:26.663: I/DynamiteModule(8617): Considering local module com.google.android.gms.permissions:1 and remote module com.google.android.gms.permissions:1
10-15 19:18:26.663: I/DynamiteModule(8617): Selected local version of com.google.android.gms.permissions
10-15 19:18:26.671: D/BoundBrokerSvc(8076): onBind: Intent { act=com.google.android.gms.feedback.internal.IFeedbackService dat=chimera-action: cmp=com.google.android.gms/.chimera.GmsBoundBrokerService }
10-15 19:18:26.671: D/BoundBrokerSvc(8076): Loading bound service for intent: Intent { act=com.google.android.gms.feedback.internal.IFeedbackService dat=chimera-action: cmp=com.google.android.gms/.chimera.GmsBoundBrokerService }
10-15 19:18:26.693: W/MetricsFeatureProvider(7795): Disabled westworld logs writing!!!
10-15 19:18:26.708: W/ProviderHelper(8617): Unknown dynamite feature providerinstaller.dynamite
10-15 19:18:26.708: I/DynamiteModule(8617): Considering local module com.google.android.gms.providerinstaller.dynamite:1 and remote module com.google.android.gms.providerinstaller.dynamite:0
10-15 19:18:26.709: I/DynamiteModule(8617): Selected local version of com.google.android.gms.providerinstaller.dynamite
10-15 19:18:26.718: V/NativeCrypto(8617): Registering com/google/android/gms/org/conscrypt/NativeCrypto's 295 native methods...
10-15 19:18:26.775: D/BoundBrokerSvc(8070): onBind: Intent { act=com.google.android.gms.facs.cache.service.START dat=chimera-action: cmp=com.google.android.gms/.chimera.PersistentApiService }
10-15 19:18:26.779: D/BoundBrokerSvc(8070): Loading bound service for intent: Intent { act=com.google.android.gms.facs.cache.service.START dat=chimera-action: cmp=com.google.android.gms/.chimera.PersistentApiService }
10-15 19:18:26.808: E/native(8076): E0000 00:00:1665886706.808557    8209 array-storage.cc:99] Array storage bad crc 1416212909 vs 2606881156
10-15 19:18:26.808: E/native(8076): E0000 00:00:1665886706.808664    8209 dynamic-trie.cc:501] Trie mmap node failed
10-15 19:18:26.808: E/native(8076): E0000 00:00:1665886706.808713    8209 flash-index.cc:700] Lite index failed to initialize; clearing: INTERNAL: Failed to initialize lexicon trie
10-15 19:18:26.822: I/ProviderInstaller(8617): Installed default security provider GmsCore_OpenSSL
10-15 19:18:26.827: D/TileServices(879): Couldn't find tile for ComponentInfo{com.google.android.apps.wellbeing/com.google.android.apps.wellbeing.screen.ui.GrayscaleTileService}
10-15 19:18:26.827: D/TileServices(879): Couldn't find tile for ComponentInfo{com.google.android.apps.wellbeing/com.google.android.apps.wellbeing.screen.ui.GrayscaleTileService}
10-15 19:18:26.843: E/GCoreUlr(8070): Create new device tag of 1807372347 without device reboot
10-15 19:18:26.853: D/CompatibilityChangeReporter(605): Compat change id reported: 201794303; UID 10108; state: ENABLED
10-15 19:18:26.862: I/GCoreUlr(8070): WorldUpdater received intent Intent { act=com.google.android.location.reporting.ACTION_UPDATE_WORLD cmp=com.google.android.gms/com.google.android.location.reporting.service.DispatchingService (has extras) } with receiverAction com.google.android.location.internal.server.ACTION_RESTARTED
10-15 19:18:26.863: W/ChimeraUtils(8070): Module com.google.android.gms.nearby_en has empty metadata display_name_string_id
10-15 19:18:26.912: W/ChimeraUtils(8070): Module com.google.android.gms.nearby_en has empty metadata display_name_string_id
10-15 19:18:26.915: D/CompatibilityChangeReporter(605): Compat change id reported: 194532703; UID 1000; state: ENABLED
10-15 19:18:26.940: W/NetworkScheduler(8070): Immediate task was not started com.google.android.gms/.tapandpay.gcmtask.TapAndPayGcmTaskService{u=0 tag="hce.dynamic_aid_registration.oneoff" trigger=window{start=0s,end=1s,earliest=0s,latest=0s} requirements=[NET_ANY] attributes=[] scheduled=0s last_run=N/A exec_window_multiplier=1.0000 jid=N/A status=PENDING retries=0 client_lib=GMS_TASK_SCHEDULER-221821000}. Rescheduling immediate tasks can cause excessive battery drain.
10-15 19:18:26.948: W/ChimeraUtils(8070): Module com.google.android.gms.nearby_en has empty metadata display_name_string_id
10-15 19:18:26.957: D/CompatibilityChangeReporter(8617): Compat change id reported: 183155436; UID 10108; state: ENABLED
10-15 19:18:26.961: I/GmsApplication(8617): [gms_startup_benchmark] Static start time (ms): 1177616, Startup latency (ms): 508, Is system user: true
10-15 19:18:26.979: I/btgd(8617): Primes not initialized, returning default (no-op) Primes instance which will ignore all calls. Please call Primes.initialize(...) before using any Primes API.
10-15 19:18:26.983: I/GCoreUlr(8070): WorldUpdater:com.google.android.location.internal.server.ACTION_RESTARTED: Ensuring that reporting is stopped because of reasons: {account#8#=[InactiveReason{mIdentifier=6, mName='ReportingNotEnabled'}, InactiveReason{mIdentifier=14, mName='HistoryNotEnabled'}]}
10-15 19:18:26.994: I/GMS_MM_Logger(8617): Started.
10-15 19:18:27.028: I/NetworkScheduler.Stats(8070): Task com.google.android.gms/com.google.android.gms.checkin.CheckinService finished executing. cause:7 result: 3 elapsed_millis: 1431 uptime_millis: 1431 exec_start_elapsed_seconds: 1176 [CONTEXT service_id=218 ]
10-15 19:18:27.030: I/Watchcat(8617): Started
10-15 19:18:27.051: I/GCoreUlr(8070): Unbound from all signal providers.
10-15 19:18:27.062: D/EGL_emulation(7358): app_time_stats: avg=978.76ms min=972.15ms max=985.36ms count=2
10-15 19:18:27.065: D/CompatibilityChangeReporter(605): Compat change id reported: 168419799; UID 1000; state: DISABLED
10-15 19:18:27.073: W/JobInfo(605): Requested flex +57m36s0ms for job 100003 is too small; raising to +1h12m0s0ms
10-15 19:18:27.177: I/GCoreUlr(8070): WorldUpdater received intent Intent { act=com.google.android.location.reporting.ACTION_UPDATE_WORLD cmp=com.google.android.gms/com.google.android.location.reporting.service.DispatchingService (has extras) } with receiverAction android.location.PROVIDERS_CHANGED
10-15 19:18:27.196: W/MetricsFeatureProvider(7795): Disabled westworld logs writing!!!
10-15 19:18:27.201: W/SQLiteLog(7795): (28) double-quoted string literal: "com.google.android.gms"
10-15 19:18:27.205: W/IndexDataConverter(7795): Skipping null deep link for raw indexable com.google.android.gms/Google Cast 选项
10-15 19:18:27.206: W/IndexDataConverter(7795): Skipping null deep link for raw indexable com.google.android.gms/Google Play 免安装体验
10-15 19:18:27.261: I/GCoreUlr(8070): WorldUpdater:android.location.PROVIDERS_CHANGED: Ensuring that reporting is stopped because of reasons: {account#8#=[InactiveReason{mIdentifier=6, mName='ReportingNotEnabled'}, InactiveReason{mIdentifier=14, mName='HistoryNotEnabled'}]}
10-15 19:18:27.279: I/GCoreUlr(8070): Unbound from all signal providers.
10-15 19:18:27.303: W/Icing(8076): Package com.google.android.googlequicksearchbox targets Android P and isn't allowed to use AppDataSearch indexing API
10-15 19:18:27.344: I/GCoreUlr(8070): WorldUpdater received intent Intent { act=com.google.android.location.reporting.ACTION_UPDATE_WORLD cmp=com.google.android.gms/com.google.android.location.reporting.service.DispatchingService (has extras) } with receiverAction android.location.PROVIDERS_CHANGED
10-15 19:18:27.354: W/AppSearchIndex(7795): schedule indexing, force = true
10-15 19:18:27.355: W/MetricsFeatureProvider(7795): Disabled westworld logs writing!!!
10-15 19:18:27.372: I/GCoreUlr(8070): WorldUpdater:android.location.PROVIDERS_CHANGED: Ensuring that reporting is stopped because of reasons: {account#8#=[InactiveReason{mIdentifier=6, mName='ReportingNotEnabled'}, InactiveReason{mIdentifier=14, mName='HistoryNotEnabled'}]}
10-15 19:18:27.377: I/GCoreUlr(8070): Unbound from all signal providers.
10-15 19:18:27.381: W/Icing(8076): Package com.google.android.gm targets Android P and isn't allowed to use AppDataSearch indexing API
10-15 19:18:27.391: I/NearbyDiscovery(8070): Show notifications: 0 total, no changes since last shown, no-op. [CONTEXT service_id=49 ]
10-15 19:18:27.393: D/BluetoothAdapter(8070): isLeEnabled(): ON
10-15 19:18:27.394: I/GCoreUlr(8070): Grpc compression enabled: gzip
10-15 19:18:27.421: I/MdiSyncModule(8076): Operation '1' completed successfully!
10-15 19:18:27.427: D/BtGatt.GattService(973): stopScan() - queue size =2
10-15 19:18:27.433: D/ActivityAttributionService(973): notifyActivityAttributionInfo UID=1002 packageName=com.android.bluetooth deviceAddress=no_active_device_address
10-15 19:18:27.433: I/bt_btif(973): packages/modules/Bluetooth/system/btif/src/bluetooth.cc:468 get_profile_interface: get_profile_interface: id = activity_attribution
10-15 19:18:27.434: D/BtGatt.ScanManager(973): handling stopping scan  [ScanClient scanModeApp 2 scanModeUsed 2 [appScanStats com.google.uid.shared:10108]]
10-15 19:18:27.435: D/BtGatt.ScanManager(973): configureRegularScanParams() - queue=1
10-15 19:18:27.439: D/BtGatt.GattService(973): unregisterScanner() - scannerId=1
10-15 19:18:27.441: I/bt_stack(973): [INFO:le_scanning_manager.cc(145)] Unregister in shim layer, scanner_id:1
10-15 19:18:27.443: I/Nearby(8070): Successfully shutdown executor MBleClient.executorService. [CONTEXT service_id=49 ]
10-15 19:18:27.447: I/MdiSyncModule(8076): Executing operation '1'...
10-15 19:18:27.494: I/GmsApiChimeraSvc(8076): Using MissingApiServiceBroker for com.google.android.gms.connectedhome.service.START due to missing BoundService implementation
10-15 19:18:27.500: I/GCoreUlr(8070): Unbound from all signal providers.
10-15 19:18:27.500: I/GCoreUlr(8070): Stopping handler for UlrDispSvcFast
10-15 19:18:27.504: I/NearbyDiscovery(8070): FastPairHandler: Received action android.net.wifi.STATE_CHANGE [CONTEXT service_id=49 ]
10-15 19:18:27.516: I/NearbyDiscovery(8070): FastPairHandler: Received action android.net.conn.CONNECTIVITY_CHANGE [CONTEXT service_id=49 ]
10-15 19:18:27.526: I/PeopleChimeraService(8076): onService. callbacks = agfp@c34d701, request = com.google.android.gms.common.internal.GetServiceRequest@7c809a6
10-15 19:18:27.545: W/.gms.persistent(8070): Long monitor contention with owner lowpool[9] (8575) at void bddm.n(bdad, bdad, int)(:com.google.android.gms@221821047@22.18.21 (190800-453244992):6) waiters=0 in int bddm.l(bdcx, ahja) for 160ms
10-15 19:18:27.567: I/Icing(8076): updateResources: need to parse ajcp{com.google.android.gms}
10-15 19:18:27.595: W/WearableService(8070): onGetService: Wear is not available on this device.
10-15 19:18:27.626: I/FacsCacheGmsModule(8070): Receiving API connection to FACS API from package 'com.google.android.gms'...
10-15 19:18:27.669: I/.gms.persistent(8070): Compiler allocated 4385KB to compile void vdx.f(android.content.Context)
10-15 19:18:27.688: I/cr_CronetUrlRequestContext(8076): destroyNativeStreamLocked org.chromium.net.impl.CronetBidirectionalStream@55507db
10-15 19:18:27.774: I/MdiSyncModule(8076): Operation '1' completed successfully!
10-15 19:18:27.777: I/MdiSyncModule(8076): Executing operation '1'...
10-15 19:18:27.784: W/TapAndPay(8070): NfcAdapter is null while obtaining CardEmulation instance. [CONTEXT service_id=79 ]
10-15 19:18:27.784: W/TapAndPay(8070): java.lang.NullPointerException: NfcAdapter is null
10-15 19:18:27.784: W/TapAndPay(8070): 	at android.nfc.cardemulation.CardEmulation.getInstance(CardEmulation.java:154)
10-15 19:18:27.784: W/TapAndPay(8070): 	at bgws.<init>(:com.google.android.gms@221821047@22.18.21 (190800-453244992):0)
10-15 19:18:27.784: W/TapAndPay(8070): 	at com.google.android.gms.tapandpay.hce.task.TapAndPayAidRegistrationTaskOperation.a(:com.google.android.gms@221821047@22.18.21 (190800-453244992):5)
10-15 19:18:27.784: W/TapAndPay(8070): 	at com.google.android.gms.tapandpay.gcmtask.TapAndPayGcmTaskChimeraService.a(:com.google.android.gms@221821047@22.18.21 (190800-453244992):4)
10-15 19:18:27.784: W/TapAndPay(8070): 	at amql.call(:com.google.android.gms@221821047@22.18.21 (190800-453244992):4)
10-15 19:18:27.784: W/TapAndPay(8070): 	at java.util.concurrent.FutureTask.run(FutureTask.java:264)
10-15 19:18:27.784: W/TapAndPay(8070): 	at wwq.c(:com.google.android.gms@221821047@22.18.21 (190800-453244992):6)
10-15 19:18:27.784: W/TapAndPay(8070): 	at wwq.run(:com.google.android.gms@221821047@22.18.21 (190800-453244992):7)
10-15 19:18:27.784: W/TapAndPay(8070): 	at java.util.concurrent.ThreadPoolExecutor.runWorker(ThreadPoolExecutor.java:1137)
10-15 19:18:27.784: W/TapAndPay(8070): 	at java.util.concurrent.ThreadPoolExecutor$Worker.run(ThreadPoolExecutor.java:637)
10-15 19:18:27.784: W/TapAndPay(8070): 	at xbv.run(:com.google.android.gms@221821047@22.18.21 (190800-453244992):0)
10-15 19:18:27.784: W/TapAndPay(8070): 	at java.lang.Thread.run(Thread.java:1012)
10-15 19:18:27.818: I/GmsAccounts(6690): GMSCore Auth returned 1 accounts.
10-15 19:18:27.820: I/GmsAccounts(6690): GoogleOwnersProvider returned 1 accounts.
10-15 19:18:27.894: D/TrafficStats(8070): tagSocket(188) with statsTag=0x30000407, statsUid=-1
10-15 19:18:27.900: I/cr_CronetUrlRequestContext(8076): destroyNativeStreamLocked org.chromium.net.impl.CronetBidirectionalStream@f3cf349
10-15 19:18:27.913: I/.gms.persistent(8070): Background concurrent copying GC freed 236291(14MB) AllocSpace objects, 109(4120KB) LOS objects, 49% free, 14MB/28MB, paused 30.497ms,177us total 700.239ms
10-15 19:18:27.918: W/Conscrypt(8070): Could not set socket write timeout: java.net.SocketException: Socket closed
10-15 19:18:27.933: W/Conscrypt(8070): 	at com.google.android.gms.org.conscrypt.Platform.setSocketWriteTimeout(:com.google.android.gms@221821047@22.18.21 (190800-453244992):2)
10-15 19:18:27.933: W/Conscrypt(8070): 	at com.google.android.gms.org.conscrypt.ConscryptFileDescriptorSocket.setSoWriteTimeout(:com.google.android.gms@221821047@22.18.21 (190800-453244992):0)
10-15 19:18:27.937: I/FacsCacheGmsModule(8070): API connection successful!
10-15 19:18:27.944: I/Nearby(8070): Failed to shutdown executor MBleClient.onLostExecutorService. [CONTEXT service_id=49 ]
10-15 19:18:27.953: W/Conscrypt(8070): Could not set socket write timeout: java.net.SocketException: Socket closed
10-15 19:18:27.954: W/Conscrypt(8070): 	at com.google.android.gms.org.conscrypt.Platform.setSocketWriteTimeout(:com.google.android.gms@221821047@22.18.21 (190800-453244992):2)
10-15 19:18:27.958: W/Conscrypt(8070): 	at com.google.android.gms.org.conscrypt.ConscryptFileDescriptorSocket.setSoWriteTimeout(:com.google.android.gms@221821047@22.18.21 (190800-453244992):0)
10-15 19:18:27.977: D/BoundBrokerSvc(8070): onBind: Intent { act=com.google.android.gms.udc.service.START dat=chimera-action: cmp=com.google.android.gms/.chimera.PersistentApiService }
10-15 19:18:27.977: D/BoundBrokerSvc(8070): Loading bound service for intent: Intent { act=com.google.android.gms.udc.service.START dat=chimera-action: cmp=com.google.android.gms/.chimera.PersistentApiService }
10-15 19:18:27.989: I/MdiSyncModule(8076): Operation '1' completed successfully!
10-15 19:18:28.013: I/NetworkScheduler.Stats(8070): Task com.google.android.gms/com.google.android.gms.tapandpay.gcmtask.TapAndPayGcmTaskService started execution. cause:5 exec_start_elapsed_seconds: 1178 [CONTEXT service_id=218 ]
10-15 19:18:28.038: I/NetworkScheduler.Stats(8070): Task com.google.android.gms/com.google.android.gms.tapandpay.gcmtask.TapAndPayGcmTaskService finished executing. cause:5 result: 3 elapsed_millis: 307 uptime_millis: 307 exec_start_elapsed_seconds: 1178 [CONTEXT service_id=218 ]
10-15 19:18:28.191: W/Looper(605): Slow dispatch took 131ms android.ui h=com.android.server.am.ActivityManagerService$UiHandler c=null m=31
10-15 19:18:28.206: I/MdiSyncModule(8076): Receiving API connection from package 'com.google.android.gms'...
10-15 19:18:28.221: I/MdiSyncModule(8076): API connection successful!
10-15 19:18:28.221: I/Icing(8076): Internal init done: storage state 0
10-15 19:18:28.229: I/abb(8691): StartCommandInProcess(73657474696e67730067657400656e61 settings.get.ena [truncated])
10-15 19:18:28.236: I/Icing(8076): IndexChimeraService.getServiceInterface callingPackage=com.google.android.gms componentName=AppsCorpus serviceId=36
10-15 19:18:28.238: W/GLSUser(8070): [AppCertManager] IOException while requesting key: 
10-15 19:18:28.238: W/GLSUser(8070): java.io.IOException: Invalid device key response.
10-15 19:18:28.238: W/GLSUser(8070): 	at kzi.b(:com.google.android.gms@221821047@22.18.21 (190800-453244992):28)
10-15 19:18:28.238: W/GLSUser(8070): 	at kzg.a(:com.google.android.gms@221821047@22.18.21 (190800-453244992):5)
10-15 19:18:28.238: W/GLSUser(8070): 	at kzg.ej(:com.google.android.gms@221821047@22.18.21 (190800-453244992):1)
10-15 19:18:28.238: W/GLSUser(8070): 	at enb.onTransact(:com.google.android.gms@221821047@22.18.21 (190800-453244992):5)
10-15 19:18:28.238: W/GLSUser(8070): 	at android.os.Binder.transact(Binder.java:1164)
10-15 19:18:28.238: W/GLSUser(8070): 	at ess.onTransact(:com.google.android.gms@221821047@22.18.21 (190800-453244992):2)
10-15 19:18:28.238: W/GLSUser(8070): 	at android.os.Binder.transact(Binder.java:1164)
10-15 19:18:28.238: W/GLSUser(8070): 	at agjf.onTransact(:com.google.android.gms@221821047@22.18.21 (190800-453244992):17)
10-15 19:18:28.238: W/GLSUser(8070): 	at android.os.Binder.execTransactInternal(Binder.java:1280)
10-15 19:18:28.238: W/GLSUser(8070): 	at android.os.Binder.execTransact(Binder.java:1244)
10-15 19:18:28.241: W/GLSUser(8070): [DeviceKeyStore] Cannot load key: Device key file not found.
10-15 19:18:28.244: W/.gms.persistent(8070): Long monitor contention with owner binder:8070_10 (8591) at boolean kzi.b()(:com.google.android.gms@221821047@22.18.21 (190800-453244992):44) waiters=0 in java.lang.String kzg.a(java.lang.String) for 1.959s
10-15 19:18:28.246: W/GLSUser(8070): [DeviceKeyStore] Cannot load key: Device key file not found.
10-15 19:18:28.247: W/GLSUser(8070): [DeviceKeyStore] Cannot load key: Device key file not found.
10-15 19:18:28.249: W/.gms.persistent(8070): Long monitor contention with owner binder:8070_10 (8591) at boolean kzi.b()(:com.google.android.gms@221821047@22.18.21 (190800-453244992):44) waiters=1 in java.lang.String kzg.a(java.lang.String) for 332ms
10-15 19:18:28.250: W/GLSUser(8070): [DeviceKeyStore] Cannot load key: Device key file not found.
10-15 19:18:28.251: W/GLSUser(8070): [DeviceKeyStore] Cannot load key: Device key file not found.
10-15 19:18:28.261: I/Icing(8076): IndexChimeraService.getServiceInterface callingPackage=com.google.android.gms componentName=ContactsIndexer serviceId=33
10-15 19:18:28.265: D/CompatibilityChangeReporter(605): Compat change id reported: 135634846; UID 10114; state: DISABLED
10-15 19:18:28.268: D/CompatibilityChangeReporter(605): Compat change id reported: 143937733; UID 10114; state: ENABLED
10-15 19:18:28.273: I/abb(8691): StartCommandInProcess(7061636b61676500696e7374616c6c00 package.install. [truncated])
10-15 19:18:28.281: D/Zygote(355): Forked child process 8704
10-15 19:18:28.290: I/ActivityManager(605): Start proc 8704:com.google.android.apps.youtube.music/u0a114 for broadcast {com.google.android.apps.youtube.music/com.google.android.libraries.youtube.account.service.AccountsChangedReceiver}
10-15 19:18:28.300: I/Zygote(8704): seccomp disabled by setenforce 0
10-15 19:18:28.315: D/TrafficStats(8070): tagSocket(121) with statsTag=0x30000603, statsUid=10108
10-15 19:18:28.322: W/s.youtube.music(8704): Unexpected CPU variant for x86: x86_64.
10-15 19:18:28.322: W/s.youtube.music(8704): Known variants: atom, sandybridge, silvermont, kabylake, default
10-15 19:18:28.323: D/TrafficStats(8070): tagSocket(122) with statsTag=0x30002200, statsUid=10108
10-15 19:18:28.328: W/Conscrypt(8070): Could not set socket write timeout: java.net.SocketException: Socket closed
10-15 19:18:28.328: W/Conscrypt(8070): 	at com.google.android.gms.org.conscrypt.Platform.setSocketWriteTimeout(:com.google.android.gms@221821047@22.18.21 (190800-453244992):2)
10-15 19:18:28.329: W/Conscrypt(8070): 	at com.google.android.gms.org.conscrypt.ConscryptFileDescriptorSocket.setSoWriteTimeout(:com.google.android.gms@221821047@22.18.21 (190800-453244992):0)
10-15 19:18:28.335: I/adbd(424): jdwp connection from 8704
10-15 19:18:28.346: W/Conscrypt(8070): Could not set socket write timeout: java.net.SocketException: Socket closed
10-15 19:18:28.347: W/Conscrypt(8070): 	at com.google.android.gms.org.conscrypt.Platform.setSocketWriteTimeout(:com.google.android.gms@221821047@22.18.21 (190800-453244992):2)
10-15 19:18:28.347: W/Conscrypt(8070): 	at com.google.android.gms.org.conscrypt.ConscryptFileDescriptorSocket.setSoWriteTimeout(:com.google.android.gms@221821047@22.18.21 (190800-453244992):0)
10-15 19:18:28.368: I/PackageManager(605): Integrity check passed for file:///data/app/vmdl1528170275.tmp
10-15 19:18:28.372: I/Icing(8076): IndexChimeraService.getServiceInterface callingPackage=com.google.android.gms componentName=null serviceId=30
10-15 19:18:28.381: W/Conscrypt(8070): Could not set socket write timeout: java.net.SocketException: Socket closed
10-15 19:18:28.381: W/Conscrypt(8070): 	at com.google.android.gms.org.conscrypt.Platform.setSocketWriteTimeout(:com.google.android.gms@221821047@22.18.21 (190800-453244992):2)
10-15 19:18:28.384: W/Conscrypt(8070): 	at com.google.android.gms.org.conscrypt.ConscryptFileDescriptorSocket.setSoWriteTimeout(:com.google.android.gms@221821047@22.18.21 (190800-453244992):0)
10-15 19:18:28.407: D/CompatibilityChangeReporter(8704): Compat change id reported: 171979766; UID 10114; state: ENABLED
10-15 19:18:28.423: W/Conscrypt(8070): Could not set socket write timeout: java.net.SocketException: Socket closed
10-15 19:18:28.423: W/Conscrypt(8070): 	at com.google.android.gms.org.conscrypt.Platform.setSocketWriteTimeout(:com.google.android.gms@221821047@22.18.21 (190800-453244992):2)
10-15 19:18:28.423: W/Conscrypt(8070): 	at com.google.android.gms.org.conscrypt.ConscryptFileDescriptorSocket.setSoWriteTimeout(:com.google.android.gms@221821047@22.18.21 (190800-453244992):0)
10-15 19:18:28.436: D/PackageManager(605): Instant App installer not found with android.intent.action.INSTALL_INSTANT_APP_PACKAGE
10-15 19:18:28.436: D/PackageManager(605): Clear ephemeral installer activity
10-15 19:18:28.449: D/CompatibilityChangeReporter(605): Compat change id reported: 161145287; UID 10108; state: DISABLED
10-15 19:18:28.460: D/TrafficStats(8076): tagSocket(143) with statsTag=0x30004600, statsUid=10108
10-15 19:18:28.474: W/PackageManager(605): User 0 is not ready. Restore at install didn't take place.
10-15 19:18:28.479: D/PackageInstallerSession(605): Marking session 1528170275 as applied
10-15 19:18:28.482: E/installd(460): Couldn't opendir /data/app/vmdl1528170275.tmp: No such file or directory
10-15 19:18:28.482: E/installd(460): Failed to delete /data/app/vmdl1528170275.tmp: No such file or directory
10-15 19:18:28.485: D/CompatibilityChangeReporter(605): Compat change id reported: 168419799; UID 10177; state: DISABLED
10-15 19:18:28.494: I/MediaProvider(1503): Invalidating LocalCallingIdentity cache for package com.google.testing.helium.utp.android.instrumentation.uid. Reason: package android.intent.action.PACKAGE_ADDED
10-15 19:18:28.497: D/AccountManagerService(605): no credentials permission for usage of Account {name=xxxxxxxxxxxxxxxxxxxxxxxxxx-xx@xxxxxxxxxxxxxxxxxxxx.xxx, type=com.google}, null by uid 10177 but ignoring since device is in test harness.
10-15 19:18:28.508: I/RoleService(605): Granting default roles...
10-15 19:18:28.520: I/system_server(605): Background young concurrent copying GC freed 616693(25MB) AllocSpace objects, 4(80KB) LOS objects, 48% free, 24MB/48MB, paused 108us,195us total 265.135ms
10-15 19:18:28.534: I/Telecom(605): DefaultDialerCache: Refreshing default dialer for user 0: now com.google.android.dialer: DDC.oR@AUU
10-15 19:18:28.534: D/CompatibilityChangeReporter(605): Compat change id reported: 218533173; UID 10177; state: DISABLED
10-15 19:18:28.537: I/InputReader(605): Reconfiguring input devices, changes=KEYBOARD_LAYOUTS | 
10-15 19:18:28.540: I/GsaVoiceInteractionSrv(1602): O received Intent { act=android.intent.action.PACKAGE_ADDED dat=package: flg=0x4000010 (has extras) }
10-15 19:18:28.568: D/CompatibilityChangeReporter(605): Compat change id reported: 168419799; UID 10149; state: DISABLED
10-15 19:18:28.582: D/nativeloader(8704): classloader namespace configured for unbundled product apk. library_path=/product/app/YouTubeMusicPrebuilt/lib/x86_64:/product/app/YouTubeMusicPrebuilt/YouTubeMusicPrebuilt.apk!/lib/x86_64:/product/lib64:/system/product/lib64
10-15 19:18:28.606: W/Nearby(8070): [MBleClient] Failed to schedule onLostCycle due to onLostExecutorService is not available. [CONTEXT service_id=49 ]
10-15 19:18:28.618: I/GCoreUlr(8070): sendSettings(syncNotDefinedYet): sent GetSettingsResults{mModMillis=null, mReportingEnabled=null, mReportingSource=com.google.android.gms+new-device-tag, mHistoryEnabled=null, mHistorySource=com.google.android.gms+new-device-tag, mUserRestriction=0, mSource=0, mConcurrencyType=0, mDeletions=0, mPrimaryDevice=null, mAccountType=0}, got back GetSettingsResults{mModMillis=0, mReportingEnabled=false, mReportingSource=null, mHistoryEnabled=false, mHistorySource=null, mUserRestriction=0, mSource=0, mConcurrencyType=0, mDeletions=0, mPrimaryDevice=null, mAccountType=0}; success: true
10-15 19:18:28.622: W/SearchServiceCore(1886): Abort, client detached.
10-15 19:18:28.622: W/SearchServiceCore(1886): Abort, client detached.
10-15 19:18:28.632: I/Telecom(605): DefaultDialerCache: Refreshing default dialer for user 0: now com.google.android.dialer: DDC.oR@AUY
10-15 19:18:28.635: I/InputReader(605): Reconfiguring input devices, changes=KEYBOARD_LAYOUTS | 
10-15 19:18:28.640: I/NearbyDiscovery(8070): DiscoveryNearbyMessagesManager failed to background subscribe [CONTEXT service_id=49 ]
10-15 19:18:28.640: I/NearbyDiscovery(8070): java.util.concurrent.TimeoutException: Timed out waiting for Task
10-15 19:18:28.640: I/NearbyDiscovery(8070): 	at bisj.m(:com.google.android.gms@221821047@22.18.21 (190800-453244992):6)
10-15 19:18:28.640: I/NearbyDiscovery(8070): 	at ardj.a(:com.google.android.gms@221821047@22.18.21 (190800-453244992):25)
10-15 19:18:28.640: I/NearbyDiscovery(8070): 	at ardd.run(:com.google.android.gms@221821047@22.18.21 (190800-453244992):3)
10-15 19:18:28.640: I/NearbyDiscovery(8070): 	at cosq.handleMessage(:com.google.android.gms@221821047@22.18.21 (190800-453244992):5)
10-15 19:18:28.640: I/NearbyDiscovery(8070): 	at android.os.Handler.dispatchMessage(Handler.java:106)
10-15 19:18:28.640: I/NearbyDiscovery(8070): 	at amoz.ki(:com.google.android.gms@221821047@22.18.21 (190800-453244992):0)
10-15 19:18:28.640: I/NearbyDiscovery(8070): 	at amoz.dispatchMessage(:com.google.android.gms@221821047@22.18.21 (190800-453244992):11)
10-15 19:18:28.640: I/NearbyDiscovery(8070): 	at android.os.Looper.loopOnce(Looper.java:201)
10-15 19:18:28.640: I/NearbyDiscovery(8070): 	at android.os.Looper.loop(Looper.java:288)
10-15 19:18:28.640: I/NearbyDiscovery(8070): 	at android.os.HandlerThread.run(HandlerThread.java:67)
10-15 19:18:28.687: E/VerityUtils(605): Failed to measure fs-verity, errno 1: /data/app/~~bNs66GFz5uIHBuBCTF56GQ==/androidx.test.tools.crawler-aAkEIRxkvgXouS2xJ4wtIw==/base.apk
10-15 19:18:28.695: D/CarrierSvcBindHelper(1038): onPackageAdded: com.google.testing.helium.utp.android.instrumentation.uid
10-15 19:18:28.703: D/CarrierSvcBindHelper(1038): No carrier app for: 0
10-15 19:18:28.731: V/GraphicsEnvironment(8704): ANGLE Developer option for 'com.google.android.apps.youtube.music' set to: 'default'
10-15 19:18:28.735: V/GraphicsEnvironment(8704): ANGLE GameManagerService for com.google.android.apps.youtube.music: false
10-15 19:18:28.735: V/GraphicsEnvironment(8704): Neither updatable production driver nor prerelease driver is supported.
10-15 19:18:28.771: D/NetworkSecurityConfig(8704): Using Network Security Config from resource network_security_config debugBuild: false
10-15 19:18:28.772: D/NetworkSecurityConfig(8704): Using Network Security Config from resource network_security_config debugBuild: false
10-15 19:18:28.774: D/AndroidRuntime(8726): >>>>>> START com.android.internal.os.RuntimeInit uid 0 <<<<<<
10-15 19:18:28.784: I/PermissionControllerServiceImpl(8445): Updating user sensitive for uid 10177
10-15 19:18:28.786: I/AndroidRuntime(8726): Using default boot image
10-15 19:18:28.786: I/AndroidRuntime(8726): Leaving lock profiling enabled
10-15 19:18:28.787: D/CarrierSvcBindHelper(1038): onPackageModified: com.google.testing.helium.utp.android.instrumentation.uid
10-15 19:18:28.787: D/CarrierSvcBindHelper(1038): No carrier app for: 0
10-15 19:18:28.787: D/ImsResolver(1038): maybeAddedImsService, packageName: com.google.testing.helium.utp.android.instrumentation.uid
10-15 19:18:28.804: I/app_process(8726): Core platform API reporting enabled, enforcing=false
10-15 19:18:28.813: W/Role(8445): Cannot get ApplicationInfo for default holder: com.google.android.contacts
10-15 19:18:28.857: W/GCM(8070): Unexpected forwarded intent: Intent { act=android.intent.action.PACKAGE_ADDED dat=package: flg=0x4000010 pkg=com.google.android.gms cmp=com.google.android.gms/.chimera.PersistentIntentOperationService (has extras) }
10-15 19:18:28.858: W/GCM(8070): Unexpected forwarded intent: Intent { act=android.intent.action.PACKAGE_ADDED dat=package: flg=0x4000010 pkg=com.google.android.gms cmp=com.google.android.gms/.chimera.PersistentIntentOperationService (has extras) }
10-15 19:18:28.860: I/FontLog(8070): Package com.google.testing.helium.utp.android.instrumentation.uid has no metadata [CONTEXT service_id=132 ]
10-15 19:18:28.912: I/Fitness(8070): OnPackageChangedOperation got intent: Intent { act=android.intent.action.PACKAGE_CHANGED dat=package: flg=0x5000010 pkg=com.google.android.gms cmp=com.google.android.gms/.chimera.PersistentIntentOperationService (has extras) } [CONTEXT service_id=17 ]
10-15 19:18:28.941: W/Looper(605): Slow dispatch took 172ms android.fg h=android.os.Handler c=android.app.LoadedApk$ServiceDispatcher$RunConnection@bf69534 m=0
10-15 19:18:28.945: I/Fitness(8070): FitCleanupIntentOperation received Intent android.intent.action.PACKAGE_CHANGED [CONTEXT service_id=17 ]
10-15 19:18:28.952: D/CompatibilityChangeReporter(605): Compat change id reported: 168419799; UID 10108; state: DISABLED
10-15 19:18:28.965: I/PermissionControllerServiceImpl(8445): Updating user sensitive for uid 10177
10-15 19:18:28.980: D/ImsResolver(1038): maybeAddedImsService, packageName: com.google.testing.helium.utp.android.instrumentation.uid
10-15 19:18:29.041: W/Looper(605): Slow delivery took 231ms android.fg h=android.os.Handler c=<recycled PooledLambda@77a561b> m=0
10-15 19:18:29.058: D/EGL_emulation(7358): app_time_stats: avg=997.84ms min=984.20ms max=1011.48ms count=2
10-15 19:18:29.146: W/Role(8445): Default holder doesn't have required signing certificate: com.google.android.apps.work.clouddpc:23962F4B43B9857638EA66F4D419518EAE282491ACDA4B94707BD59003C45E58
10-15 19:18:29.148: W/Looper(605): Slow dispatch took 106ms android.fg h=android.os.Handler c=<recycled PooledLambda@5dac4ec> m=0
10-15 19:18:29.152: D/app_process(8726): Time zone APEX ICU file found: /apex/com.android.tzdata/etc/icu/icu_tzdata.dat
10-15 19:18:29.152: D/app_process(8726): I18n APEX ICU file found: /apex/com.android.i18n/etc/icu/icudt70l.dat
10-15 19:18:29.163: W/system_server(605): Long monitor contention with owner binder:605_B (1267) at boolean android.os.MessageQueue.enqueueMessage(android.os.Message, long)(MessageQueue.java:600) waiters=0 in android.os.Message android.os.MessageQueue.next() for 179ms
10-15 19:18:29.184: W/app_process(8726): Unexpected CPU variant for x86: x86_64.
10-15 19:18:29.184: W/app_process(8726): Known variants: atom, sandybridge, silvermont, kabylake, default
10-15 19:18:29.206: W/system_server(605): Long monitor contention with owner binder:605_B (1267) at int com.android.server.am.ActivityManagerService.bindServiceInstance(android.app.IApplicationThread, android.os.IBinder, android.content.Intent, java.lang.String, android.app.IServiceConnection, int, java.lang.String, boolean, int, java.lang.String, java.lang.String, int)(ActivityManagerService.java:12643) waiters=1 in int com.android.server.am.ActivityManagerService.bindServiceInstance(android.app.IApplicationThread, android.os.IBinder, android.content.Intent, java.lang.String, android.app.IServiceConnection, int, java.lang.String, boolean, int, java.lang.String, java.lang.String, int) for 210ms
10-15 19:18:29.249: W/Role(8445): Cannot get ApplicationInfo for default holder: com.google.android.odad
10-15 19:18:29.251: I/FacsCacheGmsModule(8070): Received 'getActivityControlsSettings' request from package 'com.google.android.gms', instance id 'gmscoreinmemoryfacscache_nearby_sharing', version '1'...
10-15 19:18:29.258: I/FacsCacheGmsModule(8070): Operation 'getActivityControlsSettings' dispatched!
10-15 19:18:29.259: I/FacsCacheGmsModule(8070): Executing operation 'GetActivityControlsSettingsOperation'...
10-15 19:18:29.278: W/NearbySharing(8070): Cannot set visibility on DisabledNearbySharingProvider. [CONTEXT service_id=194 ]
10-15 19:18:29.281: I/GCoreUlr(8070): syncNotDefinedYet() GetSettingsResults{mModMillis=0, mReportingEnabled=false, mReportingSource=null, mHistoryEnabled=false, mHistorySource=null, mUserRestriction=0, mSource=0, mConcurrencyType=0, mDeletions=0, mPrimaryDevice=null, mAccountType=0} at 1665886709281: account#8#: LR=0 -> -1, LH=0 -> -1, [HistoryNotEnabled, ReportingNotEnabled]; 
10-15 19:18:29.283: I/GCoreUlr(8070): AutoEnableManager setIneligible for account#8#
10-15 19:18:29.283: I/NearbySharing(8070): Broadcasting NearbySharing state change. [CONTEXT service_id=194 ]
10-15 19:18:29.284: I/NearbySharing(8070): Screen is unlocked [CONTEXT service_id=194 ]
10-15 19:18:29.286: I/NearbyMediums(8070): FEATURE_UWB exists: false [CONTEXT service_id=54 ]
10-15 19:18:29.286: I/NearbyMediums(8070): FEATURE_SAMSUNG_UWB  exists: false [CONTEXT service_id=54 ]
10-15 19:18:29.286: I/NearbyMediums(8070): FEATURE_UWB exists: false [CONTEXT service_id=54 ]
10-15 19:18:29.286: I/NearbyMediums(8070): FEATURE_SAMSUNG_UWB  exists: false [CONTEXT service_id=54 ]
10-15 19:18:29.286: I/NearbyMediums(8070): FEATURE_UWB exists: false [CONTEXT service_id=54 ]
10-15 19:18:29.286: I/NearbyMediums(8070): FEATURE_SAMSUNG_UWB  exists: false [CONTEXT service_id=54 ]
10-15 19:18:29.286: I/NearbyMediums(8070): FEATURE_UWB exists: false [CONTEXT service_id=54 ]
10-15 19:18:29.286: I/NearbyMediums(8070): FEATURE_SAMSUNG_UWB  exists: false [CONTEXT service_id=54 ]
10-15 19:18:29.286: I/NearbySharing(8070): Failed to stop scanning because weren't scanning. [CONTEXT service_id=194 ]
10-15 19:18:29.287: I/NearbySharing(8070): Stopping discovery because Bluetooth is disabled. [CONTEXT service_id=194 ]
10-15 19:18:29.288: I/NearbySharing(8070): Can't stop advertising FastInitiation. Not advertising. [CONTEXT service_id=194 ]
10-15 19:18:29.288: I/NearbySharing(8070): Stopping Fast Init advertisement because Bluetooth is off. [CONTEXT service_id=194 ]
10-15 19:18:29.288: I/NearbySharing(8070): Stopping advertising because Bluetooth is disabled. [CONTEXT service_id=194 ]
10-15 19:18:29.288: D/BluetoothAdapter(8070): isLeEnabled(): ON
10-15 19:18:29.291: D/BluetoothAdapter(8070): isLeEnabled(): ON
10-15 19:18:29.296: D/AndroidRuntime(8726): Calling main entry com.android.commands.am.Am
10-15 19:18:29.951: W/audit(0): audit_lost=1887 audit_rate_limit=5 audit_backlog_limit=64
10-15 19:18:29.963: E/audit(0): rate limit exceeded
10-15 19:18:29.321: D/BtGatt.GattService(973): registerScanner() - UUID=441a8227-881f-4535-8708-2ea7d87ba8ca
10-15 19:18:29.322: I/bt_stack(973): [INFO:le_scanning_manager.cc(138)] RegisterScanner in shim layer
10-15 19:18:29.322: D/BtGatt.GattService(973): onScannerRegistered() - UUID=441a8227-881f-4535-8708-2ea7d87ba8ca, scannerId=1, status=0
10-15 19:18:29.322: D/BluetoothLeScanner(8070): onScannerRegistered() - status=0 scannerId=1 mScannerId=0
10-15 19:18:29.348: I/ActivityManager(605): Force stopping com.google.testing.helium.utp.android.instrumentation.uid appid=10177 user=0: start instr
10-15 19:18:29.364: W/Looper(605): Drained
10-15 19:18:29.371: D/CompatibilityChangeReporter(605): Compat change id reported: 135634846; UID 10177; state: DISABLED
10-15 19:18:29.375: D/CompatibilityChangeReporter(605): Compat change id reported: 177438394; UID 10177; state: DISABLED
10-15 19:18:29.375: D/CompatibilityChangeReporter(605): Compat change id reported: 135772972; UID 10177; state: DISABLED
10-15 19:18:29.376: D/CompatibilityChangeReporter(605): Compat change id reported: 135754954; UID 10177; state: ENABLED
10-15 19:18:29.376: D/CompatibilityChangeReporter(605): Compat change id reported: 143937733; UID 10177; state: ENABLED
10-15 19:18:29.376: I/m.android.phone(1038): Background young concurrent copying GC freed 50144(2507KB) AllocSpace objects, 0(0B) LOS objects, 33% free, 4655KB/7042KB, paused 46us,23us total 631.152ms
10-15 19:18:29.383: D/Zygote(355): Forked child process 8747
10-15 19:18:29.398: I/ActivityManager(605): Start proc 8747:com.google.testing.helium.utp.android.instrumentation.uid/u0a177 for added application com.google.testing.helium.utp.android.instrumentation.uid
10-15 19:18:29.412: D/CompatibilityChangeReporter(605): Compat change id reported: 161145287; UID 10149; state: DISABLED
10-15 19:18:29.427: I/Zygote(8747): seccomp disabled by setenforce 0
10-15 19:18:29.432: I/rumentation.uid(8747): Late-enabling -Xcheck:jni
10-15 19:18:29.442: D/CompatibilityChangeReporter(8704): Compat change id reported: 183155436; UID 10114; state: DISABLED
10-15 19:18:29.448: W/.gms.persistent(8070): Long monitor contention with owner highpool[6] (8475) at android.content.IContentProvider android.app.ActivityThread.acquireExistingProvider(android.content.Context, java.lang.String, int, boolean)(ActivityThread.java:7155) waiters=0 in android.content.IContentProvider android.app.ActivityThread.acquireExistingProvider(android.content.Context, java.lang.String, int, boolean) for 152ms
10-15 19:18:29.448: W/Conscrypt(8076): Could not set socket write timeout: java.net.SocketException: Socket closed
10-15 19:18:29.448: W/Conscrypt(8076): 	at com.google.android.gms.org.conscrypt.Platform.setSocketWriteTimeout(:com.google.android.gms@221821047@22.18.21 (190800-453244992):2)
10-15 19:18:29.448: W/Conscrypt(8076): 	at com.google.android.gms.org.conscrypt.ConscryptFileDescriptorSocket.setSoWriteTimeout(:com.google.android.gms@221821047@22.18.21 (190800-453244992):0)
10-15 19:18:29.451: D/BtGatt.GattService(973): start scan with filters
10-15 19:18:29.453: D/BtGatt.GattService(973): enforcePrivilegedPermissionIfNeeded([BluetoothLeScanFilter [mDeviceName=null, mDeviceAddress=null, mUuid=null, mUuidMask=null, mServiceSolicitationUuid=null, mServiceSolicitationUuidMask=null, mServiceDataUuid=0000fe2c-0000-1000-8000-00805f9b34fb, mServiceData=[-4, 18, -114], mServiceDataMask=null, mManufacturerId=-1, mManufacturerData=null, mManufacturerDataMask=null, mAdvertisingDataType=-1, mAdvertisingData=null, mAdvertisingDataMask=null]])
10-15 19:18:29.456: D/BtGatt.ScanManager(973): startScan()  [ScanClient scanModeApp -1 scanModeUsed -1 [appScanStats com.google.uid.shared:10108]]
10-15 19:18:29.456: D/ActivityAttributionService(973): notifyActivityAttributionInfo UID=1002 packageName=com.android.bluetooth deviceAddress=no_active_device_address
10-15 19:18:29.456: I/bt_btif(973): packages/modules/Bluetooth/system/btif/src/bluetooth.cc:468 get_profile_interface: get_profile_interface: id = activity_attribution
10-15 19:18:29.456: D/BtGatt.ScanManager(973): handling starting scan
10-15 19:18:29.466: I/Auth(8076): [SupervisedAccountIntentOperation] onHandleIntent(): android.intent.action.PACKAGE_ADDED
10-15 19:18:29.472: D/BoundBrokerSvc(8076): onBind: Intent { act=com.google.android.gms.facs.internal.service.START dat=chimera-action: cmp=com.google.android.gms/.chimera.GmsInternalApiService }
10-15 19:18:29.472: D/BoundBrokerSvc(8076): Loading bound service for intent: Intent { act=com.google.android.gms.facs.internal.service.START dat=chimera-action: cmp=com.google.android.gms/.chimera.GmsInternalApiService }
10-15 19:18:29.490: I/PackageIntentOperation(8076): Feature flags not enabled, skipping. [CONTEXT service_id=258 ]
10-15 19:18:29.520: I/NearbySharing(8070): Started scanning for FastInitiation with mode: SCAN_MODE_OPPORTUNISTIC [CONTEXT service_id=194 ]
10-15 19:18:29.529: W/Conscrypt(8076): Could not set socket write timeout: java.net.SocketException: Socket closed
10-15 19:18:29.529: W/Conscrypt(8076): 	at com.google.android.gms.org.conscrypt.Platform.setSocketWriteTimeout(:com.google.android.gms@221821047@22.18.21 (190800-453244992):2)
10-15 19:18:29.529: W/Conscrypt(8076): 	at com.google.android.gms.org.conscrypt.ConscryptFileDescriptorSocket.setSoWriteTimeout(:com.google.android.gms@221821047@22.18.21 (190800-453244992):0)
10-15 19:18:29.540: W/GCM(8070): Force release of GOOGLE_C2DM lock
10-15 19:18:29.580: W/ziparchive(8704): Unable to open '/data/user_de/0/com.google.android.gms/app_chimera/m/00000002/DynamiteLoader.dm': No such file or directory
10-15 19:18:29.580: W/ziparchive(8704): Unable to open '/data/user_de/0/com.google.android.gms/app_chimera/m/00000002/DynamiteLoader.dm': No such file or directory
10-15 19:18:29.591: I/RoleService(605): Granting default roles...
10-15 19:18:29.598: I/Dck(8076): doesDeviceHaveSupportedWirelessCapabilities: wccSysProp:0, wccMendel:1, deviceWccOverride:false [CONTEXT service_id=289 ]
10-15 19:18:29.598: I/Dck(8076): isDckModuleEligible: isAtLeastR:true, hasWccSupport:false, downloadAllowed:false, featureEnabled:true [CONTEXT service_id=289 ]
10-15 19:18:29.598: W/Dck(8076): Dck module not eligible for asynchronous downloading [CONTEXT service_id=289 ]
10-15 19:18:29.613: E/VerityUtils(605): Failed to measure fs-verity, errno 1: /data/app/~~aNNMmlbHDYFakiLUI-z5Ig==/com.google.testing.helium.utp.android.instrumentation.uid-9Nw4YaxF-J8FpYl-s9ZP0g==/base.apk
10-15 19:18:29.659: D/CompatibilityChangeReporter(605): Compat change id reported: 161145287; UID 10114; state: DISABLED
