10-15 19:18:05.910: I/SP(7820): Syncing en-us (47) with slices: [{en-us-x-multi-r47, m:*:*:*}, {en-us-x-multi-seanet-r47, m:*:*:*}], metadata: false
10-15 19:18:05.921: D/PrefCtrlListHelper(7842): Could not find Context-only controller for pref: com.android.settings.network.EraseEuiccDataController
10-15 19:18:05.958: W/SessionLifecycleManager(1886): Client : AttachedClient[8296381605565458, ClientConfig[mFlags=[40000088001] mSuggestFlags=[0] mClientId=HOTWORD_SERVICE mSessionType=search publicSearchServiceCallerUid=-1]] has no associated SessionController
10-15 19:18:05.958: W/SearchServiceCore(1886): Abort, client detached.
10-15 19:18:05.958: W/SearchServiceCore(1886): Abort, client detached.
10-15 19:18:05.958: W/SearchServiceCore(1886): Abort, client detached.
10-15 19:18:05.959: V/SettingsSearchProvider(7842): com.android.settings.biometrics.combination.CombinedBiometricSearchIndexProvider@811d50d tried to add an empty non-indexable key
10-15 19:18:05.972: D/NetworkSecurityConfig(7880): Using Network Security Config from resource network_security_config debugBuild: false
10-15 19:18:05.979: D/NetworkSecurityConfig(7880): Using Network Security Config from resource network_security_config debugBuild: false
10-15 19:18:05.982: D/LocalBluetoothProfileManager(7842): LocalBluetoothProfileManager construction complete
10-15 19:18:05.992: D/PrefCtrlListHelper(7842): Could not find Context-only controller for pref: com.android.settings.display.darkmode.DarkModeActivationPreferenceController
10-15 19:18:05.994: D/PrefCtrlListHelper(7842): Could not find Context-only controller for pref: com.android.settings.display.TwilightLocationPreferenceController
10-15 19:18:06.001: D/PrefCtrlListHelper(7842): Could not find Context-only controller for pref: com.android.settings.display.darkmode.DarkModeScheduleSelectorController
10-15 19:18:06.001: D/PrefCtrlListHelper(7842): Could not find Context-only controller for pref: com.android.settings.display.darkmode.DarkModeCustomBedtimePreferenceController
10-15 19:18:06.008: W/SettingsPrefController(7842): Skipping updateNonIndexableKeys, key already in list. com.android.settings.display.darkmode.DarkModeCustomBedtimePreferenceController@c93b509
10-15 19:18:06.003: D/SharedPreferencesImpl(1886): Time required to fsync /data/user/0/com.google.android.googlequicksearchbox/shared_prefs/gms_icing_mdd_shared_files.xml: [<1: 0, <2: 4, <4: 11, <8: 8, <16: 5, <32: 1, <64: 3, <128: 0, <256: 0, <512: 0, <1024: 1, <2048: 0, <4096: 0, <8192: 0, <16384: 0, >=16384: 0]
10-15 19:18:06.166: D/PrefCtrlListHelper(7842): Could not find Context-only controller for pref: com.google.android.settings.fuelgauge.AdaptiveChargingPreferenceController
10-15 19:18:06.167: D/PrefCtrlListHelper(7842): Could not find Context-only controller for pref: com.android.settings.accessibility.CaptionFooterPreferenceController
10-15 19:18:06.167: D/PrefCtrlListHelper(7842): Could not find Context-only controller for pref: com.android.settings.location.LocationInjectedServicesForWorkPreferenceController
10-15 19:18:06.200: D/PrefCtrlListHelper(7842): Could not find Context-only controller for pref: com.android.settings.language.TtsPreferenceController
10-15 19:18:06.201: W/dex2oat64(7789): Verification of com.google.android.gms.internal.ads.zzakd com.google.android.gms.internal.ads.zzalh.zza(android.content.Context, com.google.android.gms.internal.ads.zzako) took 141.278ms (261.89 bytecodes/s) (2520B approximate peak alloc)
10-15 19:18:06.203: D/PrefCtrlListHelper(7842): Could not find Context-only controller for pref: com.android.settings.applications.specialaccess.DataSaverController
10-15 19:18:06.204: D/PrefCtrlListHelper(7842): Could not find Context-only controller for pref: com.android.settings.notification.ConversationListSummaryPreferenceController
10-15 19:18:06.204: D/PrefCtrlListHelper(7842): Could not find Context-only controller for pref: com.android.settings.notification.BubbleSummaryNotificationPreferenceController
10-15 19:18:06.204: D/PrefCtrlListHelper(7842): Could not find Context-only controller for pref: com.android.settings.applications.specialaccess.notificationaccess.NotificationAccessController
10-15 19:18:06.204: D/PrefCtrlListHelper(7842): Could not find Context-only controller for pref: com.android.settings.notification.RedactNotificationPreferenceController
10-15 19:18:06.211: D/PrefCtrlListHelper(7842): Could not find Context-only controller for pref: com.android.settings.notification.RedactNotificationPreferenceController
10-15 19:18:06.219: D/PrefCtrlListHelper(7842): Could not find Context-only controller for pref: com.android.settings.biometrics.face.FaceSettingsLockscreenBypassPreferenceController
10-15 19:18:06.219: D/PrefCtrlListHelper(7842): Could not find Context-only controller for pref: com.android.settings.notification.zen.ZenModePreferenceController
10-15 19:18:06.219: D/PrefCtrlListHelper(7842): Could not find Context-only controller for pref: com.android.settings.notification.SnoozeNotificationPreferenceController
10-15 19:18:06.219: D/PrefCtrlListHelper(7842): Could not find Context-only controller for pref: com.android.settings.notification.BadgingNotificationPreferenceController
10-15 19:18:06.219: D/PrefCtrlListHelper(7842): Could not find Context-only controller for pref: com.android.settings.notification.PulseNotificationPreferenceController
10-15 19:18:06.220: D/GenericSource(463): FileSource remote
10-15 19:18:06.232: D/PrefCtrlListHelper(7842): Could not find Context-only controller for pref: com.android.settings.network.NetworkProviderSimsCategoryController
10-15 19:18:06.232: W/PrefCtrlListHelper(7842): Cannot instantiate controller from reflection: com.android.settings.network.NetworkProviderSimsCategoryController
10-15 19:18:06.232: D/PrefCtrlListHelper(7842): Could not find Context-only controller for pref: com.android.settings.network.NetworkProviderDownloadedSimsCategoryController
10-15 19:18:06.232: W/PrefCtrlListHelper(7842): Cannot instantiate controller from reflection: com.android.settings.network.NetworkProviderDownloadedSimsCategoryController
10-15 19:18:06.232: D/PrefCtrlListHelper(7842): Could not find Context-only controller for pref: com.android.settings.gestures.TapScreenGesturePreferenceController
10-15 19:18:06.234: I/MediaFocusControl(605): requestAudioFocus() from uid/pid 10144/879 AA=USAGE_NOTIFICATION/CONTENT_TYPE_SONIFICATION clientId=android.media.AudioManager@65e0148 callingPack=com.android.systemui req=3 flags=0x0 sdk=33
10-15 19:18:06.235: D/PrefCtrlListHelper(7842): Could not find Context-only controller for pref: com.android.settings.applications.specialaccess.pictureinpicture.PictureInPictureScreenPreferenceController
10-15 19:18:06.235: D/PrefCtrlListHelper(7842): Could not find Context-only controller for pref: com.android.settings.gestures.ButtonNavigationSettingsAssistController
10-15 19:18:06.236: D/PrefCtrlListHelper(7842): Could not find Context-only controller for pref: com.google.android.settings.fuelgauge.reversecharging.ReverseChargingSwitchPreferenceController
10-15 19:18:06.243: D/PrefCtrlListHelper(7842): Could not find Context-only controller for pref: com.google.android.settings.fuelgauge.reversecharging.ReverseChargingTopIntroController
10-15 19:18:06.243: D/PrefCtrlListHelper(7842): Could not find Context-only controller for pref: com.google.android.settings.fuelgauge.reversecharging.ReverseChargingSeekBarController
10-15 19:18:06.244: I/AudioService.FadeOutManager(605): unfadeOutUid() uid:10144
10-15 19:18:06.265: D/PrefCtrlListHelper(7842): Could not find Context-only controller for pref: com.android.settings.gestures.AssistGestureSettingsPreferenceController
10-15 19:18:06.278: D/AssistGesture(7842): mAssistOnly:false, isSupported:false, isSensorAvailable:false
10-15 19:18:06.278: D/PrefCtrlListHelper(7842): Could not find Context-only controller for pref: com.android.settings.gestures.SwipeToNotificationPreferenceController
10-15 19:18:06.278: D/PrefCtrlListHelper(7842): Could not find Context-only controller for pref: com.android.settings.gestures.DoubleTapPowerPreferenceController
10-15 19:18:06.278: D/PrefCtrlListHelper(7842): Could not find Context-only controller for pref: com.android.settings.gestures.DoubleTwistPreferenceController
10-15 19:18:06.278: D/PrefCtrlListHelper(7842): Could not find Context-only controller for pref: com.android.settings.gestures.SystemNavigationPreferenceController
10-15 19:18:06.278: D/PrefCtrlListHelper(7842): Could not find Context-only controller for pref: com.android.settings.gestures.OneHandedEnablePreferenceController
10-15 19:18:06.279: D/PrefCtrlListHelper(7842): Could not find Context-only controller for pref: com.android.settings.gestures.TapScreenGesturePreferenceController
10-15 19:18:06.279: D/PrefCtrlListHelper(7842): Could not find Context-only controller for pref: com.android.settings.gestures.DoubleTapScreenPreferenceController
10-15 19:18:06.279: D/PrefCtrlListHelper(7842): Could not find Context-only controller for pref: com.android.settings.gestures.PickupGesturePreferenceController
10-15 19:18:06.279: D/PrefCtrlListHelper(7842): Could not find Context-only controller for pref: com.android.settings.gestures.PowerMenuPreferenceController
10-15 19:18:06.279: D/PrefCtrlListHelper(7842): Could not find Context-only controller for pref: com.android.settings.gestures.PreventRingingParentPreferenceController
10-15 19:18:06.280: D/PrefCtrlListHelper(7842): Could not find Context-only controller for pref: com.android.settings.deviceinfo.legal.CopyrightPreferenceController
10-15 19:18:06.280: D/PrefCtrlListHelper(7842): Could not find Context-only controller for pref: com.android.settings.deviceinfo.legal.LicensePreferenceController
10-15 19:18:06.280: D/PrefCtrlListHelper(7842): Could not find Context-only controller for pref: com.android.settings.deviceinfo.legal.TermsPreferenceController
10-15 19:18:06.280: D/PrefCtrlListHelper(7842): Could not find Context-only controller for pref: com.android.settings.deviceinfo.legal.ModuleLicensesListPreferenceController
10-15 19:18:06.280: D/PrefCtrlListHelper(7842): Could not find Context-only controller for pref: com.android.settings.deviceinfo.legal.WebViewLicensePreferenceController
10-15 19:18:06.280: D/PrefCtrlListHelper(7842): Could not find Context-only controller for pref: com.android.settings.deviceinfo.legal.WallpaperAttributionsPreferenceController
10-15 19:18:06.294: W/SettingsPrefController(7842): Skipping updateNonIndexableKeys, key already in list. com.android.settings.biometrics.face.FaceSettingsLockscreenBypassPreferenceController@a86dda5
10-15 19:18:06.295: D/PrefCtrlListHelper(7842): Could not find Context-only controller for pref: com.android.settings.gestures.DoubleTapPowerPreferenceController
10-15 19:18:06.296: V/SettingsSearchProvider(7842): com.google.android.settings.aware.WakeScreenGestureSettings$1@cb50988 tried to add an empty non-indexable key
10-15 19:18:06.296: V/SettingsSearchProvider(7842): com.android.settings.accessibility.ToggleReduceBrightColorsPreferenceFragment$1@92caf21 tried to add an empty non-indexable key
10-15 19:18:06.304: W/SliceDataConverter(7842): Get slice data from XML failed 
10-15 19:18:06.304: W/SliceDataConverter(7842): java.lang.IllegalStateException: Invalid preference controller: com.android.settings.network.NetworkProviderSimsCategoryController
10-15 19:18:06.304: W/SliceDataConverter(7842): 	at com.android.settings.core.BasePreferenceController.createInstance(BasePreferenceController.java:146)
10-15 19:18:06.304: W/SliceDataConverter(7842): 	at com.android.settings.slices.SliceBuilderUtils.getPreferenceController(SliceBuilderUtils.java:362)
10-15 19:18:06.304: W/SliceDataConverter(7842): 	at com.android.settings.slices.SliceDataConverter.getSliceDataFromXML(SliceDataConverter.java:203)
10-15 19:18:06.304: W/SliceDataConverter(7842): 	at com.android.settings.slices.SliceDataConverter.getSliceDataFromProvider(SliceDataConverter.java:148)
10-15 19:18:06.304: W/SliceDataConverter(7842): 	at com.android.settings.slices.SliceDataConverter.getSliceData(SliceDataConverter.java:118)
10-15 19:18:06.304: W/SliceDataConverter(7842): 	at com.android.settings.slices.SlicesIndexer.getSliceData(SlicesIndexer.java:94)
10-15 19:18:06.304: W/SliceDataConverter(7842): 	at com.android.settings.slices.SlicesIndexer.indexSliceData(SlicesIndexer.java:75)
10-15 19:18:06.304: W/SliceDataConverter(7842): 	at com.android.settings.slices.SlicesFeatureProviderImpl.indexSliceData(SlicesFeatureProviderImpl.java:63)
10-15 19:18:06.304: W/SliceDataConverter(7842): 	at com.android.settings.slices.SlicesDatabaseAccessor.verifyIndexing(SlicesDatabaseAccessor.java:194)
10-15 19:18:06.304: W/SliceDataConverter(7842): 	at com.android.settings.slices.SlicesDatabaseAccessor.getSliceUris(SlicesDatabaseAccessor.java:96)
10-15 19:18:06.304: W/SliceDataConverter(7842): 	at com.android.settings.slices.SettingsSliceProvider.onGetSliceDescendants(SettingsSliceProvider.java:302)
10-15 19:18:06.304: W/SliceDataConverter(7842): 	at androidx.slice.compat.SliceProviderWrapperContainer$SliceProviderWrapper.onGetSliceDescendants(SliceProviderWrapperContainer.java:165)
10-15 19:18:06.304: W/SliceDataConverter(7842): 	at android.app.slice.SliceProvider.handleGetDescendants(SliceProvider.java:425)
10-15 19:18:06.304: W/SliceDataConverter(7842): 	at android.app.slice.SliceProvider.call(SliceProvider.java:406)
10-15 19:18:06.304: W/SliceDataConverter(7842): 	at androidx.slice.compat.SliceProviderWrapperContainer$SliceProviderWrapper.call(SliceProviderWrapperContainer.java:122)
10-15 19:18:06.304: W/SliceDataConverter(7842): 	at android.content.ContentProvider.call(ContentProvider.java:2511)
10-15 19:18:06.304: W/SliceDataConverter(7842): 	at android.content.ContentProvider$Transport.call(ContentProvider.java:525)
10-15 19:18:06.304: W/SliceDataConverter(7842): 	at android.content.ContentProviderClient.call(ContentProviderClient.java:601)
10-15 19:18:06.304: W/SliceDataConverter(7842): 	at android.content.ContentProviderClient.call(ContentProviderClient.java:589)
10-15 19:18:06.304: W/SliceDataConverter(7842): 	at android.app.slice.SliceManager.getSliceDescendants(SliceManager.java:232)
10-15 19:18:06.304: W/SliceDataConverter(7842): 	at androidx.slice.SliceViewManagerWrapper.getSliceDescendants(SliceViewManagerWrapper.java:158)
10-15 19:18:06.304: W/SliceDataConverter(7842): 	at com.android.settings.search.SettingsSearchIndexablesProvider.querySliceUriPairs(SettingsSearchIndexablesProvider.java:261)
10-15 19:18:06.304: W/SliceDataConverter(7842): 	at android.provider.SearchIndexablesProvider.query(SearchIndexablesProvider.java:131)
10-15 19:18:06.304: W/SliceDataConverter(7842): 	at android.content.ContentProvider.query(ContentProvider.java:1455)
10-15 19:18:06.304: W/SliceDataConverter(7842): 	at android.content.ContentProvider.query(ContentProvider.java:1551)
10-15 19:18:06.304: W/SliceDataConverter(7842): 	at android.content.ContentProvider$Transport.query(ContentProvider.java:285)
10-15 19:18:06.304: W/SliceDataConverter(7842): 	at android.content.ContentProviderNative.onTransact(ContentProviderNative.java:107)
10-15 19:18:06.304: W/SliceDataConverter(7842): 	at android.os.Binder.execTransactInternal(Binder.java:1280)
10-15 19:18:06.304: W/SliceDataConverter(7842): 	at android.os.Binder.execTransact(Binder.java:1244)
10-15 19:18:06.304: W/SliceDataConverter(7842): Caused by: java.lang.NoSuchMethodException: com.android.settings.network.NetworkProviderSimsCategoryController.<init> [class android.content.Context, class java.lang.String]
10-15 19:18:06.304: W/SliceDataConverter(7842): 	at java.lang.Class.getConstructor0(Class.java:2363)
10-15 19:18:06.304: W/SliceDataConverter(7842): 	at java.lang.Class.getConstructor(Class.java:1759)
10-15 19:18:06.304: W/SliceDataConverter(7842): 	at com.android.settings.core.BasePreferenceController.createInstance(BasePreferenceController.java:141)
10-15 19:18:06.304: W/SliceDataConverter(7842): 	... 28 more
10-15 19:18:06.312: D/PrefCtrlListHelper(7842): Could not find Context-only controller for pref: com.android.settings.network.NetworkProviderSimsCategoryController
10-15 19:18:06.312: W/PrefCtrlListHelper(7842): Cannot instantiate controller from reflection: com.android.settings.network.NetworkProviderSimsCategoryController
10-15 19:18:06.312: D/PrefCtrlListHelper(7842): Could not find Context-only controller for pref: com.android.settings.network.NetworkProviderDownloadedSimsCategoryController
10-15 19:18:06.312: W/PrefCtrlListHelper(7842): Cannot instantiate controller from reflection: com.android.settings.network.NetworkProviderDownloadedSimsCategoryController
10-15 19:18:06.347: W/BaseSearchIndex(7842): Error initial controller
10-15 19:18:06.348: D/PrefCtrlListHelper(7842): Could not find Context-only controller for pref: com.android.settings.network.AirplaneModePreferenceController
10-15 19:18:06.356: V/SettingsSearchProvider(7842): com.android.settings.development.transcode.TranscodeSettingsFragment$1@a1c811e tried to add an empty non-indexable key
10-15 19:18:06.360: D/PrefCtrlListHelper(7842): Could not find Context-only controller for pref: com.android.settings.accessibility.TextReadingFragmentForA11ySettingsController
10-15 19:18:06.360: D/PrefCtrlListHelper(7842): Could not find Context-only controller for pref: com.android.settings.accessibility.ReduceBrightColorsPreferenceController
10-15 19:18:06.360: D/PrefCtrlListHelper(7842): Could not find Context-only controller for pref: com.android.settings.accessibility.MagnificationPreferenceController
10-15 19:18:06.360: D/PrefCtrlListHelper(7842): Could not find Context-only controller for pref: com.android.settings.accessibility.VibrationPreferenceController
10-15 19:18:06.361: D/PrefCtrlListHelper(7842): Could not find Context-only controller for pref: com.android.settings.accessibility.LiveCaptionPreferenceController
10-15 19:18:06.361: D/PrefCtrlListHelper(7842): Could not find Context-only controller for pref: com.android.settings.accessibility.CaptioningPreferenceController
10-15 19:18:06.361: D/PrefCtrlListHelper(7842): Could not find Context-only controller for pref: com.android.settings.accessibility.RTTSettingPreferenceController
10-15 19:18:06.361: D/RTTSettingsCtr(7842): init controller
10-15 19:18:06.361: D/PrefCtrlListHelper(7842): Could not find Context-only controller for pref: com.android.settings.accessibility.AudioDescriptionPreferenceController
10-15 19:18:06.361: D/PrefCtrlListHelper(7842): Could not find Context-only controller for pref: com.android.settings.accessibility.AccessibilityHearingAidPreferenceController
10-15 19:18:06.361: D/PrefCtrlListHelper(7842): Could not find Context-only controller for pref: com.android.settings.language.TtsPreferenceController
10-15 19:18:06.363: D/RTTSettingsCtr(7842): init controller
10-15 19:18:06.400: D/PrefCtrlListHelper(7842): Could not find Context-only controller for pref: com.android.settings.network.AllInOneTetherPreferenceController
10-15 19:18:06.402: D/RTTSettingsCtr(7842): isRttSettingSupported [start]
10-15 19:18:06.403: D/PrefCtrlListHelper(7842): Could not find Context-only controller for pref: com.android.settings.network.AdaptiveConnectivityPreferenceController
10-15 19:18:06.404: D/PrefCtrlListHelper(7842): Could not find Context-only controller for pref: com.android.settings.fuelgauge.BatteryHeaderPreferenceController
10-15 19:18:06.420: D/PrefCtrlListHelper(7842): Could not find Context-only controller for pref: com.android.settings.fuelgauge.batterytip.BatteryTipPreferenceController
10-15 19:18:06.420: D/PrefCtrlListHelper(7842): Could not find Context-only controller for pref: com.google.android.settings.fuelgauge.health.BatteryHealthPreferenceController
10-15 19:18:06.420: D/PrefCtrlListHelper(7842): Could not find Context-only controller for pref: com.google.android.settings.fuelgauge.reversecharging.ReverseChargingPreferenceController
10-15 19:18:06.422: D/PrefCtrlListHelper(7842): Could not find Context-only controller for pref: com.android.settings.display.BatteryPercentagePreferenceController
10-15 19:18:06.423: D/PrefCtrlListHelper(7842): Could not find Context-only controller for pref: com.android.settings.gestures.SystemNavigationPreferenceController
10-15 19:18:06.434: D/PrefCtrlListHelper(7842): Could not find Context-only controller for pref: com.android.settings.gestures.OneHandedEnablePreferenceController
10-15 19:18:06.434: D/PrefCtrlListHelper(7842): Could not find Context-only controller for pref: com.android.settings.accessibility.PowerButtonEndsCallPreferenceController
10-15 19:18:06.440: D/TelecomUtil(7842): Failed to find SubscriptionInfo for phoneAccountHandle
10-15 19:18:06.440: D/RTTSettingsCtr(7842): subscription id for the device: -1
10-15 19:18:06.441: D/CompatibilityChangeReporter(605): Compat change id reported: 183407956; UID 1000; state: ENABLED
10-15 19:18:06.446: I/SP(7820): Requesting download of URL https://redirector.gvt1.com/edgedl/android/tts/v26/en-us/en-us-x-multi-seanet-r47.zvoice to en-us-x-multi-seanet-r47.zvoice.fetched (constraints: m:b:u:l)
10-15 19:18:06.447: I/Telecom(605): PhoneAccountRegistrar: getSimCallManager: SimCallManager for subId 1 queried, returning: null
10-15 19:18:06.449: D/RTTSettingsCtr(7842): rtt calling supported by telecom:: false
10-15 19:18:06.449: D/RTTSettingsCtr(7842): isRttSettingSupported [Not support]
10-15 19:18:06.459: E/ApplicationPropertiesBu(1886): Error when converting version: messages.android_20220517_00_RC02_alldpi.x86_64.phone
10-15 19:18:06.459: E/ApplicationPropertiesBu(1886): java.lang.NumberFormatException: For input string: "messages"
10-15 19:18:06.459: E/ApplicationPropertiesBu(1886): 	at java.lang.Long.parseLong(Long.java:736)
10-15 19:18:06.459: E/ApplicationPropertiesBu(1886): 	at java.lang.Long.parseLong(Long.java:861)
10-15 19:18:06.459: E/ApplicationPropertiesBu(1886): 	at com.google.android.apps.gsa.staticplugins.ad.h.c(PG:3)
10-15 19:18:06.459: E/ApplicationPropertiesBu(1886): 	at com.google.android.apps.gsa.staticplugins.ad.h.g(PG:3)
10-15 19:18:06.459: E/ApplicationPropertiesBu(1886): 	at com.google.android.apps.gsa.staticplugins.ad.h.d(PG:267)
10-15 19:18:06.459: E/ApplicationPropertiesBu(1886): 	at com.google.android.apps.gsa.staticplugins.ad.h.a(PG:38)
10-15 19:18:06.459: E/ApplicationPropertiesBu(1886): 	at com.google.android.apps.gsa.staticplugins.ad.p.a(PG:1)
10-15 19:18:06.459: E/ApplicationPropertiesBu(1886): 	at com.google.android.libraries.gsa.k.a.f.a(PG:2)
10-15 19:18:06.459: E/ApplicationPropertiesBu(1886): 	at com.google.common.util.concurrent.dx.a(PG:1)
10-15 19:18:06.459: E/ApplicationPropertiesBu(1886): 	at com.google.common.util.concurrent.cv.run(PG:4)
10-15 19:18:06.459: E/ApplicationPropertiesBu(1886): 	at com.google.common.util.concurrent.dz.run(PG:1)
10-15 19:18:06.459: E/ApplicationPropertiesBu(1886): 	at com.google.android.libraries.i.ae.run(PG:1)
10-15 19:18:06.459: E/ApplicationPropertiesBu(1886): 	at java.util.concurrent.ThreadPoolExecutor.runWorker(ThreadPoolExecutor.java:1137)
10-15 19:18:06.459: E/ApplicationPropertiesBu(1886): 	at java.util.concurrent.ThreadPoolExecutor$Worker.run(ThreadPoolExecutor.java:637)
10-15 19:18:06.459: E/ApplicationPropertiesBu(1886): 	at com.google.android.libraries.i.k.run(PG:2)
10-15 19:18:06.459: E/ApplicationPropertiesBu(1886): 	at com.google.android.libraries.i.p.run(PG:4)
10-15 19:18:06.459: E/ApplicationPropertiesBu(1886): 	at java.lang.Thread.run(Thread.java:1012)
10-15 19:18:06.477: D/PrefCtrlListHelper(7842): Could not find Context-only controller for pref: com.android.settings.accessibility.LockScreenRotationPreferenceController
10-15 19:18:06.478: D/PrefCtrlListHelper(7842): Could not find Context-only controller for pref: com.android.settings.display.DeviceStateAutoRotateOverviewController
10-15 19:18:06.478: D/AssistGesture(7842): mAssistOnly:false, isSupported:false, isSensorAvailable:false
10-15 19:18:06.478: D/AssistGesture(7842): mAssistOnly:false, isSupported:false, isSensorAvailable:false
10-15 19:18:06.497: D/PrefCtrlListHelper(7842): Could not find Context-only controller for pref: com.android.settings.connecteddevice.NfcAndPaymentFragmentController
10-15 19:18:06.498: D/t(1886): Starting download: https://www.gstatic.com/android-search/hotword/x_google/4e7cae00daee30ec565c34e3aa67a51f/hotword.data
10-15 19:18:06.498: V/t(1886): Is http uri, downloading (uri: https://www.gstatic.com/android-search/hotword/x_google/4e7cae00daee30ec565c34e3aa67a51f/hotword.data)
10-15 19:18:06.516: D/PrefCtrlListHelper(7842): Could not find Context-only controller for pref: com.android.settings.wfd.WifiDisplayPreferenceController
10-15 19:18:06.523: D/PrefCtrlListHelper(7842): Could not find Context-only controller for pref: com.android.settings.deviceinfo.DeviceNamePreferenceController
10-15 19:18:06.542: D/PrefCtrlListHelper(7842): Could not find Context-only controller for pref: com.android.settings.deviceinfo.BrandedAccountPreferenceController
10-15 19:18:06.550: V/MediaRouter(7842): Selecting route: RouteInfo{ name=手机, description=null, status=null, category=RouteCategory{ name=系统 types=ROUTE_TYPE_LIVE_AUDIO ROUTE_TYPE_LIVE_VIDEO  groupable=false }, supportedTypes=ROUTE_TYPE_LIVE_AUDIO ROUTE_TYPE_LIVE_VIDEO , presentationDisplay=null }
10-15 19:18:06.552: I/MediaRouter(7842): Skip setBluetoothA2dpOn(): types=8388615, isPlaybackActive()=false, BT route=null
10-15 19:18:06.553: D/PrefCtrlListHelper(7842): Could not find Context-only controller for pref: com.android.settings.deviceinfo.PhoneNumberPreferenceController
10-15 19:18:06.557: D/PrefCtrlListHelper(7842): Could not find Context-only controller for pref: com.google.android.settings.warranty.WarrantyPreferenceController
10-15 19:18:06.557: D/PrefCtrlListHelper(7842): Could not find Context-only controller for pref: com.android.settings.deviceinfo.HardwareInfoPreferenceController
10-15 19:18:06.561: D/TrafficStats(7820): tagSocket(75) with statsTag=0xffffffff, statsUid=-1
10-15 19:18:06.557: D/PrefCtrlListHelper(7842): Could not find Context-only controller for pref: com.android.settings.deviceinfo.imei.ImeiInfoPreferenceController
10-15 19:18:06.568: D/PrefCtrlListHelper(7842): Could not find Context-only controller for pref: com.android.settings.nfc.AndroidBeamPreferenceController
10-15 19:18:06.568: D/PrefCtrlListHelper(7842): Could not find Context-only controller for pref: com.android.settings.uwb.UwbPreferenceController
10-15 19:18:06.569: W/SettingsPrefController(7842): Skipping updateNonIndexableKeys, key already in list. com.android.settings.connecteddevice.NfcAndPaymentFragmentController@57cb4ef
10-15 19:18:06.575: D/PrefCtrlListHelper(7842): Could not find Context-only controller for pref: com.android.settings.accessibility.PrimaryMonoPreferenceController
10-15 19:18:06.575: D/PrefCtrlListHelper(7842): Could not find Context-only controller for pref: com.android.settings.notification.SpatialAudioPreferenceController
10-15 19:18:06.575: D/PrefCtrlListHelper(7842): Could not find Context-only controller for pref: com.android.settings.notification.SpatialAudioWiredHeadphonesController
10-15 19:18:06.576: W/DynamiteModule(7820): Local module descriptor class for com.google.android.gms.providerinstaller.dynamite not found.
10-15 19:18:06.578: D/PrefCtrlListHelper(7842): Could not find Context-only controller for pref: com.android.settings.deviceinfo.firmwareversion.FirmwareVersionPreferenceController
10-15 19:18:06.578: D/PrefCtrlListHelper(7842): Could not find Context-only controller for pref: com.android.settings.deviceinfo.BuildNumberPreferenceController
10-15 19:18:06.580: D/PrefCtrlListHelper(7842): Could not find Context-only controller for pref: com.android.settings.notification.SpatialAudioPreferenceController
10-15 19:18:06.581: D/PrefCtrlListHelper(7842): Could not find Context-only controller for pref: com.android.settings.notification.SpatialAudioWiredHeadphonesController
10-15 19:18:06.583: D/PrefCtrlListHelper(7842): Could not find Context-only controller for pref: com.android.settings.security.EncryptionStatusPreferenceController
10-15 19:18:06.583: D/PrefCtrlListHelper(7842): Could not find Context-only controller for pref: com.android.settings.security.CredentialManagementAppPreferenceController
10-15 19:18:06.583: W/PrefCtrlListHelper(7842): encryption_and_credentials_encryption_status already has a controller
10-15 19:18:06.585: D/PrefCtrlListHelper(7842): Could not find Context-only controller for pref: com.android.settings.accessibility.CaptionAppearancePreferenceController
10-15 19:18:06.585: D/PrefCtrlListHelper(7842): Could not find Context-only controller for pref: com.android.settings.accessibility.CaptionFooterPreferenceController
10-15 19:18:06.585: D/PrefCtrlListHelper(7842): Could not find Context-only controller for pref: com.android.settings.accessibility.AccessibilityControlTimeoutFooterPreferenceController
10-15 19:18:06.589: D/PrefCtrlListHelper(7842): Could not find Context-only controller for pref: com.android.settings.wifi.CellularFallbackPreferenceController
10-15 19:18:06.593: D/PrefCtrlListHelper(7842): Could not find Context-only controller for pref: com.android.settings.gestures.AssistGestureSettingsPreferenceController
10-15 19:18:06.594: D/AssistGesture(7842): mAssistOnly:false, isSupported:false, isSensorAvailable:false
10-15 19:18:06.594: D/PrefCtrlListHelper(7842): Could not find Context-only controller for pref: com.android.settings.applications.managedomainurls.WebActionCategoryController
10-15 19:18:06.594: D/PrefCtrlListHelper(7842): Could not find Context-only controller for pref: com.android.settings.applications.managedomainurls.InstantAppWebActionPreferenceController
10-15 19:18:06.594: D/PrefCtrlListHelper(7842): Could not find Context-only controller for pref: com.android.settings.applications.managedomainurls.InstantAppAccountPreferenceController
10-15 19:18:06.601: D/PrefCtrlListHelper(7842): Could not find Context-only controller for pref: com.android.settings.bluetooth.BluetoothDeviceRenamePreferenceController
10-15 19:18:06.602: D/PrefCtrlListHelper(7842): Could not find Context-only controller for pref: com.android.settings.connecteddevice.AddDevicePreferenceController
10-15 19:18:06.608: D/PrefCtrlListHelper(7842): Could not find Context-only controller for pref: com.android.settings.applications.managedomainurls.DomainAppPreferenceController
10-15 19:18:06.618: D/PrefCtrlListHelper(7842): Could not find Context-only controller for pref: com.android.settings.applications.specialaccess.premiumsms.PremiumSmsScreenPreferenceController
10-15 19:18:06.620: W/ProviderHelper(1299): Unknown dynamite feature providerinstaller.dynamite
10-15 19:18:06.623: D/PrefCtrlListHelper(7842): Could not find Context-only controller for pref: com.android.settings.display.darkmode.DarkModeActivationPreferenceController
10-15 19:18:06.623: D/PrefCtrlListHelper(7842): Could not find Context-only controller for pref: com.android.settings.display.TwilightLocationPreferenceController
10-15 19:18:06.624: D/PrefCtrlListHelper(7842): Could not find Context-only controller for pref: com.android.settings.display.darkmode.DarkModeScheduleSelectorController
10-15 19:18:06.624: D/PrefCtrlListHelper(7842): Could not find Context-only controller for pref: com.android.settings.display.darkmode.DarkModeCustomBedtimePreferenceController
10-15 19:18:06.625: D/PrefCtrlListHelper(7842): Could not find Context-only controller for pref: com.android.settings.applications.specialaccess.DataSaverController
10-15 19:18:06.626: D/PrefCtrlListHelper(7842): Could not find Context-only controller for pref: com.android.settings.gestures.PickupGesturePreferenceController
10-15 19:18:06.638: V/OnDeviceRecognitionPreferenceController(7842): Recognition service with no settings activity: com.google.android.as/com.google.android.apps.miphone.aiai.app.AiAiSpeechRecognitionService.
10-15 19:18:06.638: V/OnDeviceRecognitionPreferenceController(7842): Recognition service not in the same package as the default on-device recognizer: com.google.android.tts/com.google.android.apps.speech.tts.googletts.service.GoogleTTSRecognitionService.
10-15 19:18:06.638: V/OnDeviceRecognitionPreferenceController(7842): No speech recognition services with proper `recognition-service` meta-data found in the same package as the default on-device recognizer.
10-15 19:18:06.649: D/PrefCtrlListHelper(7842): Could not find Context-only controller for pref: com.android.settings.applications.appinfo.ManageAppLocalePreferenceController
10-15 19:18:06.649: D/PrefCtrlListHelper(7842): Could not find Context-only controller for pref: com.android.settings.language.OnDeviceRecognitionPreferenceController
10-15 19:18:06.650: D/PrefCtrlListHelper(7842): Could not find Context-only controller for pref: com.android.settings.language.UserDictionaryPreferenceController
10-15 19:18:06.650: D/PrefCtrlListHelper(7842): Could not find Context-only controller for pref: com.android.settings.inputmethod.GameControllerPreferenceController
10-15 19:18:06.650: D/PrefCtrlListHelper(7842): Could not find Context-only controller for pref: com.android.settings.core.WorkPreferenceController
10-15 19:18:06.655: D/PrefCtrlListHelper(7842): Could not find Context-only controller for pref: com.android.settings.inputmethod.SpellCheckerForWorkPreferenceController
10-15 19:18:06.697: D/CompatibilityChangeReporter(605): Compat change id reported: 135634846; UID 10108; state: DISABLED
10-15 19:18:06.698: D/CompatibilityChangeReporter(605): Compat change id reported: 143937733; UID 10108; state: ENABLED
10-15 19:18:06.705: D/Zygote(355): Forked child process 7919
10-15 19:18:06.706: I/DynamiteModule(7820): Considering local module com.google.android.gms.providerinstaller.dynamite:0 and remote module com.google.android.gms.providerinstaller.dynamite:0
10-15 19:18:06.706: W/ProviderInstaller(7820): Failed to load providerinstaller module: No acceptable module com.google.android.gms.providerinstaller.dynamite found. Local version is 0 and remote version is 0.
10-15 19:18:06.716: I/ActivityManager(605): Start proc 7919:com.google.process.gapps/u0a108 for content provider {com.google.android.gsf/com.google.android.gsf.settings.GoogleSettingsProvider}
10-15 19:18:06.731: I/Zygote(7919): seccomp disabled by setenforce 0
10-15 19:18:06.744: I/TetheringManager(7842): registerTetheringEventCallback:com.android.settings
10-15 19:18:06.746: V/OnDeviceRecognitionPreferenceController(7842): Recognition service with no settings activity: com.google.android.as/com.google.android.apps.miphone.aiai.app.AiAiSpeechRecognitionService.
10-15 19:18:06.746: V/OnDeviceRecognitionPreferenceController(7842): Recognition service not in the same package as the default on-device recognizer: com.google.android.tts/com.google.android.apps.speech.tts.googletts.service.GoogleTTSRecognitionService.
10-15 19:18:06.746: V/OnDeviceRecognitionPreferenceController(7842): No speech recognition services with proper `recognition-service` meta-data found in the same package as the default on-device recognizer.
10-15 19:18:06.751: D/MediaRouter(879): onRestoreRoute() : route=RouteInfo{ name=手机, description=null, status=null, category=RouteCategory{ name=系统 types=ROUTE_TYPE_LIVE_AUDIO ROUTE_TYPE_LIVE_VIDEO  groupable=false }, supportedTypes=ROUTE_TYPE_LIVE_AUDIO ROUTE_TYPE_LIVE_VIDEO , presentationDisplay=null }
10-15 19:18:06.751: V/MediaRouter(879): Selecting route: RouteInfo{ name=手机, description=null, status=null, category=RouteCategory{ name=系统 types=ROUTE_TYPE_LIVE_AUDIO ROUTE_TYPE_LIVE_VIDEO  groupable=false }, supportedTypes=ROUTE_TYPE_LIVE_AUDIO ROUTE_TYPE_LIVE_VIDEO , presentationDisplay=null }
10-15 19:18:06.752: I/GenericSource(463): start
10-15 19:18:06.756: W/e.process.gapps(7919): Unexpected CPU variant for x86: x86_64.
10-15 19:18:06.756: W/e.process.gapps(7919): Known variants: atom, sandybridge, silvermont, kabylake, default
10-15 19:18:06.780: W/RingtonePlayer(879): Notification sound delayed by 1282msecs
10-15 19:18:06.808: V/SettingsSearchProvider(7842): com.android.settings.security.ScreenPinningSettings$2@8477bde tried to add an empty non-indexable key
10-15 19:18:06.808: D/PrefCtrlListHelper(7842): Could not find Context-only controller for pref: com.android.settings.location.RecentLocationAccessSeeAllPreferenceController
10-15 19:18:06.813: I/NearbyDiscovery(1299): FastPair: AudioEventListener check active usage=5, package=android.uid.systemui:10144 [CONTEXT service_id=49 ]
10-15 19:18:06.814: I/NearbyDiscovery(1299): FastPair: AudioEventListener find active playback with other usage 5 [CONTEXT service_id=49 ]
10-15 19:18:06.820: I/adbd(424): jdwp connection from 7919
10-15 19:18:06.823: D/PrefCtrlListHelper(7842): Could not find Context-only controller for pref: com.android.settings.gestures.DoubleTapPowerPreferenceController
10-15 19:18:06.829: D/ch_callQuality(7842): isDeviceSupport: falsemIsChecked: true
10-15 19:18:06.830: D/ch_d2d(7842): isDeviceSupport: falsemIsChecked: false
10-15 19:18:06.840: D/CCodec(463): allocate(c2.android.vorbis.decoder)
10-15 19:18:06.845: I/CCodec(463): setting up 'default' as default (vendor) store
10-15 19:18:06.845: V/C2Store(469): in init
10-15 19:18:06.845: V/C2Store(469): loading dll
10-15 19:18:06.845: D/PrefCtrlListHelper(7842): Could not find Context-only controller for pref: com.android.settings.security.EncryptionStatusPreferenceController
10-15 19:18:06.845: D/PrefCtrlListHelper(7842): Could not find Context-only controller for pref: com.android.settings.security.CredentialManagementAppPreferenceController
10-15 19:18:06.845: W/PrefCtrlListHelper(7842): encryption_and_credentials_encryption_status already has a controller
10-15 19:18:06.850: D/PrefCtrlListHelper(7842): Could not find Context-only controller for pref: com.android.settings.deviceinfo.storage.StorageSelectionPreferenceController
10-15 19:18:06.850: D/PrefCtrlListHelper(7842): Could not find Context-only controller for pref: com.android.settings.deviceinfo.storage.StorageUsageProgressBarPreferenceController
10-15 19:18:06.850: D/PrefCtrlListHelper(7842): Could not find Context-only controller for pref: com.android.settings.deviceinfo.storage.AutomaticStorageManagementSwitchPreferenceController
10-15 19:18:06.850: D/PrefCtrlListHelper(7842): Could not find Context-only controller for pref: com.android.settings.deviceinfo.storage.ManageStoragePreferenceController
10-15 19:18:06.854: I/CCodec(463): Created component [c2.android.vorbis.decoder]
10-15 19:18:06.854: D/CCodecConfig(463): read media type: audio/vorbis
10-15 19:18:06.862: D/PrefCtrlListHelper(7842): Could not find Context-only controller for pref: com.android.settings.privacy.WorkPolicyInfoPreferenceController
10-15 19:18:06.863: D/ReflectedParamUpdater(463): extent() != 1 for single value type: algo.buffers.max-count.values
10-15 19:18:06.863: D/ReflectedParamUpdater(463): extent() != 1 for single value type: output.subscribed-indices.values
10-15 19:18:06.863: D/ReflectedParamUpdater(463): extent() != 1 for single value type: input.buffers.allocator-ids.values
10-15 19:18:06.863: D/ReflectedParamUpdater(463): extent() != 1 for single value type: output.buffers.allocator-ids.values
10-15 19:18:06.863: D/ReflectedParamUpdater(463): extent() != 1 for single value type: algo.buffers.allocator-ids.values
10-15 19:18:06.863: D/ReflectedParamUpdater(463): extent() != 1 for single value type: output.buffers.pool-ids.values
10-15 19:18:06.863: D/ReflectedParamUpdater(463): extent() != 1 for single value type: algo.buffers.pool-ids.values
10-15 19:18:06.864: I/CCodecConfig(463): query failed after returning 7 values (BAD_INDEX)
10-15 19:18:06.864: D/CCodecConfig(463): c2 config diff is Dict {
10-15 19:18:06.864: D/CCodecConfig(463):   c2::u32 coded.bitrate.value = 64000
10-15 19:18:06.864: D/CCodecConfig(463):   c2::u32 input.buffers.max-size.value = 32768
10-15 19:18:06.864: D/CCodecConfig(463):   c2::u32 input.delay.value = 0
10-15 19:18:06.864: D/CCodecConfig(463):   string input.media-type.value = "audio/vorbis"
10-15 19:18:06.864: D/CCodecConfig(463):   string output.media-type.value = "audio/raw"
10-15 19:18:06.864: D/CCodecConfig(463):   c2::u32 raw.channel-count.value = 1
10-15 19:18:06.864: D/CCodecConfig(463):   c2::u32 raw.sample-rate.value = 48000
10-15 19:18:06.864: D/CCodecConfig(463): }
10-15 19:18:06.865: D/CCodec(463): [c2.android.vorbis.decoder] buffers are bound to CCodec for this session
10-15 19:18:06.865: D/CCodecConfig(463): no c2 equivalents for durationUs
10-15 19:18:06.865: D/CCodecConfig(463): no c2 equivalents for csd-1
10-15 19:18:06.865: D/CCodecConfig(463): no c2 equivalents for flags
10-15 19:18:06.865: D/CCodecConfig(463): c2 config diff is   c2::u32 coded.bitrate.value = 70000
10-15 19:18:06.865: W/Codec2Client(463): query -- param skipped: index = 1107298332.
10-15 19:18:06.866: D/CCodec(463): encoding statistics level = 0
10-15 19:18:06.866: D/CCodec(463): setup formats input: AMessage(what = 0x00000000) = {
10-15 19:18:06.866: D/CCodec(463):   int32_t bitrate = 70000
10-15 19:18:06.866: D/CCodec(463):   int32_t channel-count = 1
10-15 19:18:06.866: D/CCodec(463):   int32_t max-input-size = 32768
10-15 19:18:06.866: D/CCodec(463):   string mime = "audio/vorbis"
10-15 19:18:06.866: D/CCodec(463):   int32_t sample-rate = 48000
10-15 19:18:06.866: D/CCodec(463): }
10-15 19:18:06.866: D/CCodec(463): setup formats output: AMessage(what = 0x00000000) = {
10-15 19:18:06.866: D/CCodec(463):   int32_t channel-count = 1
10-15 19:18:06.866: D/CCodec(463):   string mime = "audio/raw"
10-15 19:18:06.866: D/CCodec(463):   int32_t sample-rate = 48000
10-15 19:18:06.866: D/CCodec(463):   int32_t channel-mask = 1
10-15 19:18:06.866: D/CCodec(463):   int32_t android._config-pcm-encoding = 2
10-15 19:18:06.866: D/CCodec(463): }
10-15 19:18:06.866: I/CCodecConfig(463): query failed after returning 7 values (BAD_INDEX)
10-15 19:18:06.866: I/MediaCodec(463): MediaCodec will operate in async mode
10-15 19:18:06.866: D/MediaCodec(463): keep callback message for reclaim
10-15 19:18:06.866: W/Codec2Client(463): query -- param skipped: index = 1342179345.
10-15 19:18:06.866: W/Codec2Client(463): query -- param skipped: index = 2415921170.
10-15 19:18:06.869: D/CCodecBufferChannel(463): [c2.android.vorbis.decoder#941] Created input block pool with allocatorID 16 => poolID 19 - OK (0)
10-15 19:18:06.870: D/BufferPoolAccessor2.0(463): bufferpool2 0x7fbed1fd5158 : 0(0 size) total buffers - 0(0 size) used buffers - 93/101 (recycle/alloc) - 8/198 (fetch/transfer)
10-15 19:18:06.870: D/BufferPoolAccessor2.0(463): Destruction - bufferpool2 0x7fbed1fd5158 cached: 0/0M, 0/0% in use; allocs: 101, 92% recycled; transfers: 198, 96% unfetched
10-15 19:18:06.870: D/BufferPoolAccessor2.0(463): bufferpool2 0x7fbed1fd2318 : 0(0 size) total buffers - 0(0 size) used buffers - 96/104 (recycle/alloc) - 8/198 (fetch/transfer)
10-15 19:18:06.870: D/BufferPoolAccessor2.0(463): Destruction - bufferpool2 0x7fbed1fd2318 cached: 0/0M, 0/0% in use; allocs: 104, 92% recycled; transfers: 198, 96% unfetched
10-15 19:18:06.870: I/CCodecBufferChannel(463): [c2.android.vorbis.decoder#941] Created output block pool with allocatorID 16 => poolID 28 - OK
10-15 19:18:06.870: D/CCodecBufferChannel(463): [c2.android.vorbis.decoder#941] Configured output block pool ids 28 => OK
10-15 19:18:06.871: D/BufferPoolAccessor2.0(469): bufferpool2 0x77a90f4e14d8 : 0(0 size) total buffers - 0(0 size) used buffers - 93/97 (recycle/alloc) - 4/96 (fetch/transfer)
10-15 19:18:06.871: D/BufferPoolAccessor2.0(469): Destruction - bufferpool2 0x77a90f4e14d8 cached: 0/0M, 0/0% in use; allocs: 97, 96% recycled; transfers: 96, 96% unfetched
10-15 19:18:06.872: D/BufferPoolAccessor2.0(469): bufferpool2 0x77a90f4e1288 : 0(0 size) total buffers - 0(0 size) used buffers - 93/97 (recycle/alloc) - 4/96 (fetch/transfer)
10-15 19:18:06.872: D/BufferPoolAccessor2.0(469): Destruction - bufferpool2 0x77a90f4e1288 cached: 0/0M, 0/0% in use; allocs: 97, 96% recycled; transfers: 96, 96% unfetched
10-15 19:18:06.874: D/SimpleC2Component(469): Using output block pool with poolID 28 => got 28 - 0
10-15 19:18:06.878: D/nativeloader(7820): classloader namespace configured for unbundled product apk. library_path=/product/priv-app/PrebuiltGmsCore/lib/x86_64:/product/priv-app/PrebuiltGmsCore/PrebuiltGmsCore.apk!/lib/x86_64:/product/lib64:/system/product/lib64
10-15 19:18:06.884: D/AudioFlinger(413): Client defaulted notificationFrames to 12144 for frameCount 24288
10-15 19:18:06.884: D/AF::TrackHandle(413): OpPlayAudio: track:57 usage:5 not muted
10-15 19:18:06.890: D/PrefCtrlListHelper(7842): Could not find Context-only controller for pref: com.android.settings.applications.specialaccess.interactacrossprofiles.InteractAcrossProfilesController
10-15 19:18:06.891: D/PrefCtrlListHelper(7842): Could not find Context-only controller for pref: com.android.settings.privacy.AccessibilityUsagePreferenceController
10-15 19:18:06.893: D/PrefCtrlListHelper(7842): Could not find Context-only controller for pref: com.android.settings.network.telephony.CallsDefaultSubscriptionController
10-15 19:18:06.893: D/PrefCtrlListHelper(7842): Could not find Context-only controller for pref: com.android.settings.network.telephony.SmsDefaultSubscriptionController
10-15 19:18:06.893: D/PrefCtrlListHelper(7842): Could not find Context-only controller for pref: com.android.settings.privacy.PrivacyHubPreferenceController
10-15 19:18:06.893: D/PrefCtrlListHelper(7842): Could not find Context-only controller for pref: com.android.settings.network.telephony.NetworkProviderWifiCallingPreferenceController
10-15 19:18:06.893: D/PrefCtrlListHelper(7842): Could not find Context-only controller for pref: com.android.settings.network.telephony.NetworkProviderBackupCallingPreferenceController
10-15 19:18:06.893: D/PrefCtrlListHelper(7842): Could not find Context-only controller for pref: com.android.settings.privacy.CameraToggleController
10-15 19:18:06.893: D/PrefCtrlListHelper(7842): Could not find Context-only controller for pref: com.google.android.settings.network.ConnectivityHelperCallQualityPreferenceController
10-15 19:18:06.893: D/ch_callQuality(7842): isDeviceSupport: falsemIsChecked: true
10-15 19:18:06.893: D/PrefCtrlListHelper(7842): Could not find Context-only controller for pref: com.google.android.settings.network.ConnectivityHelperDeviceToDevicePreferenceController
10-15 19:18:06.893: D/PrefCtrlListHelper(7842): Could not find Context-only controller for pref: com.android.settings.privacy.MicToggleController
10-15 19:18:06.893: D/ch_d2d(7842): isDeviceSupport: falsemIsChecked: false
10-15 19:18:06.893: D/PrefCtrlListHelper(7842): Could not find Context-only controller for pref: com.android.settings.privacy.EnableContentCapturePreferenceController
10-15 19:18:06.893: D/PrefCtrlListHelper(7842): Could not find Context-only controller for pref: com.android.settings.privacy.EnableContentCaptureWithServiceSettingsPreferenceController
10-15 19:18:06.906: W/Icing(6011): No valid account for uploading user actions
10-15 19:18:06.916: D/PrefCtrlListHelper(7842): Could not find Context-only controller for pref: com.android.settings.sound.MediaControlsPreferenceController
10-15 19:18:06.916: D/PrefCtrlListHelper(7842): Could not find Context-only controller for pref: com.android.settings.sound.MediaControlsRecommendationController
10-15 19:18:06.920: D/PrefCtrlListHelper(7842): Could not find Context-only controller for pref: com.android.settings.deviceinfo.legal.CopyrightPreferenceController
10-15 19:18:06.921: D/PrefCtrlListHelper(7842): Could not find Context-only controller for pref: com.android.settings.bluetooth.BluetoothDeviceRenamePreferenceController
10-15 19:18:06.922: D/PrefCtrlListHelper(7842): Could not find Context-only controller for pref: com.android.settings.connecteddevice.AddDevicePreferenceController
10-15 19:18:06.922: D/PrefCtrlListHelper(7842): Could not find Context-only controller for pref: com.android.settings.deviceinfo.legal.LicensePreferenceController
10-15 19:18:06.923: D/PrefCtrlListHelper(7842): Could not find Context-only controller for pref: com.android.settings.deviceinfo.legal.TermsPreferenceController
10-15 19:18:06.923: D/PrefCtrlListHelper(7842): Could not find Context-only controller for pref: com.android.settings.deviceinfo.legal.ModuleLicensesListPreferenceController
10-15 19:18:06.923: D/PrefCtrlListHelper(7842): Could not find Context-only controller for pref: com.android.settings.deviceinfo.legal.WebViewLicensePreferenceController
10-15 19:18:06.923: D/PrefCtrlListHelper(7842): Could not find Context-only controller for pref: com.android.settings.deviceinfo.legal.WallpaperAttributionsPreferenceController
10-15 19:18:06.943: V/OnDeviceRecognitionPreferenceController(7842): Recognition service with no settings activity: com.google.android.as/com.google.android.apps.miphone.aiai.app.AiAiSpeechRecognitionService.
10-15 19:18:06.943: V/OnDeviceRecognitionPreferenceController(7842): Recognition service not in the same package as the default on-device recognizer: com.google.android.tts/com.google.android.apps.speech.tts.googletts.service.GoogleTTSRecognitionService.
10-15 19:18:06.943: V/OnDeviceRecognitionPreferenceController(7842): No speech recognition services with proper `recognition-service` meta-data found in the same package as the default on-device recognizer.
10-15 19:18:06.944: D/PrefCtrlListHelper(7842): Could not find Context-only controller for pref: com.android.settings.applications.appinfo.ManageAppLocalePreferenceController
10-15 19:18:06.944: D/PrefCtrlListHelper(7842): Could not find Context-only controller for pref: com.android.settings.language.OnDeviceRecognitionPreferenceController
