10-15 19:17:06.505: W/dex2oat64(6381): /apex/com.android.art/bin/dex2oat64 --zip-fd=8 --zip-location=base.apk --oat-fd=9 --oat-location=/data/app/~~HRqAWb9DI3fkWQS3CifxSg==/com.google.android.apps.mtaas.deviceadmin-TMHKfz6a1HPOVXkBt-7aNw==/oat/x86_64/base.odex --input-vdex-fd=-1 --output-vdex-fd=10 --swap-fd=11 --classpath-dir=/data/app/~~HRqAWb9DI3fkWQS3CifxSg==/com.google.android.apps.mtaas.deviceadmin-TMHKfz6a1HPOVXkBt-7aNw== --class-loader-context=PCL[]{PCL[/system/framework/android.test.base.jar]#PCL[/system/framework/org.apache.http.legacy.jar]} --compact-dex-level=none --instruction-set=x86_64 --instruction-set-features=default --instruction-set-variant=x86_64 --compiler-filter=speed-profile --compilation-reason=install --max-image-block-size=524288 --resolve-startup-const-strings=true --generate-mini-debug-info --runtime-arg -Xtarget-sdk-version:25 --runtime-arg -Xhidden-api-policy:enabled --runtime-arg -Xms64m --runtime-arg -Xmx512m
10-15 19:17:06.506: I/dex2oat64(6381): /apex/com.android.art/bin/dex2oat64 --input-vdex-fd=-1 --output-vdex-fd=10 --classpath-dir=/data/app/~~HRqAWb9DI3fkWQS3CifxSg==/com.google.android.apps.mtaas.deviceadmin-TMHKfz6a1HPOVXkBt-7aNw== --class-loader-context=PCL[]{PCL[/system/framework/android.test.base.jar]#PCL[/system/framework/org.apache.http.legacy.jar]} --compact-dex-level=none --compiler-filter=speed-profile --compilation-reason=install --max-image-block-size=524288 --resolve-startup-const-strings=true --generate-mini-debug-info
10-15 19:17:06.586: I/MaterialColorsGenerator(1250): Failed to parse THEME_CUSTOMIZATION_OVERLAY_PACKAGES.
10-15 19:17:06.586: I/MaterialColorsGenerator(1250): org.json.JSONException: No value for android.theme.customization.theme_style
10-15 19:17:06.586: I/MaterialColorsGenerator(1250): 	at org.json.JSONObject.get(JSONObject.java:398)
10-15 19:17:06.586: I/MaterialColorsGenerator(1250): 	at org.json.JSONObject.getString(JSONObject.java:559)
10-15 19:17:06.586: I/MaterialColorsGenerator(1250): 	at M1.a.b(Unknown Source:33)
10-15 19:17:06.586: I/MaterialColorsGenerator(1250): 	at M1.a.c(Unknown Source:23)
10-15 19:17:06.586: I/MaterialColorsGenerator(1250): 	at z1.D.i(Unknown Source:15)
10-15 19:17:06.586: I/MaterialColorsGenerator(1250): 	at z1.D.b(Unknown Source:0)
10-15 19:17:06.586: I/MaterialColorsGenerator(1250): 	at z1.A.get(Unknown Source:2)
10-15 19:17:06.586: I/MaterialColorsGenerator(1250): 	at com.android.launcher3.icons.cache.HandlerRunnable.run(Unknown Source:2)
10-15 19:17:06.586: I/MaterialColorsGenerator(1250): 	at android.os.Handler.handleCallback(Handler.java:942)
10-15 19:17:06.586: I/MaterialColorsGenerator(1250): 	at android.os.Handler.dispatchMessage(Handler.java:99)
10-15 19:17:06.586: I/MaterialColorsGenerator(1250): 	at android.os.Looper.loopOnce(Looper.java:201)
10-15 19:17:06.586: I/MaterialColorsGenerator(1250): 	at android.os.Looper.loop(Looper.java:288)
10-15 19:17:06.586: I/MaterialColorsGenerator(1250): 	at android.os.HandlerThread.run(HandlerThread.java:67)
10-15 19:17:06.602: I/keystore2(236): keystore2::watchdog: Watchdog thread idle -> terminating. Have a great day.
10-15 19:17:06.839: D/EGL_emulation(1250): app_time_stats: avg=1607.70ms min=1607.70ms max=1607.70ms count=1
10-15 19:17:07.081: I/OpenGLRenderer(1250): Davey! duration=861ms; Flags=0, FrameTimelineVsyncId=11499, IntendedVsync=1096521623269, Vsync=1096521623269, InputEventId=0, HandleInputStart=1096529911682, AnimationStart=1096529912686, PerformTraversalsStart=1096529967207, DrawStart=1097045415215, FrameDeadline=1096538289935, FrameInterval=1096529909274, FrameStartTime=16666666, SyncQueued=1097045612564, SyncStart=1097681592836, IssueDrawCommandsStart=1097941836564, SwapBuffers=1097943330154, FrameCompleted=1098019573558, DequeueBufferDuration=9121, QueueBufferDuration=351355, GpuCompleted=1097943330154, SwapBuffersCompleted=1098019573558, DisplayPresentTime=0, CommandSubmissionCompleted=1097943330154, 
10-15 19:17:07.364: I/s.nexuslauncher(1250): Background young concurrent copying GC freed 134729(3364KB) AllocSpace objects, 12(1336KB) LOS objects, 6% free, 9118KB/9783KB, paused 72us,39us total 684.934ms
10-15 19:17:07.487: D/BoundBrokerSvc(6011): onUnbind: Intent { act=com.google.android.gms.feedback.internal.IFeedbackService dat=chimera-action: cmp=com.google.android.gms/.chimera.GmsBoundBrokerService }
10-15 19:17:07.496: I/MaterialColorsGenerator(1250): Failed to parse THEME_CUSTOMIZATION_OVERLAY_PACKAGES.
10-15 19:17:07.496: I/MaterialColorsGenerator(1250): org.json.JSONException: No value for android.theme.customization.theme_style
10-15 19:17:07.496: I/MaterialColorsGenerator(1250): 	at org.json.JSONObject.get(JSONObject.java:398)
10-15 19:17:07.496: I/MaterialColorsGenerator(1250): 	at org.json.JSONObject.getString(JSONObject.java:559)
10-15 19:17:07.496: I/MaterialColorsGenerator(1250): 	at M1.a.b(Unknown Source:33)
10-15 19:17:07.496: I/MaterialColorsGenerator(1250): 	at M1.a.c(Unknown Source:23)
10-15 19:17:07.496: I/MaterialColorsGenerator(1250): 	at z1.D.i(Unknown Source:15)
10-15 19:17:07.496: I/MaterialColorsGenerator(1250): 	at z1.D.b(Unknown Source:0)
10-15 19:17:07.496: I/MaterialColorsGenerator(1250): 	at z1.A.get(Unknown Source:2)
10-15 19:17:07.496: I/MaterialColorsGenerator(1250): 	at com.android.launcher3.icons.cache.HandlerRunnable.run(Unknown Source:2)
10-15 19:17:07.496: I/MaterialColorsGenerator(1250): 	at android.os.Handler.handleCallback(Handler.java:942)
10-15 19:17:07.496: I/MaterialColorsGenerator(1250): 	at android.os.Handler.dispatchMessage(Handler.java:99)
10-15 19:17:07.496: I/MaterialColorsGenerator(1250): 	at android.os.Looper.loopOnce(Looper.java:201)
10-15 19:17:07.496: I/MaterialColorsGenerator(1250): 	at android.os.Looper.loop(Looper.java:288)
10-15 19:17:07.496: I/MaterialColorsGenerator(1250): 	at android.os.HandlerThread.run(HandlerThread.java:67)
10-15 19:17:07.775: I/s.nexuslauncher(1250): Background concurrent copying GC freed 165743(3855KB) AllocSpace objects, 9(1032KB) LOS objects, 49% free, 7858KB/15MB, paused 35us,42us total 352.649ms
10-15 19:17:07.858: I/MaterialColorsGenerator(1250): Failed to parse THEME_CUSTOMIZATION_OVERLAY_PACKAGES.
10-15 19:17:07.858: I/MaterialColorsGenerator(1250): org.json.JSONException: No value for android.theme.customization.theme_style
10-15 19:17:07.858: I/MaterialColorsGenerator(1250): 	at org.json.JSONObject.get(JSONObject.java:398)
10-15 19:17:07.858: I/MaterialColorsGenerator(1250): 	at org.json.JSONObject.getString(JSONObject.java:559)
10-15 19:17:07.858: I/MaterialColorsGenerator(1250): 	at M1.a.b(Unknown Source:33)
10-15 19:17:07.858: I/MaterialColorsGenerator(1250): 	at M1.a.c(Unknown Source:23)
10-15 19:17:07.858: I/MaterialColorsGenerator(1250): 	at z1.D.i(Unknown Source:15)
10-15 19:17:07.858: I/MaterialColorsGenerator(1250): 	at z1.D.b(Unknown Source:0)
10-15 19:17:07.858: I/MaterialColorsGenerator(1250): 	at z1.A.get(Unknown Source:2)
10-15 19:17:07.858: I/MaterialColorsGenerator(1250): 	at com.android.launcher3.icons.cache.HandlerRunnable.run(Unknown Source:2)
10-15 19:17:07.858: I/MaterialColorsGenerator(1250): 	at android.os.Handler.handleCallback(Handler.java:942)
10-15 19:17:07.858: I/MaterialColorsGenerator(1250): 	at android.os.Handler.dispatchMessage(Handler.java:99)
10-15 19:17:07.858: I/MaterialColorsGenerator(1250): 	at android.os.Looper.loopOnce(Looper.java:201)
10-15 19:17:07.858: I/MaterialColorsGenerator(1250): 	at android.os.Looper.loop(Looper.java:288)
10-15 19:17:07.858: I/MaterialColorsGenerator(1250): 	at android.os.HandlerThread.run(HandlerThread.java:67)
10-15 19:17:07.975: I/MaterialColorsGenerator(1250): Failed to parse THEME_CUSTOMIZATION_OVERLAY_PACKAGES.
10-15 19:17:07.975: I/MaterialColorsGenerator(1250): org.json.JSONException: No value for android.theme.customization.theme_style
10-15 19:17:07.975: I/MaterialColorsGenerator(1250): 	at org.json.JSONObject.get(JSONObject.java:398)
10-15 19:17:07.975: I/MaterialColorsGenerator(1250): 	at org.json.JSONObject.getString(JSONObject.java:559)
10-15 19:17:07.975: I/MaterialColorsGenerator(1250): 	at M1.a.b(Unknown Source:33)
10-15 19:17:07.975: I/MaterialColorsGenerator(1250): 	at M1.a.c(Unknown Source:23)
10-15 19:17:07.975: I/MaterialColorsGenerator(1250): 	at z1.D.i(Unknown Source:15)
10-15 19:17:07.975: I/MaterialColorsGenerator(1250): 	at z1.D.b(Unknown Source:0)
10-15 19:17:07.975: I/MaterialColorsGenerator(1250): 	at z1.A.get(Unknown Source:2)
10-15 19:17:07.975: I/MaterialColorsGenerator(1250): 	at com.android.launcher3.icons.cache.HandlerRunnable.run(Unknown Source:2)
10-15 19:17:07.975: I/MaterialColorsGenerator(1250): 	at android.os.Handler.handleCallback(Handler.java:942)
10-15 19:17:07.975: I/MaterialColorsGenerator(1250): 	at android.os.Handler.dispatchMessage(Handler.java:99)
10-15 19:17:07.975: I/MaterialColorsGenerator(1250): 	at android.os.Looper.loopOnce(Looper.java:201)
10-15 19:17:07.975: I/MaterialColorsGenerator(1250): 	at android.os.Looper.loop(Looper.java:288)
10-15 19:17:07.975: I/MaterialColorsGenerator(1250): 	at android.os.HandlerThread.run(HandlerThread.java:67)
10-15 19:17:08.276: I/dex2oat64(6381): Large app, accepted running with swap.
10-15 19:17:08.286: D/BtGatt.ScanManager(973): uid 10108 isForeground true scanMode 1
10-15 19:17:08.286: D/BtGatt.ScanManager(973): uid 10108 isForeground true scanMode -1
10-15 19:17:08.287: D/BtGatt.ScanManager(973): uid 10108 isForeground true scanMode -1
10-15 19:17:08.780: D/EGL_emulation(879): app_time_stats: avg=8729.92ms min=8729.92ms max=8729.92ms count=1
10-15 19:17:11.531: W/healthd(0): battery l=100 v=5000 t=25.0 h=2 st=2 c=900000 fc=3000000 cc=10 chg=a
10-15 19:17:11.114: I/dex2oat64(6381): dex2oat took 4.617s (5.659s cpu) (threads: 2) arena alloc=0B (0B) java alloc=23MB (25147488B) native alloc=5985KB (6129472B) free=1875KB (1920080B) swap=16MB (16777216B)
10-15 19:17:11.134: V/installd(460): DexInv: --- END '/data/app/~~HRqAWb9DI3fkWQS3CifxSg==/com.google.android.apps.mtaas.deviceadmin-TMHKfz6a1HPOVXkBt-7aNw==/base.apk' (success) ---
10-15 19:17:11.136: V/BackupManagerService(605): [UserID:0] restoreAtInstall pkg=com.google.android.apps.mtaas.deviceadmin token=8 restoreSet=0
10-15 19:17:11.137: V/BackupManagerService(605): [UserID:0] Finishing install immediately
10-15 19:17:11.163: D/PackageInstallerSession(605): Marking session 1109532286 as applied
10-15 19:17:11.164: E/installd(460): Couldn't opendir /data/app/vmdl1109532286.tmp: No such file or directory
10-15 19:17:11.165: E/installd(460): Failed to delete /data/app/vmdl1109532286.tmp: No such file or directory
10-15 19:17:11.177: D/CompatibilityChangeReporter(605): Compat change id reported: 168419799; UID 10172; state: DISABLED
10-15 19:17:11.185: I/MediaProvider(1503): Invalidating LocalCallingIdentity cache for package com.google.android.apps.mtaas.deviceadmin. Reason: package android.intent.action.PACKAGE_ADDED
10-15 19:17:11.192: D/CompatibilityChangeReporter(605): Compat change id reported: 218533173; UID 10172; state: DISABLED
10-15 19:17:11.197: I/RoleService(605): Granting default roles...
10-15 19:17:11.219: I/InputReader(605): Reconfiguring input devices, changes=KEYBOARD_LAYOUTS | 
10-15 19:17:11.224: I/Telecom(605): DefaultDialerCache: Refreshing default dialer for user 0: now com.google.android.dialer: DDC.oR@AQM
10-15 19:17:11.242: D/CarrierSvcBindHelper(1038): onPackageAdded: com.google.android.apps.mtaas.deviceadmin
10-15 19:17:11.248: D/CarrierSvcBindHelper(1038): No carrier app for: 0
10-15 19:17:11.256: V/BackupManagerConstants(605): getFullBackupIntervalMilliseconds(...) returns 86400000
10-15 19:17:11.256: V/BackupManagerConstants(605): getFullBackupRequiredNetworkType(...) returns 2
10-15 19:17:11.256: V/BackupManagerConstants(605): getFullBackupRequireCharging(...) returns true
10-15 19:17:11.261: I/GsaVoiceInteractionSrv(1602): O received Intent { act=android.intent.action.PACKAGE_ADDED dat=package: flg=0x4000010 (has extras) }
10-15 19:17:11.275: D/ImsResolver(1038): maybeAddedImsService, packageName: com.google.android.apps.mtaas.deviceadmin
10-15 19:17:11.283: W/BroadcastQueue(605): Background execution not allowed: receiving Intent { act=android.intent.action.PACKAGE_ADDED dat=package: flg=0x4000010 (has extras) } to com.google.android.packageinstaller/com.android.packageinstaller.PackageInstalledReceiver
10-15 19:17:11.291: W/Role(1112): Cannot get ApplicationInfo for default holder: com.google.android.contacts
10-15 19:17:11.306: D/BtGatt.ScanManager(973): uid 10108 isForeground true scanMode 1
10-15 19:17:11.308: D/BtGatt.ScanManager(973): uid 10108 isForeground true scanMode -1
10-15 19:17:11.310: D/BtGatt.ScanManager(973): uid 10108 isForeground true scanMode -1
10-15 19:17:11.319: W/BroadcastQueue(605): Background execution not allowed: receiving Intent { act=android.intent.action.PACKAGE_ADDED dat=package: flg=0x4000010 (has extras) } to com.google.android.gms/.games.chimera.GamesSystemBroadcastReceiverProxy
10-15 19:17:11.320: W/BroadcastQueue(605): Background execution not allowed: receiving Intent { act=android.intent.action.PACKAGE_ADDED dat=package: flg=0x4000010 (has extras) } to com.google.android.gms/.gass.chimera.PackageChangeBroadcastReceiver
10-15 19:17:11.322: W/BroadcastQueue(605): Background execution not allowed: receiving Intent { act=android.intent.action.PACKAGE_ADDED dat=package: flg=0x4000010 (has extras) } to com.google.android.gms/.chimera.GmsIntentOperationService$PersistentTrustedReceiver
10-15 19:17:11.324: W/BroadcastQueue(605): Background execution not allowed: receiving Intent { act=android.intent.action.PACKAGE_ADDED dat=package: flg=0x4000010 (has extras) } to com.google.android.googlequicksearchbox/com.google.android.apps.gsa.googlequicksearchbox.GelStubAppWatcher
10-15 19:17:11.331: W/Role(1112): Default holder doesn't have required signing certificate: com.google.android.apps.work.clouddpc:23962F4B43B9857638EA66F4D419518EAE282491ACDA4B94707BD59003C45E58
10-15 19:17:11.344: I/PermissionControllerServiceImpl(1112): Updating user sensitive for uid 10172
10-15 19:17:11.362: I/PermissionControllerServiceImpl(1112): Updating user sensitive for uid 10172
10-15 19:17:11.361: I/m.android.phone(1038): Background young concurrent copying GC freed 62982(2813KB) AllocSpace objects, 0(0B) LOS objects, 39% free, 4230KB/7042KB, paused 342us,25us total 124.473ms
10-15 19:17:11.374: I/Telecom(605): DefaultDialerCache: Refreshing default dialer for user 0: now com.google.android.dialer: DDC.oR@AQY
10-15 19:17:11.384: I/InputReader(605): Reconfiguring input devices, changes=KEYBOARD_LAYOUTS | 
10-15 19:17:11.389: W/BackupTransportManager(605): Package com.google.android.apps.mtaas.deviceadmin enabled setting: 0
10-15 19:17:11.396: D/CarrierSvcBindHelper(1038): onPackageModified: com.google.android.apps.mtaas.deviceadmin
10-15 19:17:11.400: D/CarrierSvcBindHelper(1038): No carrier app for: 0
10-15 19:17:11.402: D/ImsResolver(1038): maybeAddedImsService, packageName: com.google.android.apps.mtaas.deviceadmin
10-15 19:17:11.505: I/Fitness(1299): OnPackageChangedOperation got intent: Intent { act=android.intent.action.PACKAGE_CHANGED dat=package: flg=0x5000010 pkg=com.google.android.gms cmp=com.google.android.gms/.chimera.PersistentIntentOperationService (has extras) } [CONTEXT service_id=17 ]
10-15 19:17:11.515: W/ChimeraUtils(1299): Module com.google.android.gms.nearby_en has empty metadata display_name_string_id
10-15 19:17:11.529: W/GCM(1299): Unexpected forwarded intent: Intent { act=android.intent.action.PACKAGE_ADDED dat=package: flg=0x4000010 pkg=com.google.android.gms cmp=com.google.android.gms/.chimera.PersistentIntentOperationService (has extras) }
10-15 19:17:11.534: W/GCM(1299): Unexpected forwarded intent: Intent { act=android.intent.action.PACKAGE_ADDED dat=package: flg=0x4000010 pkg=com.google.android.gms cmp=com.google.android.gms/.chimera.PersistentIntentOperationService (has extras) }
10-15 19:17:11.551: W/Role(1112): Cannot get ApplicationInfo for default holder: com.google.android.odad
10-15 19:17:11.555: I/Auth(6011): [SupervisedAccountIntentOperation] onHandleIntent(): android.intent.action.PACKAGE_ADDED
10-15 19:17:11.557: I/PackageIntentOperation(6011): Feature flags not enabled, skipping. [CONTEXT service_id=258 ]
10-15 19:17:11.557: E/VerityUtils(605): Failed to measure fs-verity, errno 1: /data/app/~~HRqAWb9DI3fkWQS3CifxSg==/com.google.android.apps.mtaas.deviceadmin-TMHKfz6a1HPOVXkBt-7aNw==/base.apk
10-15 19:17:11.560: I/Dck(6011): doesDeviceHaveSupportedWirelessCapabilities: wccSysProp:0, wccMendel:1, deviceWccOverride:false [CONTEXT service_id=289 ]
10-15 19:17:11.560: I/Dck(6011): isDckModuleEligible: isAtLeastR:true, hasWccSupport:false, downloadAllowed:false, featureEnabled:true [CONTEXT service_id=289 ]
10-15 19:17:11.560: W/Dck(6011): Dck module not eligible for asynchronous downloading [CONTEXT service_id=289 ]
10-15 19:17:11.570: I/Icing(6011): Indexing com.google.android.gms-apps from com.google.android.gms
10-15 19:17:11.572: I/Icing(6011): Indexing done com.google.android.gms-apps
10-15 19:17:11.597: I/FontLog(1299): Package com.google.android.apps.mtaas.deviceadmin has no metadata [CONTEXT service_id=132 ]
10-15 19:17:11.645: D/BoundBrokerSvc(6011): onBind: Intent { act=com.google.android.gms.common.BIND_SHARED_PREFS pkg=com.google.android.gms }
10-15 19:17:11.645: D/BoundBrokerSvc(6011): Loading bound service for intent: Intent { act=com.google.android.gms.common.BIND_SHARED_PREFS pkg=com.google.android.gms }
10-15 19:17:11.648: W/Looper(605): Slow delivery took 202ms android.fg h=com.android.server.pm.permission.PermissionManagerServiceImpl$OnPermissionChangeListeners c=null m=1
10-15 19:17:11.652: W/Looper(605): Drained
10-15 19:17:11.672: W/ChimeraUtils(1299): Module com.google.android.gms.nearby_en has empty metadata display_name_string_id
10-15 19:17:11.681: W/ChimeraUtils(1299): Module com.google.android.gms.nearby_en has empty metadata display_name_string_id
10-15 19:17:11.710: I/Icing(6011): Indexing com.google.android.gms-apps from com.google.android.gms
10-15 19:17:11.710: I/Icing(6011): Indexing done com.google.android.gms-apps
10-15 19:17:11.715: D/BoundBrokerSvc(6011): onUnbind: Intent { act=com.google.android.gms.common.BIND_SHARED_PREFS pkg=com.google.android.gms }
10-15 19:17:11.719: I/ChimeraConfigurator(6011): Starting update, reason: 4 urgentFeatures: pay:-1
10-15 19:17:11.749: I/Fitness(1299): FitCleanupIntentOperation received Intent android.intent.action.PACKAGE_CHANGED [CONTEXT service_id=17 ]
10-15 19:17:11.753: I/Fitness(1299): OnPackageChangedOperation got intent: Intent { act=android.intent.action.PACKAGE_CHANGED dat=package: flg=0x5000010 pkg=com.google.android.gms cmp=com.google.android.gms/.chimera.PersistentIntentOperationService (has extras) } [CONTEXT service_id=17 ]
10-15 19:17:11.784: I/Fitness(1299): FitCleanupIntentOperation received Intent android.intent.action.PACKAGE_CHANGED [CONTEXT service_id=17 ]
10-15 19:17:11.794: I/GmsDebugLogger(6011): [73] 1801
10-15 19:17:11.806: I/GmsDebugLogger(6011): [30] [Pay.optional:221821100000]
10-15 19:17:11.811: W/ChimeraConfigService(6011): Retry attempt was throttled. [CONTEXT service_id=264 ]
10-15 19:17:11.811: I/GmsDebugLogger(6011): [83] 1 [pay]
10-15 19:17:11.864: W/PackageManager(605): Failed registering loading progress callback. Package is fully loaded.
10-15 19:17:11.913: I/AiAiEcho(1507): EchoSearch: WidgetFetcherImpl is initialized with [23] widgets [reason=package added for userId: 0]
10-15 19:17:11.916: W/ChimeraUtils(1299): Module com.google.android.gms.nearby_en has empty metadata display_name_string_id
10-15 19:17:11.923: I/Icing(6011): Indexing com.google.android.gms-apps from com.google.android.gms
10-15 19:17:11.925: I/Icing(6011): Indexing done com.google.android.gms-apps
10-15 19:17:11.978: I/AiAiEcho(1507): EchoSearch: AppFetcherImpl is initialized with [20] apps [time=45, reason=com.google.android.apps.mtaas.deviceadmin is added]
10-15 19:17:11.997: I/gle.android.gms(6011): Compiler allocated 5895KB to compile boolean uev.j(int, uek, java.util.List, ueu)
10-15 19:17:12.005: W/ChimeraUtils(1299): Module com.google.android.gms.nearby_en has empty metadata display_name_string_id
10-15 19:17:12.030: W/ChimeraUtils(1299): Module com.google.android.gms.nearby_en has empty metadata display_name_string_id
10-15 19:17:12.058: I/system_server(605): Background concurrent copying GC freed 197056(10234KB) AllocSpace objects, 16(320KB) LOS objects, 48% free, 25MB/49MB, paused 14.338ms,168us total 899.681ms
10-15 19:17:12.070: W/ChimeraUtils(1299): Module com.google.android.gms.nearby_en has empty metadata display_name_string_id
10-15 19:17:12.125: W/ChimeraUtils(1299): Module com.google.android.gms.nearby_en has empty metadata display_name_string_id
10-15 19:17:12.131: W/ChimeraUtils(1299): Module com.google.android.gms.nearby_en has empty metadata display_name_string_id
10-15 19:17:12.190: I/RoleService(605): Granting default roles...
10-15 19:17:12.196: W/Role(1112): Cannot get ApplicationInfo for default holder: com.google.android.contacts
10-15 19:17:12.205: W/Role(1112): Default holder doesn't have required signing certificate: com.google.android.apps.work.clouddpc:23962F4B43B9857638EA66F4D419518EAE282491ACDA4B94707BD59003C45E58
10-15 19:17:12.237: W/Role(1112): Cannot get ApplicationInfo for default holder: com.google.android.odad
10-15 19:17:13.377: I/lowmemorykiller(214): Kill 'com.google.android.apps.messaging:rcs' (5583), uid 10100, oom_score_adj 995 to free 124876kB rss, 0kB swap; reason: device is not responding
10-15 19:17:13.383: I/ActivityManager(605): Process com.google.android.apps.messaging:rcs (pid 5583) has died: cch+95 CEM 
10-15 19:17:13.386: I/libprocessgroup(605): Successfully killed process cgroup uid 10100 pid 5583 in 0ms
10-15 19:17:13.390: I/Zygote(355): Process 5583 exited due to signal 9 (Killed)
10-15 19:17:13.949: D/AndroidRuntime(6387): >>>>>> START com.android.internal.os.RuntimeInit uid 0 <<<<<<
10-15 19:17:13.956: I/AndroidRuntime(6387): Using default boot image
10-15 19:17:13.956: I/AndroidRuntime(6387): Leaving lock profiling enabled
10-15 19:17:13.961: I/app_process(6387): Core platform API reporting enabled, enforcing=false
10-15 19:17:14.471: I/lowmemorykiller(214): Kill 'android.process.media' (3081), uid 10065, oom_score_adj 985 to free 106916kB rss, 4kB swap; reason: device is not responding
10-15 19:17:14.477: I/ActivityManager(605): Process android.process.media (pid 3081) has died: cch+85 CEM 
10-15 19:17:14.477: I/Zygote(355): Process 3081 exited due to signal 9 (Killed)
10-15 19:17:14.481: I/libprocessgroup(605): Successfully killed process cgroup uid 10065 pid 3081 in 1ms
10-15 19:17:14.490: I/AiAi(1507): onTrimMemory() with level 5
10-15 19:17:14.494: I/AppBase(1424): AppBase.onTrimMemory():759 onTrimMemory(): 5
10-15 19:17:14.494: I/GoogleInputMethodService(1424): GoogleInputMethodService.onTrimMemory():4336 onTrimMemory(): 5
10-15 19:17:14.770: D/app_process(6387): Time zone APEX ICU file found: /apex/com.android.tzdata/etc/icu/icu_tzdata.dat
10-15 19:17:14.770: D/app_process(6387): I18n APEX ICU file found: /apex/com.android.i18n/etc/icu/icudt70l.dat
10-15 19:17:14.792: W/app_process(6387): Unexpected CPU variant for x86: x86_64.
10-15 19:17:14.792: W/app_process(6387): Known variants: atom, sandybridge, silvermont, kabylake, default
10-15 19:17:14.955: D/AndroidRuntime(6387): Calling main entry com.android.commands.am.Am
10-15 19:17:14.987: I/ActivityManager(605): Force stopping com.google.android.apps.mtaas.deviceadmin appid=10172 user=0: start instr
10-15 19:17:14.991: D/CompatibilityChangeReporter(605): Compat change id reported: 135634846; UID 10172; state: DISABLED
10-15 19:17:14.993: D/CompatibilityChangeReporter(605): Compat change id reported: 177438394; UID 10172; state: DISABLED
10-15 19:17:14.994: D/CompatibilityChangeReporter(605): Compat change id reported: 135772972; UID 10172; state: DISABLED
10-15 19:17:14.996: D/CompatibilityChangeReporter(605): Compat change id reported: 135754954; UID 10172; state: DISABLED
10-15 19:17:14.998: D/CompatibilityChangeReporter(605): Compat change id reported: 143937733; UID 10172; state: DISABLED
10-15 19:17:15.005: D/Zygote(355): Forked child process 6433
10-15 19:17:15.009: I/ActivityManager(605): Start proc 6433:com.google.android.apps.mtaas.deviceadmin/u0a172 for added application com.google.android.apps.mtaas.deviceadmin
10-15 19:17:15.014: I/Zygote(6433): seccomp disabled by setenforce 0
10-15 19:17:15.019: W/aas.deviceadmin(6433): Unexpected CPU variant for x86: x86_64.
10-15 19:17:15.019: W/aas.deviceadmin(6433): Known variants: atom, sandybridge, silvermont, kabylake, default
10-15 19:17:15.024: I/adbd(424): jdwp connection from 6433
10-15 19:17:15.059: D/CompatibilityChangeReporter(6433): Compat change id reported: 171979766; UID 10172; state: DISABLED
10-15 19:17:15.065: D/ApplicationLoaders(6433): Returning zygote-cached class loader: /system/framework/android.test.base.jar
10-15 19:17:15.075: V/GraphicsEnvironment(6433): ANGLE Developer option for 'com.google.android.apps.mtaas.deviceadmin' set to: 'default'
10-15 19:17:15.076: V/GraphicsEnvironment(6433): ANGLE GameManagerService for com.google.android.apps.mtaas.deviceadmin: false
10-15 19:17:15.076: V/GraphicsEnvironment(6433): Neither updatable production driver nor prerelease driver is supported.
10-15 19:17:15.082: D/NetworkSecurityConfig(6433): No Network Security Config specified, using platform default
10-15 19:17:15.084: D/NetworkSecurityConfig(6433): No Network Security Config specified, using platform default
10-15 19:17:15.088: E/CheckAdminStatus(6433): Instrumentation completed with failure: com.google.android.apps.mtaas.deviceadmin is not the device owner.
10-15 19:17:15.093: I/app_process(6387): System.exit called, status: 0
10-15 19:17:15.093: I/AndroidRuntime(6387): VM exiting with result code 0.
10-15 19:17:15.114: I/ActivityManager(605): Force stopping com.google.android.apps.mtaas.deviceadmin appid=10172 user=0: finished inst
10-15 19:17:15.114: I/ActivityManager(605): Killing 6433:com.google.android.apps.mtaas.deviceadmin/u0a172 (adj 0): stop com.google.android.apps.mtaas.deviceadmin due to finished inst
10-15 19:17:15.124: I/libprocessgroup(605): Successfully killed process cgroup uid 10172 pid 6433 in 0ms
10-15 19:17:15.125: W/ActivityManager(605): Error shutting down UiAutomationConnection
10-15 19:17:15.767: I/binder(0): 605:671 transaction failed 29189/-22, size 88-0 line 2874
10-15 19:17:15.142: I/Zygote(355): Process 6433 exited due to signal 9 (Killed)
10-15 19:17:15.784: I/binder(0): undelivered TRANSACTION_COMPLETE
10-15 19:17:15.789: I/binder(0): undelivered transaction 388716, process died.
10-15 19:17:15.144: V/ActivityManager(605): Got obituary of 6433:com.google.android.apps.mtaas.deviceadmin
10-15 19:17:15.303: D/CompatibilityChangeReporter(605): Compat change id reported: 135634846; UID 10172; state: DISABLED
10-15 19:17:15.303: D/CompatibilityChangeReporter(605): Compat change id reported: 177438394; UID 10172; state: DISABLED
10-15 19:17:15.304: D/CompatibilityChangeReporter(605): Compat change id reported: 135772972; UID 10172; state: DISABLED
10-15 19:17:15.304: D/CompatibilityChangeReporter(605): Compat change id reported: 135754954; UID 10172; state: DISABLED
10-15 19:17:15.307: D/CompatibilityChangeReporter(605): Compat change id reported: 143937733; UID 10172; state: DISABLED
10-15 19:17:15.310: W/NotificationEntryMgr(879): While running New Pipeline: updateNotifications(reason=ACTION_DEVICE_POLICY_MANAGER_STATE_CHANGED)
10-15 19:17:15.315: D/Zygote(355): Forked child process 6459
10-15 19:17:15.320: I/ActivityManager(605): Start proc 6459:com.google.android.apps.mtaas.deviceadmin/u0a172 for broadcast {com.google.android.apps.mtaas.deviceadmin/com.google.android.apps.mtaas.deviceadmin.DeviceAdminReceiver}
10-15 19:17:15.324: I/Zygote(6459): seccomp disabled by setenforce 0
10-15 19:17:15.333: W/aas.deviceadmin(6459): Unexpected CPU variant for x86: x86_64.
10-15 19:17:15.333: W/aas.deviceadmin(6459): Known variants: atom, sandybridge, silvermont, kabylake, default
10-15 19:17:15.338: I/adbd(424): jdwp connection from 6459
10-15 19:17:15.357: D/CompatibilityChangeReporter(6459): Compat change id reported: 171979766; UID 10172; state: DISABLED
10-15 19:17:15.362: D/ApplicationLoaders(6459): Returning zygote-cached class loader: /system/framework/android.test.base.jar
10-15 19:17:15.373: V/GraphicsEnvironment(6459): ANGLE Developer option for 'com.google.android.apps.mtaas.deviceadmin' set to: 'default'
10-15 19:17:15.374: V/GraphicsEnvironment(6459): ANGLE GameManagerService for com.google.android.apps.mtaas.deviceadmin: false
10-15 19:17:15.375: V/GraphicsEnvironment(6459): Neither updatable production driver nor prerelease driver is supported.
10-15 19:17:15.379: D/NetworkSecurityConfig(6459): No Network Security Config specified, using platform default
10-15 19:17:15.379: D/NetworkSecurityConfig(6459): No Network Security Config specified, using platform default
10-15 19:17:15.387: I/BackupManagerService(605): Making backup inactive
10-15 19:17:15.388: I/BackupManagerService(605): Stopping service for user: 0
10-15 19:17:15.392: V/BackupManagerService(605): Stopping backup handler
10-15 19:17:15.393: W/DevicePolicyManager(605): Cannot change existing ro.organization_owned to true
10-15 19:17:15.399: D/ContentCaptureManagerService(605): Restriction did not change for user 0
10-15 19:17:15.399: I/ContentSuggestionsManagerService(605): Updating for user 0: disabled=false
10-15 19:17:15.399: D/AutofillManagerService(605): Restriction did not change for user 0
10-15 19:17:15.399: I/DevicePolicyManager(605): Device owner set: ComponentInfo{com.google.android.apps.mtaas.deviceadmin/com.google.android.apps.mtaas.deviceadmin.DeviceAdminReceiver} on user 0
10-15 19:17:15.404: D/ContentCaptureManagerService(605): Restriction did not change for user 0
10-15 19:17:15.404: I/ContentSuggestionsManagerService(605): Updating for user 0: disabled=false
10-15 19:17:15.407: D/WifiService(605): user restrictions changed
10-15 19:17:15.409: D/AutofillManagerService(605): Restriction did not change for user 0
10-15 19:17:15.415: V/BluetoothManagerService(605): Searching package com.google.android.bluetooth.services
10-15 19:17:15.415: V/BluetoothManagerService(605): Searching package com.android.bluetooth
10-15 19:17:15.415: V/BluetoothManagerService(605): Checking activity com.android.bluetooth.BluetoothPrefs
10-15 19:17:15.415: V/BluetoothManagerService(605): Checking activity com.android.bluetooth.map.BluetoothMapSettings
10-15 19:17:15.415: V/BluetoothManagerService(605): Checking activity com.android.bluetooth.opp.BluetoothOppLauncherActivity
10-15 19:17:15.416: D/WifiP2pService(605): user restrictions changed
10-15 19:17:15.416: W/NotificationEntryMgr(879): While running New Pipeline: updateNotifications(reason=ACTION_DEVICE_POLICY_MANAGER_STATE_CHANGED)
10-15 19:17:15.417: I/Auth(1299): [WorkAccount] update authenticator enabled for intent: android.app.action.DEVICE_OWNER_CHANGED
10-15 19:17:15.420: W/ActivityManager(605): Unable to start service Intent { act=com.google.android.gms.auth.account.ACTION_UPDATE_WORK_AUTHENTICATOR cmp=com.google.android.gms/.auth.account.service.WorkAccountService (has extras) } U=0: not found
10-15 19:17:15.421: W/NotificationEntryMgr(879): While running New Pipeline: updateNotifications(reason=ACTION_DEVICE_POLICY_MANAGER_STATE_CHANGED)
10-15 19:17:15.423: D/WifiService(605): user restrictions changed
10-15 19:17:15.425: V/BluetoothManagerService(605): Searching package com.google.android.bluetooth.services
10-15 19:17:15.425: V/BluetoothManagerService(605): Searching package com.android.bluetooth
10-15 19:17:15.425: V/BluetoothManagerService(605): Checking activity com.android.bluetooth.BluetoothPrefs
10-15 19:17:15.425: V/BluetoothManagerService(605): Checking activity com.android.bluetooth.map.BluetoothMapSettings
10-15 19:17:15.425: V/BluetoothManagerService(605): Checking activity com.android.bluetooth.opp.BluetoothOppLauncherActivity
10-15 19:17:15.425: D/WifiP2pService(605): user restrictions changed
10-15 19:17:15.442: W/ProcessCpuTracker(605): Failed to stat(/proc/6453): android.system.ErrnoException: stat failed: ENOENT (No such file or directory)
10-15 19:17:15.442: W/ProcessCpuTracker(605): Skipping unknown process pid 6453
10-15 19:17:15.442: W/ProcessCpuTracker(605): Failed to stat(/proc/6455): android.system.ErrnoException: stat failed: ENOENT (No such file or directory)
10-15 19:17:15.442: W/ProcessCpuTracker(605): Skipping unknown process pid 6455
10-15 19:17:15.442: W/ProcessCpuTracker(605): Failed to stat(/proc/6456): android.system.ErrnoException: stat failed: ENOENT (No such file or directory)
10-15 19:17:15.442: W/ProcessCpuTracker(605): Skipping unknown process pid 6456
10-15 19:17:15.452: I/NearbyConnections(1299): Runtime state initialization complete. Nearby connections setting is enabled. [CONTEXT service_id=54 ]
10-15 19:17:15.461: I/NearbyConnections(1299): Runtime state initialization complete. Nearby connections setting is enabled. [CONTEXT service_id=54 ]
10-15 19:17:15.483: E/AbstractGmsTracer(6011): Traced class shouldn't be obfuscated: fdn [CONTEXT service_id=259 ]
10-15 19:17:15.484: I/NearbySharing(6011): onBindSlice failed since shareTargets is empty [CONTEXT service_id=194 ]
10-15 19:17:15.486: I/NearbySharing(1299): ReceiveSurfaceService started [CONTEXT service_id=194 ]
10-15 19:17:15.490: I/NearbySharing(6011): Granted slice and Uri permissions to android [CONTEXT service_id=194 ]
10-15 19:17:15.491: I/NearbySharing(6011): Runtime state initialization complete. Sharing is enabled. [CONTEXT service_id=194 ]
10-15 19:17:15.498: I/Checkin(6011): [EventLogChimeraService] Opted in for usage reporting: false
10-15 19:17:15.502: I/NearbySharing(1299): ReceiveSurfaceService started [CONTEXT service_id=194 ]
10-15 19:17:15.504: I/NearbySharing(6011): Runtime state initialization complete. Sharing is enabled. [CONTEXT service_id=194 ]
10-15 19:17:15.507: I/NearbySharing(6011): onBindSlice failed since shareTargets is empty [CONTEXT service_id=194 ]
10-15 19:17:15.510: I/NearbySharing(6011): Granted slice and Uri permissions to android [CONTEXT service_id=194 ]
10-15 19:17:15.623: W/GmsTaskScheduler(6011): ScheduledCheckinGmsTaskService is not available. This may cause the task to be lost.
10-15 19:17:15.691: D/AndroidRuntime(6482): >>>>>> START com.android.internal.os.RuntimeInit uid 0 <<<<<<
10-15 19:17:15.708: I/AndroidRuntime(6482): Using default boot image
10-15 19:17:15.708: I/AndroidRuntime(6482): Leaving lock profiling enabled
10-15 19:17:15.722: I/app_process(6482): Core platform API reporting enabled, enforcing=false
10-15 19:17:15.880: D/app_process(6482): Time zone APEX ICU file found: /apex/com.android.tzdata/etc/icu/icu_tzdata.dat
10-15 19:17:15.881: D/app_process(6482): I18n APEX ICU file found: /apex/com.android.i18n/etc/icu/icudt70l.dat
10-15 19:17:15.893: W/app_process(6482): Unexpected CPU variant for x86: x86_64.
10-15 19:17:15.893: W/app_process(6482): Known variants: atom, sandybridge, silvermont, kabylake, default
10-15 19:17:15.922: D/AndroidRuntime(6482): Calling main entry com.android.commands.am.Am
10-15 19:17:15.928: I/ActivityManager(605): Force stopping com.google.android.apps.mtaas.deviceadmin appid=10172 user=0: start instr
10-15 19:17:15.931: I/ActivityManager(605): Killing 6459:com.google.android.apps.mtaas.deviceadmin/u0a172 (adj 905): stop com.google.android.apps.mtaas.deviceadmin due to start instr
10-15 19:17:15.937: I/libprocessgroup(605): Successfully killed process cgroup uid 10172 pid 6459 in 5ms
10-15 19:17:15.941: I/AiAi(1507): onTrimMemory() with level 5
10-15 19:17:15.945: D/CompatibilityChangeReporter(605): Compat change id reported: 135634846; UID 10172; state: DISABLED
10-15 19:17:15.945: D/CompatibilityChangeReporter(605): Compat change id reported: 177438394; UID 10172; state: DISABLED
10-15 19:17:15.945: D/CompatibilityChangeReporter(605): Compat change id reported: 135772972; UID 10172; state: DISABLED
10-15 19:17:15.947: D/CompatibilityChangeReporter(605): Compat change id reported: 135754954; UID 10172; state: DISABLED
10-15 19:17:15.947: D/CompatibilityChangeReporter(605): Compat change id reported: 143937733; UID 10172; state: DISABLED
10-15 19:17:15.960: I/AppBase(1424): AppBase.onTrimMemory():759 onTrimMemory(): 5
10-15 19:17:15.961: I/GoogleInputMethodService(1424): GoogleInputMethodService.onTrimMemory():4336 onTrimMemory(): 5
10-15 19:17:15.964: D/Zygote(355): Forked child process 6497
10-15 19:17:15.964: I/ActivityManager(605): Start proc 6497:com.google.android.apps.mtaas.deviceadmin/u0a172 for added application com.google.android.apps.mtaas.deviceadmin
10-15 19:17:15.969: I/Zygote(355): Process 6459 exited due to signal 9 (Killed)
10-15 19:17:15.972: V/ActivityManager(605): Got obituary of 6459:com.google.android.apps.mtaas.deviceadmin
10-15 19:17:15.975: I/Zygote(6497): seccomp disabled by setenforce 0
10-15 19:17:15.979: W/aas.deviceadmin(6497): Unexpected CPU variant for x86: x86_64.
10-15 19:17:15.979: W/aas.deviceadmin(6497): Known variants: atom, sandybridge, silvermont, kabylake, default
10-15 19:17:15.984: I/adbd(424): jdwp connection from 6497
10-15 19:17:16.023: D/CompatibilityChangeReporter(6497): Compat change id reported: 171979766; UID 10172; state: DISABLED
10-15 19:17:16.029: D/ApplicationLoaders(6497): Returning zygote-cached class loader: /system/framework/android.test.base.jar
10-15 19:17:16.039: V/GraphicsEnvironment(6497): ANGLE Developer option for 'com.google.android.apps.mtaas.deviceadmin' set to: 'default'
10-15 19:17:16.041: V/GraphicsEnvironment(6497): ANGLE GameManagerService for com.google.android.apps.mtaas.deviceadmin: false
10-15 19:17:16.042: V/GraphicsEnvironment(6497): Neither updatable production driver nor prerelease driver is supported.
10-15 19:17:16.046: D/NetworkSecurityConfig(6497): No Network Security Config specified, using platform default
10-15 19:17:16.046: D/NetworkSecurityConfig(6497): No Network Security Config specified, using platform default
10-15 19:17:16.050: D/HideApps(6497): Package com.motorola.ccc.ota doesn't need to update, isHidden: true
10-15 19:17:16.050: D/HideApps(6497): Package com.lge.update doesn't need to update, isHidden: true
10-15 19:17:16.051: D/HideApps(6497): Package com.lge.lgdmsclient doesn't need to update, isHidden: true
10-15 19:17:16.051: D/HideApps(6497): Package com.wssyncmldm doesn't need to update, isHidden: true
10-15 19:17:16.051: D/HideApps(6497): Package com.sonyericsson.updatecenter doesn't need to update, isHidden: true
10-15 19:17:16.051: D/HideApps(6497): Package com.blackshark.ota doesn't need to update, isHidden: true
10-15 19:17:16.051: D/HideApps(6497): Package com.bbk.updater doesn't need to update, isHidden: true
10-15 19:17:16.051: D/HideApps(6497): Package com.samsung.android.MtpApplication doesn't need to update, isHidden: true
10-15 19:17:16.052: D/HideApps(6497): Package com.sec.android.provider.emergencymode doesn't need to update, isHidden: true
10-15 19:17:16.052: D/HideApps(6497): Package com.sec.android.emergencymode.service doesn't need to update, isHidden: true
10-15 19:17:16.052: D/HideApps(6497): Package com.samsung.android.game.gametools doesn't need to update, isHidden: true
10-15 19:17:16.052: D/HideApps(6497): Package com.lge.gametuner doesn't need to update, isHidden: true
10-15 19:17:16.052: D/HideApps(6497): Package com.skype.raider doesn't need to update, isHidden: true
10-15 19:17:16.052: D/HideApps(6497): Package com.sec.android.app.clockpackage doesn't need to update, isHidden: true
10-15 19:17:16.052: D/HideApps(6497): Package com.google.android.apps.plus doesn't need to update, isHidden: true
10-15 19:17:16.052: D/HideApps(6497): Package com.google.android.talk doesn't need to update, isHidden: true
10-15 19:17:16.052: D/HideApps(6497): Package com.sonymobile.scan3d doesn't need to update, isHidden: true
10-15 19:17:16.053: D/HideApps(6497): Package com.google.android.videos doesn't need to update, isHidden: true
10-15 19:17:16.053: D/HideApps(6497): Package com.google.android.apps.gcs doesn't need to update, isHidden: true
10-15 19:17:16.053: D/HideApps(6497): Package com.samsung.android.app.aodservice doesn't need to update, isHidden: true
10-15 19:17:16.053: D/HideApps(6497): Instrumentation completed successfully
10-15 19:17:16.053: I/ActivityManager(605): Force stopping com.google.android.apps.mtaas.deviceadmin appid=10172 user=0: finished inst
10-15 19:17:16.060: I/ActivityManager(605): Killing 6497:com.google.android.apps.mtaas.deviceadmin/u0a172 (adj 0): stop com.google.android.apps.mtaas.deviceadmin due to finished inst
10-15 19:17:16.061: I/app_process(6482): System.exit called, status: 0
10-15 19:17:16.061: I/AndroidRuntime(6482): VM exiting with result code 0.
10-15 19:17:16.081: I/libprocessgroup(605): Successfully killed process cgroup uid 10172 pid 6497 in 14ms
10-15 19:17:16.084: I/Zygote(355): Process 6497 exited due to signal 9 (Killed)
10-15 19:17:16.084: V/ActivityManager(605): Got obituary of 6497:com.google.android.apps.mtaas.deviceadmin
10-15 19:17:16.092: D/EGL_emulation(2367): eglCreateContext: 0x7b1c624a0e90: maj 3 min 0 rcv 3
10-15 19:17:16.317: D/AndroidRuntime(6519): >>>>>> START com.android.internal.os.RuntimeInit uid 0 <<<<<<
10-15 19:17:16.327: I/AndroidRuntime(6519): Using default boot image
10-15 19:17:16.327: I/AndroidRuntime(6519): Leaving lock profiling enabled
10-15 19:17:16.331: I/app_process(6519): Core platform API reporting enabled, enforcing=false
10-15 19:17:16.428: D/EGL_emulation(2367): eglCreateContext: 0x7b1c624a0e90: maj 3 min 0 rcv 3
10-15 19:17:16.556: D/app_process(6519): Time zone APEX ICU file found: /apex/com.android.tzdata/etc/icu/icu_tzdata.dat
10-15 19:17:16.557: D/app_process(6519): I18n APEX ICU file found: /apex/com.android.i18n/etc/icu/icudt70l.dat
10-15 19:17:16.582: W/app_process(6519): Unexpected CPU variant for x86: x86_64.
10-15 19:17:16.582: W/app_process(6519): Known variants: atom, sandybridge, silvermont, kabylake, default
10-15 19:17:16.643: D/AndroidRuntime(6519): Calling main entry com.android.commands.am.Am
10-15 19:17:16.651: I/ActivityManager(605): Force stopping com.google.android.apps.mtaas.deviceadmin appid=10172 user=0: start instr
10-15 19:17:16.655: D/CompatibilityChangeReporter(605): Compat change id reported: 135634846; UID 10172; state: DISABLED
10-15 19:17:16.655: D/CompatibilityChangeReporter(605): Compat change id reported: 177438394; UID 10172; state: DISABLED
10-15 19:17:16.655: D/CompatibilityChangeReporter(605): Compat change id reported: 135772972; UID 10172; state: DISABLED
10-15 19:17:16.655: D/CompatibilityChangeReporter(605): Compat change id reported: 135754954; UID 10172; state: DISABLED
10-15 19:17:16.657: D/CompatibilityChangeReporter(605): Compat change id reported: 143937733; UID 10172; state: DISABLED
10-15 19:17:16.669: D/Zygote(355): Forked child process 6531
10-15 19:17:16.669: I/ActivityManager(605): Start proc 6531:com.google.android.apps.mtaas.deviceadmin/u0a172 for added application com.google.android.apps.mtaas.deviceadmin
10-15 19:17:16.677: I/Zygote(6531): seccomp disabled by setenforce 0
10-15 19:17:16.681: W/aas.deviceadmin(6531): Unexpected CPU variant for x86: x86_64.
10-15 19:17:16.681: W/aas.deviceadmin(6531): Known variants: atom, sandybridge, silvermont, kabylake, default
10-15 19:17:16.699: I/adbd(424): jdwp connection from 6531
10-15 19:17:16.728: D/CompatibilityChangeReporter(6531): Compat change id reported: 171979766; UID 10172; state: DISABLED
10-15 19:17:16.735: D/ApplicationLoaders(6531): Returning zygote-cached class loader: /system/framework/android.test.base.jar
10-15 19:17:16.749: V/GraphicsEnvironment(6531): ANGLE Developer option for 'com.google.android.apps.mtaas.deviceadmin' set to: 'default'
10-15 19:17:16.749: V/GraphicsEnvironment(6531): ANGLE GameManagerService for com.google.android.apps.mtaas.deviceadmin: false
10-15 19:17:16.749: V/GraphicsEnvironment(6531): Neither updatable production driver nor prerelease driver is supported.
10-15 19:17:16.755: D/NetworkSecurityConfig(6531): No Network Security Config specified, using platform default
10-15 19:17:16.756: D/NetworkSecurityConfig(6531): No Network Security Config specified, using platform default
10-15 19:17:16.764: I/LockSettingsService(605): Initialize SyntheticPassword for user: 0
10-15 19:17:16.812: I/hwservicemanager(216): getTransport: Cannot find entry android.hardware.weaver@1.0::IWeaver/default in either framework or device VINTF manifest.
10-15 19:17:16.838: I/SyntheticPasswordManager(605): Device does not support weaver
10-15 19:17:16.839: D/PermissionCache(479): checking android.permission.ACCESS_KEYGUARD_SECURE_STORAGE for uid=1000 => granted (908 us)
10-15 19:17:16.840: E/gatekeeperd(479): clear_sid: could not remove file [No such file or directory], attempting 0 write
10-15 19:17:17.020: W/SystemServiceRegistry(2367): No service published for: persistent_data_block
10-15 19:17:17.061: D/vold(226): fscrypt_clear_user_key_auth 0 serial=0
10-15 19:17:17.081: D/EGL_emulation(2367): eglCreateContext: 0x7b1c624a0e90: maj 3 min 0 rcv 3
10-15 19:17:17.091: D/vold(226): Successfully retrieved key
10-15 19:17:17.099: D/vold(226): Generating "key storage" key
10-15 19:17:17.099: E/keystore2(236): keystore2::error: In generate_key.
10-15 19:17:17.099: E/keystore2(236): Caused by:
10-15 19:17:17.099: E/keystore2(236):     0: While generating Key without explicit attestation key.
10-15 19:17:17.099: E/keystore2(236):     1: Error::Km(ErrorCode(-67))
10-15 19:17:17.099: E/vold(226): keystore2 Keystore generateKey returned service specific error: -67
10-15 19:17:17.099: W/vold(226): Failed to generate rollback-resistant key.  This is expected if keystore doesn't support rollback resistance.  Falling back to non-rollback-resistant key.
10-15 19:17:17.103: D/vold(226): Created key: /data/misc/vold/user_keys/ce/0/cx0000000000
10-15 19:17:17.186: E/gatekeeperd(479): clear_sid: could not remove file [No such file or directory], attempting 0 write
10-15 19:17:17.187: D/vold(226): fscrypt_fixate_newest_user_key_auth 0
10-15 19:17:17.191: D/vold(226): Deleting key /data/misc/vold/user_keys/ce/0/current/keymaster_key_blob from Keystore
10-15 19:17:17.201: D/vold(226): /system/bin/secdiscard
10-15 19:17:17.201: D/vold(226):     --
10-15 19:17:17.201: D/vold(226):     /data/misc/vold/user_keys/ce/0/current/encrypted_key
10-15 19:17:17.201: D/vold(226):     /data/misc/vold/user_keys/ce/0/current/secdiscardable
10-15 19:17:17.201: D/vold(226):     /data/misc/vold/user_keys/ce/0/current/keymaster_key_blob
10-15 19:17:17.294: D/secdiscard(6549): Securely discarding '/data/misc/vold/user_keys/ce/0/current/encrypted_key' unlink=1
10-15 19:17:17.312: D/secdiscard(6549): Securely discarding '/data/misc/vold/user_keys/ce/0/current/secdiscardable' unlink=1
10-15 19:17:17.317: D/secdiscard(6549): Securely discarding '/data/misc/vold/user_keys/ce/0/current/keymaster_key_blob' unlink=1
10-15 19:17:17.319: D/vold(226): /system/bin/rm
10-15 19:17:17.319: D/vold(226):     -rf
10-15 19:17:17.319: D/vold(226):     /data/misc/vold/user_keys/ce/0/current
10-15 19:17:17.349: D/vold(226): Renaming /data/misc/vold/user_keys/ce/0/cx0000000000 to /data/misc/vold/user_keys/ce/0/current
10-15 19:17:17.364: D/EGL_emulation(2367): eglCreateContext: 0x7b1c624a0e90: maj 3 min 0 rcv 3
10-15 19:17:17.376: I/LockSettingsService(605): Corp-owned device can have escrow token
10-15 19:17:17.376: I/hwservicemanager(216): getTransport: Cannot find entry android.hardware.weaver@1.0::IWeaver/default in either framework or device VINTF manifest.
10-15 19:17:17.376: I/SyntheticPasswordManager(605): Device does not support weaver
10-15 19:17:17.377: I/hwservicemanager(216): getTransport: Cannot find entry android.hardware.weaver@1.0::IWeaver/default in either framework or device VINTF manifest.
10-15 19:17:17.377: I/SyntheticPasswordManager(605): Device does not support weaver
10-15 19:17:17.540: D/SetResetPasswordToken(6531): Instrumentation completed successfully
10-15 19:17:17.540: I/ActivityManager(605): Force stopping com.google.android.apps.mtaas.deviceadmin appid=10172 user=0: finished inst
10-15 19:17:17.540: I/ActivityManager(605): Killing 6531:com.google.android.apps.mtaas.deviceadmin/u0a172 (adj 0): stop com.google.android.apps.mtaas.deviceadmin due to finished inst
10-15 19:17:17.553: I/libprocessgroup(605): Successfully killed process cgroup uid 10172 pid 6531 in 10ms
10-15 19:17:17.553: I/app_process(6519): System.exit called, status: 0
10-15 19:17:17.553: I/AndroidRuntime(6519): VM exiting with result code 0.
10-15 19:17:17.570: W/NotificationEntryMgr(879): While running New Pipeline: updateNotifications(reason=ACTION_DEVICE_POLICY_MANAGER_STATE_CHANGED)
10-15 19:17:17.578: I/Zygote(355): Process 6531 exited due to signal 9 (Killed)
10-15 19:17:17.578: V/ActivityManager(605): Got obituary of 6531:com.google.android.apps.mtaas.deviceadmin
10-15 19:17:17.594: I/Checkin(6011): [CheckinOperation] Starting Checkin: Default Task Reason : 15 Force : true UserId : 0 Start time : 1108772
10-15 19:17:17.602: I/CheckinUtil(6011): Classify the device as Phone. [CONTEXT service_id=130 ]
10-15 19:17:17.608: D/CompatibilityChangeReporter(605): Compat change id reported: 135634846; UID 10108; state: DISABLED
10-15 19:17:17.608: D/CompatibilityChangeReporter(605): Compat change id reported: 143937733; UID 10108; state: ENABLED
10-15 19:17:17.614: D/Zygote(355): Forked child process 6555
10-15 19:17:17.614: I/ActivityManager(605): Start proc 6555:com.google.process.gapps/u0a108 for content provider {com.google.android.gsf/com.google.android.gsf.settings.GoogleSettingsProvider}
10-15 19:17:17.620: I/Zygote(6555): seccomp disabled by setenforce 0
