2022-05-31 16:02:56.343 5920-5920/? D/Launcher.CellLayout: touch item:ShortcutInfo, id=557, itemType=0, user=UserHandle{0}, mIconType=0, pkgName=com.test.cocos, className=com.cocos.game.AppActivity, screenId=6, container=-100, cellX=2, cellY=4, spanX=1, spanY=1
2022-05-31 16:02:56.416 1866-3947/? I/ActivityTaskManager: START u0 {act=android.intent.action.MAIN cat=[android.intent.category.LAUNCHER] flg=0x10200000 cmp=com.test.cocos/com.cocos.game.AppActivity bnds=[589,1350][751,1512] (has extras)} from uid 10089
2022-05-31 16:02:56.420 1012-1077/? I/ANDR-PERF-LM: MetaMeter: isValidAsync() 203: Invalid (hintID,hintType,appName,duration,appPID,appThreadTID) = (4225, 2,com.test.cocos,-1,1866,3947)
2022-05-31 16:02:56.421 1012-1012/? I/ANDR-PERF-LM: FeedbackAPI: getFeedback() 60: app:com.test.cocos feature:AppClassifier feedback = 1
2022-05-31 16:02:56.422 1012-1077/? I/ANDR-PERF-LM: MetaMeter: isValidAsync() 203: Invalid (hintID,hintType,appName,duration,appPID,appThreadTID) = (4225, 3,com.test.cocos,-1,1866,3947)
2022-05-31 16:02:56.434 1866-3954/? D/PerfImpl: perfAnimBoost: com.test.cocos
2022-05-31 16:02:56.442 1866-1942/? D/PerfImpl: perfColdLaunchBoost: com.test.cocos, 31940, 101
2022-05-31 16:02:56.442 1866-1942/? D/Boost: hostingType=pre-top-activity, hostingName={com.test.cocos/com.cocos.game.AppActivity}, callerPackage=others, isSystem=true, isBoostNeeded=false.
2022-05-31 16:02:56.443 1012-1077/? I/ANDR-PERF-LM: MetaMeter: isValidAsync() 203: Invalid (hintID,hintType,appName,duration,appPID,appThreadTID) = (4225, 101,com.test.cocos,31940,1866,1942)
2022-05-31 16:02:56.443 1866-1942/? I/ActivityManager: Start proc 31940:com.test.cocos/u0a404 for pre-top-activity {com.test.cocos/com.cocos.game.AppActivity} caller=others
2022-05-31 16:02:56.443 1012-1012/? I/ANDR-PERF-LM: FeedbackAPI: getFeedback() 60: app:com.test.cocos feature:AppClassifier feedback = 1
2022-05-31 16:02:56.450 1012-1012/? I/ANDR-PERF-LM: FeedbackAPI: getFeedback() 60: app:BufferTX - Splash Screen com.test.cocos feature:AppClassifier feedback = 0
2022-05-31 16:02:56.451 31940-31940/? I/com.test.cocos: Late-enabling -Xcheck:jni
2022-05-31 16:02:56.474 1866-4944/? D/PerfImpl: perfColdLaunchBoost: com.test.cocos, 31940, 103
2022-05-31 16:02:56.475 1012-1077/? I/ANDR-PERF-LM: MetaMeter: isValidAsync() 203: Invalid (hintID,hintType,appName,duration,appPID,appThreadTID) = (4225, 103,com.test.cocos,31940,1866,4944)
2022-05-31 16:02:56.478 1866-2677/? D/CameraBlackCoveredManager: mForegroundPackage = com.test.cocos mOccupiedPackage = com.netease.cloudmusic
2022-05-31 16:02:56.478 7627-7653/? D/AutoInstallService: onForegroundInfoChanged: com.test.cocos
2022-05-31 16:02:56.478 5920-5945/? D/AppObserver: ForegroundInfo{mForegroundPackageName='com.test.cocos', mForegroundUid=10404, mForegroundPid=31940, mLastForegroundPackageName='com.miui.home', mLastForegroundUid=10089, mLastForegroundPid=5920, mMultiWindowForegroundPackageName='null', mMultiWindowForegroundUid=-1, mFlags=1}
2022-05-31 16:02:56.478 5517-4635/? I/GST: forePkg: com.test.cocos, preForePkg: com.miui.home
2022-05-31 16:02:56.479 5484-14018/? D/GreenifyCheckerStatsd: onForegroundInfoChanged: com.test.cocos
2022-05-31 16:02:56.479 9578-28307/? I/ProcessMonitor: onForegroundInfoChanged: ForegroundInfo{mForegroundPackageName='com.test.cocos', mForegroundUid=10404, mForegroundPid=31940, mLastForegroundPackageName='com.miui.home', mLastForegroundUid=10089, mLastForegroundPid=5920, mMultiWindowForegroundPackageName='null', mMultiWindowForegroundUid=-1, mFlags=1}
2022-05-31 16:02:56.479 5484-12329/? D/PerfEngineController: ForegroundInfo{mForegroundPackageName='com.test.cocos', mForegroundUid=10404, mForegroundPid=31940, mLastForegroundPackageName='com.miui.home', mLastForegroundUid=10089, mLastForegroundPid=5920, mMultiWindowForegroundPackageName='null', mMultiWindowForegroundUid=-1, mFlags=1}
2022-05-31 16:02:56.480 5484-5739/? D/LS-ForegroundStatusManager: handleMessage ForegroundInfoChanged. pkg = com.test.cocos, uid = 10404, mCurrentForegroundUid = 10089
2022-05-31 16:02:56.481 9578-28307/? I/GameBoosterService: onForegroundInfoChanged: Cur=com.test.cocos	 last=com.miui.home
2022-05-31 16:02:56.481 9578-28307/? D/GameBoosterService: onGameStatusChange foreground:ForegroundInfo{mForegroundPackageName='com.test.cocos', mForegroundUid=10404, mForegroundPid=31940, mLastForegroundPackageName='com.miui.home', mLastForegroundUid=10089, mLastForegroundPid=5920, mMultiWindowForegroundPackageName='null', mMultiWindowForegroundUid=-1, mFlags=1}
2022-05-31 16:02:56.488 3896-4627/? W/MQSService: CallerName:com.test.cocos,calling Uid:10404
2022-05-31 16:02:56.489 31940-31940/com.test.cocos D/CompatibilityChangeReporter: Compat change id reported: 171979766; UID 10404; state: DISABLED
2022-05-31 16:02:56.492 3896-4627/? D/MQSService: registerApplicationScoutThread pid = 31940, packageName = com.test.cocos
2022-05-31 16:02:56.494 31940-31958/com.test.cocos D/AppScoutStateMachine: 31940-ScoutStateMachinecreated
2022-05-31 16:02:56.496 31940-31940/com.test.cocos D/ApplicationLoaders: Returning zygote-cached class loader: /system/framework/android.test.base.jar
2022-05-31 16:02:56.503 31940-31940/com.test.cocos V/GraphicsEnvironment: ANGLE Developer option for 'com.test.cocos' set to: 'default'
2022-05-31 16:02:56.503 31940-31940/com.test.cocos V/GraphicsEnvironment: Updatable production driver is not supported on the device.
2022-05-31 16:02:56.504 31940-31940/com.test.cocos I/ForceDarkHelperStubImpl: initialize for com.test.cocos , ForceDarkOrigin
2022-05-31 16:02:56.505 31940-31940/com.test.cocos D/OpenGLRenderer: JNI_OnLoad success
2022-05-31 16:02:56.505 31940-31940/com.test.cocos I/MiuiForceDarkConfig: setConfig density:2.750000, mainRule:0, secondaryRule:0, tertiaryRule:0
2022-05-31 16:02:56.507 31940-31940/com.test.cocos D/NetworkSecurityConfig: No Network Security Config specified, using platform default
2022-05-31 16:02:56.507 31940-31940/com.test.cocos D/NetworkSecurityConfig: No Network Security Config specified, using platform default
2022-05-31 16:02:56.536 5920-11448/? W/RecentsModel: getRunningTask   taskInfo=TaskInfo{userId=0 taskId=7070 displayId=0 isRunning=true baseIntent=Intent { act=android.intent.action.MAIN cat=[android.intent.category.LAUNCHER] flg=0x10200000 cmp=com.test.cocos/com.cocos.game.AppActivity } baseActivity=ComponentInfo{com.test.cocos/com.cocos.game.AppActivity} topActivity=ComponentInfo{com.test.cocos/com.cocos.game.AppActivity} origActivity=null realActivity=ComponentInfo{com.test.cocos/com.cocos.game.AppActivity} numActivities=1 lastActiveTime=2607715814 supportsSplitScreenMultiWindow=true supportsMultiWindow=true resizeMode=1 isResizeable=true token=WCT{android.window.IWindowContainerToken$Stub$Proxy@c4a86f4} topActivityType=1 pictureInPictureParams=PictureInPictureParams( aspectRatio=null sourceRectHint=null hasSetActions=false isAutoPipEnabled=false isSeamlessResizeEnabled=true) displayCutoutSafeInsets=Rect(0, 80 - 0, 0) topActivityInfo=ActivityInfo{591fe1d com.cocos.game.AppActivity} launchCookies=[] positionInParent=Point(0, 0) parentTaskId=-1 isFocused=false isVisible=true topActivityInSizeCompat=false locusId= null windowMode=1}
2022-05-31 16:02:56.537 1116-1116/? D/CompositionEngine: writeOutputDependentGeometryStateToHWC layer[Splash Screen com.test.cocos#0] set Z 134217732 miFodLayer 0x8000000
2022-05-31 16:02:56.537 5920-11448/? W/RecentsModel: getTaskInfoIgnoreHomeAndFreeform   taskInfo=ComponentInfo{com.test.cocos/com.cocos.game.AppActivity}
2022-05-31 16:02:56.540 5920-11448/? E/ActivityManagerWrapper: getRecentTasks: taskId=7070   userId=0   baseIntent=Intent { act=android.intent.action.MAIN cat=[android.intent.category.LAUNCHER] flg=0x10200000 cmp=com.test.cocos/com.cocos.game.AppActivity }
2022-05-31 16:02:56.553 1116-1116/? D/CompositionEngine: writeOutputDependentGeometryStateToHWC layer[Splash Screen com.test.cocos#0] set Z 134217732 miFodLayer 0x8000000
2022-05-31 16:02:56.570 1116-1116/? D/CompositionEngine: writeOutputDependentGeometryStateToHWC layer[Splash Screen com.test.cocos#0] set Z 134217731 miFodLayer 0x8000000
2022-05-31 16:02:56.578 31940-31940/com.test.cocos D/ViewScrollStubImpl: the value of ScrollFrictionRes is: 0.03
2022-05-31 16:02:56.586 1116-1116/? D/CompositionEngine: writeOutputDependentGeometryStateToHWC layer[Splash Screen com.test.cocos#0] set Z 134217731 miFodLayer 0x8000000
2022-05-31 16:02:56.587 31940-31940/com.test.cocos D/DecorView[]: getWindowModeFromSystem  windowmode is 1
2022-05-31 16:02:56.597 31940-31968/com.test.cocos D/ViewContentFactory: initViewContentFetcherClass
2022-05-31 16:02:56.598 31940-31968/com.test.cocos D/ViewContentFactory: getInterceptorPackageInfo
2022-05-31 16:02:56.598 31940-31968/com.test.cocos D/ViewContentFactory: getInitialApplication took 1ms
2022-05-31 16:02:56.598 31940-31968/com.test.cocos D/ViewContentFactory: packageInfo.packageName: com.miui.catcherpatch
2022-05-31 16:02:56.602 1116-1116/? D/CompositionEngine: writeOutputDependentGeometryStateToHWC layer[Splash Screen com.test.cocos#0] set Z 134217731 miFodLayer 0x8000000
2022-05-31 16:02:56.603 31940-31970/com.test.cocos I/CocosActivity JNI: JNI_CMD_RESUME
2022-05-31 16:02:56.606 31940-31968/com.test.cocos D/ViewContentFactory: initViewContentFetcherClass took 9ms
2022-05-31 16:02:56.606 31940-31968/com.test.cocos I/ContentCatcher: ViewContentFetcher : ViewContentFetcher
2022-05-31 16:02:56.606 31940-31968/com.test.cocos D/ViewContentFactory: createInterceptor took 9ms
2022-05-31 16:02:56.619 1116-1116/? D/CompositionEngine: writeOutputDependentGeometryStateToHWC layer[Splash Screen com.test.cocos#0] set Z 134217731 miFodLayer 0x8000000
2022-05-31 16:02:56.625 31940-31940/com.test.cocos D/DecorView[]: getWindowModeFromSystem  windowmode is 1
2022-05-31 16:02:56.628 1866-2497/? V/MiuiActivityTaskManagerServiceEx: dispatchActivityLifeState r = ActivityRecord{c3c7507 u0 com.test.cocos/com.cocos.game.AppActivity t7070}
2022-05-31 16:02:56.628 5920-5920/? D/RecentsImpl: mActivityStateObserver com.cocos.game.AppActivity
2022-05-31 16:02:56.628 5920-5920/? W/RecentsImpl: onResumed className=com.cocos.game.AppActivity   mIsInAnotherPro=false   isKeyguardLocked=false
2022-05-31 16:02:56.636 1116-1116/? D/CompositionEngine: writeOutputDependentGeometryStateToHWC layer[Splash Screen com.test.cocos#0] set Z 134217731 miFodLayer 0x8000000
2022-05-31 16:02:56.641 1866-2497/? D/WindowManager: Input focus has changed to Window{f7dbe8 u0 com.test.cocos/com.cocos.game.AppActivity} display=0
2022-05-31 16:02:56.644 31940-31964/com.test.cocos I/AdrenoGLES-0: QUALCOMM build                   : d970ca5f2e, Ifead41f47e
    Build Date                       : 07/14/21
    OpenGL ES Shader Compiler Version: EV031.32.02.14
    Local Branch                     : 
    Remote Branch                    : 
    Remote Branch                    : 
    Reconstruct Branch               : 
2022-05-31 16:02:56.644 31940-31964/com.test.cocos I/AdrenoGLES-0: Build Config                     : S P 10.0.7 AArch64
2022-05-31 16:02:56.644 31940-31964/com.test.cocos I/AdrenoGLES-0: Driver Path                      : /vendor/lib64/egl/libGLESv2_adreno.so
2022-05-31 16:02:56.647 31940-31964/com.test.cocos I/AdrenoGLES-0: PFP: 0x016dd093, ME: 0x00000000
2022-05-31 16:02:56.651 31940-31940/com.test.cocos D/SurfaceView: UPDATE null, mIsCastMode = false
2022-05-31 16:02:56.652 1116-1116/? D/CompositionEngine: writeOutputDependentGeometryStateToHWC layer[Splash Screen com.test.cocos#0] set Z 134217731 miFodLayer 0x8000000
2022-05-31 16:02:56.656 31940-31970/com.test.cocos I/CocosActivity JNI: JNI_CMD_INIT_WINDOW
2022-05-31 16:02:56.657 31940-31970/com.test.cocos D/jswrapper: Initializing V8, version: 9.1.269
2022-05-31 16:02:56.658 31940-31964/com.test.cocos D/hw-ProcessState: Binder ioctl to enable oneway spam detection failed: Invalid argument
2022-05-31 16:02:56.661 31940-31970/com.test.cocos D/jswrapper: libuv version: 1.13.1
2022-05-31 16:02:56.656 31940-31940/com.test.cocos W/Thread-2: type=1400 audit(0.0:1139345): avc: granted { bind } for scontext=u:r:untrusted_app_29:s0:c148,c257,c512,c768 tcontext=u:r:untrusted_app_29:s0:c148,c257,c512,c768 tclass=netlink_route_socket app=me.ele
2022-05-31 16:02:56.656 31940-31940/com.test.cocos W/Thread-2: type=1400 audit(0.0:1139346): avc: granted { nlmsg_readpriv } for scontext=u:r:untrusted_app_29:s0:c148,c257,c512,c768 tcontext=u:r:untrusted_app_29:s0:c148,c257,c512,c768 tclass=netlink_route_socket app=me.ele
2022-05-31 16:02:56.662 31940-31984/com.test.cocos D/jswrapper: Debugger listening..., visit [
2022-05-31 16:02:56.662 31940-31984/com.test.cocos D/jswrapper:     devtools://devtools/bundled/js_app.html?v8only=true&ws=192.168.50.33:6086/00010002-0003-4004-8005-000600070008
2022-05-31 16:02:56.662 31940-31984/com.test.cocos D/jswrapper:     devtools://devtools/bundled/js_app.html?v8only=true&ws=127.0.0.1:6086/00010002-0003-4004-8005-000600070008
2022-05-31 16:02:56.662 31940-31984/com.test.cocos D/jswrapper:   ] in chrome browser to debug!
2022-05-31 16:02:56.662 31940-31984/com.test.cocos D/jswrapper: For help see https://nodejs.org/en/docs/inspector
2022-05-31 16:02:56.666 1012-1012/? I/ANDR-PERF-LM: FeedbackAPI: getFeedback() 60: app:BufferTX - com.test.cocos feature:AppClassifier feedback = 0
2022-05-31 16:02:56.668 31940-31940/com.test.cocos D/SurfaceView: UPDATE Surface(name=SurfaceView[com.test.cocos/com.cocos.game.AppActivity])/@0x3465ed9, mIsProjectionMode = false
2022-05-31 16:02:56.668 31940-31940/com.test.cocos D/SurfaceControl: nativeSetScreenProjection ===> setScreenProjection
2022-05-31 16:02:56.668 31940-31940/com.test.cocos D/SurfaceControl: nativeSetScreenProjection ===> setScreenProjection
2022-05-31 16:02:56.668 31940-31940/com.test.cocos D/SurfaceControl: nativeSetScreenProjection ===> setScreenProjection
2022-05-31 16:02:56.669 1116-1116/? D/CompositionEngine: writeOutputDependentGeometryStateToHWC layer[Splash Screen com.test.cocos#0] set Z 134217731 miFodLayer 0x8000000
2022-05-31 16:02:56.671 1866-1927/? D/PerfImpl: perfFirstDrawBoost: com.test.cocos, 31940, 1
2022-05-31 16:02:56.673 1866-1923/? I/ActivityTaskManager: Displayed com.test.cocos/com.cocos.game.AppActivity: +255ms
2022-05-31 16:02:56.685 1116-1116/? D/CompositionEngine: writeOutputDependentGeometryStateToHWC layer[Background for SurfaceView[com.test.cocos/com.cocos.game.AppActivity]#0] set Z 134217731 miFodLayer 0x8000000
2022-05-31 16:02:56.685 1116-1116/? D/CompositionEngine: writeOutputDependentGeometryStateToHWC layer[Splash Screen com.test.cocos#0] set Z 134217732 miFodLayer 0x8000000
2022-05-31 16:02:56.689 1012-1012/? I/ANDR-PERF-LM: FeedbackAPI: getFeedback() 60: app:BufferTX - Splash Screen com.test.cocos feature:AppClassifier feedback = 0
2022-05-31 16:02:56.692 25975-25975/? I/bdmiime: onStartInput called, com.test.cocos
2022-05-31 16:02:56.702 1116-1116/? D/CompositionEngine: writeOutputDependentGeometryStateToHWC layer[Background for SurfaceView[com.test.cocos/com.cocos.game.AppActivity]#0] set Z 134217731 miFodLayer 0x8000000
2022-05-31 16:02:56.702 1116-1116/? D/CompositionEngine: writeOutputDependentGeometryStateToHWC layer[Splash Screen com.test.cocos#0] set Z 134217732 miFodLayer 0x8000000
2022-05-31 16:02:56.718 1116-1116/? D/CompositionEngine: writeOutputDependentGeometryStateToHWC layer[Background for SurfaceView[com.test.cocos/com.cocos.game.AppActivity]#0] set Z 134217731 miFodLayer 0x8000000
2022-05-31 16:02:56.718 1116-1116/? D/CompositionEngine: writeOutputDependentGeometryStateToHWC layer[Splash Screen com.test.cocos#0] set Z 134217732 miFodLayer 0x8000000
2022-05-31 16:02:56.735 1116-1116/? D/CompositionEngine: writeOutputDependentGeometryStateToHWC layer[Background for SurfaceView[com.test.cocos/com.cocos.game.AppActivity]#0] set Z 134217731 miFodLayer 0x8000000
2022-05-31 16:02:56.735 1116-1116/? D/CompositionEngine: writeOutputDependentGeometryStateToHWC layer[Splash Screen com.test.cocos#0] set Z 134217732 miFodLayer 0x8000000
2022-05-31 16:02:56.751 1116-1116/? D/CompositionEngine: writeOutputDependentGeometryStateToHWC layer[Background for SurfaceView[com.test.cocos/com.cocos.game.AppActivity]#0] set Z 134217731 miFodLayer 0x8000000
2022-05-31 16:02:56.751 1116-1116/? D/CompositionEngine: writeOutputDependentGeometryStateToHWC layer[Splash Screen com.test.cocos#0] set Z 134217732 miFodLayer 0x8000000
2022-05-31 16:02:56.768 1116-1116/? D/CompositionEngine: writeOutputDependentGeometryStateToHWC layer[Background for SurfaceView[com.test.cocos/com.cocos.game.AppActivity]#0] set Z 134217731 miFodLayer 0x8000000
2022-05-31 16:02:56.768 1116-1116/? D/CompositionEngine: writeOutputDependentGeometryStateToHWC layer[Splash Screen com.test.cocos#0] set Z 134217732 miFodLayer 0x8000000
2022-05-31 16:02:56.784 1116-1116/? D/CompositionEngine: writeOutputDependentGeometryStateToHWC layer[Background for SurfaceView[com.test.cocos/com.cocos.game.AppActivity]#0] set Z 134217731 miFodLayer 0x8000000
2022-05-31 16:02:56.784 1116-1116/? D/CompositionEngine: writeOutputDependentGeometryStateToHWC layer[Splash Screen com.test.cocos#0] set Z 134217732 miFodLayer 0x8000000
2022-05-31 16:02:56.801 1116-1116/? D/CompositionEngine: writeOutputDependentGeometryStateToHWC layer[Background for SurfaceView[com.test.cocos/com.cocos.game.AppActivity]#0] set Z 134217731 miFodLayer 0x8000000
2022-05-31 16:02:56.801 1116-1116/? D/CompositionEngine: writeOutputDependentGeometryStateToHWC layer[Splash Screen com.test.cocos#0] set Z 134217732 miFodLayer 0x8000000
2022-05-31 16:02:56.817 1116-1116/? D/CompositionEngine: writeOutputDependentGeometryStateToHWC layer[Background for SurfaceView[com.test.cocos/com.cocos.game.AppActivity]#0] set Z 134217731 miFodLayer 0x8000000
2022-05-31 16:02:56.817 1116-1116/? D/CompositionEngine: writeOutputDependentGeometryStateToHWC layer[Splash Screen com.test.cocos#0] set Z 134217732 miFodLayer 0x8000000
2022-05-31 16:02:56.834 1116-1116/? D/CompositionEngine: writeOutputDependentGeometryStateToHWC layer[Background for SurfaceView[com.test.cocos/com.cocos.game.AppActivity]#0] set Z 134217731 miFodLayer 0x8000000
2022-05-31 16:02:56.834 1116-1116/? D/CompositionEngine: writeOutputDependentGeometryStateToHWC layer[Splash Screen com.test.cocos#0] set Z 134217732 miFodLayer 0x8000000
2022-05-31 16:02:56.850 1116-1116/? D/CompositionEngine: writeOutputDependentGeometryStateToHWC layer[Background for SurfaceView[com.test.cocos/com.cocos.game.AppActivity]#0] set Z 134217731 miFodLayer 0x8000000
2022-05-31 16:02:56.850 1116-1116/? D/CompositionEngine: writeOutputDependentGeometryStateToHWC layer[Splash Screen com.test.cocos#0] set Z 134217732 miFodLayer 0x8000000
2022-05-31 16:02:56.867 1116-1116/? D/CompositionEngine: writeOutputDependentGeometryStateToHWC layer[Background for SurfaceView[com.test.cocos/com.cocos.game.AppActivity]#0] set Z 134217731 miFodLayer 0x8000000
2022-05-31 16:02:56.867 1116-1116/? D/CompositionEngine: writeOutputDependentGeometryStateToHWC layer[Splash Screen com.test.cocos#0] set Z 134217732 miFodLayer 0x8000000
2022-05-31 16:02:56.884 1116-1116/? D/CompositionEngine: writeOutputDependentGeometryStateToHWC layer[Background for SurfaceView[com.test.cocos/com.cocos.game.AppActivity]#0] set Z 134217731 miFodLayer 0x8000000
2022-05-31 16:02:56.884 1116-1116/? D/CompositionEngine: writeOutputDependentGeometryStateToHWC layer[Splash Screen com.test.cocos#0] set Z 134217732 miFodLayer 0x8000000
2022-05-31 16:02:56.900 1116-1116/? D/CompositionEngine: writeOutputDependentGeometryStateToHWC layer[Background for SurfaceView[com.test.cocos/com.cocos.game.AppActivity]#0] set Z 134217731 miFodLayer 0x8000000
2022-05-31 16:02:56.900 1116-1116/? D/CompositionEngine: writeOutputDependentGeometryStateToHWC layer[Splash Screen com.test.cocos#0] set Z 134217732 miFodLayer 0x8000000
2022-05-31 16:02:56.917 1116-1116/? D/CompositionEngine: writeOutputDependentGeometryStateToHWC layer[Background for SurfaceView[com.test.cocos/com.cocos.game.AppActivity]#0] set Z 134217731 miFodLayer 0x8000000
2022-05-31 16:02:56.917 1116-1116/? D/CompositionEngine: writeOutputDependentGeometryStateToHWC layer[Splash Screen com.test.cocos#0] set Z 134217732 miFodLayer 0x8000000
2022-05-31 16:02:56.933 1116-1116/? D/CompositionEngine: writeOutputDependentGeometryStateToHWC layer[Background for SurfaceView[com.test.cocos/com.cocos.game.AppActivity]#0] set Z 134217731 miFodLayer 0x8000000
2022-05-31 16:02:56.933 1116-1116/? D/CompositionEngine: writeOutputDependentGeometryStateToHWC layer[Splash Screen com.test.cocos#0] set Z 134217732 miFodLayer 0x8000000
2022-05-31 16:02:56.950 1116-1116/? D/CompositionEngine: writeOutputDependentGeometryStateToHWC layer[Background for SurfaceView[com.test.cocos/com.cocos.game.AppActivity]#0] set Z 134217731 miFodLayer 0x8000000
2022-05-31 16:02:56.950 1116-1116/? D/CompositionEngine: writeOutputDependentGeometryStateToHWC layer[Splash Screen com.test.cocos#0] set Z 134217732 miFodLayer 0x8000000
2022-05-31 16:02:56.966 1116-1116/? D/CompositionEngine: writeOutputDependentGeometryStateToHWC layer[Background for SurfaceView[com.test.cocos/com.cocos.game.AppActivity]#0] set Z 134217731 miFodLayer 0x8000000
2022-05-31 16:02:56.966 1116-1116/? D/CompositionEngine: writeOutputDependentGeometryStateToHWC layer[Splash Screen com.test.cocos#0] set Z 134217732 miFodLayer 0x8000000
2022-05-31 16:02:56.971 1866-2497/? W/InputManager-JNI: Input channel object 'f6371a0 Splash Screen com.test.cocos (client)' was disposed without first being removed with the input manager!
2022-05-31 16:02:56.983 1116-1116/? D/CompositionEngine: writeOutputDependentGeometryStateToHWC layer[Background for SurfaceView[com.test.cocos/com.cocos.game.AppActivity]#0] set Z 134217731 miFodLayer 0x8000000
2022-05-31 16:02:56.983 1116-1116/? D/CompositionEngine: writeOutputDependentGeometryStateToHWC layer[Splash Screen com.test.cocos#0] set Z 134217732 miFodLayer 0x8000000
2022-05-31 16:02:57.000 1116-1116/? D/CompositionEngine: writeOutputDependentGeometryStateToHWC layer[Background for SurfaceView[com.test.cocos/com.cocos.game.AppActivity]#0] set Z 134217731 miFodLayer 0x8000000
2022-05-31 16:02:57.000 1116-1116/? D/CompositionEngine: writeOutputDependentGeometryStateToHWC layer[Splash Screen com.test.cocos#0] set Z 134217732 miFodLayer 0x8000000
2022-05-31 16:02:57.004 5484-5792/? I/DisplayFrameSetting: homeToAppEnd pkg=com.test.cocos
2022-05-31 16:02:57.016 1116-1116/? D/CompositionEngine: writeOutputDependentGeometryStateToHWC layer[Background for SurfaceView[com.test.cocos/com.cocos.game.AppActivity]#0] set Z 134217731 miFodLayer 0x8000000
2022-05-31 16:02:57.016 1116-1116/? D/CompositionEngine: writeOutputDependentGeometryStateToHWC layer[Splash Screen com.test.cocos#0] set Z 134217732 miFodLayer 0x8000000
2022-05-31 16:02:57.033 1116-1116/? D/CompositionEngine: writeOutputDependentGeometryStateToHWC layer[Background for SurfaceView[com.test.cocos/com.cocos.game.AppActivity]#0] set Z 134217728 miFodLayer 0x8000000
2022-05-31 16:02:57.033 1116-1116/? D/CompositionEngine: writeOutputDependentGeometryStateToHWC layer[Splash Screen com.test.cocos#0] set Z 134217729 miFodLayer 0x8000000
2022-05-31 16:02:57.049 1116-1116/? D/CompositionEngine: writeOutputDependentGeometryStateToHWC layer[Background for SurfaceView[com.test.cocos/com.cocos.game.AppActivity]#0] set Z 134217728 miFodLayer 0x8000000
2022-05-31 16:02:57.049 1116-1116/? D/CompositionEngine: writeOutputDependentGeometryStateToHWC layer[Splash Screen com.test.cocos#0] set Z 134217729 miFodLayer 0x8000000
2022-05-31 16:02:57.065 1116-1116/? D/CompositionEngine: writeOutputDependentGeometryStateToHWC layer[Background for SurfaceView[com.test.cocos/com.cocos.game.AppActivity]#0] set Z 134217728 miFodLayer 0x8000000
2022-05-31 16:02:57.065 1116-1116/? D/CompositionEngine: writeOutputDependentGeometryStateToHWC layer[Splash Screen com.test.cocos#0] set Z 134217729 miFodLayer 0x8000000
2022-05-31 16:02:57.082 1116-1116/? D/CompositionEngine: writeOutputDependentGeometryStateToHWC layer[Background for SurfaceView[com.test.cocos/com.cocos.game.AppActivity]#0] set Z 134217728 miFodLayer 0x8000000
2022-05-31 16:02:57.082 1116-1116/? D/CompositionEngine: writeOutputDependentGeometryStateToHWC layer[Splash Screen com.test.cocos#0] set Z 134217729 miFodLayer 0x8000000
2022-05-31 16:02:57.096 31940-31970/com.test.cocos W/com.test.cocos: Accessing hidden method Ldalvik/system/CloseGuard;->get()Ldalvik/system/CloseGuard; (unsupported,core-platform-api, reflection, allowed)
2022-05-31 16:02:57.096 31940-31970/com.test.cocos W/com.test.cocos: Accessing hidden method Ldalvik/system/CloseGuard;->open(Ljava/lang/String;)V (unsupported,core-platform-api, reflection, allowed)
2022-05-31 16:02:57.096 31940-31970/com.test.cocos W/com.test.cocos: Accessing hidden method Ldalvik/system/CloseGuard;->warnIfOpen()V (unsupported,core-platform-api, reflection, allowed)
2022-05-31 16:02:57.098 31940-31970/com.test.cocos D/Cocos: 16:02:57 [DEBUG]: find in flash memory dirPath(/data/user/0/com.test.cocos/files/temp)
2022-05-31 16:02:57.098 1116-1116/? D/CompositionEngine: writeOutputDependentGeometryStateToHWC layer[Background for SurfaceView[com.test.cocos/com.cocos.game.AppActivity]#0] set Z 134217728 miFodLayer 0x8000000
2022-05-31 16:02:57.098 1116-1116/? D/CompositionEngine: writeOutputDependentGeometryStateToHWC layer[Splash Screen com.test.cocos#0] set Z 134217729 miFodLayer 0x8000000
2022-05-31 16:02:57.101 31940-31970/com.test.cocos D/vulkan: searching for layers in '/data/app/~~nBHfjRbRLzGuZe_vn0cWPw==/com.test.cocos-Nh1WBqqz0oj2QjlsteZcDg==/lib/arm64'
2022-05-31 16:02:57.101 31940-31970/com.test.cocos D/vulkan: searching for layers in '/data/app/~~nBHfjRbRLzGuZe_vn0cWPw==/com.test.cocos-Nh1WBqqz0oj2QjlsteZcDg==/base.apk!/lib/arm64-v8a'
2022-05-31 16:02:57.105 31940-31970/com.test.cocos I/AdrenoVK-0: ===== BEGIN DUMP OF OVERRIDDEN SETTINGS =====
2022-05-31 16:02:57.105 31940-31970/com.test.cocos I/AdrenoVK-0: ===== END DUMP OF OVERRIDDEN SETTINGS =====
2022-05-31 16:02:57.105 31940-31970/com.test.cocos I/AdrenoVK-0: QUALCOMM build          : d970ca5f2e, Ifead41f47e
    Build Date              : 07/14/21
    Shader Compiler Version : EV031.32.02.14
    Local Branch            : 
    Remote Branch           : 
    Remote Branch           : 
    Reconstruct Branch      : 
2022-05-31 16:02:57.105 31940-31970/com.test.cocos I/AdrenoVK-0: Build Config            : S P 10.0.7 AArch64
2022-05-31 16:02:57.105 31940-31970/com.test.cocos I/AdrenoVK-0: Driver Path             : /vendor/lib64/hw/vulkan.adreno.so
2022-05-31 16:02:57.110 31940-31970/com.test.cocos I/Cocos: 16:02:57 [INFO]: Vulkan device initialized.
2022-05-31 16:02:57.110 31940-31970/com.test.cocos I/Cocos: 16:02:57 [INFO]: RENDERER: Adreno (TM) 650
2022-05-31 16:02:57.110 31940-31970/com.test.cocos I/Cocos: 16:02:57 [INFO]: VENDOR: Qualcomm Incorporated
2022-05-31 16:02:57.110 31940-31970/com.test.cocos I/Cocos: 16:02:57 [INFO]: VERSION: 1.1.128
2022-05-31 16:02:57.110 31940-31970/com.test.cocos I/Cocos: 16:02:57 [INFO]: INSTANCE_LAYERS: 
2022-05-31 16:02:57.110 31940-31970/com.test.cocos I/Cocos: 16:02:57 [INFO]: INSTANCE_EXTENSIONS: VK_KHR_surface VK_KHR_android_surface 
2022-05-31 16:02:57.110 31940-31970/com.test.cocos I/Cocos: 16:02:57 [INFO]: DEVICE_LAYERS: 
2022-05-31 16:02:57.110 31940-31970/com.test.cocos I/Cocos: 16:02:57 [INFO]: DEVICE_EXTENSIONS: VK_KHR_swapchain VK_KHR_create_renderpass2 VK_GOOGLE_display_timing 
2022-05-31 16:02:57.110 31940-31970/com.test.cocos I/Cocos: 16:02:57 [INFO]: COMPRESSED_FORMATS: etc2 astc 
2022-05-31 16:02:57.110 31940-31970/com.test.cocos I/Cocos: 16:02:57 [INFO]: Device validator enabled.
2022-05-31 16:02:57.111 31940-31995/com.test.cocos I/Cocos: 16:02:57 [INFO]: Device thread detached.
2022-05-31 16:02:57.111 31940-31995/com.test.cocos I/Cocos: 16:02:57 [INFO]: Resizing surface: 1080x2400, surface rotation: 0 degrees
2022-05-31 16:02:57.115 1116-1116/? D/CompositionEngine: writeOutputDependentGeometryStateToHWC layer[Background for SurfaceView[com.test.cocos/com.cocos.game.AppActivity]#0] set Z 134217728 miFodLayer 0x8000000
2022-05-31 16:02:57.115 1116-1116/? D/CompositionEngine: writeOutputDependentGeometryStateToHWC layer[Splash Screen com.test.cocos#0] set Z 134217729 miFodLayer 0x8000000
2022-05-31 16:02:57.116 31940-31995/com.test.cocos I/SwappyCommon: Swappy version 1.10
2022-05-31 16:02:57.116 31940-31995/com.test.cocos I/SwappyCommon: SDK version = 31 preview = 0
2022-05-31 16:02:57.116 31940-31995/com.test.cocos I/ChoreographerThread: Using NDK Choreographer
2022-05-31 16:02:57.119 31940-31998/com.test.cocos I/ChoreographerThread: Swappy found 8 CPUs [ Qualcomm Technologies, Inc SM8250].
2022-05-31 16:02:57.119 31940-31998/com.test.cocos I/ChoreographerThread: Setting 'SwappyChoreographer' thread [31998-0x7cfe] affinity mask to 0xf.
2022-05-31 16:02:57.119 31940-31995/com.test.cocos I/SwappyCommon: Initialized Swappy with vsyncPeriod=16666666, appOffset=1000000, sfOffset=1000000
2022-05-31 16:02:57.119 31940-31995/com.test.cocos V/SwappyVk: SwappyVk initialized for VkDevice 0x7e4b712340 using VK_GOOGLE_display_timing on Android
2022-05-31 16:02:57.119 31940-31995/com.test.cocos I/SwappyVk: Returning refresh duration of 16666666 nsec (approx 60.000002 Hz)
2022-05-31 16:02:57.119 31940-31998/com.test.cocos I/SwappyCommon: Swappy version 1.10
2022-05-31 16:02:57.119 31940-31998/com.test.cocos I/SwappyCommon: SDK version = 31 preview = 0
2022-05-31 16:02:57.131 1116-1116/? D/CompositionEngine: writeOutputDependentGeometryStateToHWC layer[Background for SurfaceView[com.test.cocos/com.cocos.game.AppActivity]#0] set Z 134217728 miFodLayer 0x8000000
2022-05-31 16:02:57.131 1116-1116/? D/CompositionEngine: writeOutputDependentGeometryStateToHWC layer[Splash Screen com.test.cocos#0] set Z 134217729 miFodLayer 0x8000000
2022-05-31 16:02:57.148 1116-1116/? D/CompositionEngine: writeOutputDependentGeometryStateToHWC layer[Background for SurfaceView[com.test.cocos/com.cocos.game.AppActivity]#0] set Z 134217728 miFodLayer 0x8000000
2022-05-31 16:02:57.148 1116-1116/? D/CompositionEngine: writeOutputDependentGeometryStateToHWC layer[Splash Screen com.test.cocos#0] set Z 134217729 miFodLayer 0x8000000
2022-05-31 16:02:57.149 31940-31970/com.test.cocos D/jswrapper: JS: Cocos Creator v3.5.0
2022-05-31 16:02:57.165 1116-1116/? D/CompositionEngine: writeOutputDependentGeometryStateToHWC layer[Background for SurfaceView[com.test.cocos/com.cocos.game.AppActivity]#0] set Z 134217728 miFodLayer 0x8000000
2022-05-31 16:02:57.310 31940-31995/com.test.cocos I/Cocos: 16:02:57 [INFO]: Shader 'geometry-renderer|line-vs:vert|line-fs:front' compilation succeeded.
2022-05-31 16:02:57.314 31940-31995/com.test.cocos I/Cocos: 16:02:57 [INFO]: Shader 'geometry-renderer|line-vs:vert|line-fs:back' compilation succeeded.
2022-05-31 16:02:57.318 31940-31995/com.test.cocos I/Cocos: 16:02:57 [INFO]: Shader 'geometry-renderer|dashed-line-vs:vert|dashed-line-fs:front' compilation succeeded.
2022-05-31 16:02:57.322 31940-31995/com.test.cocos I/Cocos: 16:02:57 [INFO]: Shader 'geometry-renderer|dashed-line-vs:vert|dashed-line-fs:back' compilation succeeded.
2022-05-31 16:02:57.326 31940-31995/com.test.cocos I/Cocos: 16:02:57 [INFO]: Shader 'geometry-renderer|triangle-vs:vert|triangle-fs:front' compilation succeeded.
2022-05-31 16:02:57.330 31940-31995/com.test.cocos I/Cocos: 16:02:57 [INFO]: Shader 'geometry-renderer|triangle-vs:vert|triangle-fs:back' compilation succeeded.
2022-05-31 16:02:57.334 31940-31995/com.test.cocos I/Cocos: 16:02:57 [INFO]: Shader 'occlusion-query|occlusion-query-vs:vert|occlusion-query-fs:frag' compilation succeeded.
2022-05-31 16:02:57.338 31940-31995/com.test.cocos I/Cocos: 16:02:57 [INFO]: Shader 'splash-screen|splash-screen-vs:vert|splash-screen-fs:frag' compilation succeeded.
2022-05-31 16:02:57.345 1012-1012/? I/ANDR-PERF-LM: FeedbackAPI: getFeedback() 60: app:com.test.cocos feature:AppClassifier feedback = 1
2022-05-31 16:02:57.346 1116-1116/? D/CompositionEngine: writeOutputDependentGeometryStateToHWC layer[SurfaceView[com.test.cocos/com.cocos.game.AppActivity](BLAST)#0] set Z 134217728 miFodLayer 0x8000000
2022-05-31 16:03:00.315 31940-31970/com.test.cocos D/jswrapper: JS: Success to load scene: db://assets/scene.scene
2022-05-31 16:03:00.361 31940-31995/com.test.cocos I/Cocos: 16:03:00 [INFO]: Shader 'profiler|profiler-vs:vert|profiler-fs:frag' compilation succeeded.
2022-05-31 16:03:00.388 31940-31995/com.test.cocos I/Cocos: 16:03:00 [INFO]: Shader 'standard|standard-vs|standard-fs|CC_USE_HDR1' compilation succeeded.
2022-05-31 16:03:00.409 31940-31995/com.test.cocos I/Cocos: 16:03:00 [INFO]: Shader 'standard|standard-vs|standard-fs|CC_FORWARD_ADD1|CC_USE_HDR1' compilation succeeded.
2022-05-31 16:03:00.418 31940-31995/com.test.cocos I/Cocos: 16:03:00 [INFO]: Shader 'standard|shadow-caster-vs:vert|shadow-caster-fs:frag' compilation succeeded.
2022-05-31 16:03:00.425 31940-31995/com.test.cocos I/Cocos: 16:03:00 [INFO]: Shader 'unlit|unlit-vs:vert|unlit-fs:frag|CC_USE_HDR1' compilation succeeded.
2022-05-31 16:03:00.427 31940-31995/com.test.cocos I/Cocos: 16:03:00 [INFO]: Shader 'clear-stencil|sprite-vs:vert|sprite-fs:frag' compilation succeeded.
2022-05-31 16:03:00.430 31940-31995/com.test.cocos I/Cocos: 16:03:00 [INFO]: Shader 'sprite|sprite-vs:vert|sprite-fs:frag' compilation succeeded.
2022-05-31 16:03:00.434 31940-31995/com.test.cocos I/Cocos: 16:03:00 [INFO]: Shader 'sprite|sprite-vs:vert|sprite-fs:frag|USE_TEXTURE1' compilation succeeded.
2022-05-31 16:03:00.437 31940-31995/com.test.cocos I/Cocos: 16:03:00 [INFO]: Shader 'sprite|sprite-vs:vert|sprite-fs:frag|USE_ALPHA_TEST1|USE_TEXTURE1' compilation succeeded.
2022-05-31 16:03:00.441 31940-31995/com.test.cocos I/Cocos: 16:03:00 [INFO]: Shader 'sprite|sprite-vs:vert|sprite-fs:frag|USE_TEXTURE1|IS_GRAY1' compilation succeeded.
2022-05-31 16:03:00.445 31940-31995/com.test.cocos I/Cocos: 16:03:00 [INFO]: Shader 'sprite|sprite-vs:vert|sprite-fs:frag|CC_USE_EMBEDDED_ALPHA1|USE_TEXTURE1' compilation succeeded.
2022-05-31 16:03:00.449 31940-31995/com.test.cocos I/Cocos: 16:03:00 [INFO]: Shader 'sprite|sprite-vs:vert|sprite-fs:frag|CC_USE_EMBEDDED_ALPHA1|USE_TEXTURE1|IS_GRAY1' compilation succeeded.
2022-05-31 16:03:00.452 31940-31995/com.test.cocos I/Cocos: 16:03:00 [INFO]: Shader 'graphics|vs:vert|fs:frag' compilation succeeded.
2022-05-31 16:03:00.470 31940-31995/com.test.cocos I/Cocos: 16:03:00 [INFO]: Shader 'particle|particle-vs-legacy:lpvs_main|tinted-fs:add' compilation succeeded.
2022-05-31 16:03:00.494 31940-31995/com.test.cocos I/Cocos: 16:03:00 [INFO]: Shader 'particle-gpu|particle-vs-gpu:gpvs_main|tinted-fs:add' compilation succeeded.
2022-05-31 16:03:00.499 31940-31995/com.test.cocos I/Cocos: 16:03:00 [INFO]: Shader 'particle-trail|particle-trail:vs_main|tinted-fs:add' compilation succeeded.
2022-05-31 16:03:00.519 31940-31995/com.test.cocos I/Cocos: 16:03:00 [INFO]: Shader 'billboard|vert:vs_main|tinted-fs:add' compilation succeeded.
2022-05-31 16:03:00.522 31940-31995/com.test.cocos I/Cocos: 16:03:00 [INFO]: Shader 'spine|sprite-vs:vert|sprite-fs:frag' compilation succeeded.
2022-05-31 16:03:00.529 31940-31995/com.test.cocos I/Cocos: 16:03:00 [INFO]: Shader 'planar-shadow|planar-shadow-vs:vert|planar-shadow-fs:frag' compilation succeeded.
2022-05-31 16:03:00.535 31940-31995/com.test.cocos I/Cocos: 16:03:00 [INFO]: Shader 'planar-shadow|planar-shadow-vs:vert|planar-shadow-fs:frag|CC_RECEIVE_SHADOW1' compilation succeeded.
2022-05-31 16:03:00.541 31940-31995/com.test.cocos I/Cocos: 16:03:00 [INFO]: Shader 'planar-shadow|planar-shadow-vs:vert|planar-shadow-fs:frag|USE_INSTANCING1' compilation succeeded.
2022-05-31 16:03:00.548 31940-31995/com.test.cocos I/Cocos: 16:03:00 [INFO]: Shader 'planar-shadow|planar-shadow-vs:vert|planar-shadow-fs:frag|USE_INSTANCING1|CC_RECEIVE_SHADOW1' compilation succeeded.
2022-05-31 16:03:00.555 31940-31995/com.test.cocos I/Cocos: 16:03:00 [INFO]: Shader 'skybox|sky-vs:vert|sky-fs:frag|CC_USE_HDR1' compilation succeeded.
2022-05-31 16:03:09.240 1012-1012/? I/ANDR-PERF-LM: FeedbackAPI: getFeedback() 60: app:com.test.cocos feature:AppClassifier feedback = 1
2022-05-31 16:03:09.241 1866-1924/? D/PerfImpl: perfScrollBoost: com.test.cocos, -1, 4
2022-05-31 16:03:09.242 1012-1012/? I/ANDR-PERF-LM: FeedbackAPI: getFeedback() 60: app:com.test.cocos feature:AppClassifier feedback = 1
2022-05-31 16:03:09.242 1866-1924/? D/PerfImpl: perfDragBoost: com.test.cocos, -1, 1
2022-05-31 16:03:09.250 5920-5920/? W/RecentsModel: getRunningTask   taskInfo=TaskInfo{userId=0 taskId=7070 displayId=0 isRunning=true baseIntent=Intent { act=android.intent.action.MAIN cat=[android.intent.category.LAUNCHER] flg=0x10200000 cmp=com.test.cocos/com.cocos.game.AppActivity } baseActivity=ComponentInfo{com.test.cocos/com.cocos.game.AppActivity} topActivity=ComponentInfo{com.test.cocos/com.cocos.game.AppActivity} origActivity=null realActivity=ComponentInfo{com.test.cocos/com.cocos.game.AppActivity} numActivities=1 lastActiveTime=2607728528 supportsSplitScreenMultiWindow=true supportsMultiWindow=true resizeMode=1 isResizeable=true token=WCT{android.window.IWindowContainerToken$Stub$Proxy@f024ea7} topActivityType=1 pictureInPictureParams=PictureInPictureParams( aspectRatio=null sourceRectHint=null hasSetActions=false isAutoPipEnabled=false isSeamlessResizeEnabled=true) displayCutoutSafeInsets=null topActivityInfo=ActivityInfo{41c8f54 com.cocos.game.AppActivity} launchCookies=[] positionInParent=Point(0, 0) parentTaskId=-1 isFocused=true isVisible=true topActivityInSizeCompat=false locusId= null windowMode=1}
2022-05-31 16:03:09.250 5920-5920/? W/RecentsModel: getTaskInfoIgnoreFreeform   taskInfo=ComponentInfo{com.test.cocos/com.cocos.game.AppActivity}
2022-05-31 16:03:09.251 5920-5920/? D/NavStubView: isAppHandleGesture, runningTaskClassName=com.cocos.game.AppActivity, isAppHandleGesture=false
2022-05-31 16:03:09.264 1116-1116/? D/CompositionEngine: writeOutputDependentGeometryStateToHWC layer[SurfaceView[com.test.cocos/com.cocos.game.AppActivity](BLAST)#0] set Z 134217728 miFodLayer 0x8000000
2022-05-31 16:03:09.281 1116-1116/? D/CompositionEngine: writeOutputDependentGeometryStateToHWC layer[SurfaceView[com.test.cocos/com.cocos.game.AppActivity](BLAST)#0] set Z 134217728 miFodLayer 0x8000000
2022-05-31 16:03:09.297 1116-1116/? D/CompositionEngine: writeOutputDependentGeometryStateToHWC layer[SurfaceView[com.test.cocos/com.cocos.game.AppActivity](BLAST)#0] set Z 134217728 miFodLayer 0x8000000
2022-05-31 16:03:09.307 1012-1012/? I/ANDR-PERF-LM: FeedbackAPI: getFeedback() 60: app:com.test.cocos feature:AppClassifier feedback = 1
2022-05-31 16:03:09.307 1866-1924/? D/PerfImpl: perfScrollBoost: com.test.cocos, 625, 1
2022-05-31 16:03:09.308 1012-1012/? I/ANDR-PERF-LM: FeedbackAPI: getFeedback() 60: app:com.test.cocos feature:AppClassifier feedback = 1
2022-05-31 16:03:09.308 1866-1924/? D/PerfImpl: perfScrollBoost: com.test.cocos, -1, 4
2022-05-31 16:03:09.309 1012-1012/? I/ANDR-PERF-LM: FeedbackAPI: getFeedback() 60: app:com.test.cocos feature:AppClassifier feedback = 1
2022-05-31 16:03:09.309 5920-5920/? D/LauncherFsGestureCompat: componentName is com.test.cocos/com.cocos.game.AppActivity
2022-05-31 16:03:09.314 1116-1116/? D/CompositionEngine: writeOutputDependentGeometryStateToHWC layer[Background for SurfaceView[com.test.cocos/com.cocos.game.AppActivity]#0] set Z 134217731 miFodLayer 0x8000000
2022-05-31 16:03:09.314 1116-1116/? D/CompositionEngine: writeOutputDependentGeometryStateToHWC layer[SurfaceView[com.test.cocos/com.cocos.game.AppActivity](BLAST)#0] set Z 134217732 miFodLayer 0x8000000
2022-05-31 16:03:09.331 1116-1116/? D/CompositionEngine: writeOutputDependentGeometryStateToHWC layer[Background for SurfaceView[com.test.cocos/com.cocos.game.AppActivity]#0] set Z 134217731 miFodLayer 0x8000000
2022-05-31 16:03:09.331 1116-1116/? D/CompositionEngine: writeOutputDependentGeometryStateToHWC layer[SurfaceView[com.test.cocos/com.cocos.game.AppActivity](BLAST)#0] set Z 134217732 miFodLayer 0x8000000
2022-05-31 16:03:09.347 1116-1116/? D/CompositionEngine: writeOutputDependentGeometryStateToHWC layer[Background for SurfaceView[com.test.cocos/com.cocos.game.AppActivity]#0] set Z 134217731 miFodLayer 0x8000000
2022-05-31 16:03:09.347 1116-1116/? D/CompositionEngine: writeOutputDependentGeometryStateToHWC layer[SurfaceView[com.test.cocos/com.cocos.game.AppActivity](BLAST)#0] set Z 134217732 miFodLayer 0x8000000
2022-05-31 16:03:09.364 1116-1116/? D/CompositionEngine: writeOutputDependentGeometryStateToHWC layer[Background for SurfaceView[com.test.cocos/com.cocos.game.AppActivity]#0] set Z 134217731 miFodLayer 0x8000000
2022-05-31 16:03:09.364 1116-1116/? D/CompositionEngine: writeOutputDependentGeometryStateToHWC layer[SurfaceView[com.test.cocos/com.cocos.game.AppActivity](BLAST)#0] set Z 134217732 miFodLayer 0x8000000
2022-05-31 16:03:09.380 1116-1116/? D/CompositionEngine: writeOutputDependentGeometryStateToHWC layer[Background for SurfaceView[com.test.cocos/com.cocos.game.AppActivity]#0] set Z 134217731 miFodLayer 0x8000000
2022-05-31 16:03:09.380 1116-1116/? D/CompositionEngine: writeOutputDependentGeometryStateToHWC layer[SurfaceView[com.test.cocos/com.cocos.game.AppActivity](BLAST)#0] set Z 134217732 miFodLayer 0x8000000
2022-05-31 16:03:09.397 1116-1116/? D/CompositionEngine: writeOutputDependentGeometryStateToHWC layer[Background for SurfaceView[com.test.cocos/com.cocos.game.AppActivity]#0] set Z 134217731 miFodLayer 0x8000000
2022-05-31 16:03:09.397 1116-1116/? D/CompositionEngine: writeOutputDependentGeometryStateToHWC layer[SurfaceView[com.test.cocos/com.cocos.game.AppActivity](BLAST)#0] set Z 134217732 miFodLayer 0x8000000
2022-05-31 16:03:09.413 1116-1116/? D/CompositionEngine: writeOutputDependentGeometryStateToHWC layer[Background for SurfaceView[com.test.cocos/com.cocos.game.AppActivity]#0] set Z 134217731 miFodLayer 0x8000000
2022-05-31 16:03:09.413 1116-1116/? D/CompositionEngine: writeOutputDependentGeometryStateToHWC layer[SurfaceView[com.test.cocos/com.cocos.game.AppActivity](BLAST)#0] set Z 134217732 miFodLayer 0x8000000
2022-05-31 16:03:09.430 1116-1116/? D/CompositionEngine: writeOutputDependentGeometryStateToHWC layer[Background for SurfaceView[com.test.cocos/com.cocos.game.AppActivity]#0] set Z 134217731 miFodLayer 0x8000000
2022-05-31 16:03:09.430 1116-1116/? D/CompositionEngine: writeOutputDependentGeometryStateToHWC layer[SurfaceView[com.test.cocos/com.cocos.game.AppActivity](BLAST)#0] set Z 134217732 miFodLayer 0x8000000
2022-05-31 16:03:09.446 1116-1116/? D/CompositionEngine: writeOutputDependentGeometryStateToHWC layer[Background for SurfaceView[com.test.cocos/com.cocos.game.AppActivity]#0] set Z 134217731 miFodLayer 0x8000000
2022-05-31 16:03:09.446 1116-1116/? D/CompositionEngine: writeOutputDependentGeometryStateToHWC layer[SurfaceView[com.test.cocos/com.cocos.game.AppActivity](BLAST)#0] set Z 134217732 miFodLayer 0x8000000
2022-05-31 16:03:09.463 1116-1116/? D/CompositionEngine: writeOutputDependentGeometryStateToHWC layer[Background for SurfaceView[com.test.cocos/com.cocos.game.AppActivity]#0] set Z 134217731 miFodLayer 0x8000000
2022-05-31 16:03:09.463 1116-1116/? D/CompositionEngine: writeOutputDependentGeometryStateToHWC layer[SurfaceView[com.test.cocos/com.cocos.game.AppActivity](BLAST)#0] set Z 134217732 miFodLayer 0x8000000
2022-05-31 16:03:09.479 1116-1116/? D/CompositionEngine: writeOutputDependentGeometryStateToHWC layer[Background for SurfaceView[com.test.cocos/com.cocos.game.AppActivity]#0] set Z 134217731 miFodLayer 0x8000000
2022-05-31 16:03:09.479 1116-1116/? D/CompositionEngine: writeOutputDependentGeometryStateToHWC layer[SurfaceView[com.test.cocos/com.cocos.game.AppActivity](BLAST)#0] set Z 134217732 miFodLayer 0x8000000
2022-05-31 16:03:09.496 1116-1116/? D/CompositionEngine: writeOutputDependentGeometryStateToHWC layer[Background for SurfaceView[com.test.cocos/com.cocos.game.AppActivity]#0] set Z 134217731 miFodLayer 0x8000000
2022-05-31 16:03:09.496 1116-1116/? D/CompositionEngine: writeOutputDependentGeometryStateToHWC layer[SurfaceView[com.test.cocos/com.cocos.game.AppActivity](BLAST)#0] set Z 134217732 miFodLayer 0x8000000
2022-05-31 16:03:09.513 1116-1116/? D/CompositionEngine: writeOutputDependentGeometryStateToHWC layer[Background for SurfaceView[com.test.cocos/com.cocos.game.AppActivity]#0] set Z 134217731 miFodLayer 0x8000000
2022-05-31 16:03:09.513 1116-1116/? D/CompositionEngine: writeOutputDependentGeometryStateToHWC layer[SurfaceView[com.test.cocos/com.cocos.game.AppActivity](BLAST)#0] set Z 134217732 miFodLayer 0x8000000
2022-05-31 16:03:09.529 1116-1116/? D/CompositionEngine: writeOutputDependentGeometryStateToHWC layer[Background for SurfaceView[com.test.cocos/com.cocos.game.AppActivity]#0] set Z 134217731 miFodLayer 0x8000000
2022-05-31 16:03:09.529 1116-1116/? D/CompositionEngine: writeOutputDependentGeometryStateToHWC layer[SurfaceView[com.test.cocos/com.cocos.game.AppActivity](BLAST)#0] set Z 134217732 miFodLayer 0x8000000
2022-05-31 16:03:09.546 1116-1116/? D/CompositionEngine: writeOutputDependentGeometryStateToHWC layer[Background for SurfaceView[com.test.cocos/com.cocos.game.AppActivity]#0] set Z 134217731 miFodLayer 0x8000000
2022-05-31 16:03:09.546 1116-1116/? D/CompositionEngine: writeOutputDependentGeometryStateToHWC layer[SurfaceView[com.test.cocos/com.cocos.game.AppActivity](BLAST)#0] set Z 134217732 miFodLayer 0x8000000
2022-05-31 16:03:09.757 5517-4635/? I/GST: forePkg: com.miui.home, preForePkg: com.test.cocos
2022-05-31 16:03:09.758 9578-28307/? I/ProcessMonitor: onForegroundInfoChanged: ForegroundInfo{mForegroundPackageName='com.miui.home', mForegroundUid=10089, mForegroundPid=5920, mLastForegroundPackageName='com.test.cocos', mLastForegroundUid=10404, mLastForegroundPid=31940, mMultiWindowForegroundPackageName='null', mMultiWindowForegroundUid=-1, mFlags=0}
2022-05-31 16:03:09.759 5920-5945/? D/AppObserver: ForegroundInfo{mForegroundPackageName='com.miui.home', mForegroundUid=10089, mForegroundPid=5920, mLastForegroundPackageName='com.test.cocos', mLastForegroundUid=10404, mLastForegroundPid=31940, mMultiWindowForegroundPackageName='null', mMultiWindowForegroundUid=-1, mFlags=0}
2022-05-31 16:03:09.759 9578-28307/? I/GameBoosterService: onForegroundInfoChanged: Cur=com.miui.home	 last=com.test.cocos
2022-05-31 16:03:09.759 5484-12329/? D/PerfEngineController: ForegroundInfo{mForegroundPackageName='com.miui.home', mForegroundUid=10089, mForegroundPid=5920, mLastForegroundPackageName='com.test.cocos', mLastForegroundUid=10404, mLastForegroundPid=31940, mMultiWindowForegroundPackageName='null', mMultiWindowForegroundUid=-1, mFlags=0}
2022-05-31 16:03:09.759 9578-28307/? D/GameBoosterService: onGameStatusChange foreground:ForegroundInfo{mForegroundPackageName='com.miui.home', mForegroundUid=10089, mForegroundPid=5920, mLastForegroundPackageName='com.test.cocos', mLastForegroundUid=10404, mLastForegroundPid=31940, mMultiWindowForegroundPackageName='null', mMultiWindowForegroundUid=-1, mFlags=0}
2022-05-31 16:03:09.793 31940-31970/com.test.cocos I/CocosActivity JNI: JNI_CMD_TERM_WINDOW
2022-05-31 16:03:09.841 31940-31995/com.test.cocos I/ChoreographerThread: Destroying NDKChoreographerThread
2022-05-31 16:03:09.841 31940-31998/com.test.cocos I/ChoreographerThread: Terminating Looper thread
2022-05-31 16:03:09.870 5920-11448/? E/ActivityManagerWrapper: getRecentTasks: taskId=7070   userId=0   baseIntent=Intent { act=android.intent.action.MAIN cat=[android.intent.category.LAUNCHER] flg=0x10200000 cmp=com.test.cocos/com.cocos.game.AppActivity }
2022-05-31 16:03:09.930 31940-31970/com.test.cocos I/CocosActivity JNI: JNI_CMD_PAUSE
2022-05-31 16:03:12.180 5920-5920/? D/Launcher.CellLayout: touch item:ShortcutInfo, id=557, itemType=0, user=UserHandle{0}, mIconType=0, pkgName=com.test.cocos, className=com.cocos.game.AppActivity, screenId=6, container=-100, cellX=2, cellY=4, spanX=1, spanY=1
2022-05-31 16:03:12.236 1866-5203/? I/ActivityTaskManager: START u0 {act=android.intent.action.MAIN cat=[android.intent.category.LAUNCHER] flg=0x10200000 cmp=com.test.cocos/com.cocos.game.AppActivity bnds=[587,1348][749,1510] (has extras)} from uid 10089
2022-05-31 16:03:12.238 1866-5203/? D/MiuiFreeFormManagerService: onStartActivityInner as = Task{bd02634 #7070 type=standard A=10404:com.test.cocos U=0 visible=false mode=fullscreen translucent=true sz=1} op = ActivityOptions(84716054), mPackageName=null, mAnimationType=13, mStartX=0, mStartY=0, mWidth=0, mHeight=0, activityOptionsInjector=ActivityOptionsInjector={freeformScale: -1.0, miniFreeformMode: false, needAnimation: true, useCustomLaunchBounds:false}
2022-05-31 16:03:12.244 1866-5203/? D/PerfImpl: perfWarmLaunchBoost: com.test.cocos, -1, 1
2022-05-31 16:03:12.257 1866-5203/? D/PerfImpl: perfWarmLaunchBoost: com.test.cocos, -1, 1
2022-05-31 16:03:12.258 1866-5203/? D/PerfImpl: perfAnimBoost: com.test.cocos
2022-05-31 16:03:12.260 1866-2677/? D/CameraBlackCoveredManager: mForegroundPackage = com.test.cocos mOccupiedPackage = com.netease.cloudmusic
2022-05-31 16:03:12.260 7627-7653/? D/AutoInstallService: onForegroundInfoChanged: com.test.cocos
2022-05-31 16:03:12.260 5484-5739/? D/LS-ForegroundStatusManager: handleMessage ForegroundInfoChanged. pkg = com.test.cocos, uid = 10404, mCurrentForegroundUid = 10089
2022-05-31 16:03:12.260 5517-4635/? I/GST: forePkg: com.test.cocos, preForePkg: com.miui.home
2022-05-31 16:03:12.260 5484-15053/? D/PerfEngineController: ForegroundInfo{mForegroundPackageName='com.test.cocos', mForegroundUid=10404, mForegroundPid=31940, mLastForegroundPackageName='com.miui.home', mLastForegroundUid=10089, mLastForegroundPid=5920, mMultiWindowForegroundPackageName='null', mMultiWindowForegroundUid=-1, mFlags=0}
